{"id":61600,"date":"2021-12-18T00:38:03","date_gmt":"2021-12-18T00:38:03","guid":{"rendered":"https:\/\/villa-albertine.org\/professionals\/jazz-new-music-2022-call-application-now-open\/"},"modified":"2024-01-27T22:20:03","modified_gmt":"2024-01-27T22:20:03","slug":"jazz-new-music-2022-call-application-now-open","status":"publish","type":"app_professional","link":"https:\/\/villa-albertine.org\/va\/professionals\/jazz-new-music-2022-call-application-now-open\/","title":{"rendered":"The\u00a0Jazz &#038; New Music\u00a02022 call for\u00a0application is now open!\u202f\u202f"},"content":{"rendered":"<p>New deadline to apply is\u00a0February 28th,\u00a02022.\u00a0\u00a0<\/p>\n<p>The COVID-19 pandemic continues to deeply affect the world in many ways. As cultural institutions and artistic exchanges have been hit particularly hard by the global crisis, today, more than ever, Villa Albertine and the FACE Foundation are proud to encourage, promote and support artistic performances and\u00a0creations.\u00a0<\/p>\n<p>Jazz &amp; New Music has adjusted its criteria to better answer the needs of artistic cooperation between France and the United States in today\u2019s world by encouraging the development of digital and hybrid (digital + in-person) projects.\u00a0<\/p>\n<p>The application call is open to projects taking place between September 1,\u00a02022\u00a0and August 31, 2023.\u00a0\u00a0<\/p>\n<p>Artists are encouraged to consider applying for projects happening in 2023 as the calendar of fall\u00a02022 is busy with postponed projects of 2020 and 2021.\u00a0\u00a0<\/p>\n<p>The Jazz &amp; New Music program awards\u00a0two\u00a0different kinds of grants:\u202f\u00a0<\/p>\n<p><strong>&#8211; Creative Grants\u00a0<\/strong><\/p>\n<p>Jazz &amp; New Music Creative Grants support projects jointly conceived by French and American professional musicians and institutions that encourage artistic exploration, foster intercultural dialogue, and contribute to the dynamism of the musical aesthetics it defends. It also supports new commissions to French composers, especially in the field of new music.\u00a0<\/p>\n<p><a href=\"https:\/\/face-foundation.org\/artistic-funds\/jazz-new-music\/creative-grant\/\">More on Creative Grants\u202f<\/a>\u00a0<\/p>\n<p><strong>&#8211; Touring Grants\u00a0<\/strong><\/p>\n<p>Jazz &amp; New Music Touring Grants support touring projects of French musicians and ensembles with a minimum of three performances in the U.S.\u00a0<\/p>\n<p><a href=\"https:\/\/face-foundation.org\/artistic-funds\/jazz-new-music\/touring-grant\/\">More on Touring Grants<\/a>\u00a0<\/p>\n<p>Jazz &amp; New Music is a program of Villa Albertine and FACE Foundation, in partnership with the French Embassy in the United States with support from the French Ministry of Culture,\u00a0Institut\u00a0fran\u00e7ais, SACEM (Soci\u00e9t\u00e9 des auteurs,\u00a0compositeurs\u00a0et\u00a0\u00e9diteurs\u00a0de musique) and the CNM (Centre National de la Musique).\u00a0<\/p>\n<p>French artists or\u00a0France-based\u00a0artists wishing\u00a0to do a\u00a0one to three months exploratory\u00a0residency\u00a0in the United States are invited to apply to Villa Albertine residency program <a href=\"https:\/\/villa-albertine.org\/professionals\/call-applications-villa-albertine-season-2\">here<\/a>.\u00a0<\/p>\n","protected":false},"featured_media":61598,"menu_order":0,"template":"","app_discipline":[230],"app_city_tax":[221,214,223,222,220,216,224,217,225,226],"app_professional_category":[259],"app_professional_content_type":[],"class_list":["post-61600","app_professional","type-app_professional","status-publish","has-post-thumbnail","hentry","app_discipline-music","app_city_tax-atl","app_city_tax-bos","app_city_tax-chi","app_city_tax-hou","app_city_tax-la","app_city_tax-mia","app_city_tax-nola","app_city_tax-nyc","app_city_tax-sf","app_city_tax-dc","app_professional_category-music"],"acf":[],"yoast_head":"<!-- This site is optimized with the Yoast SEO plugin v27.3 - https:\/\/yoast.com\/product\/yoast-seo-wordpress\/ -->\n<title>The\u00a0Jazz &amp; New Music\u00a02022 call for\u00a0application is now open!\u202f\u202f - Villa Albertine<\/title>\n<meta name=\"robots\" content=\"index, follow, max-snippet:-1, max-image-preview:large, max-video-preview:-1\" \/>\n<link rel=\"canonical\" href=\"https:\/\/villa-albertine.org\/va\/professionals\/jazz-new-music-2022-call-application-now-open\/\" \/>\n<meta property=\"og:locale\" content=\"en_US\" \/>\n<meta property=\"og:type\" content=\"article\" \/>\n<meta property=\"og:title\" content=\"The\u00a0Jazz &amp; New Music\u00a02022 call for\u00a0application is now open!\u202f\u202f - Villa Albertine\" \/>\n<meta property=\"og:description\" content=\"New deadline to apply is\u00a0February 28th,\u00a02022.\u00a0\u00a0 The COVID-19 pandemic continues to deeply affect the world in many ways. As cultural institutions and artistic exchanges have been hit particularly hard by the global crisis, today, more than ever, Villa Albertine and the FACE Foundation are proud to encourage, promote and support artistic performances and\u00a0creations.\u00a0 Jazz &amp;...\" \/>\n<meta property=\"og:url\" content=\"https:\/\/villa-albertine.org\/va\/professionals\/jazz-new-music-2022-call-application-now-open\/\" \/>\n<meta property=\"og:site_name\" content=\"Villa Albertine\" \/>\n<meta property=\"article:modified_time\" content=\"2024-01-27T22:20:03+00:00\" \/>\n<meta property=\"og:image\" content=\"https:\/\/villa-albertine.org\/wp-content\/uploads\/2023\/08\/Thais-Lona-C2A9-Sandra-Gomes-scaled-1.jpeg\" \/>\n\t<meta property=\"og:image:width\" content=\"1392\" \/>\n\t<meta property=\"og:image:height\" content=\"1740\" \/>\n\t<meta property=\"og:image:type\" content=\"image\/jpeg\" \/>\n<meta name=\"twitter:card\" content=\"summary_large_image\" \/>\n<meta name=\"twitter:label1\" content=\"Est. reading time\" \/>\n\t<meta name=\"twitter:data1\" content=\"2 minutes\" \/>\n<script type=\"application\/ld+json\" class=\"yoast-schema-graph\">{\"@context\":\"https:\\\/\\\/schema.org\",\"@graph\":[{\"@type\":\"WebPage\",\"@id\":\"https:\\\/\\\/villa-albertine.org\\\/va\\\/professionals\\\/jazz-new-music-2022-call-application-now-open\\\/\",\"url\":\"https:\\\/\\\/villa-albertine.org\\\/va\\\/professionals\\\/jazz-new-music-2022-call-application-now-open\\\/\",\"name\":\"The\u00a0Jazz & New Music\u00a02022 call for\u00a0application is now open!\u202f\u202f - Villa Albertine\",\"isPartOf\":{\"@id\":\"https:\\\/\\\/villa-albertine.org\\\/va\\\/#website\"},\"primaryImageOfPage\":{\"@id\":\"https:\\\/\\\/villa-albertine.org\\\/va\\\/professionals\\\/jazz-new-music-2022-call-application-now-open\\\/#primaryimage\"},\"image\":{\"@id\":\"https:\\\/\\\/villa-albertine.org\\\/va\\\/professionals\\\/jazz-new-music-2022-call-application-now-open\\\/#primaryimage\"},\"thumbnailUrl\":\"https:\\\/\\\/villa-albertine.org\\\/wp-content\\\/uploads\\\/2023\\\/08\\\/Thais-Lona-C2A9-Sandra-Gomes-scaled-1.jpeg\",\"datePublished\":\"2021-12-18T00:38:03+00:00\",\"dateModified\":\"2024-01-27T22:20:03+00:00\",\"breadcrumb\":{\"@id\":\"https:\\\/\\\/villa-albertine.org\\\/va\\\/professionals\\\/jazz-new-music-2022-call-application-now-open\\\/#breadcrumb\"},\"inLanguage\":\"en-US\",\"potentialAction\":[{\"@type\":\"ReadAction\",\"target\":[\"https:\\\/\\\/villa-albertine.org\\\/va\\\/professionals\\\/jazz-new-music-2022-call-application-now-open\\\/\"]}]},{\"@type\":\"ImageObject\",\"inLanguage\":\"en-US\",\"@id\":\"https:\\\/\\\/villa-albertine.org\\\/va\\\/professionals\\\/jazz-new-music-2022-call-application-now-open\\\/#primaryimage\",\"url\":\"https:\\\/\\\/villa-albertine.org\\\/wp-content\\\/uploads\\\/2023\\\/08\\\/Thais-Lona-C2A9-Sandra-Gomes-scaled-1.jpeg\",\"contentUrl\":\"https:\\\/\\\/villa-albertine.org\\\/wp-content\\\/uploads\\\/2023\\\/08\\\/Thais-Lona-C2A9-Sandra-Gomes-scaled-1.jpeg\",\"width\":1392,\"height\":1740},{\"@type\":\"BreadcrumbList\",\"@id\":\"https:\\\/\\\/villa-albertine.org\\\/va\\\/professionals\\\/jazz-new-music-2022-call-application-now-open\\\/#breadcrumb\",\"itemListElement\":[{\"@type\":\"ListItem\",\"position\":1,\"name\":\"Home\",\"item\":\"https:\\\/\\\/villa-albertine.org\\\/va\\\/\"},{\"@type\":\"ListItem\",\"position\":2,\"name\":\"The\u00a0Jazz &#038; New Music\u00a02022 call for\u00a0application is now open!\u202f\u202f\"}]},{\"@type\":\"WebSite\",\"@id\":\"https:\\\/\\\/villa-albertine.org\\\/va\\\/#website\",\"url\":\"https:\\\/\\\/villa-albertine.org\\\/va\\\/\",\"name\":\"Villa Albertine\",\"description\":\"\",\"potentialAction\":[{\"@type\":\"SearchAction\",\"target\":{\"@type\":\"EntryPoint\",\"urlTemplate\":\"https:\\\/\\\/villa-albertine.org\\\/va\\\/?s={search_term_string}\"},\"query-input\":{\"@type\":\"PropertyValueSpecification\",\"valueRequired\":true,\"valueName\":\"search_term_string\"}}],\"inLanguage\":\"en-US\"}]}<\/script>\n<!-- \/ Yoast SEO plugin. -->","yoast_head_json":{"title":"The\u00a0Jazz & New Music\u00a02022 call for\u00a0application is now open!\u202f\u202f - Villa Albertine","robots":{"index":"index","follow":"follow","max-snippet":"max-snippet:-1","max-image-preview":"max-image-preview:large","max-video-preview":"max-video-preview:-1"},"canonical":"https:\/\/villa-albertine.org\/va\/professionals\/jazz-new-music-2022-call-application-now-open\/","og_locale":"en_US","og_type":"article","og_title":"The\u00a0Jazz & New Music\u00a02022 call for\u00a0application is now open!\u202f\u202f - Villa Albertine","og_description":"New deadline to apply is\u00a0February 28th,\u00a02022.\u00a0\u00a0 The COVID-19 pandemic continues to deeply affect the world in many ways. As cultural institutions and artistic exchanges have been hit particularly hard by the global crisis, today, more than ever, Villa Albertine and the FACE Foundation are proud to encourage, promote and support artistic performances and\u00a0creations.\u00a0 Jazz &amp;...","og_url":"https:\/\/villa-albertine.org\/va\/professionals\/jazz-new-music-2022-call-application-now-open\/","og_site_name":"Villa Albertine","article_modified_time":"2024-01-27T22:20:03+00:00","og_image":[{"width":1392,"height":1740,"url":"https:\/\/villa-albertine.org\/wp-content\/uploads\/2023\/08\/Thais-Lona-C2A9-Sandra-Gomes-scaled-1.jpeg","type":"image\/jpeg"}],"twitter_card":"summary_large_image","twitter_misc":{"Est. reading time":"2 minutes"},"schema":{"@context":"https:\/\/schema.org","@graph":[{"@type":"WebPage","@id":"https:\/\/villa-albertine.org\/va\/professionals\/jazz-new-music-2022-call-application-now-open\/","url":"https:\/\/villa-albertine.org\/va\/professionals\/jazz-new-music-2022-call-application-now-open\/","name":"The\u00a0Jazz & New Music\u00a02022 call for\u00a0application is now open!\u202f\u202f - Villa Albertine","isPartOf":{"@id":"https:\/\/villa-albertine.org\/va\/#website"},"primaryImageOfPage":{"@id":"https:\/\/villa-albertine.org\/va\/professionals\/jazz-new-music-2022-call-application-now-open\/#primaryimage"},"image":{"@id":"https:\/\/villa-albertine.org\/va\/professionals\/jazz-new-music-2022-call-application-now-open\/#primaryimage"},"thumbnailUrl":"https:\/\/villa-albertine.org\/wp-content\/uploads\/2023\/08\/Thais-Lona-C2A9-Sandra-Gomes-scaled-1.jpeg","datePublished":"2021-12-18T00:38:03+00:00","dateModified":"2024-01-27T22:20:03+00:00","breadcrumb":{"@id":"https:\/\/villa-albertine.org\/va\/professionals\/jazz-new-music-2022-call-application-now-open\/#breadcrumb"},"inLanguage":"en-US","potentialAction":[{"@type":"ReadAction","target":["https:\/\/villa-albertine.org\/va\/professionals\/jazz-new-music-2022-call-application-now-open\/"]}]},{"@type":"ImageObject","inLanguage":"en-US","@id":"https:\/\/villa-albertine.org\/va\/professionals\/jazz-new-music-2022-call-application-now-open\/#primaryimage","url":"https:\/\/villa-albertine.org\/wp-content\/uploads\/2023\/08\/Thais-Lona-C2A9-Sandra-Gomes-scaled-1.jpeg","contentUrl":"https:\/\/villa-albertine.org\/wp-content\/uploads\/2023\/08\/Thais-Lona-C2A9-Sandra-Gomes-scaled-1.jpeg","width":1392,"height":1740},{"@type":"BreadcrumbList","@id":"https:\/\/villa-albertine.org\/va\/professionals\/jazz-new-music-2022-call-application-now-open\/#breadcrumb","itemListElement":[{"@type":"ListItem","position":1,"name":"Home","item":"https:\/\/villa-albertine.org\/va\/"},{"@type":"ListItem","position":2,"name":"The\u00a0Jazz &#038; New Music\u00a02022 call for\u00a0application is now open!\u202f\u202f"}]},{"@type":"WebSite","@id":"https:\/\/villa-albertine.org\/va\/#website","url":"https:\/\/villa-albertine.org\/va\/","name":"Villa Albertine","description":"","potentialAction":[{"@type":"SearchAction","target":{"@type":"EntryPoint","urlTemplate":"https:\/\/villa-albertine.org\/va\/?s={search_term_string}"},"query-input":{"@type":"PropertyValueSpecification","valueRequired":true,"valueName":"search_term_string"}}],"inLanguage":"en-US"}]}},"_links":{"self":[{"href":"https:\/\/villa-albertine.org\/va\/wp-json\/wp\/v2\/app_professional\/61600","targetHints":{"allow":["GET"]}}],"collection":[{"href":"https:\/\/villa-albertine.org\/va\/wp-json\/wp\/v2\/app_professional"}],"about":[{"href":"https:\/\/villa-albertine.org\/va\/wp-json\/wp\/v2\/types\/app_professional"}],"wp:featuredmedia":[{"embeddable":true,"href":"https:\/\/villa-albertine.org\/va\/wp-json\/wp\/v2\/media\/61598"}],"wp:attachment":[{"href":"https:\/\/villa-albertine.org\/va\/wp-json\/wp\/v2\/media?parent=61600"}],"wp:term":[{"taxonomy":"app_discipline","embeddable":true,"href":"https:\/\/villa-albertine.org\/va\/wp-json\/wp\/v2\/app_discipline?post=61600"},{"taxonomy":"app_city_tax","embeddable":true,"href":"https:\/\/villa-albertine.org\/va\/wp-json\/wp\/v2\/app_city_tax?post=61600"},{"taxonomy":"app_professional_category","embeddable":true,"href":"https:\/\/villa-albertine.org\/va\/wp-json\/wp\/v2\/app_professional_category?post=61600"},{"taxonomy":"app_professional_content_type","embeddable":true,"href":"https:\/\/villa-albertine.org\/va\/wp-json\/wp\/v2\/app_professional_content_type?post=61600"}],"curies":[{"name":"wp","href":"https:\/\/api.w.org\/{rel}","templated":true}]}}

<p>New deadline to apply is February 28th, 2022.  </p>
<p>The COVID-19 pandemic continues to deeply affect the world in many ways. As cultural institutions and artistic exchanges have been hit particularly hard by the global crisis, today, more than ever, Villa Albertine and the FACE Foundation are proud to encourage, promote and support artistic performances and creations. </p>
<p>Jazz &amp; New Music has adjusted its criteria to better answer the needs of artistic cooperation between France and the United States in today’s world by encouraging the development of digital and hybrid (digital + in-person) projects. </p>
<p>The application call is open to projects taking place between September 1, 2022 and August 31, 2023.  </p>
<p>Artists are encouraged to consider applying for projects happening in 2023 as the calendar of fall 2022 is busy with postponed projects of 2020 and 2021.  </p>
<p>The Jazz &amp; New Music program awards two different kinds of grants:  </p>
<p><strong>&#8211; Creative Grants </strong></p>
<p>Jazz &amp; New Music Creative Grants support projects jointly conceived by French and American professional musicians and institutions that encourage artistic exploration, foster intercultural dialogue, and contribute to the dynamism of the musical aesthetics it defends. It also supports new commissions to French composers, especially in the field of new music. </p>
<p><a href="https://face-foundation.org/artistic-funds/jazz-new-music/creative-grant/">More on Creative Grants </a> </p>
<p><strong>&#8211; Touring Grants </strong></p>
<p>Jazz &amp; New Music Touring Grants support touring projects of French musicians and ensembles with a minimum of three performances in the U.S. </p>
<p><a href="https://face-foundation.org/artistic-funds/jazz-new-music/touring-grant/">More on Touring Grants</a> </p>
<p>Jazz &amp; New Music is a program of Villa Albertine and FACE Foundation, in partnership with the French Embassy in the United States with support from the French Ministry of Culture, Institut français, SACEM (Société des auteurs, compositeurs et éditeurs de musique) and the CNM (Centre National de la Musique). </p>
<p>French artists or France-based artists wishing to do a one to three months exploratory residency in the United States are invited to apply to Villa Albertine residency program <a href="https://villa-albertine.org/professionals/call-applications-villa-albertine-season-2">here</a>. </p>
