{"id":606109,"date":"2024-05-02T16:06:29","date_gmt":"2024-05-02T16:06:29","guid":{"rendered":"https:\/\/villa-albertine.org\/?post_type=app_professional&#038;p=606109"},"modified":"2024-05-13T13:55:10","modified_gmt":"2024-05-13T13:55:10","slug":"author-on-tour-colombe-schneck","status":"publish","type":"app_professional","link":"https:\/\/villa-albertine.org\/va\/professionals\/author-on-tour-colombe-schneck\/","title":{"rendered":"Author on Tour: Colombe Schneck"},"content":{"rendered":"\n<p><strong>About Colombe Schneck<\/strong><\/p>\n\n\n\n<p><strong>Colombe Schneck<\/strong> is a documentary film director, journalist, and the author of twelve books of fiction and nonfiction. She has received prizes from the Acad\u00e9mie fran\u00e7aise, Madame Figaro, and the Soci\u00e9t\u00e9 des gens de Lettres. The recipient of a scholarship from the Villa Medici in Rome as well as a Stendhal grant from the Institut fran\u00e7ais, she was born and educated in Paris, where she still lives.<\/p>\n\n\n<div class=\"wp-block-image\">\n<figure class=\"aligncenter size-full is-resized\"><a href=\"https:\/\/www.penguinrandomhouse.com\/books\/736968\/swimming-in-paris-by-colombe-schneck-translated-by-lauren-elkin-and-natasha-lehrer\/\"><img loading=\"lazy\" decoding=\"async\" width=\"1688\" height=\"2550\" src=\"https:\/\/villa-albertine.org\/wp-content\/uploads\/2024\/04\/9780593655931-1.jpg\" alt=\"\" class=\"wp-image-606116\" style=\"width:300px;height:undefinedpx\" srcset=\"https:\/\/villa-albertine.org\/wp-content\/uploads\/2024\/04\/9780593655931-1.jpg 1688w, https:\/\/villa-albertine.org\/wp-content\/uploads\/2024\/04\/9780593655931-1-199x300.jpg 199w, https:\/\/villa-albertine.org\/wp-content\/uploads\/2024\/04\/9780593655931-1-678x1024.jpg 678w, https:\/\/villa-albertine.org\/wp-content\/uploads\/2024\/04\/9780593655931-1-768x1160.jpg 768w, https:\/\/villa-albertine.org\/wp-content\/uploads\/2024\/04\/9780593655931-1-1017x1536.jpg 1017w, https:\/\/villa-albertine.org\/wp-content\/uploads\/2024\/04\/9780593655931-1-1356x2048.jpg 1356w\" sizes=\"auto, (max-width: 1688px) 100vw, 1688px\" \/><\/a><\/figure>\n<\/div>\n\n<p><strong>About <em>Swimming in Paris: A Life in Three Stories<\/em><\/strong><\/p>\n<p>(trans. by Lauren Elkin and Natasha Lehrer, Penguin Press, 2024)<\/p>\n<p><em>Swimming in Paris<\/em> is a decades-long exploration of sexuality, abortion, friendship, femininity, death, and the complicated relationships that women so often have with their own bodies. Whether depicting a teenage abortion in the midst of a privileged Parisian upbringing, the tenderness of a long friendship, or unexpected romances, Schneck\u2019s prose exudes an unwavering honesty, elegance, and intimacy. In Pamela Druckerman\u2019s words, \u201cSchneck offers a periscopic view into bourgeois Paris and captures the terror and truth of love like only a Frenchwoman can.\u201d<\/p>\n<p>Written in a style that evokes Annie Ernaux\u2019s precise and intimate work on social milieu and sexuality and Deborah Levy\u2019s profound exploration of what it means to be a woman with desires and creative ambition in this world, <em>Swimming in Paris<\/em> is a powerful meditation on a lifelong journey to reclaim the female body, accepting it for all its frailties and learning to celebrate its strength.<\/p>\n<p><em>Swimming in Paris<\/em> will be released in the United States in May 2024.<\/p>\n<p>For more information, click <a href=\"https:\/\/www.penguinrandomhouse.com\/books\/736968\/swimming-in-paris-by-colombe-schneck-translated-by-lauren-elkin-and-natasha-lehrer\/\">here.<\/a><\/p>\n<p><strong>Schedule<\/strong><\/p>\n<p>Colombe Schneck will be on tour in the US in May 2024.<\/p>\n<p>Her public tour will include:<\/p>\n<ul>\n<li><strong>Tuesday, May 14<\/strong>: book launch &amp; conversation with Sana\u00eb Lemoine @ <a href=\"https:\/\/www.albertine.com\/events\/18048\/\">Albertine<\/a> (New York, NY) \u2013 event in English;<\/li>\n<li><strong>Saturday, May 18<\/strong>: conversation with Merrit Tierce @ <a href=\"https:\/\/www.afdallas.org\/event-detail\/?eventId=1272#\/\">The Wild Detectives<\/a> (Dallas, TX) \u2013 event in English;<\/li>\n<li><strong>Sunday, May 19<\/strong>: conversation with Merritt Tierce @ <a href=\"https:\/\/www.corsicanaresidency.org\/events\/book-conversation-schneck-amp-tierce\">STOREFRONT<\/a> (Corsicana, TX) \u2013 event in English;<\/li>\n<li><strong>Monday, May 20<\/strong>: conversation with Szilvia Molnar @ <a href=\"https:\/\/www.firstlightaustin.com\/events\/colombe-schneck-swimming-in-paris\">First Light Books<\/a> (Austin, TX) \u2013 event in English;<\/li>\n<li><strong>Thursday, May 23:<\/strong> conversation with Katie Kitamura @ <a href=\"https:\/\/www.mcnallyjackson.com\/event\/colombe-schneck-presents-swimming-in-paris-event\">McNally Jackson Seaport<\/a> (New York, NY) \u2013 event in English.<\/li>\n<\/ul>\n<p>For more information, please email Valentine Richet at <a href=\"mailto: valentine.richet@villa-albertine.org\" data-cke-saved-href=\"mailto: valentine.richet@villa-albertine.org\">valentine.richet@villa-albertine.org<\/a>.<\/p>","protected":false},"featured_media":606223,"menu_order":0,"template":"","app_discipline":[213],"app_city_tax":[222,217],"app_professional_category":[260],"app_professional_content_type":[254],"class_list":["post-606109","app_professional","type-app_professional","status-publish","has-post-thumbnail","hentry","app_discipline-literature","app_city_tax-hou","app_city_tax-nyc","app_professional_category-books-ideas","app_professional_content_type-news"],"acf":[],"yoast_head":"<!-- This site is optimized with the Yoast SEO plugin v27.3 - https:\/\/yoast.com\/product\/yoast-seo-wordpress\/ -->\n<title>Author on Tour: Colombe Schneck - Villa Albertine<\/title>\n<meta name=\"robots\" content=\"index, follow, max-snippet:-1, max-image-preview:large, max-video-preview:-1\" \/>\n<link rel=\"canonical\" href=\"https:\/\/villa-albertine.org\/va\/professionals\/author-on-tour-colombe-schneck\/\" \/>\n<meta property=\"og:locale\" content=\"en_US\" \/>\n<meta property=\"og:type\" content=\"article\" \/>\n<meta property=\"og:title\" content=\"Author on Tour: Colombe Schneck - Villa Albertine\" \/>\n<meta property=\"og:description\" content=\"About Colombe Schneck Colombe Schneck is a documentary film director, journalist, and the author of twelve books of fiction and nonfiction. She has received prizes from the Acad\u00e9mie fran\u00e7aise, Madame Figaro, and the Soci\u00e9t\u00e9 des gens de Lettres. The recipient of a scholarship from the Villa Medici in Rome as well as a Stendhal grant...\" \/>\n<meta property=\"og:url\" content=\"https:\/\/villa-albertine.org\/va\/professionals\/author-on-tour-colombe-schneck\/\" \/>\n<meta property=\"og:site_name\" content=\"Villa Albertine\" \/>\n<meta property=\"article:modified_time\" content=\"2024-05-13T13:55:10+00:00\" \/>\n<meta property=\"og:image\" content=\"https:\/\/villa-albertine.org\/wp-content\/uploads\/2024\/04\/Schneck-\u00a9-Jean-Francois-PAGA-min-scaled-e1713984942455.jpg\" \/>\n\t<meta property=\"og:image:width\" content=\"2047\" \/>\n\t<meta property=\"og:image:height\" content=\"1834\" \/>\n\t<meta property=\"og:image:type\" content=\"image\/jpeg\" \/>\n<meta name=\"twitter:card\" content=\"summary_large_image\" \/>\n<meta name=\"twitter:label1\" content=\"Est. reading time\" \/>\n\t<meta name=\"twitter:data1\" content=\"2 minutes\" \/>\n<script type=\"application\/ld+json\" class=\"yoast-schema-graph\">{\"@context\":\"https:\\\/\\\/schema.org\",\"@graph\":[{\"@type\":\"WebPage\",\"@id\":\"https:\\\/\\\/villa-albertine.org\\\/va\\\/professionals\\\/author-on-tour-colombe-schneck\\\/\",\"url\":\"https:\\\/\\\/villa-albertine.org\\\/va\\\/professionals\\\/author-on-tour-colombe-schneck\\\/\",\"name\":\"Author on Tour: Colombe Schneck - Villa Albertine\",\"isPartOf\":{\"@id\":\"https:\\\/\\\/villa-albertine.org\\\/va\\\/#website\"},\"primaryImageOfPage\":{\"@id\":\"https:\\\/\\\/villa-albertine.org\\\/va\\\/professionals\\\/author-on-tour-colombe-schneck\\\/#primaryimage\"},\"image\":{\"@id\":\"https:\\\/\\\/villa-albertine.org\\\/va\\\/professionals\\\/author-on-tour-colombe-schneck\\\/#primaryimage\"},\"thumbnailUrl\":\"https:\\\/\\\/villa-albertine.org\\\/wp-content\\\/uploads\\\/2024\\\/04\\\/Schneck-\u00a9-Jean-Francois-PAGA-min-scaled-e1713984942455.jpg\",\"datePublished\":\"2024-05-02T16:06:29+00:00\",\"dateModified\":\"2024-05-13T13:55:10+00:00\",\"breadcrumb\":{\"@id\":\"https:\\\/\\\/villa-albertine.org\\\/va\\\/professionals\\\/author-on-tour-colombe-schneck\\\/#breadcrumb\"},\"inLanguage\":\"en-US\",\"potentialAction\":[{\"@type\":\"ReadAction\",\"target\":[\"https:\\\/\\\/villa-albertine.org\\\/va\\\/professionals\\\/author-on-tour-colombe-schneck\\\/\"]}]},{\"@type\":\"ImageObject\",\"inLanguage\":\"en-US\",\"@id\":\"https:\\\/\\\/villa-albertine.org\\\/va\\\/professionals\\\/author-on-tour-colombe-schneck\\\/#primaryimage\",\"url\":\"https:\\\/\\\/villa-albertine.org\\\/wp-content\\\/uploads\\\/2024\\\/04\\\/Schneck-\u00a9-Jean-Francois-PAGA-min-scaled-e1713984942455.jpg\",\"contentUrl\":\"https:\\\/\\\/villa-albertine.org\\\/wp-content\\\/uploads\\\/2024\\\/04\\\/Schneck-\u00a9-Jean-Francois-PAGA-min-scaled-e1713984942455.jpg\",\"width\":2047,\"height\":1834},{\"@type\":\"BreadcrumbList\",\"@id\":\"https:\\\/\\\/villa-albertine.org\\\/va\\\/professionals\\\/author-on-tour-colombe-schneck\\\/#breadcrumb\",\"itemListElement\":[{\"@type\":\"ListItem\",\"position\":1,\"name\":\"Home\",\"item\":\"https:\\\/\\\/villa-albertine.org\\\/va\\\/\"},{\"@type\":\"ListItem\",\"position\":2,\"name\":\"Author on Tour: Colombe Schneck\"}]},{\"@type\":\"WebSite\",\"@id\":\"https:\\\/\\\/villa-albertine.org\\\/va\\\/#website\",\"url\":\"https:\\\/\\\/villa-albertine.org\\\/va\\\/\",\"name\":\"Villa Albertine\",\"description\":\"\",\"potentialAction\":[{\"@type\":\"SearchAction\",\"target\":{\"@type\":\"EntryPoint\",\"urlTemplate\":\"https:\\\/\\\/villa-albertine.org\\\/va\\\/?s={search_term_string}\"},\"query-input\":{\"@type\":\"PropertyValueSpecification\",\"valueRequired\":true,\"valueName\":\"search_term_string\"}}],\"inLanguage\":\"en-US\"}]}<\/script>\n<!-- \/ Yoast SEO plugin. -->","yoast_head_json":{"title":"Author on Tour: Colombe Schneck - Villa Albertine","robots":{"index":"index","follow":"follow","max-snippet":"max-snippet:-1","max-image-preview":"max-image-preview:large","max-video-preview":"max-video-preview:-1"},"canonical":"https:\/\/villa-albertine.org\/va\/professionals\/author-on-tour-colombe-schneck\/","og_locale":"en_US","og_type":"article","og_title":"Author on Tour: Colombe Schneck - Villa Albertine","og_description":"About Colombe Schneck Colombe Schneck is a documentary film director, journalist, and the author of twelve books of fiction and nonfiction. She has received prizes from the Acad\u00e9mie fran\u00e7aise, Madame Figaro, and the Soci\u00e9t\u00e9 des gens de Lettres. The recipient of a scholarship from the Villa Medici in Rome as well as a Stendhal grant...","og_url":"https:\/\/villa-albertine.org\/va\/professionals\/author-on-tour-colombe-schneck\/","og_site_name":"Villa Albertine","article_modified_time":"2024-05-13T13:55:10+00:00","og_image":[{"width":2047,"height":1834,"url":"https:\/\/villa-albertine.org\/wp-content\/uploads\/2024\/04\/Schneck-\u00a9-Jean-Francois-PAGA-min-scaled-e1713984942455.jpg","type":"image\/jpeg"}],"twitter_card":"summary_large_image","twitter_misc":{"Est. reading time":"2 minutes"},"schema":{"@context":"https:\/\/schema.org","@graph":[{"@type":"WebPage","@id":"https:\/\/villa-albertine.org\/va\/professionals\/author-on-tour-colombe-schneck\/","url":"https:\/\/villa-albertine.org\/va\/professionals\/author-on-tour-colombe-schneck\/","name":"Author on Tour: Colombe Schneck - Villa Albertine","isPartOf":{"@id":"https:\/\/villa-albertine.org\/va\/#website"},"primaryImageOfPage":{"@id":"https:\/\/villa-albertine.org\/va\/professionals\/author-on-tour-colombe-schneck\/#primaryimage"},"image":{"@id":"https:\/\/villa-albertine.org\/va\/professionals\/author-on-tour-colombe-schneck\/#primaryimage"},"thumbnailUrl":"https:\/\/villa-albertine.org\/wp-content\/uploads\/2024\/04\/Schneck-\u00a9-Jean-Francois-PAGA-min-scaled-e1713984942455.jpg","datePublished":"2024-05-02T16:06:29+00:00","dateModified":"2024-05-13T13:55:10+00:00","breadcrumb":{"@id":"https:\/\/villa-albertine.org\/va\/professionals\/author-on-tour-colombe-schneck\/#breadcrumb"},"inLanguage":"en-US","potentialAction":[{"@type":"ReadAction","target":["https:\/\/villa-albertine.org\/va\/professionals\/author-on-tour-colombe-schneck\/"]}]},{"@type":"ImageObject","inLanguage":"en-US","@id":"https:\/\/villa-albertine.org\/va\/professionals\/author-on-tour-colombe-schneck\/#primaryimage","url":"https:\/\/villa-albertine.org\/wp-content\/uploads\/2024\/04\/Schneck-\u00a9-Jean-Francois-PAGA-min-scaled-e1713984942455.jpg","contentUrl":"https:\/\/villa-albertine.org\/wp-content\/uploads\/2024\/04\/Schneck-\u00a9-Jean-Francois-PAGA-min-scaled-e1713984942455.jpg","width":2047,"height":1834},{"@type":"BreadcrumbList","@id":"https:\/\/villa-albertine.org\/va\/professionals\/author-on-tour-colombe-schneck\/#breadcrumb","itemListElement":[{"@type":"ListItem","position":1,"name":"Home","item":"https:\/\/villa-albertine.org\/va\/"},{"@type":"ListItem","position":2,"name":"Author on Tour: Colombe Schneck"}]},{"@type":"WebSite","@id":"https:\/\/villa-albertine.org\/va\/#website","url":"https:\/\/villa-albertine.org\/va\/","name":"Villa Albertine","description":"","potentialAction":[{"@type":"SearchAction","target":{"@type":"EntryPoint","urlTemplate":"https:\/\/villa-albertine.org\/va\/?s={search_term_string}"},"query-input":{"@type":"PropertyValueSpecification","valueRequired":true,"valueName":"search_term_string"}}],"inLanguage":"en-US"}]}},"_links":{"self":[{"href":"https:\/\/villa-albertine.org\/va\/wp-json\/wp\/v2\/app_professional\/606109","targetHints":{"allow":["GET"]}}],"collection":[{"href":"https:\/\/villa-albertine.org\/va\/wp-json\/wp\/v2\/app_professional"}],"about":[{"href":"https:\/\/villa-albertine.org\/va\/wp-json\/wp\/v2\/types\/app_professional"}],"wp:featuredmedia":[{"embeddable":true,"href":"https:\/\/villa-albertine.org\/va\/wp-json\/wp\/v2\/media\/606223"}],"wp:attachment":[{"href":"https:\/\/villa-albertine.org\/va\/wp-json\/wp\/v2\/media?parent=606109"}],"wp:term":[{"taxonomy":"app_discipline","embeddable":true,"href":"https:\/\/villa-albertine.org\/va\/wp-json\/wp\/v2\/app_discipline?post=606109"},{"taxonomy":"app_city_tax","embeddable":true,"href":"https:\/\/villa-albertine.org\/va\/wp-json\/wp\/v2\/app_city_tax?post=606109"},{"taxonomy":"app_professional_category","embeddable":true,"href":"https:\/\/villa-albertine.org\/va\/wp-json\/wp\/v2\/app_professional_category?post=606109"},{"taxonomy":"app_professional_content_type","embeddable":true,"href":"https:\/\/villa-albertine.org\/va\/wp-json\/wp\/v2\/app_professional_content_type?post=606109"}],"curies":[{"name":"wp","href":"https:\/\/api.w.org\/{rel}","templated":true}]}}

<p><strong>About Colombe Schneck</strong></p>



<p><strong>Colombe Schneck</strong> is a documentary film director, journalist, and the author of twelve books of fiction and nonfiction. She has received prizes from the Académie française, Madame Figaro, and the Société des gens de Lettres. The recipient of a scholarship from the Villa Medici in Rome as well as a Stendhal grant from the Institut français, she was born and educated in Paris, where she still lives.</p>


<div class="wp-block-image">
<figure class="aligncenter size-full is-resized"><a href="https://www.penguinrandomhouse.com/books/736968/swimming-in-paris-by-colombe-schneck-translated-by-lauren-elkin-and-natasha-lehrer/"><img loading="lazy" decoding="async" width="1688" height="2550" src="https://villa-albertine.org/wp-content/uploads/2024/04/9780593655931-1.jpg" alt="" class="wp-image-606116" style="width:300px;height:undefinedpx" srcset="https://villa-albertine.org/wp-content/uploads/2024/04/9780593655931-1.jpg 1688w, https://villa-albertine.org/wp-content/uploads/2024/04/9780593655931-1-199x300.jpg 199w, https://villa-albertine.org/wp-content/uploads/2024/04/9780593655931-1-678x1024.jpg 678w, https://villa-albertine.org/wp-content/uploads/2024/04/9780593655931-1-768x1160.jpg 768w, https://villa-albertine.org/wp-content/uploads/2024/04/9780593655931-1-1017x1536.jpg 1017w, https://villa-albertine.org/wp-content/uploads/2024/04/9780593655931-1-1356x2048.jpg 1356w" sizes="auto, (max-width: 1688px) 100vw, 1688px" /></a></figure>
</div>

<p><strong>About <em>Swimming in Paris: A Life in Three Stories</em></strong></p>
<p>(trans. by Lauren Elkin and Natasha Lehrer, Penguin Press, 2024)</p>
<p><em>Swimming in Paris</em> is a decades-long exploration of sexuality, abortion, friendship, femininity, death, and the complicated relationships that women so often have with their own bodies. Whether depicting a teenage abortion in the midst of a privileged Parisian upbringing, the tenderness of a long friendship, or unexpected romances, Schneck’s prose exudes an unwavering honesty, elegance, and intimacy. In Pamela Druckerman’s words, “Schneck offers a periscopic view into bourgeois Paris and captures the terror and truth of love like only a Frenchwoman can.”</p>
<p>Written in a style that evokes Annie Ernaux’s precise and intimate work on social milieu and sexuality and Deborah Levy’s profound exploration of what it means to be a woman with desires and creative ambition in this world, <em>Swimming in Paris</em> is a powerful meditation on a lifelong journey to reclaim the female body, accepting it for all its frailties and learning to celebrate its strength.</p>
<p><em>Swimming in Paris</em> will be released in the United States in May 2024.</p>
<p>For more information, click <a href="https://www.penguinrandomhouse.com/books/736968/swimming-in-paris-by-colombe-schneck-translated-by-lauren-elkin-and-natasha-lehrer/">here.</a></p>
<p><strong>Schedule</strong></p>
<p>Colombe Schneck will be on tour in the US in May 2024.</p>
<p>Her public tour will include:</p>
<ul>
<li><strong>Tuesday, May 14</strong>: book launch &amp; conversation with Sanaë Lemoine @ <a href="https://www.albertine.com/events/18048/">Albertine</a> (New York, NY) – event in English;</li>
<li><strong>Saturday, May 18</strong>: conversation with Merrit Tierce @ <a href="https://www.afdallas.org/event-detail/?eventId=1272#/">The Wild Detectives</a> (Dallas, TX) – event in English;</li>
<li><strong>Sunday, May 19</strong>: conversation with Merritt Tierce @ <a href="https://www.corsicanaresidency.org/events/book-conversation-schneck-amp-tierce">STOREFRONT</a> (Corsicana, TX) – event in English;</li>
<li><strong>Monday, May 20</strong>: conversation with Szilvia Molnar @ <a href="https://www.firstlightaustin.com/events/colombe-schneck-swimming-in-paris">First Light Books</a> (Austin, TX) – event in English;</li>
<li><strong>Thursday, May 23:</strong> conversation with Katie Kitamura @ <a href="https://www.mcnallyjackson.com/event/colombe-schneck-presents-swimming-in-paris-event">McNally Jackson Seaport</a> (New York, NY) – event in English.</li>
</ul>
<p>For more information, please email Valentine Richet at <a href="mailto: valentine.richet@villa-albertine.org" data-cke-saved-href="mailto: valentine.richet@villa-albertine.org">valentine.richet@villa-albertine.org</a>.</p>

<!-- This site is optimized with the Yoast SEO plugin v27.3 - https://yoast.com/product/yoast-seo-wordpress/ -->
<title>Author on Tour: Colombe Schneck - Villa Albertine</title>
<meta name="robots" content="index, follow, max-snippet:-1, max-image-preview:large, max-video-preview:-1" />
<link rel="canonical" href="https://villa-albertine.org/va/professionals/author-on-tour-colombe-schneck/" />
<meta property="og:locale" content="en_US" />
<meta property="og:type" content="article" />
<meta property="og:title" content="Author on Tour: Colombe Schneck - Villa Albertine" />
<meta property="og:description" content="About Colombe Schneck Colombe Schneck is a documentary film director, journalist, and the author of twelve books of fiction and nonfiction. She has received prizes from the Académie française, Madame Figaro, and the Société des gens de Lettres. The recipient of a scholarship from the Villa Medici in Rome as well as a Stendhal grant..." />
<meta property="og:url" content="https://villa-albertine.org/va/professionals/author-on-tour-colombe-schneck/" />
<meta property="og:site_name" content="Villa Albertine" />
<meta property="article:modified_time" content="2024-05-13T13:55:10+00:00" />
<meta property="og:image" content="https://villa-albertine.org/wp-content/uploads/2024/04/Schneck-©-Jean-Francois-PAGA-min-scaled-e1713984942455.jpg" />
	<meta property="og:image:width" content="2047" />
	<meta property="og:image:height" content="1834" />
	<meta property="og:image:type" content="image/jpeg" />
<meta name="twitter:card" content="summary_large_image" />
<meta name="twitter:label1" content="Est. reading time" />
	<meta name="twitter:data1" content="2 minutes" />
<script type="application/ld+json" class="yoast-schema-graph">{"@context":"https:\/\/schema.org","@graph":[{"@type":"WebPage","@id":"https:\/\/villa-albertine.org\/va\/professionals\/author-on-tour-colombe-schneck\/","url":"https:\/\/villa-albertine.org\/va\/professionals\/author-on-tour-colombe-schneck\/","name":"Author on Tour: Colombe Schneck - Villa Albertine","isPartOf":{"@id":"https:\/\/villa-albertine.org\/va\/#website"},"primaryImageOfPage":{"@id":"https:\/\/villa-albertine.org\/va\/professionals\/author-on-tour-colombe-schneck\/#primaryimage"},"image":{"@id":"https:\/\/villa-albertine.org\/va\/professionals\/author-on-tour-colombe-schneck\/#primaryimage"},"thumbnailUrl":"https:\/\/villa-albertine.org\/wp-content\/uploads\/2024\/04\/Schneck-©-Jean-Francois-PAGA-min-scaled-e1713984942455.jpg","datePublished":"2024-05-02T16:06:29+00:00","dateModified":"2024-05-13T13:55:10+00:00","breadcrumb":{"@id":"https:\/\/villa-albertine.org\/va\/professionals\/author-on-tour-colombe-schneck\/#breadcrumb"},"inLanguage":"en-US","potentialAction":[{"@type":"ReadAction","target":["https:\/\/villa-albertine.org\/va\/professionals\/author-on-tour-colombe-schneck\/"]}]},{"@type":"ImageObject","inLanguage":"en-US","@id":"https:\/\/villa-albertine.org\/va\/professionals\/author-on-tour-colombe-schneck\/#primaryimage","url":"https:\/\/villa-albertine.org\/wp-content\/uploads\/2024\/04\/Schneck-©-Jean-Francois-PAGA-min-scaled-e1713984942455.jpg","contentUrl":"https:\/\/villa-albertine.org\/wp-content\/uploads\/2024\/04\/Schneck-©-Jean-Francois-PAGA-min-scaled-e1713984942455.jpg","width":2047,"height":1834},{"@type":"BreadcrumbList","@id":"https:\/\/villa-albertine.org\/va\/professionals\/author-on-tour-colombe-schneck\/#breadcrumb","itemListElement":[{"@type":"ListItem","position":1,"name":"Home","item":"https:\/\/villa-albertine.org\/va\/"},{"@type":"ListItem","position":2,"name":"Author on Tour: Colombe Schneck"}]},{"@type":"WebSite","@id":"https:\/\/villa-albertine.org\/va\/#website","url":"https:\/\/villa-albertine.org\/va\/","name":"Villa Albertine","description":"","potentialAction":[{"@type":"SearchAction","target":{"@type":"EntryPoint","urlTemplate":"https:\/\/villa-albertine.org\/va\/?s={search_term_string}"},"query-input":{"@type":"PropertyValueSpecification","valueRequired":true,"valueName":"search_term_string"}}],"inLanguage":"en-US"}]}</script>
<!-- / Yoast SEO plugin. -->

About Colombe Schneck Colombe Schneck is a documentary film director, journalist, and the author of twelve books of fiction and nonfiction. She has received prizes from the Académie française, Madame Figaro, and the Société des gens de Lettres. The recipient of a scholarship from the Villa Medici in Rome as well as a Stendhal grant...
