{"id":376724,"date":"2023-11-24T15:47:08","date_gmt":"2023-11-24T15:47:08","guid":{"rendered":"https:\/\/villa-albertine.org\/?post_type=app_professional&#038;p=376724"},"modified":"2024-02-21T16:34:42","modified_gmt":"2024-02-21T16:34:42","slug":"author-on-tour-mathias-enard","status":"publish","type":"app_professional","link":"https:\/\/villa-albertine.org\/va\/professionals\/author-on-tour-mathias-enard\/","title":{"rendered":"\/\/ CANCELED \/\/ Author on Tour: Mathias \u00c9nard"},"content":{"rendered":"\n<h3 class=\"wp-block-heading\">About Mathias \u00c9nard<\/h3>\n\n\n\n<p>Former student at the \u00c9cole du Louvre, <strong>Mathias \u00c9nard<\/strong> then studied Persian and Arabic and became a translator alongside his career as a writer. Mathias \u00c9nard received France\u2019s highest literary distinctions, including the Prix du Livre Inter and the 2008 Prix D\u00e9cembre for his novel <em>Zone<\/em> (<em>Zone<\/em>, Actes Sud; trans. by Charlotte Mandell, Open Letter Books, 2010). In 2015, he won the prestigious Prix Goncourt for his book <em>Compass<\/em> (<em>Boussole,<\/em> Actes Sud. trans. by Charlotte Mandell, New Directions, 2017). <em>The Annual Banquet of the Gravediggers\u2019 Guild<\/em> is his latest novel and was first published in France in 2020 by Actes Sud.<\/p>\n\n\n<div class=\"wp-block-image\">\n<figure class=\"aligncenter size-full is-resized\"><a href=\"https:\/\/www.ndbooks.com\/book\/the-annual-banquet-of-the-gravediggers-guild\/\"><img loading=\"lazy\" decoding=\"async\" width=\"262\" height=\"400\" src=\"https:\/\/villa-albertine.org\/wp-content\/uploads\/2023\/11\/The-Annual-Banquet.jpg\" alt=\"\" class=\"wp-image-376836\" style=\"width:300px;height:undefinedpx\" srcset=\"https:\/\/villa-albertine.org\/wp-content\/uploads\/2023\/11\/The-Annual-Banquet.jpg 262w, https:\/\/villa-albertine.org\/wp-content\/uploads\/2023\/11\/The-Annual-Banquet-197x300.jpg 197w\" sizes=\"auto, (max-width: 262px) 100vw, 262px\" \/><\/a><\/figure>\n<\/div>\n\n<h3>About <em>The Annual Banquet of The Gravediggers&#8217; Guild<\/em><\/h3>\n<p>(trans. by Frank Wynne, New Directions, 2023)<\/p>\n<p>To research his thesis on contemporary agrarian life, anthropology student David Mazon decides to move from Paris to a small town in the marshlands of Western France. But David doesn\u2019t know that here, people have a very peculiar relationship to Death. Even more peculiar is that once a year, Death and the livings observe a temporary truce during a gargantuan three-day feast, where gravediggers gorge themselves on food, drink, and language\u2026<\/p>\n<p>Written in Mathias \u00c9nard\u2019s signature style, marked by clever humor and vast erudition, <em>The Annual Banquet of the Gravediggers\u2019 Guild <\/em>unfolds as a riotous narrative where the distinction between past and present continually dissolves within a backdrop of exuberant Rabelaisian extravagance.<\/p>\n<p><em>The Annual Banquet of The Gravediggers&#8217;Guild <\/em>was released in the United States in December 2023.<\/p>\n<p><a href=\"https:\/\/www.ndbooks.com\/book\/the-annual-banquet-of-the-gravediggers-guild\/\">Find more information here.<\/a><\/p>\n<h3>Program<\/h3>\n<p><em><strong>\/\/ We regret to inform you that Mathias \u00c9nard\u2019s US tour has been canceled until further notice. We apologize for any inconvenience and thank you for your understanding. \/\/<\/strong><\/em><\/p>\n<p>For more information, please email Valentine Richet at <a href=\"mailto: valentine.richet@villa-albertine.org\" data-cke-saved-href=\"mailto: valentine.richet@villa-albertine.org\">valentine.richet@villa-albertine.org<\/a>.<\/p>","protected":false},"featured_media":376822,"menu_order":0,"template":"","app_discipline":[213],"app_city_tax":[214,217],"app_professional_category":[260],"app_professional_content_type":[254],"class_list":["post-376724","app_professional","type-app_professional","status-publish","has-post-thumbnail","hentry","app_discipline-literature","app_city_tax-bos","app_city_tax-nyc","app_professional_category-books-ideas","app_professional_content_type-news"],"acf":[],"yoast_head":"<!-- This site is optimized with the Yoast SEO plugin v27.3 - https:\/\/yoast.com\/product\/yoast-seo-wordpress\/ -->\n<title>\/\/ CANCELED \/\/ Author on Tour: Mathias \u00c9nard - Villa Albertine<\/title>\n<meta name=\"robots\" content=\"index, follow, max-snippet:-1, max-image-preview:large, max-video-preview:-1\" \/>\n<link rel=\"canonical\" href=\"https:\/\/villa-albertine.org\/va\/professionals\/author-on-tour-mathias-enard\/\" \/>\n<meta property=\"og:locale\" content=\"en_US\" \/>\n<meta property=\"og:type\" content=\"article\" \/>\n<meta property=\"og:title\" content=\"\/\/ CANCELED \/\/ Author on Tour: Mathias \u00c9nard - Villa Albertine\" \/>\n<meta property=\"og:description\" content=\"About Mathias \u00c9nard Former student at the \u00c9cole du Louvre, Mathias \u00c9nard then studied Persian and Arabic and became a translator alongside his career as a writer. Mathias \u00c9nard received France\u2019s highest literary distinctions, including the Prix du Livre Inter and the 2008 Prix D\u00e9cembre for his novel Zone (Zone, Actes Sud; trans. by Charlotte...\" \/>\n<meta property=\"og:url\" content=\"https:\/\/villa-albertine.org\/va\/professionals\/author-on-tour-mathias-enard\/\" \/>\n<meta property=\"og:site_name\" content=\"Villa Albertine\" \/>\n<meta property=\"article:modified_time\" content=\"2024-02-21T16:34:42+00:00\" \/>\n<meta property=\"og:image\" content=\"https:\/\/villa-albertine.org\/wp-content\/uploads\/2023\/11\/Enard_Mathias_c_Marc_Melki_1-min-1-scaled.jpg\" \/>\n\t<meta property=\"og:image:width\" content=\"2560\" \/>\n\t<meta property=\"og:image:height\" content=\"1707\" \/>\n\t<meta property=\"og:image:type\" content=\"image\/jpeg\" \/>\n<meta name=\"twitter:card\" content=\"summary_large_image\" \/>\n<meta name=\"twitter:label1\" content=\"Est. reading time\" \/>\n\t<meta name=\"twitter:data1\" content=\"1 minute\" \/>\n<script type=\"application\/ld+json\" class=\"yoast-schema-graph\">{\"@context\":\"https:\\\/\\\/schema.org\",\"@graph\":[{\"@type\":\"WebPage\",\"@id\":\"https:\\\/\\\/villa-albertine.org\\\/va\\\/professionals\\\/author-on-tour-mathias-enard\\\/\",\"url\":\"https:\\\/\\\/villa-albertine.org\\\/va\\\/professionals\\\/author-on-tour-mathias-enard\\\/\",\"name\":\"\\\/\\\/ CANCELED \\\/\\\/ Author on Tour: Mathias \u00c9nard - Villa Albertine\",\"isPartOf\":{\"@id\":\"https:\\\/\\\/villa-albertine.org\\\/va\\\/#website\"},\"primaryImageOfPage\":{\"@id\":\"https:\\\/\\\/villa-albertine.org\\\/va\\\/professionals\\\/author-on-tour-mathias-enard\\\/#primaryimage\"},\"image\":{\"@id\":\"https:\\\/\\\/villa-albertine.org\\\/va\\\/professionals\\\/author-on-tour-mathias-enard\\\/#primaryimage\"},\"thumbnailUrl\":\"https:\\\/\\\/villa-albertine.org\\\/wp-content\\\/uploads\\\/2023\\\/11\\\/Enard_Mathias_c_Marc_Melki_1-min-1-scaled.jpg\",\"datePublished\":\"2023-11-24T15:47:08+00:00\",\"dateModified\":\"2024-02-21T16:34:42+00:00\",\"breadcrumb\":{\"@id\":\"https:\\\/\\\/villa-albertine.org\\\/va\\\/professionals\\\/author-on-tour-mathias-enard\\\/#breadcrumb\"},\"inLanguage\":\"en-US\",\"potentialAction\":[{\"@type\":\"ReadAction\",\"target\":[\"https:\\\/\\\/villa-albertine.org\\\/va\\\/professionals\\\/author-on-tour-mathias-enard\\\/\"]}]},{\"@type\":\"ImageObject\",\"inLanguage\":\"en-US\",\"@id\":\"https:\\\/\\\/villa-albertine.org\\\/va\\\/professionals\\\/author-on-tour-mathias-enard\\\/#primaryimage\",\"url\":\"https:\\\/\\\/villa-albertine.org\\\/wp-content\\\/uploads\\\/2023\\\/11\\\/Enard_Mathias_c_Marc_Melki_1-min-1-scaled.jpg\",\"contentUrl\":\"https:\\\/\\\/villa-albertine.org\\\/wp-content\\\/uploads\\\/2023\\\/11\\\/Enard_Mathias_c_Marc_Melki_1-min-1-scaled.jpg\",\"width\":2560,\"height\":1707,\"caption\":\"Mathias Enard\"},{\"@type\":\"BreadcrumbList\",\"@id\":\"https:\\\/\\\/villa-albertine.org\\\/va\\\/professionals\\\/author-on-tour-mathias-enard\\\/#breadcrumb\",\"itemListElement\":[{\"@type\":\"ListItem\",\"position\":1,\"name\":\"Home\",\"item\":\"https:\\\/\\\/villa-albertine.org\\\/va\\\/\"},{\"@type\":\"ListItem\",\"position\":2,\"name\":\"\\\/\\\/ CANCELED \\\/\\\/ Author on Tour: Mathias \u00c9nard\"}]},{\"@type\":\"WebSite\",\"@id\":\"https:\\\/\\\/villa-albertine.org\\\/va\\\/#website\",\"url\":\"https:\\\/\\\/villa-albertine.org\\\/va\\\/\",\"name\":\"Villa Albertine\",\"description\":\"\",\"potentialAction\":[{\"@type\":\"SearchAction\",\"target\":{\"@type\":\"EntryPoint\",\"urlTemplate\":\"https:\\\/\\\/villa-albertine.org\\\/va\\\/?s={search_term_string}\"},\"query-input\":{\"@type\":\"PropertyValueSpecification\",\"valueRequired\":true,\"valueName\":\"search_term_string\"}}],\"inLanguage\":\"en-US\"}]}<\/script>\n<!-- \/ Yoast SEO plugin. -->","yoast_head_json":{"title":"\/\/ CANCELED \/\/ Author on Tour: Mathias \u00c9nard - Villa Albertine","robots":{"index":"index","follow":"follow","max-snippet":"max-snippet:-1","max-image-preview":"max-image-preview:large","max-video-preview":"max-video-preview:-1"},"canonical":"https:\/\/villa-albertine.org\/va\/professionals\/author-on-tour-mathias-enard\/","og_locale":"en_US","og_type":"article","og_title":"\/\/ CANCELED \/\/ Author on Tour: Mathias \u00c9nard - Villa Albertine","og_description":"About Mathias \u00c9nard Former student at the \u00c9cole du Louvre, Mathias \u00c9nard then studied Persian and Arabic and became a translator alongside his career as a writer. Mathias \u00c9nard received France\u2019s highest literary distinctions, including the Prix du Livre Inter and the 2008 Prix D\u00e9cembre for his novel Zone (Zone, Actes Sud; trans. by Charlotte...","og_url":"https:\/\/villa-albertine.org\/va\/professionals\/author-on-tour-mathias-enard\/","og_site_name":"Villa Albertine","article_modified_time":"2024-02-21T16:34:42+00:00","og_image":[{"width":2560,"height":1707,"url":"https:\/\/villa-albertine.org\/wp-content\/uploads\/2023\/11\/Enard_Mathias_c_Marc_Melki_1-min-1-scaled.jpg","type":"image\/jpeg"}],"twitter_card":"summary_large_image","twitter_misc":{"Est. reading time":"1 minute"},"schema":{"@context":"https:\/\/schema.org","@graph":[{"@type":"WebPage","@id":"https:\/\/villa-albertine.org\/va\/professionals\/author-on-tour-mathias-enard\/","url":"https:\/\/villa-albertine.org\/va\/professionals\/author-on-tour-mathias-enard\/","name":"\/\/ CANCELED \/\/ Author on Tour: Mathias \u00c9nard - Villa Albertine","isPartOf":{"@id":"https:\/\/villa-albertine.org\/va\/#website"},"primaryImageOfPage":{"@id":"https:\/\/villa-albertine.org\/va\/professionals\/author-on-tour-mathias-enard\/#primaryimage"},"image":{"@id":"https:\/\/villa-albertine.org\/va\/professionals\/author-on-tour-mathias-enard\/#primaryimage"},"thumbnailUrl":"https:\/\/villa-albertine.org\/wp-content\/uploads\/2023\/11\/Enard_Mathias_c_Marc_Melki_1-min-1-scaled.jpg","datePublished":"2023-11-24T15:47:08+00:00","dateModified":"2024-02-21T16:34:42+00:00","breadcrumb":{"@id":"https:\/\/villa-albertine.org\/va\/professionals\/author-on-tour-mathias-enard\/#breadcrumb"},"inLanguage":"en-US","potentialAction":[{"@type":"ReadAction","target":["https:\/\/villa-albertine.org\/va\/professionals\/author-on-tour-mathias-enard\/"]}]},{"@type":"ImageObject","inLanguage":"en-US","@id":"https:\/\/villa-albertine.org\/va\/professionals\/author-on-tour-mathias-enard\/#primaryimage","url":"https:\/\/villa-albertine.org\/wp-content\/uploads\/2023\/11\/Enard_Mathias_c_Marc_Melki_1-min-1-scaled.jpg","contentUrl":"https:\/\/villa-albertine.org\/wp-content\/uploads\/2023\/11\/Enard_Mathias_c_Marc_Melki_1-min-1-scaled.jpg","width":2560,"height":1707,"caption":"Mathias Enard"},{"@type":"BreadcrumbList","@id":"https:\/\/villa-albertine.org\/va\/professionals\/author-on-tour-mathias-enard\/#breadcrumb","itemListElement":[{"@type":"ListItem","position":1,"name":"Home","item":"https:\/\/villa-albertine.org\/va\/"},{"@type":"ListItem","position":2,"name":"\/\/ CANCELED \/\/ Author on Tour: Mathias \u00c9nard"}]},{"@type":"WebSite","@id":"https:\/\/villa-albertine.org\/va\/#website","url":"https:\/\/villa-albertine.org\/va\/","name":"Villa Albertine","description":"","potentialAction":[{"@type":"SearchAction","target":{"@type":"EntryPoint","urlTemplate":"https:\/\/villa-albertine.org\/va\/?s={search_term_string}"},"query-input":{"@type":"PropertyValueSpecification","valueRequired":true,"valueName":"search_term_string"}}],"inLanguage":"en-US"}]}},"_links":{"self":[{"href":"https:\/\/villa-albertine.org\/va\/wp-json\/wp\/v2\/app_professional\/376724","targetHints":{"allow":["GET"]}}],"collection":[{"href":"https:\/\/villa-albertine.org\/va\/wp-json\/wp\/v2\/app_professional"}],"about":[{"href":"https:\/\/villa-albertine.org\/va\/wp-json\/wp\/v2\/types\/app_professional"}],"wp:featuredmedia":[{"embeddable":true,"href":"https:\/\/villa-albertine.org\/va\/wp-json\/wp\/v2\/media\/376822"}],"wp:attachment":[{"href":"https:\/\/villa-albertine.org\/va\/wp-json\/wp\/v2\/media?parent=376724"}],"wp:term":[{"taxonomy":"app_discipline","embeddable":true,"href":"https:\/\/villa-albertine.org\/va\/wp-json\/wp\/v2\/app_discipline?post=376724"},{"taxonomy":"app_city_tax","embeddable":true,"href":"https:\/\/villa-albertine.org\/va\/wp-json\/wp\/v2\/app_city_tax?post=376724"},{"taxonomy":"app_professional_category","embeddable":true,"href":"https:\/\/villa-albertine.org\/va\/wp-json\/wp\/v2\/app_professional_category?post=376724"},{"taxonomy":"app_professional_content_type","embeddable":true,"href":"https:\/\/villa-albertine.org\/va\/wp-json\/wp\/v2\/app_professional_content_type?post=376724"}],"curies":[{"name":"wp","href":"https:\/\/api.w.org\/{rel}","templated":true}]}}

// CANCELED // Author on Tour: Mathias Énard

<h3 class="wp-block-heading">About Mathias Énard</h3>



<p>Former student at the École du Louvre, <strong>Mathias Énard</strong> then studied Persian and Arabic and became a translator alongside his career as a writer. Mathias Énard received France’s highest literary distinctions, including the Prix du Livre Inter and the 2008 Prix Décembre for his novel <em>Zone</em> (<em>Zone</em>, Actes Sud; trans. by Charlotte Mandell, Open Letter Books, 2010). In 2015, he won the prestigious Prix Goncourt for his book <em>Compass</em> (<em>Boussole,</em> Actes Sud. trans. by Charlotte Mandell, New Directions, 2017). <em>The Annual Banquet of the Gravediggers’ Guild</em> is his latest novel and was first published in France in 2020 by Actes Sud.</p>


<div class="wp-block-image">
<figure class="aligncenter size-full is-resized"><a href="https://www.ndbooks.com/book/the-annual-banquet-of-the-gravediggers-guild/"><img loading="lazy" decoding="async" width="262" height="400" src="https://villa-albertine.org/wp-content/uploads/2023/11/The-Annual-Banquet.jpg" alt="" class="wp-image-376836" style="width:300px;height:undefinedpx" srcset="https://villa-albertine.org/wp-content/uploads/2023/11/The-Annual-Banquet.jpg 262w, https://villa-albertine.org/wp-content/uploads/2023/11/The-Annual-Banquet-197x300.jpg 197w" sizes="auto, (max-width: 262px) 100vw, 262px" /></a></figure>
</div>

<h3>About <em>The Annual Banquet of The Gravediggers&#8217; Guild</em></h3>
<p>(trans. by Frank Wynne, New Directions, 2023)</p>
<p>To research his thesis on contemporary agrarian life, anthropology student David Mazon decides to move from Paris to a small town in the marshlands of Western France. But David doesn’t know that here, people have a very peculiar relationship to Death. Even more peculiar is that once a year, Death and the livings observe a temporary truce during a gargantuan three-day feast, where gravediggers gorge themselves on food, drink, and language…</p>
<p>Written in Mathias Énard’s signature style, marked by clever humor and vast erudition, <em>The Annual Banquet of the Gravediggers’ Guild </em>unfolds as a riotous narrative where the distinction between past and present continually dissolves within a backdrop of exuberant Rabelaisian extravagance.</p>
<p><em>The Annual Banquet of The Gravediggers&#8217;Guild </em>was released in the United States in December 2023.</p>
<p><a href="https://www.ndbooks.com/book/the-annual-banquet-of-the-gravediggers-guild/">Find more information here.</a></p>
<h3>Program</h3>
<p><em><strong>// We regret to inform you that Mathias Énard’s US tour has been canceled until further notice. We apologize for any inconvenience and thank you for your understanding. //</strong></em></p>
<p>For more information, please email Valentine Richet at <a href="mailto: valentine.richet@villa-albertine.org" data-cke-saved-href="mailto: valentine.richet@villa-albertine.org">valentine.richet@villa-albertine.org</a>.</p>

<!-- This site is optimized with the Yoast SEO plugin v27.3 - https://yoast.com/product/yoast-seo-wordpress/ -->
<title>// CANCELED // Author on Tour: Mathias Énard - Villa Albertine</title>
<meta name="robots" content="index, follow, max-snippet:-1, max-image-preview:large, max-video-preview:-1" />
<link rel="canonical" href="https://villa-albertine.org/va/professionals/author-on-tour-mathias-enard/" />
<meta property="og:locale" content="en_US" />
<meta property="og:type" content="article" />
<meta property="og:title" content="// CANCELED // Author on Tour: Mathias Énard - Villa Albertine" />
<meta property="og:description" content="About Mathias Énard Former student at the École du Louvre, Mathias Énard then studied Persian and Arabic and became a translator alongside his career as a writer. Mathias Énard received France’s highest literary distinctions, including the Prix du Livre Inter and the 2008 Prix Décembre for his novel Zone (Zone, Actes Sud; trans. by Charlotte..." />
<meta property="og:url" content="https://villa-albertine.org/va/professionals/author-on-tour-mathias-enard/" />
<meta property="og:site_name" content="Villa Albertine" />
<meta property="article:modified_time" content="2024-02-21T16:34:42+00:00" />
<meta property="og:image" content="https://villa-albertine.org/wp-content/uploads/2023/11/Enard_Mathias_c_Marc_Melki_1-min-1-scaled.jpg" />
	<meta property="og:image:width" content="2560" />
	<meta property="og:image:height" content="1707" />
	<meta property="og:image:type" content="image/jpeg" />
<meta name="twitter:card" content="summary_large_image" />
<meta name="twitter:label1" content="Est. reading time" />
	<meta name="twitter:data1" content="1 minute" />
<script type="application/ld+json" class="yoast-schema-graph">{"@context":"https:\/\/schema.org","@graph":[{"@type":"WebPage","@id":"https:\/\/villa-albertine.org\/va\/professionals\/author-on-tour-mathias-enard\/","url":"https:\/\/villa-albertine.org\/va\/professionals\/author-on-tour-mathias-enard\/","name":"\/\/ CANCELED \/\/ Author on Tour: Mathias Énard - Villa Albertine","isPartOf":{"@id":"https:\/\/villa-albertine.org\/va\/#website"},"primaryImageOfPage":{"@id":"https:\/\/villa-albertine.org\/va\/professionals\/author-on-tour-mathias-enard\/#primaryimage"},"image":{"@id":"https:\/\/villa-albertine.org\/va\/professionals\/author-on-tour-mathias-enard\/#primaryimage"},"thumbnailUrl":"https:\/\/villa-albertine.org\/wp-content\/uploads\/2023\/11\/Enard_Mathias_c_Marc_Melki_1-min-1-scaled.jpg","datePublished":"2023-11-24T15:47:08+00:00","dateModified":"2024-02-21T16:34:42+00:00","breadcrumb":{"@id":"https:\/\/villa-albertine.org\/va\/professionals\/author-on-tour-mathias-enard\/#breadcrumb"},"inLanguage":"en-US","potentialAction":[{"@type":"ReadAction","target":["https:\/\/villa-albertine.org\/va\/professionals\/author-on-tour-mathias-enard\/"]}]},{"@type":"ImageObject","inLanguage":"en-US","@id":"https:\/\/villa-albertine.org\/va\/professionals\/author-on-tour-mathias-enard\/#primaryimage","url":"https:\/\/villa-albertine.org\/wp-content\/uploads\/2023\/11\/Enard_Mathias_c_Marc_Melki_1-min-1-scaled.jpg","contentUrl":"https:\/\/villa-albertine.org\/wp-content\/uploads\/2023\/11\/Enard_Mathias_c_Marc_Melki_1-min-1-scaled.jpg","width":2560,"height":1707,"caption":"Mathias Enard"},{"@type":"BreadcrumbList","@id":"https:\/\/villa-albertine.org\/va\/professionals\/author-on-tour-mathias-enard\/#breadcrumb","itemListElement":[{"@type":"ListItem","position":1,"name":"Home","item":"https:\/\/villa-albertine.org\/va\/"},{"@type":"ListItem","position":2,"name":"\/\/ CANCELED \/\/ Author on Tour: Mathias Énard"}]},{"@type":"WebSite","@id":"https:\/\/villa-albertine.org\/va\/#website","url":"https:\/\/villa-albertine.org\/va\/","name":"Villa Albertine","description":"","potentialAction":[{"@type":"SearchAction","target":{"@type":"EntryPoint","urlTemplate":"https:\/\/villa-albertine.org\/va\/?s={search_term_string}"},"query-input":{"@type":"PropertyValueSpecification","valueRequired":true,"valueName":"search_term_string"}}],"inLanguage":"en-US"}]}</script>
<!-- / Yoast SEO plugin. -->

// CANCELED // Author on Tour: Mathias Énard - Villa Albertine

About Mathias Énard Former student at the École du Louvre, Mathias Énard then studied Persian and Arabic and became a translator alongside his career as a writer. Mathias Énard received France’s highest literary distinctions, including the Prix du Livre Inter and the 2008 Prix Décembre for his novel Zone (Zone, Actes Sud; trans. by Charlotte...
