{"id":3372752,"date":"2025-04-07T18:53:21","date_gmt":"2025-04-07T18:53:21","guid":{"rendered":"https:\/\/villa-albertine.org\/va\/?post_type=app_professional&#038;p=3372752"},"modified":"2025-05-22T16:36:43","modified_gmt":"2025-05-22T16:36:43","slug":"meet-the-third-annual-pisar-prize-winner-anibal-vidal","status":"publish","type":"app_professional","link":"https:\/\/villa-albertine.org\/va\/professionals\/meet-the-third-annual-pisar-prize-winner-anibal-vidal\/","title":{"rendered":"Meet the Third Annual Pisar Prize Winner Anibal Vidal\u00a0"},"content":{"rendered":"\n<p>In addition to a \u20ac10,000 grant, he will participate in a multi-week residency at Juilliard this spring to develop his composition, which will premiere on November 14 at Th\u00e9\u00e2tre des Champs-\u00c9lys\u00e9es in Paris&nbsp;<\/p>\n\n\n\n<p>Each year, the Pisar Prize, a collaboration between <strong>Juilliard<\/strong>, <strong>Th\u00e9\u00e2tre des Champs-Elys\u00e9es<\/strong>, and <strong>Villa Albertine <\/strong>that began in 2022, seeks to bridge cultural artistry between the United States and France by commissioning and premiering a work by a young contemporary composer.&nbsp;&nbsp;<\/p>\n\n\n\n<p>As part of his residency, on May 1, 2025, his new composition, <em>The Languages that All Living Things Speak<\/em>, will be workshopped by Juilliard\u2019s AXIOM Ensemble, led by Jeffrey Milarsky.\u00a0 The piece is inspired by a chapter from Henry David Thoreau\u2019s <em>Walden<\/em> in which the writer reflects on the practice of deep listening during his walks in the woods. The resulting work will exist in two iterations: an early version for a smaller ensemble (read by AXIOM in May) and a version scored for a full orchestra to be premiered at the Th\u00e9\u00e2tre des Champs-Elys\u00e9es in Paris on November 14.\u00a0<\/p>\n\n\n\n<p>Vidal will additionally participate in a short, immersive stay in rural Massachusetts to complement his U.S. experience and advance his work, made possible thanks to Villa Albertine\u2019s multi-city residency model.&nbsp;&nbsp;<\/p>\n\n\n\n<p>Inspired by Judith Pisar, the Pisar Prize aims to foster Franco-American cultural collaboration by empowering young composers to create new works. The inaugural Pisar Prize was awarded to Argentinean composer <strong>Alex Nante<\/strong> in 2022. Nante\u2019s <em>A subtle chain, <\/em>received a score reading in 2023 by Juilliard\u2019s AXIOM Ensemble, conducted by Jeffrey Milarsky, and the orchestral version premiered on April 30, 2024, at the Th\u00e9\u00e2tre des Champs-Elys\u00e9es in Paris by Orchestra Les Si\u00e8cles. The second Pisar Prize was awarded to Juilliard alum <strong>Christian-Fr\u00e9d\u00e9ric Bloquert. <\/strong>His new composition, <em>\u201cce moment, l&#8217;instant\u201c<\/em> was read by AXIOM at Juilliard on April 25, 2024, and debuted at the Th\u00e9\u00e2tre des Champs-Elys\u00e9es on October 16, 2024.&nbsp;&nbsp;<\/p>\n\n\n\n<p><strong>About Anibal Vidal<\/strong>&nbsp;<\/p>\n\n\n\n<p>Born in 1991, Anibal Vidal is a Chilean composer based in London. He holds a Master&#8217;s degree in Composition with Distinction and an Artist Diploma in Composition from the Royal College of Music in London.&nbsp;&nbsp;<\/p>\n\n\n\n<p>His compositions have been performed in Europe, America, and Asia, featuring collaborations with different groups, such as the Ensemble Intercontemporain, Quatuor Bozzini, Britten Sinfonia, Mise-En ensemble, MI Orchestra, East Anglia Chamber Orchestra, RCM Philharmonic, Orquesta de C\u00e1mara de Valdivia, The Carice Singers, Divertimento ensemble, Cikada ensemble, Ensemble U, Ensemble Taller Sonoro, Synchronos ensemble, Ensamble Fractura, among others.&nbsp;<\/p>\n\n\n\n<p>He has also scored the soundtracks of the TV series <em>Pacto de Sangre<\/em> (2018), <em>R\u00edo Oscuro<\/em> (2019), <em>Helga &amp; Flora<\/em> (2020), and <em>Cromosoma 21<\/em> (2022) as well as the feature films <em>Canasto de Cangrejos<\/em> (2018) and <em>Mientes<\/em> (2020).&nbsp;<\/p>\n","protected":false},"featured_media":3372765,"menu_order":0,"template":"","app_discipline":[230],"app_city_tax":[235,217],"app_professional_category":[],"app_professional_content_type":[254],"class_list":["post-3372752","app_professional","type-app_professional","status-publish","has-post-thumbnail","hentry","app_discipline-music","app_city_tax-all-cities","app_city_tax-nyc","app_professional_content_type-news"],"acf":[],"yoast_head":"<!-- This site is optimized with the Yoast SEO plugin v27.3 - https:\/\/yoast.com\/product\/yoast-seo-wordpress\/ -->\n<title>Meet the Third Annual Pisar Prize Winner Anibal Vidal\u00a0 - Villa Albertine<\/title>\n<meta name=\"robots\" content=\"index, follow, max-snippet:-1, max-image-preview:large, max-video-preview:-1\" \/>\n<link rel=\"canonical\" href=\"https:\/\/villa-albertine.org\/va\/professionals\/meet-the-third-annual-pisar-prize-winner-anibal-vidal\/\" \/>\n<meta property=\"og:locale\" content=\"en_US\" \/>\n<meta property=\"og:type\" content=\"article\" \/>\n<meta property=\"og:title\" content=\"Meet the Third Annual Pisar Prize Winner Anibal Vidal\u00a0 - Villa Albertine\" \/>\n<meta property=\"og:description\" content=\"In addition to a \u20ac10,000 grant, he will participate in a multi-week residency at Juilliard this spring to develop his composition, which will premiere on November 14 at Th\u00e9\u00e2tre des Champs-\u00c9lys\u00e9es in Paris&nbsp; Each year, the Pisar Prize, a collaboration between Juilliard, Th\u00e9\u00e2tre des Champs-Elys\u00e9es, and Villa Albertine that began in 2022, seeks to bridge...\" \/>\n<meta property=\"og:url\" content=\"https:\/\/villa-albertine.org\/va\/professionals\/meet-the-third-annual-pisar-prize-winner-anibal-vidal\/\" \/>\n<meta property=\"og:site_name\" content=\"Villa Albertine\" \/>\n<meta property=\"article:modified_time\" content=\"2025-05-22T16:36:43+00:00\" \/>\n<meta property=\"og:image\" content=\"https:\/\/villa-albertine.org\/wp-content\/uploads\/2025\/04\/Anibal-Vidal.png\" \/>\n\t<meta property=\"og:image:width\" content=\"604\" \/>\n\t<meta property=\"og:image:height\" content=\"482\" \/>\n\t<meta property=\"og:image:type\" content=\"image\/png\" \/>\n<meta name=\"twitter:card\" content=\"summary_large_image\" \/>\n<meta name=\"twitter:label1\" content=\"Est. reading time\" \/>\n\t<meta name=\"twitter:data1\" content=\"3 minutes\" \/>\n<script type=\"application\/ld+json\" class=\"yoast-schema-graph\">{\"@context\":\"https:\\\/\\\/schema.org\",\"@graph\":[{\"@type\":\"WebPage\",\"@id\":\"https:\\\/\\\/villa-albertine.org\\\/va\\\/professionals\\\/meet-the-third-annual-pisar-prize-winner-anibal-vidal\\\/\",\"url\":\"https:\\\/\\\/villa-albertine.org\\\/va\\\/professionals\\\/meet-the-third-annual-pisar-prize-winner-anibal-vidal\\\/\",\"name\":\"Meet the Third Annual Pisar Prize Winner Anibal Vidal\u00a0 - Villa Albertine\",\"isPartOf\":{\"@id\":\"https:\\\/\\\/villa-albertine.org\\\/va\\\/#website\"},\"primaryImageOfPage\":{\"@id\":\"https:\\\/\\\/villa-albertine.org\\\/va\\\/professionals\\\/meet-the-third-annual-pisar-prize-winner-anibal-vidal\\\/#primaryimage\"},\"image\":{\"@id\":\"https:\\\/\\\/villa-albertine.org\\\/va\\\/professionals\\\/meet-the-third-annual-pisar-prize-winner-anibal-vidal\\\/#primaryimage\"},\"thumbnailUrl\":\"https:\\\/\\\/villa-albertine.org\\\/wp-content\\\/uploads\\\/2025\\\/04\\\/Anibal-Vidal.png\",\"datePublished\":\"2025-04-07T18:53:21+00:00\",\"dateModified\":\"2025-05-22T16:36:43+00:00\",\"breadcrumb\":{\"@id\":\"https:\\\/\\\/villa-albertine.org\\\/va\\\/professionals\\\/meet-the-third-annual-pisar-prize-winner-anibal-vidal\\\/#breadcrumb\"},\"inLanguage\":\"en-US\",\"potentialAction\":[{\"@type\":\"ReadAction\",\"target\":[\"https:\\\/\\\/villa-albertine.org\\\/va\\\/professionals\\\/meet-the-third-annual-pisar-prize-winner-anibal-vidal\\\/\"]}]},{\"@type\":\"ImageObject\",\"inLanguage\":\"en-US\",\"@id\":\"https:\\\/\\\/villa-albertine.org\\\/va\\\/professionals\\\/meet-the-third-annual-pisar-prize-winner-anibal-vidal\\\/#primaryimage\",\"url\":\"https:\\\/\\\/villa-albertine.org\\\/wp-content\\\/uploads\\\/2025\\\/04\\\/Anibal-Vidal.png\",\"contentUrl\":\"https:\\\/\\\/villa-albertine.org\\\/wp-content\\\/uploads\\\/2025\\\/04\\\/Anibal-Vidal.png\",\"width\":604,\"height\":482},{\"@type\":\"BreadcrumbList\",\"@id\":\"https:\\\/\\\/villa-albertine.org\\\/va\\\/professionals\\\/meet-the-third-annual-pisar-prize-winner-anibal-vidal\\\/#breadcrumb\",\"itemListElement\":[{\"@type\":\"ListItem\",\"position\":1,\"name\":\"Home\",\"item\":\"https:\\\/\\\/villa-albertine.org\\\/va\\\/\"},{\"@type\":\"ListItem\",\"position\":2,\"name\":\"Meet the Third Annual Pisar Prize Winner Anibal Vidal\u00a0\"}]},{\"@type\":\"WebSite\",\"@id\":\"https:\\\/\\\/villa-albertine.org\\\/va\\\/#website\",\"url\":\"https:\\\/\\\/villa-albertine.org\\\/va\\\/\",\"name\":\"Villa Albertine\",\"description\":\"\",\"potentialAction\":[{\"@type\":\"SearchAction\",\"target\":{\"@type\":\"EntryPoint\",\"urlTemplate\":\"https:\\\/\\\/villa-albertine.org\\\/va\\\/?s={search_term_string}\"},\"query-input\":{\"@type\":\"PropertyValueSpecification\",\"valueRequired\":true,\"valueName\":\"search_term_string\"}}],\"inLanguage\":\"en-US\"}]}<\/script>\n<!-- \/ Yoast SEO plugin. -->","yoast_head_json":{"title":"Meet the Third Annual Pisar Prize Winner Anibal Vidal\u00a0 - Villa Albertine","robots":{"index":"index","follow":"follow","max-snippet":"max-snippet:-1","max-image-preview":"max-image-preview:large","max-video-preview":"max-video-preview:-1"},"canonical":"https:\/\/villa-albertine.org\/va\/professionals\/meet-the-third-annual-pisar-prize-winner-anibal-vidal\/","og_locale":"en_US","og_type":"article","og_title":"Meet the Third Annual Pisar Prize Winner Anibal Vidal\u00a0 - Villa Albertine","og_description":"In addition to a \u20ac10,000 grant, he will participate in a multi-week residency at Juilliard this spring to develop his composition, which will premiere on November 14 at Th\u00e9\u00e2tre des Champs-\u00c9lys\u00e9es in Paris&nbsp; Each year, the Pisar Prize, a collaboration between Juilliard, Th\u00e9\u00e2tre des Champs-Elys\u00e9es, and Villa Albertine that began in 2022, seeks to bridge...","og_url":"https:\/\/villa-albertine.org\/va\/professionals\/meet-the-third-annual-pisar-prize-winner-anibal-vidal\/","og_site_name":"Villa Albertine","article_modified_time":"2025-05-22T16:36:43+00:00","og_image":[{"width":604,"height":482,"url":"https:\/\/villa-albertine.org\/wp-content\/uploads\/2025\/04\/Anibal-Vidal.png","type":"image\/png"}],"twitter_card":"summary_large_image","twitter_misc":{"Est. reading time":"3 minutes"},"schema":{"@context":"https:\/\/schema.org","@graph":[{"@type":"WebPage","@id":"https:\/\/villa-albertine.org\/va\/professionals\/meet-the-third-annual-pisar-prize-winner-anibal-vidal\/","url":"https:\/\/villa-albertine.org\/va\/professionals\/meet-the-third-annual-pisar-prize-winner-anibal-vidal\/","name":"Meet the Third Annual Pisar Prize Winner Anibal Vidal\u00a0 - Villa Albertine","isPartOf":{"@id":"https:\/\/villa-albertine.org\/va\/#website"},"primaryImageOfPage":{"@id":"https:\/\/villa-albertine.org\/va\/professionals\/meet-the-third-annual-pisar-prize-winner-anibal-vidal\/#primaryimage"},"image":{"@id":"https:\/\/villa-albertine.org\/va\/professionals\/meet-the-third-annual-pisar-prize-winner-anibal-vidal\/#primaryimage"},"thumbnailUrl":"https:\/\/villa-albertine.org\/wp-content\/uploads\/2025\/04\/Anibal-Vidal.png","datePublished":"2025-04-07T18:53:21+00:00","dateModified":"2025-05-22T16:36:43+00:00","breadcrumb":{"@id":"https:\/\/villa-albertine.org\/va\/professionals\/meet-the-third-annual-pisar-prize-winner-anibal-vidal\/#breadcrumb"},"inLanguage":"en-US","potentialAction":[{"@type":"ReadAction","target":["https:\/\/villa-albertine.org\/va\/professionals\/meet-the-third-annual-pisar-prize-winner-anibal-vidal\/"]}]},{"@type":"ImageObject","inLanguage":"en-US","@id":"https:\/\/villa-albertine.org\/va\/professionals\/meet-the-third-annual-pisar-prize-winner-anibal-vidal\/#primaryimage","url":"https:\/\/villa-albertine.org\/wp-content\/uploads\/2025\/04\/Anibal-Vidal.png","contentUrl":"https:\/\/villa-albertine.org\/wp-content\/uploads\/2025\/04\/Anibal-Vidal.png","width":604,"height":482},{"@type":"BreadcrumbList","@id":"https:\/\/villa-albertine.org\/va\/professionals\/meet-the-third-annual-pisar-prize-winner-anibal-vidal\/#breadcrumb","itemListElement":[{"@type":"ListItem","position":1,"name":"Home","item":"https:\/\/villa-albertine.org\/va\/"},{"@type":"ListItem","position":2,"name":"Meet the Third Annual Pisar Prize Winner Anibal Vidal\u00a0"}]},{"@type":"WebSite","@id":"https:\/\/villa-albertine.org\/va\/#website","url":"https:\/\/villa-albertine.org\/va\/","name":"Villa Albertine","description":"","potentialAction":[{"@type":"SearchAction","target":{"@type":"EntryPoint","urlTemplate":"https:\/\/villa-albertine.org\/va\/?s={search_term_string}"},"query-input":{"@type":"PropertyValueSpecification","valueRequired":true,"valueName":"search_term_string"}}],"inLanguage":"en-US"}]}},"_links":{"self":[{"href":"https:\/\/villa-albertine.org\/va\/wp-json\/wp\/v2\/app_professional\/3372752","targetHints":{"allow":["GET"]}}],"collection":[{"href":"https:\/\/villa-albertine.org\/va\/wp-json\/wp\/v2\/app_professional"}],"about":[{"href":"https:\/\/villa-albertine.org\/va\/wp-json\/wp\/v2\/types\/app_professional"}],"wp:featuredmedia":[{"embeddable":true,"href":"https:\/\/villa-albertine.org\/va\/wp-json\/wp\/v2\/media\/3372765"}],"wp:attachment":[{"href":"https:\/\/villa-albertine.org\/va\/wp-json\/wp\/v2\/media?parent=3372752"}],"wp:term":[{"taxonomy":"app_discipline","embeddable":true,"href":"https:\/\/villa-albertine.org\/va\/wp-json\/wp\/v2\/app_discipline?post=3372752"},{"taxonomy":"app_city_tax","embeddable":true,"href":"https:\/\/villa-albertine.org\/va\/wp-json\/wp\/v2\/app_city_tax?post=3372752"},{"taxonomy":"app_professional_category","embeddable":true,"href":"https:\/\/villa-albertine.org\/va\/wp-json\/wp\/v2\/app_professional_category?post=3372752"},{"taxonomy":"app_professional_content_type","embeddable":true,"href":"https:\/\/villa-albertine.org\/va\/wp-json\/wp\/v2\/app_professional_content_type?post=3372752"}],"curies":[{"name":"wp","href":"https:\/\/api.w.org\/{rel}","templated":true}]}}

<p>In addition to a €10,000 grant, he will participate in a multi-week residency at Juilliard this spring to develop his composition, which will premiere on November 14 at Théâtre des Champs-Élysées in Paris&nbsp;</p>



<p>Each year, the Pisar Prize, a collaboration between <strong>Juilliard</strong>, <strong>Théâtre des Champs-Elysées</strong>, and <strong>Villa Albertine </strong>that began in 2022, seeks to bridge cultural artistry between the United States and France by commissioning and premiering a work by a young contemporary composer.&nbsp;&nbsp;</p>



<p>As part of his residency, on May 1, 2025, his new composition, <em>The Languages that All Living Things Speak</em>, will be workshopped by Juilliard’s AXIOM Ensemble, led by Jeffrey Milarsky.  The piece is inspired by a chapter from Henry David Thoreau’s <em>Walden</em> in which the writer reflects on the practice of deep listening during his walks in the woods. The resulting work will exist in two iterations: an early version for a smaller ensemble (read by AXIOM in May) and a version scored for a full orchestra to be premiered at the Théâtre des Champs-Elysées in Paris on November 14. </p>



<p>Vidal will additionally participate in a short, immersive stay in rural Massachusetts to complement his U.S. experience and advance his work, made possible thanks to Villa Albertine’s multi-city residency model.&nbsp;&nbsp;</p>



<p>Inspired by Judith Pisar, the Pisar Prize aims to foster Franco-American cultural collaboration by empowering young composers to create new works. The inaugural Pisar Prize was awarded to Argentinean composer <strong>Alex Nante</strong> in 2022. Nante’s <em>A subtle chain, </em>received a score reading in 2023 by Juilliard’s AXIOM Ensemble, conducted by Jeffrey Milarsky, and the orchestral version premiered on April 30, 2024, at the Théâtre des Champs-Elysées in Paris by Orchestra Les Siècles. The second Pisar Prize was awarded to Juilliard alum <strong>Christian-Frédéric Bloquert. </strong>His new composition, <em>“ce moment, l&#8217;instant“</em> was read by AXIOM at Juilliard on April 25, 2024, and debuted at the Théâtre des Champs-Elysées on October 16, 2024.&nbsp;&nbsp;</p>



<p><strong>About Anibal Vidal</strong>&nbsp;</p>



<p>Born in 1991, Anibal Vidal is a Chilean composer based in London. He holds a Master&#8217;s degree in Composition with Distinction and an Artist Diploma in Composition from the Royal College of Music in London.&nbsp;&nbsp;</p>



<p>His compositions have been performed in Europe, America, and Asia, featuring collaborations with different groups, such as the Ensemble Intercontemporain, Quatuor Bozzini, Britten Sinfonia, Mise-En ensemble, MI Orchestra, East Anglia Chamber Orchestra, RCM Philharmonic, Orquesta de Cámara de Valdivia, The Carice Singers, Divertimento ensemble, Cikada ensemble, Ensemble U, Ensemble Taller Sonoro, Synchronos ensemble, Ensamble Fractura, among others.&nbsp;</p>



<p>He has also scored the soundtracks of the TV series <em>Pacto de Sangre</em> (2018), <em>Río Oscuro</em> (2019), <em>Helga &amp; Flora</em> (2020), and <em>Cromosoma 21</em> (2022) as well as the feature films <em>Canasto de Cangrejos</em> (2018) and <em>Mientes</em> (2020).&nbsp;</p>

<!-- This site is optimized with the Yoast SEO plugin v27.3 - https://yoast.com/product/yoast-seo-wordpress/ -->
<title>Meet the Third Annual Pisar Prize Winner Anibal Vidal  - Villa Albertine</title>
<meta name="robots" content="index, follow, max-snippet:-1, max-image-preview:large, max-video-preview:-1" />
<link rel="canonical" href="https://villa-albertine.org/va/professionals/meet-the-third-annual-pisar-prize-winner-anibal-vidal/" />
<meta property="og:locale" content="en_US" />
<meta property="og:type" content="article" />
<meta property="og:title" content="Meet the Third Annual Pisar Prize Winner Anibal Vidal  - Villa Albertine" />
<meta property="og:description" content="In addition to a €10,000 grant, he will participate in a multi-week residency at Juilliard this spring to develop his composition, which will premiere on November 14 at Théâtre des Champs-Élysées in Paris&nbsp; Each year, the Pisar Prize, a collaboration between Juilliard, Théâtre des Champs-Elysées, and Villa Albertine that began in 2022, seeks to bridge..." />
<meta property="og:url" content="https://villa-albertine.org/va/professionals/meet-the-third-annual-pisar-prize-winner-anibal-vidal/" />
<meta property="og:site_name" content="Villa Albertine" />
<meta property="article:modified_time" content="2025-05-22T16:36:43+00:00" />
<meta property="og:image" content="https://villa-albertine.org/wp-content/uploads/2025/04/Anibal-Vidal.png" />
	<meta property="og:image:width" content="604" />
	<meta property="og:image:height" content="482" />
	<meta property="og:image:type" content="image/png" />
<meta name="twitter:card" content="summary_large_image" />
<meta name="twitter:label1" content="Est. reading time" />
	<meta name="twitter:data1" content="3 minutes" />
<script type="application/ld+json" class="yoast-schema-graph">{"@context":"https:\/\/schema.org","@graph":[{"@type":"WebPage","@id":"https:\/\/villa-albertine.org\/va\/professionals\/meet-the-third-annual-pisar-prize-winner-anibal-vidal\/","url":"https:\/\/villa-albertine.org\/va\/professionals\/meet-the-third-annual-pisar-prize-winner-anibal-vidal\/","name":"Meet the Third Annual Pisar Prize Winner Anibal Vidal  - Villa Albertine","isPartOf":{"@id":"https:\/\/villa-albertine.org\/va\/#website"},"primaryImageOfPage":{"@id":"https:\/\/villa-albertine.org\/va\/professionals\/meet-the-third-annual-pisar-prize-winner-anibal-vidal\/#primaryimage"},"image":{"@id":"https:\/\/villa-albertine.org\/va\/professionals\/meet-the-third-annual-pisar-prize-winner-anibal-vidal\/#primaryimage"},"thumbnailUrl":"https:\/\/villa-albertine.org\/wp-content\/uploads\/2025\/04\/Anibal-Vidal.png","datePublished":"2025-04-07T18:53:21+00:00","dateModified":"2025-05-22T16:36:43+00:00","breadcrumb":{"@id":"https:\/\/villa-albertine.org\/va\/professionals\/meet-the-third-annual-pisar-prize-winner-anibal-vidal\/#breadcrumb"},"inLanguage":"en-US","potentialAction":[{"@type":"ReadAction","target":["https:\/\/villa-albertine.org\/va\/professionals\/meet-the-third-annual-pisar-prize-winner-anibal-vidal\/"]}]},{"@type":"ImageObject","inLanguage":"en-US","@id":"https:\/\/villa-albertine.org\/va\/professionals\/meet-the-third-annual-pisar-prize-winner-anibal-vidal\/#primaryimage","url":"https:\/\/villa-albertine.org\/wp-content\/uploads\/2025\/04\/Anibal-Vidal.png","contentUrl":"https:\/\/villa-albertine.org\/wp-content\/uploads\/2025\/04\/Anibal-Vidal.png","width":604,"height":482},{"@type":"BreadcrumbList","@id":"https:\/\/villa-albertine.org\/va\/professionals\/meet-the-third-annual-pisar-prize-winner-anibal-vidal\/#breadcrumb","itemListElement":[{"@type":"ListItem","position":1,"name":"Home","item":"https:\/\/villa-albertine.org\/va\/"},{"@type":"ListItem","position":2,"name":"Meet the Third Annual Pisar Prize Winner Anibal Vidal "}]},{"@type":"WebSite","@id":"https:\/\/villa-albertine.org\/va\/#website","url":"https:\/\/villa-albertine.org\/va\/","name":"Villa Albertine","description":"","potentialAction":[{"@type":"SearchAction","target":{"@type":"EntryPoint","urlTemplate":"https:\/\/villa-albertine.org\/va\/?s={search_term_string}"},"query-input":{"@type":"PropertyValueSpecification","valueRequired":true,"valueName":"search_term_string"}}],"inLanguage":"en-US"}]}</script>
<!-- / Yoast SEO plugin. -->

In addition to a €10,000 grant, he will participate in a multi-week residency at Juilliard this spring to develop his composition, which will premiere on November 14 at Théâtre des Champs-Élysées in Paris&nbsp; Each year, the Pisar Prize, a collaboration between Juilliard, Théâtre des Champs-Elysées, and Villa Albertine that began in 2022, seeks to bridge...
