{"id":8999374,"date":"2026-09-02T16:02:36","date_gmt":"2026-09-02T16:02:36","guid":{"rendered":"https:\/\/villa-albertine.org\/va\/?post_type=app_event&#038;p=8999374"},"modified":"2026-09-02T16:02:38","modified_gmt":"2026-09-02T16:02:38","slug":"van-leve-sovereign-visions-from-the-creole-and-maroon-caribbean-and-amazonia-guadeloupe-martinique-guyane-and-haiti","status":"publish","type":"app_event","link":"https:\/\/villa-albertine.org\/va\/events\/van-leve-sovereign-visions-from-the-creole-and-maroon-caribbean-and-amazonia-guadeloupe-martinique-guyane-and-haiti\/","title":{"rendered":"&#8220;Van L\u00e9v\u00e9. Sovereign Visions from the Creole and Maroon Caribbean and Amazonia: Guadeloupe, Martinique, Guyane,  and Haiti&#8221;"},"content":{"rendered":"\n<p class=\"wp-block-paragraph\"><em>Van L\u00e9v\u00e9. Sovereign Visions from the Creole and Maroon Caribbean and Amazonia: Guadeloupe, Martinique, Guyane, and Haiti<\/em>\u00a0is an intergenerational and transhistorical exhibition organized from a uniquely Caribbean perspective. The first presentation of an ambitious multi-faceted curatorial project,\u00a0<em>Van L\u00e9v\u00e9\u00a0<\/em>at the Alain Locke Gallery brings together internationally acclaimed artists with connections to territories in the Americas formerly under French colonial rule, placing them in dialogue with landmark historical works. It provides a historical grounding and artistic genealogy that amplifies a renaissance of Creole, Maroon, Caribbean, and Amazonian voices. As France continues to reckon with its involvement in the Trans-Atlantic Slave Trade and colonial slavery on the twenty-fifth anniversary of the Taubira Law recognizing both as crimes against humanity,\u00a0<em>Van L\u00e9v\u00e9<\/em>\u00a0asks: how do artists, connected by their fraught past and present connections with France, deploy critical inquiry and aesthetic elaboration to forge emancipatory dreams that can be transformed into tangible sovereign visions?<\/p>\n\n\n\n<p class=\"wp-block-paragraph\">Curated by Clair Tancons, founder and director of EXTEMPORA.<\/p>\n\n\n\n<p class=\"wp-block-paragraph\">Participating artists include: Mathieu Abonnenc, Franky Am\u00e9t\u00e9, Rapha\u00ebl Barontini, Minia Biabiany, Ernest Breleur, Jean-Marc Bullet, Ronald Cyrille, Ga\u00eblle Choisne, Kenny Dunkan, Gwladys Gambie, David Gumbs, Fabiola Jean-Louis, Cl\u00e9mence Lollia Hilaire, Louisa Marajo, Manuel Mathieu, Tessa Mars, Jimmy Robert, C\u00e9drine Scheidig, and Herv\u00e9 T\u00e9l\u00e9maque.<\/p>\n\n\n\n<p class=\"wp-block-paragraph\"><em>Van Lev\u00e9<\/em>. <em>Sovereign Visions from the Creole and Maroon Caribbean and Amazonia: Guadeloupe, Martinique, Guyane, and Haiti <\/em>is presented with the support of Villa Albertine.<\/p>\n","protected":false},"featured_media":8999380,"menu_order":0,"template":"","app_discipline":[236,218],"app_city_tax":[214],"app_event_type":[242],"class_list":["post-8999374","app_event","type-app_event","status-publish","has-post-thumbnail","hentry","app_discipline-museums","app_discipline-visual-arts","app_city_tax-bos","app_event_type-exhibition"],"acf":[],"yoast_head":"<!-- This site is optimized with the Yoast SEO plugin v28.4 - https:\/\/yoast.com\/product\/yoast-seo-wordpress\/ -->\n<title>&quot;Van L\u00e9v\u00e9. Sovereign Visions from the Creole and Maroon Caribbean and Amazonia: Guadeloupe, Martinique, Guyane, and Haiti&quot; - Villa Albertine<\/title>\n<meta name=\"robots\" content=\"index, follow, max-snippet:-1, max-image-preview:large, max-video-preview:-1\" \/>\n<link rel=\"canonical\" href=\"https:\/\/villa-albertine.org\/va\/events\/van-leve-sovereign-visions-from-the-creole-and-maroon-caribbean-and-amazonia-guadeloupe-martinique-guyane-and-haiti\/\" \/>\n<meta property=\"og:locale\" content=\"en_US\" \/>\n<meta property=\"og:type\" content=\"article\" \/>\n<meta property=\"og:title\" content=\"&quot;Van L\u00e9v\u00e9. Sovereign Visions from the Creole and Maroon Caribbean and Amazonia: Guadeloupe, Martinique, Guyane, and Haiti&quot; - Villa Albertine\" \/>\n<meta property=\"og:description\" content=\"Van L\u00e9v\u00e9. Sovereign Visions from the Creole and Maroon Caribbean and Amazonia: Guadeloupe, Martinique, Guyane, and Haiti\u00a0is an intergenerational and transhistorical exhibition organized from a uniquely Caribbean perspective. The first presentation of an ambitious multi-faceted curatorial project,\u00a0Van L\u00e9v\u00e9\u00a0at the Alain Locke Gallery brings together internationally acclaimed artists with connections to territories in the Americas formerly...\" \/>\n<meta property=\"og:url\" content=\"https:\/\/villa-albertine.org\/va\/events\/van-leve-sovereign-visions-from-the-creole-and-maroon-caribbean-and-amazonia-guadeloupe-martinique-guyane-and-haiti\/\" \/>\n<meta property=\"og:site_name\" content=\"Villa Albertine\" \/>\n<meta property=\"article:modified_time\" content=\"2026-09-02T16:02:38+00:00\" \/>\n<meta property=\"og:image\" content=\"https:\/\/villa-albertine.org\/wp-content\/uploads\/2026\/09\/NTR63851.jpg\" \/>\n\t<meta property=\"og:image:width\" content=\"1920\" \/>\n\t<meta property=\"og:image:height\" content=\"825\" \/>\n\t<meta property=\"og:image:type\" content=\"image\/jpeg\" \/>\n<meta name=\"twitter:card\" content=\"summary_large_image\" \/>\n<meta name=\"twitter:label1\" content=\"Est. reading time\" \/>\n\t<meta name=\"twitter:data1\" content=\"2 minutes\" \/>\n<script type=\"application\/ld+json\" class=\"yoast-schema-graph\">{\"@context\":\"https:\\\/\\\/schema.org\",\"@graph\":[{\"@type\":\"WebPage\",\"@id\":\"https:\\\/\\\/villa-albertine.org\\\/va\\\/events\\\/van-leve-sovereign-visions-from-the-creole-and-maroon-caribbean-and-amazonia-guadeloupe-martinique-guyane-and-haiti\\\/\",\"url\":\"https:\\\/\\\/villa-albertine.org\\\/va\\\/events\\\/van-leve-sovereign-visions-from-the-creole-and-maroon-caribbean-and-amazonia-guadeloupe-martinique-guyane-and-haiti\\\/\",\"name\":\"\\\"Van L\u00e9v\u00e9. Sovereign Visions from the Creole and Maroon Caribbean and Amazonia: Guadeloupe, Martinique, Guyane, and Haiti\\\" - Villa Albertine\",\"isPartOf\":{\"@id\":\"https:\\\/\\\/villa-albertine.org\\\/va\\\/#website\"},\"primaryImageOfPage\":{\"@id\":\"https:\\\/\\\/villa-albertine.org\\\/va\\\/events\\\/van-leve-sovereign-visions-from-the-creole-and-maroon-caribbean-and-amazonia-guadeloupe-martinique-guyane-and-haiti\\\/#primaryimage\"},\"image\":{\"@id\":\"https:\\\/\\\/villa-albertine.org\\\/va\\\/events\\\/van-leve-sovereign-visions-from-the-creole-and-maroon-caribbean-and-amazonia-guadeloupe-martinique-guyane-and-haiti\\\/#primaryimage\"},\"thumbnailUrl\":\"https:\\\/\\\/villa-albertine.org\\\/wp-content\\\/uploads\\\/2026\\\/09\\\/NTR63851.jpg\",\"datePublished\":\"2026-09-02T16:02:36+00:00\",\"dateModified\":\"2026-09-02T16:02:38+00:00\",\"breadcrumb\":{\"@id\":\"https:\\\/\\\/villa-albertine.org\\\/va\\\/events\\\/van-leve-sovereign-visions-from-the-creole-and-maroon-caribbean-and-amazonia-guadeloupe-martinique-guyane-and-haiti\\\/#breadcrumb\"},\"inLanguage\":\"en-US\",\"potentialAction\":[{\"@type\":\"ReadAction\",\"target\":[\"https:\\\/\\\/villa-albertine.org\\\/va\\\/events\\\/van-leve-sovereign-visions-from-the-creole-and-maroon-caribbean-and-amazonia-guadeloupe-martinique-guyane-and-haiti\\\/\"]}]},{\"@type\":\"ImageObject\",\"inLanguage\":\"en-US\",\"@id\":\"https:\\\/\\\/villa-albertine.org\\\/va\\\/events\\\/van-leve-sovereign-visions-from-the-creole-and-maroon-caribbean-and-amazonia-guadeloupe-martinique-guyane-and-haiti\\\/#primaryimage\",\"url\":\"https:\\\/\\\/villa-albertine.org\\\/wp-content\\\/uploads\\\/2026\\\/09\\\/NTR63851.jpg\",\"contentUrl\":\"https:\\\/\\\/villa-albertine.org\\\/wp-content\\\/uploads\\\/2026\\\/09\\\/NTR63851.jpg\",\"width\":1920,\"height\":825,\"caption\":\"Detail of Ronald Cyrille, L\u2019Accomade from the series L'Antre deux, Acrylic on canvas, 208cm x 198cm\"},{\"@type\":\"BreadcrumbList\",\"@id\":\"https:\\\/\\\/villa-albertine.org\\\/va\\\/events\\\/van-leve-sovereign-visions-from-the-creole-and-maroon-caribbean-and-amazonia-guadeloupe-martinique-guyane-and-haiti\\\/#breadcrumb\",\"itemListElement\":[{\"@type\":\"ListItem\",\"position\":1,\"name\":\"Home\",\"item\":\"https:\\\/\\\/villa-albertine.org\\\/va\\\/\"},{\"@type\":\"ListItem\",\"position\":2,\"name\":\"&#8220;Van L\u00e9v\u00e9. Sovereign Visions from the Creole and Maroon Caribbean and Amazonia: Guadeloupe, Martinique, Guyane, and Haiti&#8221;\"}]},{\"@type\":\"WebSite\",\"@id\":\"https:\\\/\\\/villa-albertine.org\\\/va\\\/#website\",\"url\":\"https:\\\/\\\/villa-albertine.org\\\/va\\\/\",\"name\":\"Villa Albertine\",\"description\":\"\",\"potentialAction\":[{\"@type\":\"SearchAction\",\"target\":{\"@type\":\"EntryPoint\",\"urlTemplate\":\"https:\\\/\\\/villa-albertine.org\\\/va\\\/?s={search_term_string}\"},\"query-input\":{\"@type\":\"PropertyValueSpecification\",\"valueRequired\":true,\"valueName\":\"search_term_string\"}}],\"inLanguage\":\"en-US\"}]}<\/script>\n<!-- \/ Yoast SEO plugin. -->","yoast_head_json":{"title":"\"Van L\u00e9v\u00e9. Sovereign Visions from the Creole and Maroon Caribbean and Amazonia: Guadeloupe, Martinique, Guyane, and Haiti\" - Villa Albertine","robots":{"index":"index","follow":"follow","max-snippet":"max-snippet:-1","max-image-preview":"max-image-preview:large","max-video-preview":"max-video-preview:-1"},"canonical":"https:\/\/villa-albertine.org\/va\/events\/van-leve-sovereign-visions-from-the-creole-and-maroon-caribbean-and-amazonia-guadeloupe-martinique-guyane-and-haiti\/","og_locale":"en_US","og_type":"article","og_title":"\"Van L\u00e9v\u00e9. Sovereign Visions from the Creole and Maroon Caribbean and Amazonia: Guadeloupe, Martinique, Guyane, and Haiti\" - Villa Albertine","og_description":"Van L\u00e9v\u00e9. Sovereign Visions from the Creole and Maroon Caribbean and Amazonia: Guadeloupe, Martinique, Guyane, and Haiti\u00a0is an intergenerational and transhistorical exhibition organized from a uniquely Caribbean perspective. The first presentation of an ambitious multi-faceted curatorial project,\u00a0Van L\u00e9v\u00e9\u00a0at the Alain Locke Gallery brings together internationally acclaimed artists with connections to territories in the Americas formerly...","og_url":"https:\/\/villa-albertine.org\/va\/events\/van-leve-sovereign-visions-from-the-creole-and-maroon-caribbean-and-amazonia-guadeloupe-martinique-guyane-and-haiti\/","og_site_name":"Villa Albertine","article_modified_time":"2026-09-02T16:02:38+00:00","og_image":[{"width":1920,"height":825,"url":"https:\/\/villa-albertine.org\/wp-content\/uploads\/2026\/09\/NTR63851.jpg","type":"image\/jpeg"}],"twitter_card":"summary_large_image","twitter_misc":{"Est. reading time":"2 minutes"},"schema":{"@context":"https:\/\/schema.org","@graph":[{"@type":"WebPage","@id":"https:\/\/villa-albertine.org\/va\/events\/van-leve-sovereign-visions-from-the-creole-and-maroon-caribbean-and-amazonia-guadeloupe-martinique-guyane-and-haiti\/","url":"https:\/\/villa-albertine.org\/va\/events\/van-leve-sovereign-visions-from-the-creole-and-maroon-caribbean-and-amazonia-guadeloupe-martinique-guyane-and-haiti\/","name":"\"Van L\u00e9v\u00e9. Sovereign Visions from the Creole and Maroon Caribbean and Amazonia: Guadeloupe, Martinique, Guyane, and Haiti\" - Villa Albertine","isPartOf":{"@id":"https:\/\/villa-albertine.org\/va\/#website"},"primaryImageOfPage":{"@id":"https:\/\/villa-albertine.org\/va\/events\/van-leve-sovereign-visions-from-the-creole-and-maroon-caribbean-and-amazonia-guadeloupe-martinique-guyane-and-haiti\/#primaryimage"},"image":{"@id":"https:\/\/villa-albertine.org\/va\/events\/van-leve-sovereign-visions-from-the-creole-and-maroon-caribbean-and-amazonia-guadeloupe-martinique-guyane-and-haiti\/#primaryimage"},"thumbnailUrl":"https:\/\/villa-albertine.org\/wp-content\/uploads\/2026\/09\/NTR63851.jpg","datePublished":"2026-09-02T16:02:36+00:00","dateModified":"2026-09-02T16:02:38+00:00","breadcrumb":{"@id":"https:\/\/villa-albertine.org\/va\/events\/van-leve-sovereign-visions-from-the-creole-and-maroon-caribbean-and-amazonia-guadeloupe-martinique-guyane-and-haiti\/#breadcrumb"},"inLanguage":"en-US","potentialAction":[{"@type":"ReadAction","target":["https:\/\/villa-albertine.org\/va\/events\/van-leve-sovereign-visions-from-the-creole-and-maroon-caribbean-and-amazonia-guadeloupe-martinique-guyane-and-haiti\/"]}]},{"@type":"ImageObject","inLanguage":"en-US","@id":"https:\/\/villa-albertine.org\/va\/events\/van-leve-sovereign-visions-from-the-creole-and-maroon-caribbean-and-amazonia-guadeloupe-martinique-guyane-and-haiti\/#primaryimage","url":"https:\/\/villa-albertine.org\/wp-content\/uploads\/2026\/09\/NTR63851.jpg","contentUrl":"https:\/\/villa-albertine.org\/wp-content\/uploads\/2026\/09\/NTR63851.jpg","width":1920,"height":825,"caption":"Detail of Ronald Cyrille, L\u2019Accomade from the series L'Antre deux, Acrylic on canvas, 208cm x 198cm"},{"@type":"BreadcrumbList","@id":"https:\/\/villa-albertine.org\/va\/events\/van-leve-sovereign-visions-from-the-creole-and-maroon-caribbean-and-amazonia-guadeloupe-martinique-guyane-and-haiti\/#breadcrumb","itemListElement":[{"@type":"ListItem","position":1,"name":"Home","item":"https:\/\/villa-albertine.org\/va\/"},{"@type":"ListItem","position":2,"name":"&#8220;Van L\u00e9v\u00e9. Sovereign Visions from the Creole and Maroon Caribbean and Amazonia: Guadeloupe, Martinique, Guyane, and Haiti&#8221;"}]},{"@type":"WebSite","@id":"https:\/\/villa-albertine.org\/va\/#website","url":"https:\/\/villa-albertine.org\/va\/","name":"Villa Albertine","description":"","potentialAction":[{"@type":"SearchAction","target":{"@type":"EntryPoint","urlTemplate":"https:\/\/villa-albertine.org\/va\/?s={search_term_string}"},"query-input":{"@type":"PropertyValueSpecification","valueRequired":true,"valueName":"search_term_string"}}],"inLanguage":"en-US"}]}},"_links":{"self":[{"href":"https:\/\/villa-albertine.org\/va\/wp-json\/wp\/v2\/app_event\/8999374","targetHints":{"allow":["GET"]}}],"collection":[{"href":"https:\/\/villa-albertine.org\/va\/wp-json\/wp\/v2\/app_event"}],"about":[{"href":"https:\/\/villa-albertine.org\/va\/wp-json\/wp\/v2\/types\/app_event"}],"wp:featuredmedia":[{"embeddable":true,"href":"https:\/\/villa-albertine.org\/va\/wp-json\/wp\/v2\/media\/8999380"}],"wp:attachment":[{"href":"https:\/\/villa-albertine.org\/va\/wp-json\/wp\/v2\/media?parent=8999374"}],"wp:term":[{"taxonomy":"app_discipline","embeddable":true,"href":"https:\/\/villa-albertine.org\/va\/wp-json\/wp\/v2\/app_discipline?post=8999374"},{"taxonomy":"app_city_tax","embeddable":true,"href":"https:\/\/villa-albertine.org\/va\/wp-json\/wp\/v2\/app_city_tax?post=8999374"},{"taxonomy":"app_event_type","embeddable":true,"href":"https:\/\/villa-albertine.org\/va\/wp-json\/wp\/v2\/app_event_type?post=8999374"}],"curies":[{"name":"wp","href":"https:\/\/api.w.org\/{rel}","templated":true}]}}

&#8220;Van Lévé. Sovereign Visions from the Creole and Maroon Caribbean and Amazonia: Guadeloupe, Martinique, Guyane,  and Haiti&#8221;

<p class="wp-block-paragraph"><em>Van Lévé. Sovereign Visions from the Creole and Maroon Caribbean and Amazonia: Guadeloupe, Martinique, Guyane, and Haiti</em> is an intergenerational and transhistorical exhibition organized from a uniquely Caribbean perspective. The first presentation of an ambitious multi-faceted curatorial project, <em>Van Lévé </em>at the Alain Locke Gallery brings together internationally acclaimed artists with connections to territories in the Americas formerly under French colonial rule, placing them in dialogue with landmark historical works. It provides a historical grounding and artistic genealogy that amplifies a renaissance of Creole, Maroon, Caribbean, and Amazonian voices. As France continues to reckon with its involvement in the Trans-Atlantic Slave Trade and colonial slavery on the twenty-fifth anniversary of the Taubira Law recognizing both as crimes against humanity, <em>Van Lévé</em> asks: how do artists, connected by their fraught past and present connections with France, deploy critical inquiry and aesthetic elaboration to forge emancipatory dreams that can be transformed into tangible sovereign visions?</p>



<p class="wp-block-paragraph">Curated by Clair Tancons, founder and director of EXTEMPORA.</p>



<p class="wp-block-paragraph">Participating artists include: Mathieu Abonnenc, Franky Amété, Raphaël Barontini, Minia Biabiany, Ernest Breleur, Jean-Marc Bullet, Ronald Cyrille, Gaëlle Choisne, Kenny Dunkan, Gwladys Gambie, David Gumbs, Fabiola Jean-Louis, Clémence Lollia Hilaire, Louisa Marajo, Manuel Mathieu, Tessa Mars, Jimmy Robert, Cédrine Scheidig, and Hervé Télémaque.</p>



<p class="wp-block-paragraph"><em>Van Levé</em>. <em>Sovereign Visions from the Creole and Maroon Caribbean and Amazonia: Guadeloupe, Martinique, Guyane, and Haiti </em>is presented with the support of Villa Albertine.</p>

<!-- This site is optimized with the Yoast SEO plugin v28.4 - https://yoast.com/product/yoast-seo-wordpress/ -->
<title>&quot;Van Lévé. Sovereign Visions from the Creole and Maroon Caribbean and Amazonia: Guadeloupe, Martinique, Guyane, and Haiti&quot; - Villa Albertine</title>
<meta name="robots" content="index, follow, max-snippet:-1, max-image-preview:large, max-video-preview:-1" />
<link rel="canonical" href="https://villa-albertine.org/va/events/van-leve-sovereign-visions-from-the-creole-and-maroon-caribbean-and-amazonia-guadeloupe-martinique-guyane-and-haiti/" />
<meta property="og:locale" content="en_US" />
<meta property="og:type" content="article" />
<meta property="og:title" content="&quot;Van Lévé. Sovereign Visions from the Creole and Maroon Caribbean and Amazonia: Guadeloupe, Martinique, Guyane, and Haiti&quot; - Villa Albertine" />
<meta property="og:description" content="Van Lévé. Sovereign Visions from the Creole and Maroon Caribbean and Amazonia: Guadeloupe, Martinique, Guyane, and Haiti is an intergenerational and transhistorical exhibition organized from a uniquely Caribbean perspective. The first presentation of an ambitious multi-faceted curatorial project, Van Lévé at the Alain Locke Gallery brings together internationally acclaimed artists with connections to territories in the Americas formerly..." />
<meta property="og:url" content="https://villa-albertine.org/va/events/van-leve-sovereign-visions-from-the-creole-and-maroon-caribbean-and-amazonia-guadeloupe-martinique-guyane-and-haiti/" />
<meta property="og:site_name" content="Villa Albertine" />
<meta property="article:modified_time" content="2026-09-02T16:02:38+00:00" />
<meta property="og:image" content="https://villa-albertine.org/wp-content/uploads/2026/09/NTR63851.jpg" />
	<meta property="og:image:width" content="1920" />
	<meta property="og:image:height" content="825" />
	<meta property="og:image:type" content="image/jpeg" />
<meta name="twitter:card" content="summary_large_image" />
<meta name="twitter:label1" content="Est. reading time" />
	<meta name="twitter:data1" content="2 minutes" />
<script type="application/ld+json" class="yoast-schema-graph">{"@context":"https:\/\/schema.org","@graph":[{"@type":"WebPage","@id":"https:\/\/villa-albertine.org\/va\/events\/van-leve-sovereign-visions-from-the-creole-and-maroon-caribbean-and-amazonia-guadeloupe-martinique-guyane-and-haiti\/","url":"https:\/\/villa-albertine.org\/va\/events\/van-leve-sovereign-visions-from-the-creole-and-maroon-caribbean-and-amazonia-guadeloupe-martinique-guyane-and-haiti\/","name":"\"Van Lévé. Sovereign Visions from the Creole and Maroon Caribbean and Amazonia: Guadeloupe, Martinique, Guyane, and Haiti\" - Villa Albertine","isPartOf":{"@id":"https:\/\/villa-albertine.org\/va\/#website"},"primaryImageOfPage":{"@id":"https:\/\/villa-albertine.org\/va\/events\/van-leve-sovereign-visions-from-the-creole-and-maroon-caribbean-and-amazonia-guadeloupe-martinique-guyane-and-haiti\/#primaryimage"},"image":{"@id":"https:\/\/villa-albertine.org\/va\/events\/van-leve-sovereign-visions-from-the-creole-and-maroon-caribbean-and-amazonia-guadeloupe-martinique-guyane-and-haiti\/#primaryimage"},"thumbnailUrl":"https:\/\/villa-albertine.org\/wp-content\/uploads\/2026\/09\/NTR63851.jpg","datePublished":"2026-09-02T16:02:36+00:00","dateModified":"2026-09-02T16:02:38+00:00","breadcrumb":{"@id":"https:\/\/villa-albertine.org\/va\/events\/van-leve-sovereign-visions-from-the-creole-and-maroon-caribbean-and-amazonia-guadeloupe-martinique-guyane-and-haiti\/#breadcrumb"},"inLanguage":"en-US","potentialAction":[{"@type":"ReadAction","target":["https:\/\/villa-albertine.org\/va\/events\/van-leve-sovereign-visions-from-the-creole-and-maroon-caribbean-and-amazonia-guadeloupe-martinique-guyane-and-haiti\/"]}]},{"@type":"ImageObject","inLanguage":"en-US","@id":"https:\/\/villa-albertine.org\/va\/events\/van-leve-sovereign-visions-from-the-creole-and-maroon-caribbean-and-amazonia-guadeloupe-martinique-guyane-and-haiti\/#primaryimage","url":"https:\/\/villa-albertine.org\/wp-content\/uploads\/2026\/09\/NTR63851.jpg","contentUrl":"https:\/\/villa-albertine.org\/wp-content\/uploads\/2026\/09\/NTR63851.jpg","width":1920,"height":825,"caption":"Detail of Ronald Cyrille, L’Accomade from the series L'Antre deux, Acrylic on canvas, 208cm x 198cm"},{"@type":"BreadcrumbList","@id":"https:\/\/villa-albertine.org\/va\/events\/van-leve-sovereign-visions-from-the-creole-and-maroon-caribbean-and-amazonia-guadeloupe-martinique-guyane-and-haiti\/#breadcrumb","itemListElement":[{"@type":"ListItem","position":1,"name":"Home","item":"https:\/\/villa-albertine.org\/va\/"},{"@type":"ListItem","position":2,"name":"&#8220;Van Lévé. Sovereign Visions from the Creole and Maroon Caribbean and Amazonia: Guadeloupe, Martinique, Guyane, and Haiti&#8221;"}]},{"@type":"WebSite","@id":"https:\/\/villa-albertine.org\/va\/#website","url":"https:\/\/villa-albertine.org\/va\/","name":"Villa Albertine","description":"","potentialAction":[{"@type":"SearchAction","target":{"@type":"EntryPoint","urlTemplate":"https:\/\/villa-albertine.org\/va\/?s={search_term_string}"},"query-input":{"@type":"PropertyValueSpecification","valueRequired":true,"valueName":"search_term_string"}}],"inLanguage":"en-US"}]}</script>
<!-- / Yoast SEO plugin. -->

"Van Lévé. Sovereign Visions from the Creole and Maroon Caribbean and Amazonia: Guadeloupe, Martinique, Guyane, and Haiti" - Villa Albertine

Van Lévé. Sovereign Visions from the Creole and Maroon Caribbean and Amazonia: Guadeloupe, Martinique, Guyane, and Haiti is an intergenerational and transhistorical exhibition organized from a uniquely Caribbean perspective. The first presentation of an ambitious multi-faceted curatorial project, Van Lévé at the Alain Locke Gallery brings together internationally acclaimed artists with connections to territories in the Americas formerly...

&#8220;Van Lévé. Sovereign Visions from the Creole and Maroon Caribbean and Amazonia: Guadeloupe, Martinique, Guyane, and Haiti&#8221;
