{"id":843059,"date":"2024-10-24T17:13:00","date_gmt":"2024-10-24T17:13:00","guid":{"rendered":"https:\/\/villa-albertine.org\/va\/?post_type=app_event&#038;p=843059"},"modified":"2024-10-30T22:42:58","modified_gmt":"2024-10-30T22:42:58","slug":"nadia-beugre-quartiers-libre-revisited","status":"publish","type":"app_event","link":"https:\/\/villa-albertine.org\/va\/events\/nadia-beugre-quartiers-libre-revisited\/","title":{"rendered":"Nadia Beugr\u00e9:\u00a0Quartiers Libre Revisited"},"content":{"rendered":"\n<p>Set against a stage piled high with discarded plastic bottles, Beugr\u00e9\u2014joined by two performers from C\u00f4te d\u2019Ivoire\u2014explores the tension between the promise of personal freedom and the threat of environmental decay. This immersive experience blurs the lines between performer and audience, navigating spaces of restriction and possibility. Twelve years after the performance on the Walker stage, Beugr\u00e9 reimagines her iconic solo, inviting new voices to join her in this unrestrained journey.<\/p>\n\n\n\n<p>Praised by the <em>New York Times<\/em> as \u201c<em>wild, like the wind<\/em>,\u201d Beugr\u00e9\u2019s presence promises to captivate and challenge viewers.<\/p>\n\n\n\n<p><em>This performance is supported by <a href=\"https:\/\/albertinefoundation.org\/albertine-grants\/fused\/\">FUSED<\/a>, a grant program of Albertine Foundation in partnership with Villa Albertine.<\/em><\/p>\n\n\n\n<p><strong>About the artist<\/strong><\/p>\n\n\n\n<p><strong><a href=\"https:\/\/www.nadiabeugre.com\/nadia-beugr%C3%A9-en\">Nadia Beugr\u00e9<\/a><\/strong> was born in Ivory Coast and began her career in 1995 with the Dante Theatre. She co-founded B\u00e9atrice Komb\u00e9\u2019s groundbreaking all-female ensemble, Tch\u00e9Tch\u00e9, touring internationally with them. After Komb\u00e9\u2019s death, Beugr\u00e9 trained at Germaine Acogny\u2019s \u00c9cole des Sables in Senegal and completed the ex.e.r.ce program at the Centre Chor\u00e9graphique National de Montpellier. Influenced by mentor Alain Buffard, her work explores themes of identity, marginalization, and the body&#8217;s complexities.<\/p>\n\n\n\n<p>Beugr\u00e9\u2019s notable pieces include <em>Quartiers libres<\/em> (2012), <em>Legacy<\/em> (2015), <em>Tapis Rouge<\/em> (2017), <em>Roukasskass Club<\/em> (2019), <em>L\u2019Homme rare<\/em> (2020), and two 2023 works focusing on Abidjan. Her collaborative projects span work with choreographers like Seydou Boro and Boris Charmatz, and she has directed pieces like <em>Atem<\/em> (2020) and <em>Don Giovanni<\/em> (2022). In 2020, Beugr\u00e9 co-founded her own dance company, Libr\u2019Arts, in Montpellier, fostering ties between France and Ivory Coast. She is an associate artist at the Briqueterie (2021-2023) and ICI CCN de Montpellier (2023-2024), and in 2023, she won the SACD Prize for New Choreographic Talent.<\/p>\n","protected":false},"featured_media":843230,"menu_order":0,"template":"","app_discipline":[227],"app_city_tax":[223],"app_event_type":[243],"class_list":["post-843059","app_event","type-app_event","status-publish","has-post-thumbnail","hentry","app_discipline-performing-arts","app_city_tax-chi","app_event_type-performance"],"acf":[],"yoast_head":"<!-- This site is optimized with the Yoast SEO plugin v27.3 - https:\/\/yoast.com\/product\/yoast-seo-wordpress\/ -->\n<title>Nadia Beugr\u00e9:\u00a0Quartiers Libre Revisited - Villa Albertine<\/title>\n<meta name=\"robots\" content=\"index, follow, max-snippet:-1, max-image-preview:large, max-video-preview:-1\" \/>\n<link rel=\"canonical\" href=\"https:\/\/villa-albertine.org\/va\/events\/nadia-beugre-quartiers-libre-revisited\/\" \/>\n<meta property=\"og:locale\" content=\"en_US\" \/>\n<meta property=\"og:type\" content=\"article\" \/>\n<meta property=\"og:title\" content=\"Nadia Beugr\u00e9:\u00a0Quartiers Libre Revisited - Villa Albertine\" \/>\n<meta property=\"og:description\" content=\"Set against a stage piled high with discarded plastic bottles, Beugr\u00e9\u2014joined by two performers from C\u00f4te d\u2019Ivoire\u2014explores the tension between the promise of personal freedom and the threat of environmental decay. This immersive experience blurs the lines between performer and audience, navigating spaces of restriction and possibility. Twelve years after the performance on the Walker...\" \/>\n<meta property=\"og:url\" content=\"https:\/\/villa-albertine.org\/va\/events\/nadia-beugre-quartiers-libre-revisited\/\" \/>\n<meta property=\"og:site_name\" content=\"Villa Albertine\" \/>\n<meta property=\"article:modified_time\" content=\"2024-10-30T22:42:58+00:00\" \/>\n<meta name=\"twitter:card\" content=\"summary_large_image\" \/>\n<meta name=\"twitter:label1\" content=\"Est. reading time\" \/>\n\t<meta name=\"twitter:data1\" content=\"2 minutes\" \/>\n<script type=\"application\/ld+json\" class=\"yoast-schema-graph\">{\"@context\":\"https:\\\/\\\/schema.org\",\"@graph\":[{\"@type\":\"WebPage\",\"@id\":\"https:\\\/\\\/villa-albertine.org\\\/va\\\/events\\\/nadia-beugre-quartiers-libre-revisited\\\/\",\"url\":\"https:\\\/\\\/villa-albertine.org\\\/va\\\/events\\\/nadia-beugre-quartiers-libre-revisited\\\/\",\"name\":\"Nadia Beugr\u00e9:\u00a0Quartiers Libre Revisited - Villa Albertine\",\"isPartOf\":{\"@id\":\"https:\\\/\\\/villa-albertine.org\\\/va\\\/#website\"},\"primaryImageOfPage\":{\"@id\":\"https:\\\/\\\/villa-albertine.org\\\/va\\\/events\\\/nadia-beugre-quartiers-libre-revisited\\\/#primaryimage\"},\"image\":{\"@id\":\"https:\\\/\\\/villa-albertine.org\\\/va\\\/events\\\/nadia-beugre-quartiers-libre-revisited\\\/#primaryimage\"},\"thumbnailUrl\":\"https:\\\/\\\/villa-albertine.org\\\/wp-content\\\/uploads\\\/2024\\\/10\\\/mbld2228692545842095750end.avif\",\"datePublished\":\"2024-10-24T17:13:00+00:00\",\"dateModified\":\"2024-10-30T22:42:58+00:00\",\"breadcrumb\":{\"@id\":\"https:\\\/\\\/villa-albertine.org\\\/va\\\/events\\\/nadia-beugre-quartiers-libre-revisited\\\/#breadcrumb\"},\"inLanguage\":\"en-US\",\"potentialAction\":[{\"@type\":\"ReadAction\",\"target\":[\"https:\\\/\\\/villa-albertine.org\\\/va\\\/events\\\/nadia-beugre-quartiers-libre-revisited\\\/\"]}]},{\"@type\":\"ImageObject\",\"inLanguage\":\"en-US\",\"@id\":\"https:\\\/\\\/villa-albertine.org\\\/va\\\/events\\\/nadia-beugre-quartiers-libre-revisited\\\/#primaryimage\",\"url\":\"https:\\\/\\\/villa-albertine.org\\\/wp-content\\\/uploads\\\/2024\\\/10\\\/mbld2228692545842095750end.avif\",\"contentUrl\":\"https:\\\/\\\/villa-albertine.org\\\/wp-content\\\/uploads\\\/2024\\\/10\\\/mbld2228692545842095750end.avif\",\"width\":1920,\"height\":1200,\"caption\":\"Nadia Beugr\u00e9. Photo by Yi-Chun Wu. Courtesy the artist.\"},{\"@type\":\"BreadcrumbList\",\"@id\":\"https:\\\/\\\/villa-albertine.org\\\/va\\\/events\\\/nadia-beugre-quartiers-libre-revisited\\\/#breadcrumb\",\"itemListElement\":[{\"@type\":\"ListItem\",\"position\":1,\"name\":\"Home\",\"item\":\"https:\\\/\\\/villa-albertine.org\\\/va\\\/\"},{\"@type\":\"ListItem\",\"position\":2,\"name\":\"Nadia Beugr\u00e9:\u00a0Quartiers Libre Revisited\"}]},{\"@type\":\"WebSite\",\"@id\":\"https:\\\/\\\/villa-albertine.org\\\/va\\\/#website\",\"url\":\"https:\\\/\\\/villa-albertine.org\\\/va\\\/\",\"name\":\"Villa Albertine\",\"description\":\"\",\"potentialAction\":[{\"@type\":\"SearchAction\",\"target\":{\"@type\":\"EntryPoint\",\"urlTemplate\":\"https:\\\/\\\/villa-albertine.org\\\/va\\\/?s={search_term_string}\"},\"query-input\":{\"@type\":\"PropertyValueSpecification\",\"valueRequired\":true,\"valueName\":\"search_term_string\"}}],\"inLanguage\":\"en-US\"}]}<\/script>\n<!-- \/ Yoast SEO plugin. -->","yoast_head_json":{"title":"Nadia Beugr\u00e9:\u00a0Quartiers Libre Revisited - Villa Albertine","robots":{"index":"index","follow":"follow","max-snippet":"max-snippet:-1","max-image-preview":"max-image-preview:large","max-video-preview":"max-video-preview:-1"},"canonical":"https:\/\/villa-albertine.org\/va\/events\/nadia-beugre-quartiers-libre-revisited\/","og_locale":"en_US","og_type":"article","og_title":"Nadia Beugr\u00e9:\u00a0Quartiers Libre Revisited - Villa Albertine","og_description":"Set against a stage piled high with discarded plastic bottles, Beugr\u00e9\u2014joined by two performers from C\u00f4te d\u2019Ivoire\u2014explores the tension between the promise of personal freedom and the threat of environmental decay. This immersive experience blurs the lines between performer and audience, navigating spaces of restriction and possibility. Twelve years after the performance on the Walker...","og_url":"https:\/\/villa-albertine.org\/va\/events\/nadia-beugre-quartiers-libre-revisited\/","og_site_name":"Villa Albertine","article_modified_time":"2024-10-30T22:42:58+00:00","twitter_card":"summary_large_image","twitter_misc":{"Est. reading time":"2 minutes"},"schema":{"@context":"https:\/\/schema.org","@graph":[{"@type":"WebPage","@id":"https:\/\/villa-albertine.org\/va\/events\/nadia-beugre-quartiers-libre-revisited\/","url":"https:\/\/villa-albertine.org\/va\/events\/nadia-beugre-quartiers-libre-revisited\/","name":"Nadia Beugr\u00e9:\u00a0Quartiers Libre Revisited - Villa Albertine","isPartOf":{"@id":"https:\/\/villa-albertine.org\/va\/#website"},"primaryImageOfPage":{"@id":"https:\/\/villa-albertine.org\/va\/events\/nadia-beugre-quartiers-libre-revisited\/#primaryimage"},"image":{"@id":"https:\/\/villa-albertine.org\/va\/events\/nadia-beugre-quartiers-libre-revisited\/#primaryimage"},"thumbnailUrl":"https:\/\/villa-albertine.org\/wp-content\/uploads\/2024\/10\/mbld2228692545842095750end.avif","datePublished":"2024-10-24T17:13:00+00:00","dateModified":"2024-10-30T22:42:58+00:00","breadcrumb":{"@id":"https:\/\/villa-albertine.org\/va\/events\/nadia-beugre-quartiers-libre-revisited\/#breadcrumb"},"inLanguage":"en-US","potentialAction":[{"@type":"ReadAction","target":["https:\/\/villa-albertine.org\/va\/events\/nadia-beugre-quartiers-libre-revisited\/"]}]},{"@type":"ImageObject","inLanguage":"en-US","@id":"https:\/\/villa-albertine.org\/va\/events\/nadia-beugre-quartiers-libre-revisited\/#primaryimage","url":"https:\/\/villa-albertine.org\/wp-content\/uploads\/2024\/10\/mbld2228692545842095750end.avif","contentUrl":"https:\/\/villa-albertine.org\/wp-content\/uploads\/2024\/10\/mbld2228692545842095750end.avif","width":1920,"height":1200,"caption":"Nadia Beugr\u00e9. Photo by Yi-Chun Wu. Courtesy the artist."},{"@type":"BreadcrumbList","@id":"https:\/\/villa-albertine.org\/va\/events\/nadia-beugre-quartiers-libre-revisited\/#breadcrumb","itemListElement":[{"@type":"ListItem","position":1,"name":"Home","item":"https:\/\/villa-albertine.org\/va\/"},{"@type":"ListItem","position":2,"name":"Nadia Beugr\u00e9:\u00a0Quartiers Libre Revisited"}]},{"@type":"WebSite","@id":"https:\/\/villa-albertine.org\/va\/#website","url":"https:\/\/villa-albertine.org\/va\/","name":"Villa Albertine","description":"","potentialAction":[{"@type":"SearchAction","target":{"@type":"EntryPoint","urlTemplate":"https:\/\/villa-albertine.org\/va\/?s={search_term_string}"},"query-input":{"@type":"PropertyValueSpecification","valueRequired":true,"valueName":"search_term_string"}}],"inLanguage":"en-US"}]}},"_links":{"self":[{"href":"https:\/\/villa-albertine.org\/va\/wp-json\/wp\/v2\/app_event\/843059","targetHints":{"allow":["GET"]}}],"collection":[{"href":"https:\/\/villa-albertine.org\/va\/wp-json\/wp\/v2\/app_event"}],"about":[{"href":"https:\/\/villa-albertine.org\/va\/wp-json\/wp\/v2\/types\/app_event"}],"wp:featuredmedia":[{"embeddable":true,"href":"https:\/\/villa-albertine.org\/va\/wp-json\/wp\/v2\/media\/843230"}],"wp:attachment":[{"href":"https:\/\/villa-albertine.org\/va\/wp-json\/wp\/v2\/media?parent=843059"}],"wp:term":[{"taxonomy":"app_discipline","embeddable":true,"href":"https:\/\/villa-albertine.org\/va\/wp-json\/wp\/v2\/app_discipline?post=843059"},{"taxonomy":"app_city_tax","embeddable":true,"href":"https:\/\/villa-albertine.org\/va\/wp-json\/wp\/v2\/app_city_tax?post=843059"},{"taxonomy":"app_event_type","embeddable":true,"href":"https:\/\/villa-albertine.org\/va\/wp-json\/wp\/v2\/app_event_type?post=843059"}],"curies":[{"name":"wp","href":"https:\/\/api.w.org\/{rel}","templated":true}]}}

Nadia Beugré: Quartiers Libre Revisited

<p>Set against a stage piled high with discarded plastic bottles, Beugré—joined by two performers from Côte d’Ivoire—explores the tension between the promise of personal freedom and the threat of environmental decay. This immersive experience blurs the lines between performer and audience, navigating spaces of restriction and possibility. Twelve years after the performance on the Walker stage, Beugré reimagines her iconic solo, inviting new voices to join her in this unrestrained journey.</p>



<p>Praised by the <em>New York Times</em> as “<em>wild, like the wind</em>,” Beugré’s presence promises to captivate and challenge viewers.</p>



<p><em>This performance is supported by <a href="https://albertinefoundation.org/albertine-grants/fused/">FUSED</a>, a grant program of Albertine Foundation in partnership with Villa Albertine.</em></p>



<p><strong>About the artist</strong></p>



<p><strong><a href="https://www.nadiabeugre.com/nadia-beugr%C3%A9-en">Nadia Beugré</a></strong> was born in Ivory Coast and began her career in 1995 with the Dante Theatre. She co-founded Béatrice Kombé’s groundbreaking all-female ensemble, TchéTché, touring internationally with them. After Kombé’s death, Beugré trained at Germaine Acogny’s École des Sables in Senegal and completed the ex.e.r.ce program at the Centre Chorégraphique National de Montpellier. Influenced by mentor Alain Buffard, her work explores themes of identity, marginalization, and the body&#8217;s complexities.</p>



<p>Beugré’s notable pieces include <em>Quartiers libres</em> (2012), <em>Legacy</em> (2015), <em>Tapis Rouge</em> (2017), <em>Roukasskass Club</em> (2019), <em>L’Homme rare</em> (2020), and two 2023 works focusing on Abidjan. Her collaborative projects span work with choreographers like Seydou Boro and Boris Charmatz, and she has directed pieces like <em>Atem</em> (2020) and <em>Don Giovanni</em> (2022). In 2020, Beugré co-founded her own dance company, Libr’Arts, in Montpellier, fostering ties between France and Ivory Coast. She is an associate artist at the Briqueterie (2021-2023) and ICI CCN de Montpellier (2023-2024), and in 2023, she won the SACD Prize for New Choreographic Talent.</p>

<!-- This site is optimized with the Yoast SEO plugin v27.3 - https://yoast.com/product/yoast-seo-wordpress/ -->
<title>Nadia Beugré: Quartiers Libre Revisited - Villa Albertine</title>
<meta name="robots" content="index, follow, max-snippet:-1, max-image-preview:large, max-video-preview:-1" />
<link rel="canonical" href="https://villa-albertine.org/va/events/nadia-beugre-quartiers-libre-revisited/" />
<meta property="og:locale" content="en_US" />
<meta property="og:type" content="article" />
<meta property="og:title" content="Nadia Beugré: Quartiers Libre Revisited - Villa Albertine" />
<meta property="og:description" content="Set against a stage piled high with discarded plastic bottles, Beugré—joined by two performers from Côte d’Ivoire—explores the tension between the promise of personal freedom and the threat of environmental decay. This immersive experience blurs the lines between performer and audience, navigating spaces of restriction and possibility. Twelve years after the performance on the Walker..." />
<meta property="og:url" content="https://villa-albertine.org/va/events/nadia-beugre-quartiers-libre-revisited/" />
<meta property="og:site_name" content="Villa Albertine" />
<meta property="article:modified_time" content="2024-10-30T22:42:58+00:00" />
<meta name="twitter:card" content="summary_large_image" />
<meta name="twitter:label1" content="Est. reading time" />
	<meta name="twitter:data1" content="2 minutes" />
<script type="application/ld+json" class="yoast-schema-graph">{"@context":"https:\/\/schema.org","@graph":[{"@type":"WebPage","@id":"https:\/\/villa-albertine.org\/va\/events\/nadia-beugre-quartiers-libre-revisited\/","url":"https:\/\/villa-albertine.org\/va\/events\/nadia-beugre-quartiers-libre-revisited\/","name":"Nadia Beugré: Quartiers Libre Revisited - Villa Albertine","isPartOf":{"@id":"https:\/\/villa-albertine.org\/va\/#website"},"primaryImageOfPage":{"@id":"https:\/\/villa-albertine.org\/va\/events\/nadia-beugre-quartiers-libre-revisited\/#primaryimage"},"image":{"@id":"https:\/\/villa-albertine.org\/va\/events\/nadia-beugre-quartiers-libre-revisited\/#primaryimage"},"thumbnailUrl":"https:\/\/villa-albertine.org\/wp-content\/uploads\/2024\/10\/mbld2228692545842095750end.avif","datePublished":"2024-10-24T17:13:00+00:00","dateModified":"2024-10-30T22:42:58+00:00","breadcrumb":{"@id":"https:\/\/villa-albertine.org\/va\/events\/nadia-beugre-quartiers-libre-revisited\/#breadcrumb"},"inLanguage":"en-US","potentialAction":[{"@type":"ReadAction","target":["https:\/\/villa-albertine.org\/va\/events\/nadia-beugre-quartiers-libre-revisited\/"]}]},{"@type":"ImageObject","inLanguage":"en-US","@id":"https:\/\/villa-albertine.org\/va\/events\/nadia-beugre-quartiers-libre-revisited\/#primaryimage","url":"https:\/\/villa-albertine.org\/wp-content\/uploads\/2024\/10\/mbld2228692545842095750end.avif","contentUrl":"https:\/\/villa-albertine.org\/wp-content\/uploads\/2024\/10\/mbld2228692545842095750end.avif","width":1920,"height":1200,"caption":"Nadia Beugré. Photo by Yi-Chun Wu. Courtesy the artist."},{"@type":"BreadcrumbList","@id":"https:\/\/villa-albertine.org\/va\/events\/nadia-beugre-quartiers-libre-revisited\/#breadcrumb","itemListElement":[{"@type":"ListItem","position":1,"name":"Home","item":"https:\/\/villa-albertine.org\/va\/"},{"@type":"ListItem","position":2,"name":"Nadia Beugré: Quartiers Libre Revisited"}]},{"@type":"WebSite","@id":"https:\/\/villa-albertine.org\/va\/#website","url":"https:\/\/villa-albertine.org\/va\/","name":"Villa Albertine","description":"","potentialAction":[{"@type":"SearchAction","target":{"@type":"EntryPoint","urlTemplate":"https:\/\/villa-albertine.org\/va\/?s={search_term_string}"},"query-input":{"@type":"PropertyValueSpecification","valueRequired":true,"valueName":"search_term_string"}}],"inLanguage":"en-US"}]}</script>
<!-- / Yoast SEO plugin. -->

Nadia Beugré: Quartiers Libre Revisited - Villa Albertine

Set against a stage piled high with discarded plastic bottles, Beugré—joined by two performers from Côte d’Ivoire—explores the tension between the promise of personal freedom and the threat of environmental decay. This immersive experience blurs the lines between performer and audience, navigating spaces of restriction and possibility. Twelve years after the performance on the Walker...

Nadia Beugré. Photo by Yi-Chun Wu. Courtesy the artist.
