{"id":752757,"date":"2024-09-06T01:44:26","date_gmt":"2024-09-06T01:44:26","guid":{"rendered":"https:\/\/villa-albertine.org\/?post_type=app_event&#038;p=752757"},"modified":"2024-09-06T01:44:28","modified_gmt":"2024-09-06T01:44:28","slug":"all-about-my-mother-by-pedro-almodovar-screens-at-braindead-studios","status":"publish","type":"app_event","link":"https:\/\/villa-albertine.org\/va\/events\/all-about-my-mother-by-pedro-almodovar-screens-at-braindead-studios\/","title":{"rendered":"All about my mother by Pedro Almod\u00f3var screens at Braindead Studios"},"content":{"rendered":"\n<p>Following the tragic death of her teenage son, Manuela embarks on an emotional journey from Madrid to Barcelona in search of the boy\u2019s estranged father\u2014a man her son never knew. In her quest, Manuela reconnects with an old friend, Agrado, an outspoken transgender sex worker, and forms unexpected bonds with a troubled stage actress and a young, pregnant, HIV-positive nun (Pen\u00e9lope Cruz). <br>Pedro Almod\u00f3var&#8217;s <em>All About My Mother<\/em> is a richly layered exploration of grief, motherhood, and the resilience of women, blending melodrama with heartfelt moments of humor and compassion. <em>35mm, 1999, Spain\/France, Drama, 101 minutes, in Spanish with English subtitles, <a href=\"https:\/\/www.sonypictures.com\/movies\/allaboutmymother\">Sony Pictures Classics<\/a>. <\/em><\/p>\n\n\n\n<p>Directed and written by: Pedro Almod\u00f3var<br>Starring: Antonia San Juan, Candela Pe\u00f1a, Cecilia Roth, Marisa Paredes, Pen\u00e9lope Cruz<\/p>\n\n\n\n<p>To get tickets please click <a href=\"https:\/\/studios.wearebraindead.com\/movies\/all-about-my-mother\/\">here<\/a>.<\/p>\n","protected":false},"featured_media":752767,"menu_order":0,"template":"","app_discipline":[219],"app_city_tax":[220],"app_event_type":[239],"class_list":["post-752757","app_event","type-app_event","status-publish","has-post-thumbnail","hentry","app_discipline-cinema","app_city_tax-la","app_event_type-film"],"acf":[],"yoast_head":"<!-- This site is optimized with the Yoast SEO plugin v27.3 - https:\/\/yoast.com\/product\/yoast-seo-wordpress\/ -->\n<title>All about my mother by Pedro Almod\u00f3var screens at Braindead Studios - Villa Albertine<\/title>\n<meta name=\"robots\" content=\"index, follow, max-snippet:-1, max-image-preview:large, max-video-preview:-1\" \/>\n<link rel=\"canonical\" href=\"https:\/\/villa-albertine.org\/va\/events\/all-about-my-mother-by-pedro-almodovar-screens-at-braindead-studios\/\" \/>\n<meta property=\"og:locale\" content=\"en_US\" \/>\n<meta property=\"og:type\" content=\"article\" \/>\n<meta property=\"og:title\" content=\"All about my mother by Pedro Almod\u00f3var screens at Braindead Studios - Villa Albertine\" \/>\n<meta property=\"og:description\" content=\"Following the tragic death of her teenage son, Manuela embarks on an emotional journey from Madrid to Barcelona in search of the boy\u2019s estranged father\u2014a man her son never knew. In her quest, Manuela reconnects with an old friend, Agrado, an outspoken transgender sex worker, and forms unexpected bonds with a troubled stage actress and...\" \/>\n<meta property=\"og:url\" content=\"https:\/\/villa-albertine.org\/va\/events\/all-about-my-mother-by-pedro-almodovar-screens-at-braindead-studios\/\" \/>\n<meta property=\"og:site_name\" content=\"Villa Albertine\" \/>\n<meta property=\"article:modified_time\" content=\"2024-09-06T01:44:28+00:00\" \/>\n<meta property=\"og:image\" content=\"https:\/\/villa-albertine.org\/wp-content\/uploads\/2024\/09\/ArPK1sUcgE2oxz1DgRRe2ldbmDpUPY_original.jpg\" \/>\n\t<meta property=\"og:image:width\" content=\"2400\" \/>\n\t<meta property=\"og:image:height\" content=\"1350\" \/>\n\t<meta property=\"og:image:type\" content=\"image\/jpeg\" \/>\n<meta name=\"twitter:card\" content=\"summary_large_image\" \/>\n<meta name=\"twitter:label1\" content=\"Est. reading time\" \/>\n\t<meta name=\"twitter:data1\" content=\"1 minute\" \/>\n<script type=\"application\/ld+json\" class=\"yoast-schema-graph\">{\"@context\":\"https:\\\/\\\/schema.org\",\"@graph\":[{\"@type\":\"WebPage\",\"@id\":\"https:\\\/\\\/villa-albertine.org\\\/va\\\/events\\\/all-about-my-mother-by-pedro-almodovar-screens-at-braindead-studios\\\/\",\"url\":\"https:\\\/\\\/villa-albertine.org\\\/va\\\/events\\\/all-about-my-mother-by-pedro-almodovar-screens-at-braindead-studios\\\/\",\"name\":\"All about my mother by Pedro Almod\u00f3var screens at Braindead Studios - Villa Albertine\",\"isPartOf\":{\"@id\":\"https:\\\/\\\/villa-albertine.org\\\/va\\\/#website\"},\"primaryImageOfPage\":{\"@id\":\"https:\\\/\\\/villa-albertine.org\\\/va\\\/events\\\/all-about-my-mother-by-pedro-almodovar-screens-at-braindead-studios\\\/#primaryimage\"},\"image\":{\"@id\":\"https:\\\/\\\/villa-albertine.org\\\/va\\\/events\\\/all-about-my-mother-by-pedro-almodovar-screens-at-braindead-studios\\\/#primaryimage\"},\"thumbnailUrl\":\"https:\\\/\\\/villa-albertine.org\\\/wp-content\\\/uploads\\\/2024\\\/09\\\/ArPK1sUcgE2oxz1DgRRe2ldbmDpUPY_original.jpg\",\"datePublished\":\"2024-09-06T01:44:26+00:00\",\"dateModified\":\"2024-09-06T01:44:28+00:00\",\"breadcrumb\":{\"@id\":\"https:\\\/\\\/villa-albertine.org\\\/va\\\/events\\\/all-about-my-mother-by-pedro-almodovar-screens-at-braindead-studios\\\/#breadcrumb\"},\"inLanguage\":\"en-US\",\"potentialAction\":[{\"@type\":\"ReadAction\",\"target\":[\"https:\\\/\\\/villa-albertine.org\\\/va\\\/events\\\/all-about-my-mother-by-pedro-almodovar-screens-at-braindead-studios\\\/\"]}]},{\"@type\":\"ImageObject\",\"inLanguage\":\"en-US\",\"@id\":\"https:\\\/\\\/villa-albertine.org\\\/va\\\/events\\\/all-about-my-mother-by-pedro-almodovar-screens-at-braindead-studios\\\/#primaryimage\",\"url\":\"https:\\\/\\\/villa-albertine.org\\\/wp-content\\\/uploads\\\/2024\\\/09\\\/ArPK1sUcgE2oxz1DgRRe2ldbmDpUPY_original.jpg\",\"contentUrl\":\"https:\\\/\\\/villa-albertine.org\\\/wp-content\\\/uploads\\\/2024\\\/09\\\/ArPK1sUcgE2oxz1DgRRe2ldbmDpUPY_original.jpg\",\"width\":2400,\"height\":1350},{\"@type\":\"BreadcrumbList\",\"@id\":\"https:\\\/\\\/villa-albertine.org\\\/va\\\/events\\\/all-about-my-mother-by-pedro-almodovar-screens-at-braindead-studios\\\/#breadcrumb\",\"itemListElement\":[{\"@type\":\"ListItem\",\"position\":1,\"name\":\"Home\",\"item\":\"https:\\\/\\\/villa-albertine.org\\\/va\\\/\"},{\"@type\":\"ListItem\",\"position\":2,\"name\":\"All about my mother by Pedro Almod\u00f3var screens at Braindead Studios\"}]},{\"@type\":\"WebSite\",\"@id\":\"https:\\\/\\\/villa-albertine.org\\\/va\\\/#website\",\"url\":\"https:\\\/\\\/villa-albertine.org\\\/va\\\/\",\"name\":\"Villa Albertine\",\"description\":\"\",\"potentialAction\":[{\"@type\":\"SearchAction\",\"target\":{\"@type\":\"EntryPoint\",\"urlTemplate\":\"https:\\\/\\\/villa-albertine.org\\\/va\\\/?s={search_term_string}\"},\"query-input\":{\"@type\":\"PropertyValueSpecification\",\"valueRequired\":true,\"valueName\":\"search_term_string\"}}],\"inLanguage\":\"en-US\"}]}<\/script>\n<!-- \/ Yoast SEO plugin. -->","yoast_head_json":{"title":"All about my mother by Pedro Almod\u00f3var screens at Braindead Studios - Villa Albertine","robots":{"index":"index","follow":"follow","max-snippet":"max-snippet:-1","max-image-preview":"max-image-preview:large","max-video-preview":"max-video-preview:-1"},"canonical":"https:\/\/villa-albertine.org\/va\/events\/all-about-my-mother-by-pedro-almodovar-screens-at-braindead-studios\/","og_locale":"en_US","og_type":"article","og_title":"All about my mother by Pedro Almod\u00f3var screens at Braindead Studios - Villa Albertine","og_description":"Following the tragic death of her teenage son, Manuela embarks on an emotional journey from Madrid to Barcelona in search of the boy\u2019s estranged father\u2014a man her son never knew. In her quest, Manuela reconnects with an old friend, Agrado, an outspoken transgender sex worker, and forms unexpected bonds with a troubled stage actress and...","og_url":"https:\/\/villa-albertine.org\/va\/events\/all-about-my-mother-by-pedro-almodovar-screens-at-braindead-studios\/","og_site_name":"Villa Albertine","article_modified_time":"2024-09-06T01:44:28+00:00","og_image":[{"width":2400,"height":1350,"url":"https:\/\/villa-albertine.org\/wp-content\/uploads\/2024\/09\/ArPK1sUcgE2oxz1DgRRe2ldbmDpUPY_original.jpg","type":"image\/jpeg"}],"twitter_card":"summary_large_image","twitter_misc":{"Est. reading time":"1 minute"},"schema":{"@context":"https:\/\/schema.org","@graph":[{"@type":"WebPage","@id":"https:\/\/villa-albertine.org\/va\/events\/all-about-my-mother-by-pedro-almodovar-screens-at-braindead-studios\/","url":"https:\/\/villa-albertine.org\/va\/events\/all-about-my-mother-by-pedro-almodovar-screens-at-braindead-studios\/","name":"All about my mother by Pedro Almod\u00f3var screens at Braindead Studios - Villa Albertine","isPartOf":{"@id":"https:\/\/villa-albertine.org\/va\/#website"},"primaryImageOfPage":{"@id":"https:\/\/villa-albertine.org\/va\/events\/all-about-my-mother-by-pedro-almodovar-screens-at-braindead-studios\/#primaryimage"},"image":{"@id":"https:\/\/villa-albertine.org\/va\/events\/all-about-my-mother-by-pedro-almodovar-screens-at-braindead-studios\/#primaryimage"},"thumbnailUrl":"https:\/\/villa-albertine.org\/wp-content\/uploads\/2024\/09\/ArPK1sUcgE2oxz1DgRRe2ldbmDpUPY_original.jpg","datePublished":"2024-09-06T01:44:26+00:00","dateModified":"2024-09-06T01:44:28+00:00","breadcrumb":{"@id":"https:\/\/villa-albertine.org\/va\/events\/all-about-my-mother-by-pedro-almodovar-screens-at-braindead-studios\/#breadcrumb"},"inLanguage":"en-US","potentialAction":[{"@type":"ReadAction","target":["https:\/\/villa-albertine.org\/va\/events\/all-about-my-mother-by-pedro-almodovar-screens-at-braindead-studios\/"]}]},{"@type":"ImageObject","inLanguage":"en-US","@id":"https:\/\/villa-albertine.org\/va\/events\/all-about-my-mother-by-pedro-almodovar-screens-at-braindead-studios\/#primaryimage","url":"https:\/\/villa-albertine.org\/wp-content\/uploads\/2024\/09\/ArPK1sUcgE2oxz1DgRRe2ldbmDpUPY_original.jpg","contentUrl":"https:\/\/villa-albertine.org\/wp-content\/uploads\/2024\/09\/ArPK1sUcgE2oxz1DgRRe2ldbmDpUPY_original.jpg","width":2400,"height":1350},{"@type":"BreadcrumbList","@id":"https:\/\/villa-albertine.org\/va\/events\/all-about-my-mother-by-pedro-almodovar-screens-at-braindead-studios\/#breadcrumb","itemListElement":[{"@type":"ListItem","position":1,"name":"Home","item":"https:\/\/villa-albertine.org\/va\/"},{"@type":"ListItem","position":2,"name":"All about my mother by Pedro Almod\u00f3var screens at Braindead Studios"}]},{"@type":"WebSite","@id":"https:\/\/villa-albertine.org\/va\/#website","url":"https:\/\/villa-albertine.org\/va\/","name":"Villa Albertine","description":"","potentialAction":[{"@type":"SearchAction","target":{"@type":"EntryPoint","urlTemplate":"https:\/\/villa-albertine.org\/va\/?s={search_term_string}"},"query-input":{"@type":"PropertyValueSpecification","valueRequired":true,"valueName":"search_term_string"}}],"inLanguage":"en-US"}]}},"_links":{"self":[{"href":"https:\/\/villa-albertine.org\/va\/wp-json\/wp\/v2\/app_event\/752757","targetHints":{"allow":["GET"]}}],"collection":[{"href":"https:\/\/villa-albertine.org\/va\/wp-json\/wp\/v2\/app_event"}],"about":[{"href":"https:\/\/villa-albertine.org\/va\/wp-json\/wp\/v2\/types\/app_event"}],"wp:featuredmedia":[{"embeddable":true,"href":"https:\/\/villa-albertine.org\/va\/wp-json\/wp\/v2\/media\/752767"}],"wp:attachment":[{"href":"https:\/\/villa-albertine.org\/va\/wp-json\/wp\/v2\/media?parent=752757"}],"wp:term":[{"taxonomy":"app_discipline","embeddable":true,"href":"https:\/\/villa-albertine.org\/va\/wp-json\/wp\/v2\/app_discipline?post=752757"},{"taxonomy":"app_city_tax","embeddable":true,"href":"https:\/\/villa-albertine.org\/va\/wp-json\/wp\/v2\/app_city_tax?post=752757"},{"taxonomy":"app_event_type","embeddable":true,"href":"https:\/\/villa-albertine.org\/va\/wp-json\/wp\/v2\/app_event_type?post=752757"}],"curies":[{"name":"wp","href":"https:\/\/api.w.org\/{rel}","templated":true}]}}

All about my mother by Pedro Almodóvar screens at Braindead Studios

<p>Following the tragic death of her teenage son, Manuela embarks on an emotional journey from Madrid to Barcelona in search of the boy’s estranged father—a man her son never knew. In her quest, Manuela reconnects with an old friend, Agrado, an outspoken transgender sex worker, and forms unexpected bonds with a troubled stage actress and a young, pregnant, HIV-positive nun (Penélope Cruz). <br>Pedro Almodóvar&#8217;s <em>All About My Mother</em> is a richly layered exploration of grief, motherhood, and the resilience of women, blending melodrama with heartfelt moments of humor and compassion. <em>35mm, 1999, Spain/France, Drama, 101 minutes, in Spanish with English subtitles, <a href="https://www.sonypictures.com/movies/allaboutmymother">Sony Pictures Classics</a>. </em></p>



<p>Directed and written by: Pedro Almodóvar<br>Starring: Antonia San Juan, Candela Peña, Cecilia Roth, Marisa Paredes, Penélope Cruz</p>



<p>To get tickets please click <a href="https://studios.wearebraindead.com/movies/all-about-my-mother/">here</a>.</p>

<!-- This site is optimized with the Yoast SEO plugin v27.3 - https://yoast.com/product/yoast-seo-wordpress/ -->
<title>All about my mother by Pedro Almodóvar screens at Braindead Studios - Villa Albertine</title>
<meta name="robots" content="index, follow, max-snippet:-1, max-image-preview:large, max-video-preview:-1" />
<link rel="canonical" href="https://villa-albertine.org/va/events/all-about-my-mother-by-pedro-almodovar-screens-at-braindead-studios/" />
<meta property="og:locale" content="en_US" />
<meta property="og:type" content="article" />
<meta property="og:title" content="All about my mother by Pedro Almodóvar screens at Braindead Studios - Villa Albertine" />
<meta property="og:description" content="Following the tragic death of her teenage son, Manuela embarks on an emotional journey from Madrid to Barcelona in search of the boy’s estranged father—a man her son never knew. In her quest, Manuela reconnects with an old friend, Agrado, an outspoken transgender sex worker, and forms unexpected bonds with a troubled stage actress and..." />
<meta property="og:url" content="https://villa-albertine.org/va/events/all-about-my-mother-by-pedro-almodovar-screens-at-braindead-studios/" />
<meta property="og:site_name" content="Villa Albertine" />
<meta property="article:modified_time" content="2024-09-06T01:44:28+00:00" />
<meta property="og:image" content="https://villa-albertine.org/wp-content/uploads/2024/09/ArPK1sUcgE2oxz1DgRRe2ldbmDpUPY_original.jpg" />
	<meta property="og:image:width" content="2400" />
	<meta property="og:image:height" content="1350" />
	<meta property="og:image:type" content="image/jpeg" />
<meta name="twitter:card" content="summary_large_image" />
<meta name="twitter:label1" content="Est. reading time" />
	<meta name="twitter:data1" content="1 minute" />
<script type="application/ld+json" class="yoast-schema-graph">{"@context":"https:\/\/schema.org","@graph":[{"@type":"WebPage","@id":"https:\/\/villa-albertine.org\/va\/events\/all-about-my-mother-by-pedro-almodovar-screens-at-braindead-studios\/","url":"https:\/\/villa-albertine.org\/va\/events\/all-about-my-mother-by-pedro-almodovar-screens-at-braindead-studios\/","name":"All about my mother by Pedro Almodóvar screens at Braindead Studios - Villa Albertine","isPartOf":{"@id":"https:\/\/villa-albertine.org\/va\/#website"},"primaryImageOfPage":{"@id":"https:\/\/villa-albertine.org\/va\/events\/all-about-my-mother-by-pedro-almodovar-screens-at-braindead-studios\/#primaryimage"},"image":{"@id":"https:\/\/villa-albertine.org\/va\/events\/all-about-my-mother-by-pedro-almodovar-screens-at-braindead-studios\/#primaryimage"},"thumbnailUrl":"https:\/\/villa-albertine.org\/wp-content\/uploads\/2024\/09\/ArPK1sUcgE2oxz1DgRRe2ldbmDpUPY_original.jpg","datePublished":"2024-09-06T01:44:26+00:00","dateModified":"2024-09-06T01:44:28+00:00","breadcrumb":{"@id":"https:\/\/villa-albertine.org\/va\/events\/all-about-my-mother-by-pedro-almodovar-screens-at-braindead-studios\/#breadcrumb"},"inLanguage":"en-US","potentialAction":[{"@type":"ReadAction","target":["https:\/\/villa-albertine.org\/va\/events\/all-about-my-mother-by-pedro-almodovar-screens-at-braindead-studios\/"]}]},{"@type":"ImageObject","inLanguage":"en-US","@id":"https:\/\/villa-albertine.org\/va\/events\/all-about-my-mother-by-pedro-almodovar-screens-at-braindead-studios\/#primaryimage","url":"https:\/\/villa-albertine.org\/wp-content\/uploads\/2024\/09\/ArPK1sUcgE2oxz1DgRRe2ldbmDpUPY_original.jpg","contentUrl":"https:\/\/villa-albertine.org\/wp-content\/uploads\/2024\/09\/ArPK1sUcgE2oxz1DgRRe2ldbmDpUPY_original.jpg","width":2400,"height":1350},{"@type":"BreadcrumbList","@id":"https:\/\/villa-albertine.org\/va\/events\/all-about-my-mother-by-pedro-almodovar-screens-at-braindead-studios\/#breadcrumb","itemListElement":[{"@type":"ListItem","position":1,"name":"Home","item":"https:\/\/villa-albertine.org\/va\/"},{"@type":"ListItem","position":2,"name":"All about my mother by Pedro Almodóvar screens at Braindead Studios"}]},{"@type":"WebSite","@id":"https:\/\/villa-albertine.org\/va\/#website","url":"https:\/\/villa-albertine.org\/va\/","name":"Villa Albertine","description":"","potentialAction":[{"@type":"SearchAction","target":{"@type":"EntryPoint","urlTemplate":"https:\/\/villa-albertine.org\/va\/?s={search_term_string}"},"query-input":{"@type":"PropertyValueSpecification","valueRequired":true,"valueName":"search_term_string"}}],"inLanguage":"en-US"}]}</script>
<!-- / Yoast SEO plugin. -->

All about my mother by Pedro Almodóvar screens at Braindead Studios - Villa Albertine
