{"id":682827,"date":"2024-06-23T17:33:01","date_gmt":"2024-06-23T17:33:01","guid":{"rendered":"https:\/\/villa-albertine.org\/?post_type=app_event&#038;p=682827"},"modified":"2024-06-23T17:33:03","modified_gmt":"2024-06-23T17:33:03","slug":"opening-of-the-exhibition-at-oakstop-oakland","status":"publish","type":"app_event","link":"https:\/\/villa-albertine.org\/va\/events\/opening-of-the-exhibition-at-oakstop-oakland\/","title":{"rendered":"Opening of the Exhibition at Oakstop, Oakland\u00a0"},"content":{"rendered":"\n<p>Whether referred to as banlieues, peripheries, or suburbs, this exhibition highlights the symbolic shift from center to periphery. Oakland, California, and Saint-Denis, France are showcasing their influence today through artistic movements, social struggles, and urban innovations. They are actively inventing solutions to address equity challenges and manage the rapid urban development of metropolitan areas.&nbsp;<\/p>\n\n\n\n<p>\u201cBringing together a hybrid corpus of images, archives, models, paintings, artistic installations, objects, and videos, this exhibition explores cultural and inhabitant practices in urban planning. They are composed of places, people, and stories, drawings \u2013 far from clich\u00e9s &#8211; portraits of composite urban areas on the peripheries. There is an urgency, today, to recognize and understand the day-to-day experiences of those who live, work and create in our cities.\u201d&nbsp;&nbsp;<\/p>\n\n\n\n<p>The exhibition was co-produced by Villa Albertine in San Francisco and California Humanities, in partnership with Pavillon de l\u2019Arsenal, SPUR San Francisco, Oakstop, and Maison des Sciences de l&#8217;Homme Paris Nord, with support from the foundation 836M, l\u2019Institut Fran\u00e7ais, Fondation Art Explora, in collaboration with the cities of Oakland and Saint-Denis, P\u00e9rif\u00e9eries, and with the participation of ARTE.&nbsp;<\/p>\n","protected":false},"featured_media":682844,"menu_order":0,"template":"","app_discipline":[382],"app_city_tax":[225],"app_event_type":[242],"class_list":["post-682827","app_event","type-app_event","status-publish","has-post-thumbnail","hentry","app_discipline-city-cite","app_city_tax-sf","app_event_type-exhibition"],"acf":[],"yoast_head":"<!-- This site is optimized with the Yoast SEO plugin v27.3 - https:\/\/yoast.com\/product\/yoast-seo-wordpress\/ -->\n<title>Opening of the Exhibition at Oakstop, Oakland\u00a0 - Villa Albertine<\/title>\n<meta name=\"robots\" content=\"index, follow, max-snippet:-1, max-image-preview:large, max-video-preview:-1\" \/>\n<link rel=\"canonical\" href=\"https:\/\/villa-albertine.org\/va\/events\/opening-of-the-exhibition-at-oakstop-oakland\/\" \/>\n<meta property=\"og:locale\" content=\"en_US\" \/>\n<meta property=\"og:type\" content=\"article\" \/>\n<meta property=\"og:title\" content=\"Opening of the Exhibition at Oakstop, Oakland\u00a0 - Villa Albertine\" \/>\n<meta property=\"og:description\" content=\"Whether referred to as banlieues, peripheries, or suburbs, this exhibition highlights the symbolic shift from center to periphery. Oakland, California, and Saint-Denis, France are showcasing their influence today through artistic movements, social struggles, and urban innovations. They are actively inventing solutions to address equity challenges and manage the rapid urban development of metropolitan areas.&nbsp; \u201cBringing...\" \/>\n<meta property=\"og:url\" content=\"https:\/\/villa-albertine.org\/va\/events\/opening-of-the-exhibition-at-oakstop-oakland\/\" \/>\n<meta property=\"og:site_name\" content=\"Villa Albertine\" \/>\n<meta property=\"article:modified_time\" content=\"2024-06-23T17:33:03+00:00\" \/>\n<meta property=\"og:image\" content=\"https:\/\/villa-albertine.org\/wp-content\/uploads\/2024\/06\/Oakstopoakland.jpeg\" \/>\n\t<meta property=\"og:image:width\" content=\"750\" \/>\n\t<meta property=\"og:image:height\" content=\"501\" \/>\n\t<meta property=\"og:image:type\" content=\"image\/jpeg\" \/>\n<meta name=\"twitter:card\" content=\"summary_large_image\" \/>\n<meta name=\"twitter:label1\" content=\"Est. reading time\" \/>\n\t<meta name=\"twitter:data1\" content=\"1 minute\" \/>\n<script type=\"application\/ld+json\" class=\"yoast-schema-graph\">{\"@context\":\"https:\\\/\\\/schema.org\",\"@graph\":[{\"@type\":\"WebPage\",\"@id\":\"https:\\\/\\\/villa-albertine.org\\\/va\\\/events\\\/opening-of-the-exhibition-at-oakstop-oakland\\\/\",\"url\":\"https:\\\/\\\/villa-albertine.org\\\/va\\\/events\\\/opening-of-the-exhibition-at-oakstop-oakland\\\/\",\"name\":\"Opening of the Exhibition at Oakstop, Oakland\u00a0 - Villa Albertine\",\"isPartOf\":{\"@id\":\"https:\\\/\\\/villa-albertine.org\\\/va\\\/#website\"},\"primaryImageOfPage\":{\"@id\":\"https:\\\/\\\/villa-albertine.org\\\/va\\\/events\\\/opening-of-the-exhibition-at-oakstop-oakland\\\/#primaryimage\"},\"image\":{\"@id\":\"https:\\\/\\\/villa-albertine.org\\\/va\\\/events\\\/opening-of-the-exhibition-at-oakstop-oakland\\\/#primaryimage\"},\"thumbnailUrl\":\"https:\\\/\\\/villa-albertine.org\\\/wp-content\\\/uploads\\\/2024\\\/06\\\/Oakstopoakland.jpeg\",\"datePublished\":\"2024-06-23T17:33:01+00:00\",\"dateModified\":\"2024-06-23T17:33:03+00:00\",\"breadcrumb\":{\"@id\":\"https:\\\/\\\/villa-albertine.org\\\/va\\\/events\\\/opening-of-the-exhibition-at-oakstop-oakland\\\/#breadcrumb\"},\"inLanguage\":\"en-US\",\"potentialAction\":[{\"@type\":\"ReadAction\",\"target\":[\"https:\\\/\\\/villa-albertine.org\\\/va\\\/events\\\/opening-of-the-exhibition-at-oakstop-oakland\\\/\"]}]},{\"@type\":\"ImageObject\",\"inLanguage\":\"en-US\",\"@id\":\"https:\\\/\\\/villa-albertine.org\\\/va\\\/events\\\/opening-of-the-exhibition-at-oakstop-oakland\\\/#primaryimage\",\"url\":\"https:\\\/\\\/villa-albertine.org\\\/wp-content\\\/uploads\\\/2024\\\/06\\\/Oakstopoakland.jpeg\",\"contentUrl\":\"https:\\\/\\\/villa-albertine.org\\\/wp-content\\\/uploads\\\/2024\\\/06\\\/Oakstopoakland.jpeg\",\"width\":750,\"height\":501},{\"@type\":\"BreadcrumbList\",\"@id\":\"https:\\\/\\\/villa-albertine.org\\\/va\\\/events\\\/opening-of-the-exhibition-at-oakstop-oakland\\\/#breadcrumb\",\"itemListElement\":[{\"@type\":\"ListItem\",\"position\":1,\"name\":\"Home\",\"item\":\"https:\\\/\\\/villa-albertine.org\\\/va\\\/\"},{\"@type\":\"ListItem\",\"position\":2,\"name\":\"Opening of the Exhibition at Oakstop, Oakland\u00a0\"}]},{\"@type\":\"WebSite\",\"@id\":\"https:\\\/\\\/villa-albertine.org\\\/va\\\/#website\",\"url\":\"https:\\\/\\\/villa-albertine.org\\\/va\\\/\",\"name\":\"Villa Albertine\",\"description\":\"\",\"potentialAction\":[{\"@type\":\"SearchAction\",\"target\":{\"@type\":\"EntryPoint\",\"urlTemplate\":\"https:\\\/\\\/villa-albertine.org\\\/va\\\/?s={search_term_string}\"},\"query-input\":{\"@type\":\"PropertyValueSpecification\",\"valueRequired\":true,\"valueName\":\"search_term_string\"}}],\"inLanguage\":\"en-US\"}]}<\/script>\n<!-- \/ Yoast SEO plugin. -->","yoast_head_json":{"title":"Opening of the Exhibition at Oakstop, Oakland\u00a0 - Villa Albertine","robots":{"index":"index","follow":"follow","max-snippet":"max-snippet:-1","max-image-preview":"max-image-preview:large","max-video-preview":"max-video-preview:-1"},"canonical":"https:\/\/villa-albertine.org\/va\/events\/opening-of-the-exhibition-at-oakstop-oakland\/","og_locale":"en_US","og_type":"article","og_title":"Opening of the Exhibition at Oakstop, Oakland\u00a0 - Villa Albertine","og_description":"Whether referred to as banlieues, peripheries, or suburbs, this exhibition highlights the symbolic shift from center to periphery. Oakland, California, and Saint-Denis, France are showcasing their influence today through artistic movements, social struggles, and urban innovations. They are actively inventing solutions to address equity challenges and manage the rapid urban development of metropolitan areas.&nbsp; \u201cBringing...","og_url":"https:\/\/villa-albertine.org\/va\/events\/opening-of-the-exhibition-at-oakstop-oakland\/","og_site_name":"Villa Albertine","article_modified_time":"2024-06-23T17:33:03+00:00","og_image":[{"width":750,"height":501,"url":"https:\/\/villa-albertine.org\/wp-content\/uploads\/2024\/06\/Oakstopoakland.jpeg","type":"image\/jpeg"}],"twitter_card":"summary_large_image","twitter_misc":{"Est. reading time":"1 minute"},"schema":{"@context":"https:\/\/schema.org","@graph":[{"@type":"WebPage","@id":"https:\/\/villa-albertine.org\/va\/events\/opening-of-the-exhibition-at-oakstop-oakland\/","url":"https:\/\/villa-albertine.org\/va\/events\/opening-of-the-exhibition-at-oakstop-oakland\/","name":"Opening of the Exhibition at Oakstop, Oakland\u00a0 - Villa Albertine","isPartOf":{"@id":"https:\/\/villa-albertine.org\/va\/#website"},"primaryImageOfPage":{"@id":"https:\/\/villa-albertine.org\/va\/events\/opening-of-the-exhibition-at-oakstop-oakland\/#primaryimage"},"image":{"@id":"https:\/\/villa-albertine.org\/va\/events\/opening-of-the-exhibition-at-oakstop-oakland\/#primaryimage"},"thumbnailUrl":"https:\/\/villa-albertine.org\/wp-content\/uploads\/2024\/06\/Oakstopoakland.jpeg","datePublished":"2024-06-23T17:33:01+00:00","dateModified":"2024-06-23T17:33:03+00:00","breadcrumb":{"@id":"https:\/\/villa-albertine.org\/va\/events\/opening-of-the-exhibition-at-oakstop-oakland\/#breadcrumb"},"inLanguage":"en-US","potentialAction":[{"@type":"ReadAction","target":["https:\/\/villa-albertine.org\/va\/events\/opening-of-the-exhibition-at-oakstop-oakland\/"]}]},{"@type":"ImageObject","inLanguage":"en-US","@id":"https:\/\/villa-albertine.org\/va\/events\/opening-of-the-exhibition-at-oakstop-oakland\/#primaryimage","url":"https:\/\/villa-albertine.org\/wp-content\/uploads\/2024\/06\/Oakstopoakland.jpeg","contentUrl":"https:\/\/villa-albertine.org\/wp-content\/uploads\/2024\/06\/Oakstopoakland.jpeg","width":750,"height":501},{"@type":"BreadcrumbList","@id":"https:\/\/villa-albertine.org\/va\/events\/opening-of-the-exhibition-at-oakstop-oakland\/#breadcrumb","itemListElement":[{"@type":"ListItem","position":1,"name":"Home","item":"https:\/\/villa-albertine.org\/va\/"},{"@type":"ListItem","position":2,"name":"Opening of the Exhibition at Oakstop, Oakland\u00a0"}]},{"@type":"WebSite","@id":"https:\/\/villa-albertine.org\/va\/#website","url":"https:\/\/villa-albertine.org\/va\/","name":"Villa Albertine","description":"","potentialAction":[{"@type":"SearchAction","target":{"@type":"EntryPoint","urlTemplate":"https:\/\/villa-albertine.org\/va\/?s={search_term_string}"},"query-input":{"@type":"PropertyValueSpecification","valueRequired":true,"valueName":"search_term_string"}}],"inLanguage":"en-US"}]}},"_links":{"self":[{"href":"https:\/\/villa-albertine.org\/va\/wp-json\/wp\/v2\/app_event\/682827","targetHints":{"allow":["GET"]}}],"collection":[{"href":"https:\/\/villa-albertine.org\/va\/wp-json\/wp\/v2\/app_event"}],"about":[{"href":"https:\/\/villa-albertine.org\/va\/wp-json\/wp\/v2\/types\/app_event"}],"wp:featuredmedia":[{"embeddable":true,"href":"https:\/\/villa-albertine.org\/va\/wp-json\/wp\/v2\/media\/682844"}],"wp:attachment":[{"href":"https:\/\/villa-albertine.org\/va\/wp-json\/wp\/v2\/media?parent=682827"}],"wp:term":[{"taxonomy":"app_discipline","embeddable":true,"href":"https:\/\/villa-albertine.org\/va\/wp-json\/wp\/v2\/app_discipline?post=682827"},{"taxonomy":"app_city_tax","embeddable":true,"href":"https:\/\/villa-albertine.org\/va\/wp-json\/wp\/v2\/app_city_tax?post=682827"},{"taxonomy":"app_event_type","embeddable":true,"href":"https:\/\/villa-albertine.org\/va\/wp-json\/wp\/v2\/app_event_type?post=682827"}],"curies":[{"name":"wp","href":"https:\/\/api.w.org\/{rel}","templated":true}]}}

<p>Whether referred to as banlieues, peripheries, or suburbs, this exhibition highlights the symbolic shift from center to periphery. Oakland, California, and Saint-Denis, France are showcasing their influence today through artistic movements, social struggles, and urban innovations. They are actively inventing solutions to address equity challenges and manage the rapid urban development of metropolitan areas.&nbsp;</p>



<p>“Bringing together a hybrid corpus of images, archives, models, paintings, artistic installations, objects, and videos, this exhibition explores cultural and inhabitant practices in urban planning. They are composed of places, people, and stories, drawings – far from clichés &#8211; portraits of composite urban areas on the peripheries. There is an urgency, today, to recognize and understand the day-to-day experiences of those who live, work and create in our cities.”&nbsp;&nbsp;</p>



<p>The exhibition was co-produced by Villa Albertine in San Francisco and California Humanities, in partnership with Pavillon de l’Arsenal, SPUR San Francisco, Oakstop, and Maison des Sciences de l&#8217;Homme Paris Nord, with support from the foundation 836M, l’Institut Français, Fondation Art Explora, in collaboration with the cities of Oakland and Saint-Denis, Périféeries, and with the participation of ARTE.&nbsp;</p>
