{"id":617693,"date":"2024-05-20T23:04:14","date_gmt":"2024-05-20T23:04:14","guid":{"rendered":"https:\/\/villa-albertine.org\/?post_type=app_event&#038;p=617693"},"modified":"2024-05-24T15:21:42","modified_gmt":"2024-05-24T15:21:42","slug":"the-golden-ball-le-ballon-dor-d-c-screening","status":"publish","type":"app_event","link":"https:\/\/villa-albertine.org\/va\/events\/the-golden-ball-le-ballon-dor-d-c-screening\/","title":{"rendered":"The Golden Ball (Le Ballon d&#8217;or) | D.C. Screening"},"content":{"rendered":"\n<p><strong>The Golden Ball (Le Ballon d&#8217;or)<\/strong><br>Directed by Cheik Doukour\u00e9&nbsp;<br>With Salif Ke\u00efta, Agn\u00e8s Soral, Aboucar Sidiki Soumah, and Habib Hammoud&nbsp;<br>1994, Comedy-Drama, 1h33, France-Guinea, courtesy of Rialto Pictures<\/p>\n\n\n\n<p>In the heart of Guinea, 12-year-old Bandian, known as &#8220;Turbo Makono&#8221; for his lightning speed, dreams of soccer stardom. Gifted a genuine leather ball by a visiting French doctor, Bandian&#8217;s journey kicks off as he flees to Conakry, the capital. There, his remarkable talent catches the eye of scouts, propelling him onto the national team. With his eyes set on the horizon, Bandian is determined to chase his soccer dreams to the fullest.&nbsp;<\/p>\n\n\n\n<p>Film in French and Malink\u00e9 with English subtitles.\u00a0<br>Free and open to the public. Registration is encouraged.<\/p>\n\n\n\n<p><em>Presented in partnership with Anacostia Park.<\/em><\/p>\n\n\n\n<figure class=\"wp-block-embed is-type-video is-provider-youtube wp-block-embed-youtube wp-embed-aspect-16-9 wp-has-aspect-ratio\"><div class=\"wp-block-embed__wrapper\">\n<iframe loading=\"lazy\" title=\"LE BALLON D&#039;OR, Cheik Doucour\u00e9, Bande-annonce\" width=\"500\" height=\"281\" src=\"https:\/\/www.youtube.com\/embed\/EMspRb_txUU?feature=oembed\" frameborder=\"0\" allow=\"accelerometer; autoplay; clipboard-write; encrypted-media; gyroscope; picture-in-picture; web-share\" referrerpolicy=\"strict-origin-when-cross-origin\" allowfullscreen><\/iframe>\n<\/div><\/figure>\n\n\n\n<p><br>Films on the Green is back, presenting a lineup of free screenings across D.C. parks from May 30 to June 25, 2024. This year, we\u2019re exploring the thrilling intersection of sports and cinema, showcasing four captivating films that embody the spirit of athleticism, competition, and triumph. From soccer to swimming and tennis to cycling, join us for an unforgettable summer of cinematic excitement under the stars!<\/p>\n\n\n\n<p>This event is made possible thanks to the support of TV5 Monde.<\/p>\n\n\n\n<p><strong>#FilmsOnTheGreen<\/strong><br><em>Follow the festival on social media for event updates and up-to-the-minute weather cancellations.<\/em><\/p>\n","protected":false},"featured_media":582300,"menu_order":0,"template":"","app_discipline":[219],"app_city_tax":[226],"app_event_type":[239],"class_list":["post-617693","app_event","type-app_event","status-publish","has-post-thumbnail","hentry","app_discipline-cinema","app_city_tax-dc","app_event_type-film"],"acf":[],"yoast_head":"<!-- This site is optimized with the Yoast SEO plugin v27.3 - https:\/\/yoast.com\/product\/yoast-seo-wordpress\/ -->\n<title>The Golden Ball (Le Ballon d&#039;or) | D.C. Screening - Villa Albertine<\/title>\n<meta name=\"robots\" content=\"index, follow, max-snippet:-1, max-image-preview:large, max-video-preview:-1\" \/>\n<link rel=\"canonical\" href=\"https:\/\/villa-albertine.org\/va\/events\/the-golden-ball-le-ballon-dor-d-c-screening\/\" \/>\n<meta property=\"og:locale\" content=\"en_US\" \/>\n<meta property=\"og:type\" content=\"article\" \/>\n<meta property=\"og:title\" content=\"The Golden Ball (Le Ballon d&#039;or) | D.C. Screening - Villa Albertine\" \/>\n<meta property=\"og:description\" content=\"The Golden Ball (Le Ballon d&#8217;or)Directed by Cheik Doukour\u00e9&nbsp;With Salif Ke\u00efta, Agn\u00e8s Soral, Aboucar Sidiki Soumah, and Habib Hammoud&nbsp;1994, Comedy-Drama, 1h33, France-Guinea, courtesy of Rialto Pictures In the heart of Guinea, 12-year-old Bandian, known as &#8220;Turbo Makono&#8221; for his lightning speed, dreams of soccer stardom. Gifted a genuine leather ball by a visiting French doctor,...\" \/>\n<meta property=\"og:url\" content=\"https:\/\/villa-albertine.org\/va\/events\/the-golden-ball-le-ballon-dor-d-c-screening\/\" \/>\n<meta property=\"og:site_name\" content=\"Villa Albertine\" \/>\n<meta property=\"article:modified_time\" content=\"2024-05-24T15:21:42+00:00\" \/>\n<meta property=\"og:image\" content=\"https:\/\/villa-albertine.org\/wp-content\/uploads\/2024\/04\/007PHOTO-scaled.jpg\" \/>\n\t<meta property=\"og:image:width\" content=\"2560\" \/>\n\t<meta property=\"og:image:height\" content=\"1440\" \/>\n\t<meta property=\"og:image:type\" content=\"image\/jpeg\" \/>\n<meta name=\"twitter:card\" content=\"summary_large_image\" \/>\n<meta name=\"twitter:label1\" content=\"Est. reading time\" \/>\n\t<meta name=\"twitter:data1\" content=\"1 minute\" \/>\n<script type=\"application\/ld+json\" class=\"yoast-schema-graph\">{\"@context\":\"https:\\\/\\\/schema.org\",\"@graph\":[{\"@type\":\"WebPage\",\"@id\":\"https:\\\/\\\/villa-albertine.org\\\/va\\\/events\\\/the-golden-ball-le-ballon-dor-d-c-screening\\\/\",\"url\":\"https:\\\/\\\/villa-albertine.org\\\/va\\\/events\\\/the-golden-ball-le-ballon-dor-d-c-screening\\\/\",\"name\":\"The Golden Ball (Le Ballon d'or) | D.C. Screening - Villa Albertine\",\"isPartOf\":{\"@id\":\"https:\\\/\\\/villa-albertine.org\\\/va\\\/#website\"},\"primaryImageOfPage\":{\"@id\":\"https:\\\/\\\/villa-albertine.org\\\/va\\\/events\\\/the-golden-ball-le-ballon-dor-d-c-screening\\\/#primaryimage\"},\"image\":{\"@id\":\"https:\\\/\\\/villa-albertine.org\\\/va\\\/events\\\/the-golden-ball-le-ballon-dor-d-c-screening\\\/#primaryimage\"},\"thumbnailUrl\":\"https:\\\/\\\/villa-albertine.org\\\/wp-content\\\/uploads\\\/2024\\\/04\\\/007PHOTO-scaled.jpg\",\"datePublished\":\"2024-05-20T23:04:14+00:00\",\"dateModified\":\"2024-05-24T15:21:42+00:00\",\"breadcrumb\":{\"@id\":\"https:\\\/\\\/villa-albertine.org\\\/va\\\/events\\\/the-golden-ball-le-ballon-dor-d-c-screening\\\/#breadcrumb\"},\"inLanguage\":\"en-US\",\"potentialAction\":[{\"@type\":\"ReadAction\",\"target\":[\"https:\\\/\\\/villa-albertine.org\\\/va\\\/events\\\/the-golden-ball-le-ballon-dor-d-c-screening\\\/\"]}]},{\"@type\":\"ImageObject\",\"inLanguage\":\"en-US\",\"@id\":\"https:\\\/\\\/villa-albertine.org\\\/va\\\/events\\\/the-golden-ball-le-ballon-dor-d-c-screening\\\/#primaryimage\",\"url\":\"https:\\\/\\\/villa-albertine.org\\\/wp-content\\\/uploads\\\/2024\\\/04\\\/007PHOTO-scaled.jpg\",\"contentUrl\":\"https:\\\/\\\/villa-albertine.org\\\/wp-content\\\/uploads\\\/2024\\\/04\\\/007PHOTO-scaled.jpg\",\"width\":2560,\"height\":1440,\"caption\":\"The Golden Ball \u00a9 Rialto Pictures\"},{\"@type\":\"BreadcrumbList\",\"@id\":\"https:\\\/\\\/villa-albertine.org\\\/va\\\/events\\\/the-golden-ball-le-ballon-dor-d-c-screening\\\/#breadcrumb\",\"itemListElement\":[{\"@type\":\"ListItem\",\"position\":1,\"name\":\"Home\",\"item\":\"https:\\\/\\\/villa-albertine.org\\\/va\\\/\"},{\"@type\":\"ListItem\",\"position\":2,\"name\":\"The Golden Ball (Le Ballon d&#8217;or) | D.C. Screening\"}]},{\"@type\":\"WebSite\",\"@id\":\"https:\\\/\\\/villa-albertine.org\\\/va\\\/#website\",\"url\":\"https:\\\/\\\/villa-albertine.org\\\/va\\\/\",\"name\":\"Villa Albertine\",\"description\":\"\",\"potentialAction\":[{\"@type\":\"SearchAction\",\"target\":{\"@type\":\"EntryPoint\",\"urlTemplate\":\"https:\\\/\\\/villa-albertine.org\\\/va\\\/?s={search_term_string}\"},\"query-input\":{\"@type\":\"PropertyValueSpecification\",\"valueRequired\":true,\"valueName\":\"search_term_string\"}}],\"inLanguage\":\"en-US\"}]}<\/script>\n<!-- \/ Yoast SEO plugin. -->","yoast_head_json":{"title":"The Golden Ball (Le Ballon d'or) | D.C. Screening - Villa Albertine","robots":{"index":"index","follow":"follow","max-snippet":"max-snippet:-1","max-image-preview":"max-image-preview:large","max-video-preview":"max-video-preview:-1"},"canonical":"https:\/\/villa-albertine.org\/va\/events\/the-golden-ball-le-ballon-dor-d-c-screening\/","og_locale":"en_US","og_type":"article","og_title":"The Golden Ball (Le Ballon d'or) | D.C. Screening - Villa Albertine","og_description":"The Golden Ball (Le Ballon d&#8217;or)Directed by Cheik Doukour\u00e9&nbsp;With Salif Ke\u00efta, Agn\u00e8s Soral, Aboucar Sidiki Soumah, and Habib Hammoud&nbsp;1994, Comedy-Drama, 1h33, France-Guinea, courtesy of Rialto Pictures In the heart of Guinea, 12-year-old Bandian, known as &#8220;Turbo Makono&#8221; for his lightning speed, dreams of soccer stardom. Gifted a genuine leather ball by a visiting French doctor,...","og_url":"https:\/\/villa-albertine.org\/va\/events\/the-golden-ball-le-ballon-dor-d-c-screening\/","og_site_name":"Villa Albertine","article_modified_time":"2024-05-24T15:21:42+00:00","og_image":[{"width":2560,"height":1440,"url":"https:\/\/villa-albertine.org\/wp-content\/uploads\/2024\/04\/007PHOTO-scaled.jpg","type":"image\/jpeg"}],"twitter_card":"summary_large_image","twitter_misc":{"Est. reading time":"1 minute"},"schema":{"@context":"https:\/\/schema.org","@graph":[{"@type":"WebPage","@id":"https:\/\/villa-albertine.org\/va\/events\/the-golden-ball-le-ballon-dor-d-c-screening\/","url":"https:\/\/villa-albertine.org\/va\/events\/the-golden-ball-le-ballon-dor-d-c-screening\/","name":"The Golden Ball (Le Ballon d'or) | D.C. Screening - Villa Albertine","isPartOf":{"@id":"https:\/\/villa-albertine.org\/va\/#website"},"primaryImageOfPage":{"@id":"https:\/\/villa-albertine.org\/va\/events\/the-golden-ball-le-ballon-dor-d-c-screening\/#primaryimage"},"image":{"@id":"https:\/\/villa-albertine.org\/va\/events\/the-golden-ball-le-ballon-dor-d-c-screening\/#primaryimage"},"thumbnailUrl":"https:\/\/villa-albertine.org\/wp-content\/uploads\/2024\/04\/007PHOTO-scaled.jpg","datePublished":"2024-05-20T23:04:14+00:00","dateModified":"2024-05-24T15:21:42+00:00","breadcrumb":{"@id":"https:\/\/villa-albertine.org\/va\/events\/the-golden-ball-le-ballon-dor-d-c-screening\/#breadcrumb"},"inLanguage":"en-US","potentialAction":[{"@type":"ReadAction","target":["https:\/\/villa-albertine.org\/va\/events\/the-golden-ball-le-ballon-dor-d-c-screening\/"]}]},{"@type":"ImageObject","inLanguage":"en-US","@id":"https:\/\/villa-albertine.org\/va\/events\/the-golden-ball-le-ballon-dor-d-c-screening\/#primaryimage","url":"https:\/\/villa-albertine.org\/wp-content\/uploads\/2024\/04\/007PHOTO-scaled.jpg","contentUrl":"https:\/\/villa-albertine.org\/wp-content\/uploads\/2024\/04\/007PHOTO-scaled.jpg","width":2560,"height":1440,"caption":"The Golden Ball \u00a9 Rialto Pictures"},{"@type":"BreadcrumbList","@id":"https:\/\/villa-albertine.org\/va\/events\/the-golden-ball-le-ballon-dor-d-c-screening\/#breadcrumb","itemListElement":[{"@type":"ListItem","position":1,"name":"Home","item":"https:\/\/villa-albertine.org\/va\/"},{"@type":"ListItem","position":2,"name":"The Golden Ball (Le Ballon d&#8217;or) | D.C. Screening"}]},{"@type":"WebSite","@id":"https:\/\/villa-albertine.org\/va\/#website","url":"https:\/\/villa-albertine.org\/va\/","name":"Villa Albertine","description":"","potentialAction":[{"@type":"SearchAction","target":{"@type":"EntryPoint","urlTemplate":"https:\/\/villa-albertine.org\/va\/?s={search_term_string}"},"query-input":{"@type":"PropertyValueSpecification","valueRequired":true,"valueName":"search_term_string"}}],"inLanguage":"en-US"}]}},"_links":{"self":[{"href":"https:\/\/villa-albertine.org\/va\/wp-json\/wp\/v2\/app_event\/617693","targetHints":{"allow":["GET"]}}],"collection":[{"href":"https:\/\/villa-albertine.org\/va\/wp-json\/wp\/v2\/app_event"}],"about":[{"href":"https:\/\/villa-albertine.org\/va\/wp-json\/wp\/v2\/types\/app_event"}],"wp:featuredmedia":[{"embeddable":true,"href":"https:\/\/villa-albertine.org\/va\/wp-json\/wp\/v2\/media\/582300"}],"wp:attachment":[{"href":"https:\/\/villa-albertine.org\/va\/wp-json\/wp\/v2\/media?parent=617693"}],"wp:term":[{"taxonomy":"app_discipline","embeddable":true,"href":"https:\/\/villa-albertine.org\/va\/wp-json\/wp\/v2\/app_discipline?post=617693"},{"taxonomy":"app_city_tax","embeddable":true,"href":"https:\/\/villa-albertine.org\/va\/wp-json\/wp\/v2\/app_city_tax?post=617693"},{"taxonomy":"app_event_type","embeddable":true,"href":"https:\/\/villa-albertine.org\/va\/wp-json\/wp\/v2\/app_event_type?post=617693"}],"curies":[{"name":"wp","href":"https:\/\/api.w.org\/{rel}","templated":true}]}}

<p><strong>The Golden Ball (Le Ballon d&#8217;or)</strong><br>Directed by Cheik Doukouré&nbsp;<br>With Salif Keïta, Agnès Soral, Aboucar Sidiki Soumah, and Habib Hammoud&nbsp;<br>1994, Comedy-Drama, 1h33, France-Guinea, courtesy of Rialto Pictures</p>



<p>In the heart of Guinea, 12-year-old Bandian, known as &#8220;Turbo Makono&#8221; for his lightning speed, dreams of soccer stardom. Gifted a genuine leather ball by a visiting French doctor, Bandian&#8217;s journey kicks off as he flees to Conakry, the capital. There, his remarkable talent catches the eye of scouts, propelling him onto the national team. With his eyes set on the horizon, Bandian is determined to chase his soccer dreams to the fullest.&nbsp;</p>



<p>Film in French and Malinké with English subtitles. <br>Free and open to the public. Registration is encouraged.</p>



<p><em>Presented in partnership with Anacostia Park.</em></p>



<figure class="wp-block-embed is-type-video is-provider-youtube wp-block-embed-youtube wp-embed-aspect-16-9 wp-has-aspect-ratio"><div class="wp-block-embed__wrapper">
<iframe loading="lazy" title="LE BALLON D&#039;OR, Cheik Doucouré, Bande-annonce" width="500" height="281" src="https://www.youtube.com/embed/EMspRb_txUU?feature=oembed" frameborder="0" allow="accelerometer; autoplay; clipboard-write; encrypted-media; gyroscope; picture-in-picture; web-share" referrerpolicy="strict-origin-when-cross-origin" allowfullscreen></iframe>
</div></figure>



<p><br>Films on the Green is back, presenting a lineup of free screenings across D.C. parks from May 30 to June 25, 2024. This year, we’re exploring the thrilling intersection of sports and cinema, showcasing four captivating films that embody the spirit of athleticism, competition, and triumph. From soccer to swimming and tennis to cycling, join us for an unforgettable summer of cinematic excitement under the stars!</p>



<p>This event is made possible thanks to the support of TV5 Monde.</p>



<p><strong>#FilmsOnTheGreen</strong><br><em>Follow the festival on social media for event updates and up-to-the-minute weather cancellations.</em></p>

<!-- This site is optimized with the Yoast SEO plugin v27.3 - https://yoast.com/product/yoast-seo-wordpress/ -->
<title>The Golden Ball (Le Ballon d&#039;or) | D.C. Screening - Villa Albertine</title>
<meta name="robots" content="index, follow, max-snippet:-1, max-image-preview:large, max-video-preview:-1" />
<link rel="canonical" href="https://villa-albertine.org/va/events/the-golden-ball-le-ballon-dor-d-c-screening/" />
<meta property="og:locale" content="en_US" />
<meta property="og:type" content="article" />
<meta property="og:title" content="The Golden Ball (Le Ballon d&#039;or) | D.C. Screening - Villa Albertine" />
<meta property="og:description" content="The Golden Ball (Le Ballon d&#8217;or)Directed by Cheik Doukouré&nbsp;With Salif Keïta, Agnès Soral, Aboucar Sidiki Soumah, and Habib Hammoud&nbsp;1994, Comedy-Drama, 1h33, France-Guinea, courtesy of Rialto Pictures In the heart of Guinea, 12-year-old Bandian, known as &#8220;Turbo Makono&#8221; for his lightning speed, dreams of soccer stardom. Gifted a genuine leather ball by a visiting French doctor,..." />
<meta property="og:url" content="https://villa-albertine.org/va/events/the-golden-ball-le-ballon-dor-d-c-screening/" />
<meta property="og:site_name" content="Villa Albertine" />
<meta property="article:modified_time" content="2024-05-24T15:21:42+00:00" />
<meta property="og:image" content="https://villa-albertine.org/wp-content/uploads/2024/04/007PHOTO-scaled.jpg" />
	<meta property="og:image:width" content="2560" />
	<meta property="og:image:height" content="1440" />
	<meta property="og:image:type" content="image/jpeg" />
<meta name="twitter:card" content="summary_large_image" />
<meta name="twitter:label1" content="Est. reading time" />
	<meta name="twitter:data1" content="1 minute" />
<script type="application/ld+json" class="yoast-schema-graph">{"@context":"https:\/\/schema.org","@graph":[{"@type":"WebPage","@id":"https:\/\/villa-albertine.org\/va\/events\/the-golden-ball-le-ballon-dor-d-c-screening\/","url":"https:\/\/villa-albertine.org\/va\/events\/the-golden-ball-le-ballon-dor-d-c-screening\/","name":"The Golden Ball (Le Ballon d'or) | D.C. Screening - Villa Albertine","isPartOf":{"@id":"https:\/\/villa-albertine.org\/va\/#website"},"primaryImageOfPage":{"@id":"https:\/\/villa-albertine.org\/va\/events\/the-golden-ball-le-ballon-dor-d-c-screening\/#primaryimage"},"image":{"@id":"https:\/\/villa-albertine.org\/va\/events\/the-golden-ball-le-ballon-dor-d-c-screening\/#primaryimage"},"thumbnailUrl":"https:\/\/villa-albertine.org\/wp-content\/uploads\/2024\/04\/007PHOTO-scaled.jpg","datePublished":"2024-05-20T23:04:14+00:00","dateModified":"2024-05-24T15:21:42+00:00","breadcrumb":{"@id":"https:\/\/villa-albertine.org\/va\/events\/the-golden-ball-le-ballon-dor-d-c-screening\/#breadcrumb"},"inLanguage":"en-US","potentialAction":[{"@type":"ReadAction","target":["https:\/\/villa-albertine.org\/va\/events\/the-golden-ball-le-ballon-dor-d-c-screening\/"]}]},{"@type":"ImageObject","inLanguage":"en-US","@id":"https:\/\/villa-albertine.org\/va\/events\/the-golden-ball-le-ballon-dor-d-c-screening\/#primaryimage","url":"https:\/\/villa-albertine.org\/wp-content\/uploads\/2024\/04\/007PHOTO-scaled.jpg","contentUrl":"https:\/\/villa-albertine.org\/wp-content\/uploads\/2024\/04\/007PHOTO-scaled.jpg","width":2560,"height":1440,"caption":"The Golden Ball © Rialto Pictures"},{"@type":"BreadcrumbList","@id":"https:\/\/villa-albertine.org\/va\/events\/the-golden-ball-le-ballon-dor-d-c-screening\/#breadcrumb","itemListElement":[{"@type":"ListItem","position":1,"name":"Home","item":"https:\/\/villa-albertine.org\/va\/"},{"@type":"ListItem","position":2,"name":"The Golden Ball (Le Ballon d&#8217;or) | D.C. Screening"}]},{"@type":"WebSite","@id":"https:\/\/villa-albertine.org\/va\/#website","url":"https:\/\/villa-albertine.org\/va\/","name":"Villa Albertine","description":"","potentialAction":[{"@type":"SearchAction","target":{"@type":"EntryPoint","urlTemplate":"https:\/\/villa-albertine.org\/va\/?s={search_term_string}"},"query-input":{"@type":"PropertyValueSpecification","valueRequired":true,"valueName":"search_term_string"}}],"inLanguage":"en-US"}]}</script>
<!-- / Yoast SEO plugin. -->

The Golden Ball (Le Ballon d&#8217;or)Directed by Cheik Doukouré&nbsp;With Salif Keïta, Agnès Soral, Aboucar Sidiki Soumah, and Habib Hammoud&nbsp;1994, Comedy-Drama, 1h33, France-Guinea, courtesy of Rialto Pictures In the heart of Guinea, 12-year-old Bandian, known as &#8220;Turbo Makono&#8221; for his lightning speed, dreams of soccer stardom. Gifted a genuine leather ball by a visiting French doctor,...
