{"id":6165555,"date":"2025-10-23T22:41:34","date_gmt":"2025-10-23T22:41:34","guid":{"rendered":"https:\/\/villa-albertine.org\/va\/?post_type=app_event&#038;p=6165555"},"modified":"2025-10-24T17:46:12","modified_gmt":"2025-10-24T17:46:12","slug":"gautier-capucon-san-francisco-symphony","status":"publish","type":"app_event","link":"https:\/\/villa-albertine.org\/va\/events\/gautier-capucon-san-francisco-symphony\/","title":{"rendered":"Great French Performer Gautier Capu\u00e7on at the San Francisco Symphony"},"content":{"rendered":"\n<p>Renowned cellist <strong>Gautier Capu\u00e7on<\/strong> presents <em>Ga\u00efa<\/em>, a powerful new recital program dedicated to and inspired by the Earth. Featuring world-premiere performances of commissioned works by sixteen composers\u2014including Bryce Dessner, Joe Hisaishi, Missy Mazzoli, Gabriela Montero, Nico Muhly, Max Richter, Ludovico Einaudi, and Ayanna Witter-Johnson\u2014this project pays tribute to our planet in all its beauty, fragility, and strength.\u00a0<\/p>\n\n\n\n<p>The seeds of <em>Ga\u00efa<\/em> were planted in <strong>San Francisco,<\/strong> where Capu\u00e7on was set to perform with the San Francisco Symphony just as the COVID-19 pandemic brought live performances to a halt. Out of those conversations with friends came the vision for <em>Ga\u00efa<\/em>: a global collaboration that unites contemporary voices to honor the intricate wonders of the natural world. Capu\u00e7on also draws inspiration from his childhood in France\u2019s Savoy region, nestled in the heart of the Alps and home to Mont Blanc, Europe\u2019s highest peak. There, amid sweeping valleys and towering mountains, his lifelong admiration for nature first took root\u2014a sentiment vividly captured in the visual masterpiece accompanying the album\u2019s opening track, Max Richter\u2019s <em>Sequence for Ga\u00efa<\/em>.\u00a0<br><\/p>\n\n\n\n<p><\/p>\n\n\n\n<p><span style=\"text-decoration: underline;\"><strong>About Gautier Capu\u00e7on <\/strong><\/span><\/p>\n\n\n\n<p>Winner of numerous awards, including the Victoires de la Musique Classique, Gautier Capu\u00e7on is celebrated for the depth and intensity of his interpretations, his dazzling virtuosity, and his rich, resonant tone. A graduate of the Conservatoire Sup\u00e9rieur de Paris, Capu\u00e7on has released five acclaimed albums since 2018 and is an exclusive recording artist with Erato (Warner Music).&nbsp;<\/p>\n\n\n\n<p>His 2020 release <em>\u00c9motions<\/em>\u2014featuring works by Debussy, Schubert, Elgar, and others\u2014achieved gold status in France, topping the charts for more than 30 weeks and selling over 100,000 copies worldwide. His follow-up album, <em>Sensations<\/em> (2022), made history as the first classical recording to reach No. 1 on France\u2019s all-genre charts.&nbsp;<\/p>\n\n\n\n<p><\/p>\n","protected":false},"featured_media":6165668,"menu_order":0,"template":"","app_discipline":[518,230],"app_city_tax":[225],"app_event_type":[238],"class_list":["post-6165555","app_event","type-app_event","status-publish","has-post-thumbnail","hentry","app_discipline-classical-music","app_discipline-music","app_city_tax-sf","app_event_type-concert"],"acf":[],"yoast_head":"<!-- This site is optimized with the Yoast SEO plugin v27.3 - https:\/\/yoast.com\/product\/yoast-seo-wordpress\/ -->\n<title>Great French Performer Gautier Capu\u00e7on at the San Francisco Symphony - Villa Albertine<\/title>\n<meta name=\"description\" content=\"Renowned cellist Gautier Capu\u00e7on presents Ga\u00efa, a powerful new recital program dedicated to and inspired by the Earth. Featuring world-premiere performances of commissioned works by sixteen composers this project pays tribute to our planet in all its beauty, fragility, and strength.\u00a0\" \/>\n<meta name=\"robots\" content=\"index, follow, max-snippet:-1, max-image-preview:large, max-video-preview:-1\" \/>\n<link rel=\"canonical\" href=\"https:\/\/villa-albertine.org\/va\/events\/gautier-capucon-san-francisco-symphony\/\" \/>\n<meta property=\"og:locale\" content=\"en_US\" \/>\n<meta property=\"og:type\" content=\"article\" \/>\n<meta property=\"og:title\" content=\"Great French Performer Gautier Capu\u00e7on at the San Francisco Symphony - Villa Albertine\" \/>\n<meta property=\"og:description\" content=\"Renowned cellist Gautier Capu\u00e7on presents Ga\u00efa, a powerful new recital program dedicated to and inspired by the Earth. Featuring world-premiere performances of commissioned works by sixteen composers this project pays tribute to our planet in all its beauty, fragility, and strength.\u00a0\" \/>\n<meta property=\"og:url\" content=\"https:\/\/villa-albertine.org\/va\/events\/gautier-capucon-san-francisco-symphony\/\" \/>\n<meta property=\"og:site_name\" content=\"Villa Albertine\" \/>\n<meta property=\"article:modified_time\" content=\"2025-10-24T17:46:12+00:00\" \/>\n<meta property=\"og:image\" content=\"https:\/\/villa-albertine.org\/wp-content\/uploads\/2025\/10\/P2390808NN-Verbier.jpg\" \/>\n\t<meta property=\"og:image:width\" content=\"2000\" \/>\n\t<meta property=\"og:image:height\" content=\"1000\" \/>\n\t<meta property=\"og:image:type\" content=\"image\/jpeg\" \/>\n<meta name=\"twitter:card\" content=\"summary_large_image\" \/>\n<meta name=\"twitter:label1\" content=\"Est. reading time\" \/>\n\t<meta name=\"twitter:data1\" content=\"2 minutes\" \/>\n<script type=\"application\/ld+json\" class=\"yoast-schema-graph\">{\"@context\":\"https:\\\/\\\/schema.org\",\"@graph\":[{\"@type\":\"WebPage\",\"@id\":\"https:\\\/\\\/villa-albertine.org\\\/va\\\/events\\\/gautier-capucon-san-francisco-symphony\\\/\",\"url\":\"https:\\\/\\\/villa-albertine.org\\\/va\\\/events\\\/gautier-capucon-san-francisco-symphony\\\/\",\"name\":\"Great French Performer Gautier Capu\u00e7on at the San Francisco Symphony - Villa Albertine\",\"isPartOf\":{\"@id\":\"https:\\\/\\\/villa-albertine.org\\\/va\\\/#website\"},\"primaryImageOfPage\":{\"@id\":\"https:\\\/\\\/villa-albertine.org\\\/va\\\/events\\\/gautier-capucon-san-francisco-symphony\\\/#primaryimage\"},\"image\":{\"@id\":\"https:\\\/\\\/villa-albertine.org\\\/va\\\/events\\\/gautier-capucon-san-francisco-symphony\\\/#primaryimage\"},\"thumbnailUrl\":\"https:\\\/\\\/villa-albertine.org\\\/wp-content\\\/uploads\\\/2025\\\/10\\\/P2390808NN-Verbier.jpg\",\"datePublished\":\"2025-10-23T22:41:34+00:00\",\"dateModified\":\"2025-10-24T17:46:12+00:00\",\"description\":\"Renowned cellist Gautier Capu\u00e7on presents Ga\u00efa, a powerful new recital program dedicated to and inspired by the Earth. Featuring world-premiere performances of commissioned works by sixteen composers this project pays tribute to our planet in all its beauty, fragility, and strength.\u00a0\",\"breadcrumb\":{\"@id\":\"https:\\\/\\\/villa-albertine.org\\\/va\\\/events\\\/gautier-capucon-san-francisco-symphony\\\/#breadcrumb\"},\"inLanguage\":\"en-US\",\"potentialAction\":[{\"@type\":\"ReadAction\",\"target\":[\"https:\\\/\\\/villa-albertine.org\\\/va\\\/events\\\/gautier-capucon-san-francisco-symphony\\\/\"]}]},{\"@type\":\"ImageObject\",\"inLanguage\":\"en-US\",\"@id\":\"https:\\\/\\\/villa-albertine.org\\\/va\\\/events\\\/gautier-capucon-san-francisco-symphony\\\/#primaryimage\",\"url\":\"https:\\\/\\\/villa-albertine.org\\\/wp-content\\\/uploads\\\/2025\\\/10\\\/P2390808NN-Verbier.jpg\",\"contentUrl\":\"https:\\\/\\\/villa-albertine.org\\\/wp-content\\\/uploads\\\/2025\\\/10\\\/P2390808NN-Verbier.jpg\",\"width\":2000,\"height\":1000},{\"@type\":\"BreadcrumbList\",\"@id\":\"https:\\\/\\\/villa-albertine.org\\\/va\\\/events\\\/gautier-capucon-san-francisco-symphony\\\/#breadcrumb\",\"itemListElement\":[{\"@type\":\"ListItem\",\"position\":1,\"name\":\"Home\",\"item\":\"https:\\\/\\\/villa-albertine.org\\\/va\\\/\"},{\"@type\":\"ListItem\",\"position\":2,\"name\":\"Great French Performer Gautier Capu\u00e7on at the San Francisco Symphony\"}]},{\"@type\":\"WebSite\",\"@id\":\"https:\\\/\\\/villa-albertine.org\\\/va\\\/#website\",\"url\":\"https:\\\/\\\/villa-albertine.org\\\/va\\\/\",\"name\":\"Villa Albertine\",\"description\":\"\",\"potentialAction\":[{\"@type\":\"SearchAction\",\"target\":{\"@type\":\"EntryPoint\",\"urlTemplate\":\"https:\\\/\\\/villa-albertine.org\\\/va\\\/?s={search_term_string}\"},\"query-input\":{\"@type\":\"PropertyValueSpecification\",\"valueRequired\":true,\"valueName\":\"search_term_string\"}}],\"inLanguage\":\"en-US\"}]}<\/script>\n<!-- \/ Yoast SEO plugin. -->","yoast_head_json":{"title":"Great French Performer Gautier Capu\u00e7on at the San Francisco Symphony - Villa Albertine","description":"Renowned cellist Gautier Capu\u00e7on presents Ga\u00efa, a powerful new recital program dedicated to and inspired by the Earth. Featuring world-premiere performances of commissioned works by sixteen composers this project pays tribute to our planet in all its beauty, fragility, and strength.\u00a0","robots":{"index":"index","follow":"follow","max-snippet":"max-snippet:-1","max-image-preview":"max-image-preview:large","max-video-preview":"max-video-preview:-1"},"canonical":"https:\/\/villa-albertine.org\/va\/events\/gautier-capucon-san-francisco-symphony\/","og_locale":"en_US","og_type":"article","og_title":"Great French Performer Gautier Capu\u00e7on at the San Francisco Symphony - Villa Albertine","og_description":"Renowned cellist Gautier Capu\u00e7on presents Ga\u00efa, a powerful new recital program dedicated to and inspired by the Earth. Featuring world-premiere performances of commissioned works by sixteen composers this project pays tribute to our planet in all its beauty, fragility, and strength.\u00a0","og_url":"https:\/\/villa-albertine.org\/va\/events\/gautier-capucon-san-francisco-symphony\/","og_site_name":"Villa Albertine","article_modified_time":"2025-10-24T17:46:12+00:00","og_image":[{"width":2000,"height":1000,"url":"https:\/\/villa-albertine.org\/wp-content\/uploads\/2025\/10\/P2390808NN-Verbier.jpg","type":"image\/jpeg"}],"twitter_card":"summary_large_image","twitter_misc":{"Est. reading time":"2 minutes"},"schema":{"@context":"https:\/\/schema.org","@graph":[{"@type":"WebPage","@id":"https:\/\/villa-albertine.org\/va\/events\/gautier-capucon-san-francisco-symphony\/","url":"https:\/\/villa-albertine.org\/va\/events\/gautier-capucon-san-francisco-symphony\/","name":"Great French Performer Gautier Capu\u00e7on at the San Francisco Symphony - Villa Albertine","isPartOf":{"@id":"https:\/\/villa-albertine.org\/va\/#website"},"primaryImageOfPage":{"@id":"https:\/\/villa-albertine.org\/va\/events\/gautier-capucon-san-francisco-symphony\/#primaryimage"},"image":{"@id":"https:\/\/villa-albertine.org\/va\/events\/gautier-capucon-san-francisco-symphony\/#primaryimage"},"thumbnailUrl":"https:\/\/villa-albertine.org\/wp-content\/uploads\/2025\/10\/P2390808NN-Verbier.jpg","datePublished":"2025-10-23T22:41:34+00:00","dateModified":"2025-10-24T17:46:12+00:00","description":"Renowned cellist Gautier Capu\u00e7on presents Ga\u00efa, a powerful new recital program dedicated to and inspired by the Earth. Featuring world-premiere performances of commissioned works by sixteen composers this project pays tribute to our planet in all its beauty, fragility, and strength.\u00a0","breadcrumb":{"@id":"https:\/\/villa-albertine.org\/va\/events\/gautier-capucon-san-francisco-symphony\/#breadcrumb"},"inLanguage":"en-US","potentialAction":[{"@type":"ReadAction","target":["https:\/\/villa-albertine.org\/va\/events\/gautier-capucon-san-francisco-symphony\/"]}]},{"@type":"ImageObject","inLanguage":"en-US","@id":"https:\/\/villa-albertine.org\/va\/events\/gautier-capucon-san-francisco-symphony\/#primaryimage","url":"https:\/\/villa-albertine.org\/wp-content\/uploads\/2025\/10\/P2390808NN-Verbier.jpg","contentUrl":"https:\/\/villa-albertine.org\/wp-content\/uploads\/2025\/10\/P2390808NN-Verbier.jpg","width":2000,"height":1000},{"@type":"BreadcrumbList","@id":"https:\/\/villa-albertine.org\/va\/events\/gautier-capucon-san-francisco-symphony\/#breadcrumb","itemListElement":[{"@type":"ListItem","position":1,"name":"Home","item":"https:\/\/villa-albertine.org\/va\/"},{"@type":"ListItem","position":2,"name":"Great French Performer Gautier Capu\u00e7on at the San Francisco Symphony"}]},{"@type":"WebSite","@id":"https:\/\/villa-albertine.org\/va\/#website","url":"https:\/\/villa-albertine.org\/va\/","name":"Villa Albertine","description":"","potentialAction":[{"@type":"SearchAction","target":{"@type":"EntryPoint","urlTemplate":"https:\/\/villa-albertine.org\/va\/?s={search_term_string}"},"query-input":{"@type":"PropertyValueSpecification","valueRequired":true,"valueName":"search_term_string"}}],"inLanguage":"en-US"}]}},"_links":{"self":[{"href":"https:\/\/villa-albertine.org\/va\/wp-json\/wp\/v2\/app_event\/6165555","targetHints":{"allow":["GET"]}}],"collection":[{"href":"https:\/\/villa-albertine.org\/va\/wp-json\/wp\/v2\/app_event"}],"about":[{"href":"https:\/\/villa-albertine.org\/va\/wp-json\/wp\/v2\/types\/app_event"}],"wp:featuredmedia":[{"embeddable":true,"href":"https:\/\/villa-albertine.org\/va\/wp-json\/wp\/v2\/media\/6165668"}],"wp:attachment":[{"href":"https:\/\/villa-albertine.org\/va\/wp-json\/wp\/v2\/media?parent=6165555"}],"wp:term":[{"taxonomy":"app_discipline","embeddable":true,"href":"https:\/\/villa-albertine.org\/va\/wp-json\/wp\/v2\/app_discipline?post=6165555"},{"taxonomy":"app_city_tax","embeddable":true,"href":"https:\/\/villa-albertine.org\/va\/wp-json\/wp\/v2\/app_city_tax?post=6165555"},{"taxonomy":"app_event_type","embeddable":true,"href":"https:\/\/villa-albertine.org\/va\/wp-json\/wp\/v2\/app_event_type?post=6165555"}],"curies":[{"name":"wp","href":"https:\/\/api.w.org\/{rel}","templated":true}]}}

Great French Performer Gautier Capuçon at the San Francisco Symphony

<p>Renowned cellist <strong>Gautier Capuçon</strong> presents <em>Gaïa</em>, a powerful new recital program dedicated to and inspired by the Earth. Featuring world-premiere performances of commissioned works by sixteen composers—including Bryce Dessner, Joe Hisaishi, Missy Mazzoli, Gabriela Montero, Nico Muhly, Max Richter, Ludovico Einaudi, and Ayanna Witter-Johnson—this project pays tribute to our planet in all its beauty, fragility, and strength. </p>



<p>The seeds of <em>Gaïa</em> were planted in <strong>San Francisco,</strong> where Capuçon was set to perform with the San Francisco Symphony just as the COVID-19 pandemic brought live performances to a halt. Out of those conversations with friends came the vision for <em>Gaïa</em>: a global collaboration that unites contemporary voices to honor the intricate wonders of the natural world. Capuçon also draws inspiration from his childhood in France’s Savoy region, nestled in the heart of the Alps and home to Mont Blanc, Europe’s highest peak. There, amid sweeping valleys and towering mountains, his lifelong admiration for nature first took root—a sentiment vividly captured in the visual masterpiece accompanying the album’s opening track, Max Richter’s <em>Sequence for Gaïa</em>. <br></p>



<p></p>



<p><span style="text-decoration: underline;"><strong>About Gautier Capuçon </strong></span></p>



<p>Winner of numerous awards, including the Victoires de la Musique Classique, Gautier Capuçon is celebrated for the depth and intensity of his interpretations, his dazzling virtuosity, and his rich, resonant tone. A graduate of the Conservatoire Supérieur de Paris, Capuçon has released five acclaimed albums since 2018 and is an exclusive recording artist with Erato (Warner Music).&nbsp;</p>



<p>His 2020 release <em>Émotions</em>—featuring works by Debussy, Schubert, Elgar, and others—achieved gold status in France, topping the charts for more than 30 weeks and selling over 100,000 copies worldwide. His follow-up album, <em>Sensations</em> (2022), made history as the first classical recording to reach No. 1 on France’s all-genre charts.&nbsp;</p>



<p></p>

<!-- This site is optimized with the Yoast SEO plugin v27.3 - https://yoast.com/product/yoast-seo-wordpress/ -->
<title>Great French Performer Gautier Capuçon at the San Francisco Symphony - Villa Albertine</title>
<meta name="description" content="Renowned cellist Gautier Capuçon presents Gaïa, a powerful new recital program dedicated to and inspired by the Earth. Featuring world-premiere performances of commissioned works by sixteen composers this project pays tribute to our planet in all its beauty, fragility, and strength. " />
<meta name="robots" content="index, follow, max-snippet:-1, max-image-preview:large, max-video-preview:-1" />
<link rel="canonical" href="https://villa-albertine.org/va/events/gautier-capucon-san-francisco-symphony/" />
<meta property="og:locale" content="en_US" />
<meta property="og:type" content="article" />
<meta property="og:title" content="Great French Performer Gautier Capuçon at the San Francisco Symphony - Villa Albertine" />
<meta property="og:description" content="Renowned cellist Gautier Capuçon presents Gaïa, a powerful new recital program dedicated to and inspired by the Earth. Featuring world-premiere performances of commissioned works by sixteen composers this project pays tribute to our planet in all its beauty, fragility, and strength. " />
<meta property="og:url" content="https://villa-albertine.org/va/events/gautier-capucon-san-francisco-symphony/" />
<meta property="og:site_name" content="Villa Albertine" />
<meta property="article:modified_time" content="2025-10-24T17:46:12+00:00" />
<meta property="og:image" content="https://villa-albertine.org/wp-content/uploads/2025/10/P2390808NN-Verbier.jpg" />
	<meta property="og:image:width" content="2000" />
	<meta property="og:image:height" content="1000" />
	<meta property="og:image:type" content="image/jpeg" />
<meta name="twitter:card" content="summary_large_image" />
<meta name="twitter:label1" content="Est. reading time" />
	<meta name="twitter:data1" content="2 minutes" />
<script type="application/ld+json" class="yoast-schema-graph">{"@context":"https:\/\/schema.org","@graph":[{"@type":"WebPage","@id":"https:\/\/villa-albertine.org\/va\/events\/gautier-capucon-san-francisco-symphony\/","url":"https:\/\/villa-albertine.org\/va\/events\/gautier-capucon-san-francisco-symphony\/","name":"Great French Performer Gautier Capuçon at the San Francisco Symphony - Villa Albertine","isPartOf":{"@id":"https:\/\/villa-albertine.org\/va\/#website"},"primaryImageOfPage":{"@id":"https:\/\/villa-albertine.org\/va\/events\/gautier-capucon-san-francisco-symphony\/#primaryimage"},"image":{"@id":"https:\/\/villa-albertine.org\/va\/events\/gautier-capucon-san-francisco-symphony\/#primaryimage"},"thumbnailUrl":"https:\/\/villa-albertine.org\/wp-content\/uploads\/2025\/10\/P2390808NN-Verbier.jpg","datePublished":"2025-10-23T22:41:34+00:00","dateModified":"2025-10-24T17:46:12+00:00","description":"Renowned cellist Gautier Capuçon presents Gaïa, a powerful new recital program dedicated to and inspired by the Earth. Featuring world-premiere performances of commissioned works by sixteen composers this project pays tribute to our planet in all its beauty, fragility, and strength. ","breadcrumb":{"@id":"https:\/\/villa-albertine.org\/va\/events\/gautier-capucon-san-francisco-symphony\/#breadcrumb"},"inLanguage":"en-US","potentialAction":[{"@type":"ReadAction","target":["https:\/\/villa-albertine.org\/va\/events\/gautier-capucon-san-francisco-symphony\/"]}]},{"@type":"ImageObject","inLanguage":"en-US","@id":"https:\/\/villa-albertine.org\/va\/events\/gautier-capucon-san-francisco-symphony\/#primaryimage","url":"https:\/\/villa-albertine.org\/wp-content\/uploads\/2025\/10\/P2390808NN-Verbier.jpg","contentUrl":"https:\/\/villa-albertine.org\/wp-content\/uploads\/2025\/10\/P2390808NN-Verbier.jpg","width":2000,"height":1000},{"@type":"BreadcrumbList","@id":"https:\/\/villa-albertine.org\/va\/events\/gautier-capucon-san-francisco-symphony\/#breadcrumb","itemListElement":[{"@type":"ListItem","position":1,"name":"Home","item":"https:\/\/villa-albertine.org\/va\/"},{"@type":"ListItem","position":2,"name":"Great French Performer Gautier Capuçon at the San Francisco Symphony"}]},{"@type":"WebSite","@id":"https:\/\/villa-albertine.org\/va\/#website","url":"https:\/\/villa-albertine.org\/va\/","name":"Villa Albertine","description":"","potentialAction":[{"@type":"SearchAction","target":{"@type":"EntryPoint","urlTemplate":"https:\/\/villa-albertine.org\/va\/?s={search_term_string}"},"query-input":{"@type":"PropertyValueSpecification","valueRequired":true,"valueName":"search_term_string"}}],"inLanguage":"en-US"}]}</script>
<!-- / Yoast SEO plugin. -->

Great French Performer Gautier Capuçon at the San Francisco Symphony - Villa Albertine

Renowned cellist Gautier Capuçon presents Gaïa, a powerful new recital program dedicated to and inspired by the Earth. Featuring world-premiere performances of commissioned works by sixteen composers this project pays tribute to our planet in all its beauty, fragility, and strength.
