{"id":615372,"date":"2024-05-01T18:52:22","date_gmt":"2024-05-01T18:52:22","guid":{"rendered":"https:\/\/villa-albertine.org\/?post_type=app_event&#038;p=615372"},"modified":"2024-05-13T18:33:51","modified_gmt":"2024-05-13T18:33:51","slug":"third-horizon-film-festival-2024","status":"publish","type":"app_event","link":"https:\/\/villa-albertine.org\/va\/events\/third-horizon-film-festival-2024\/","title":{"rendered":"Third Horizon Film Festival 2024"},"content":{"rendered":"\n<p><em> \u201cAs we continue to find ourselves in an era where a hegemonic establishment seeks to shore itself up to the misrepresentation and exploitation of minority communities in Florida and worldwide, never has it been more necessary to foreground independent film-making voices that are unafraid to do what cinema, at its resisting best, does so well: speak truth to power (cf. THFF).\u201d\u00a0<\/em><br><\/p>\n\n\n\n<p>The seventh annual Third Horizon Film Festival proposes a lineup of 53 films, including six French films and co-productions as well as the creation of the <a href=\"https:\/\/www.thirdhorizonfilmfestival.com\/cafa\/\">CAFA<\/a> (Caribbean Film Academy) designed to support the artistic development of diaspora-based creatives. <\/p>\n\n\n\n<p>French filmmakers <strong>Malaury Eloi Paisley<\/strong>, named 2024 CAFA Fellow, and <strong>Wally Fall,<\/strong> have been invited to the festival to participate in a panel discussion on their film.\u00a0The festival is supported by Villa Albertine, as part of its commitment to further valuing Caribbean contemporary creations.<\/p>\n\n\n\n<p><br><strong>Panels:<\/strong>\u00a0<br><strong>Cinema for Reconciliation \u2013 Personal Filmmaking, Family, Community, and Memory<\/strong> with panelist Wally Fall \u00a0<\/p>\n\n\n\n<p><strong>A Place Called Home \u2013 Displacement and Storytelling from the Margins<\/strong> with panelist Malaury Eloi Paisley\u00a0<\/p>\n\n\n\n<p><strong><br>Feature Films:<br><\/strong><a href=\"https:\/\/www.thirdhorizonfilmfestival.com\/films\/lhomme-vertige-tales-of-a-city\/\">L\u2019HOMME-VERTIGE: TALES OF A CITY\u00a0<\/a>\u00a0<br>Followed by a Q&amp;A with Malaury Eloi Paisley\u00a0 \u00a0<\/p>\n\n\n\n<p><a href=\"https:\/\/www.thirdhorizonfilmfestival.com\/films\/mantje-tonbe-se-viv-dancing-the-stumble\/\">Mantj\u00e9 Tonb\u00e9 S\u00e9 Viv (DANCING THE STUMBLE)<\/a>\u00a0<br>Followed by a Q&amp;A with Wally Fall \u00a0<\/p>\n\n\n\n<p><strong><br>Short Films:<\/strong>\u00a0<br><a href=\"https:\/\/www.thirdhorizonfilmfestival.com\/films\/nos-iles-our-islands\/\">NOS \u00ceLES (OUR ISLANDS)<\/a> by Aliha Thalien\u00a0<\/p>\n\n\n\n<p><a href=\"https:\/\/www.thirdhorizonfilmfestival.com\/films\/art-by-any-means-necessary\/\">ART: BY ANY MEANS NECESSARY<\/a> by Rachelle Salnave &nbsp;<br><br><a href=\"https:\/\/www.thirdhorizonfilmfestival.com\/films\/under-the-sky-of-fetishes\/\">UNDER THE SKY OF FETISHES<\/a>&nbsp;by Caroline D\u00e9odat&nbsp;<\/p>\n\n\n\n<p><a href=\"https:\/\/www.thirdhorizonfilmfestival.com\/films\/history-is-written-at-night\/\">HISTORY IS WRITTEN AT NIGHT<\/a> by Alejandro Alonso&nbsp;<\/p>\n","protected":false},"featured_media":615949,"menu_order":0,"template":"","app_discipline":[219],"app_city_tax":[216],"app_event_type":[237,239],"class_list":["post-615372","app_event","type-app_event","status-publish","has-post-thumbnail","hentry","app_discipline-cinema","app_city_tax-mia","app_event_type-festival","app_event_type-film"],"acf":[],"yoast_head":"<!-- This site is optimized with the Yoast SEO plugin v27.3 - https:\/\/yoast.com\/product\/yoast-seo-wordpress\/ -->\n<title>Third Horizon Film Festival 2024 - Villa Albertine<\/title>\n<meta name=\"robots\" content=\"index, follow, max-snippet:-1, max-image-preview:large, max-video-preview:-1\" \/>\n<link rel=\"canonical\" href=\"https:\/\/villa-albertine.org\/va\/events\/third-horizon-film-festival-2024\/\" \/>\n<meta property=\"og:locale\" content=\"en_US\" \/>\n<meta property=\"og:type\" content=\"article\" \/>\n<meta property=\"og:title\" content=\"Third Horizon Film Festival 2024 - Villa Albertine\" \/>\n<meta property=\"og:description\" content=\"\u201cAs we continue to find ourselves in an era where a hegemonic establishment seeks to shore itself up to the misrepresentation and exploitation of minority communities in Florida and worldwide, never has it been more necessary to foreground independent film-making voices that are unafraid to do what cinema, at its resisting best, does so well:...\" \/>\n<meta property=\"og:url\" content=\"https:\/\/villa-albertine.org\/va\/events\/third-horizon-film-festival-2024\/\" \/>\n<meta property=\"og:site_name\" content=\"Villa Albertine\" \/>\n<meta property=\"article:modified_time\" content=\"2024-05-13T18:33:51+00:00\" \/>\n<meta property=\"og:image\" content=\"https:\/\/villa-albertine.org\/wp-content\/uploads\/2024\/05\/Malaury-Eloi.jpg\" \/>\n\t<meta property=\"og:image:width\" content=\"1915\" \/>\n\t<meta property=\"og:image:height\" content=\"931\" \/>\n\t<meta property=\"og:image:type\" content=\"image\/jpeg\" \/>\n<meta name=\"twitter:card\" content=\"summary_large_image\" \/>\n<meta name=\"twitter:label1\" content=\"Est. reading time\" \/>\n\t<meta name=\"twitter:data1\" content=\"1 minute\" \/>\n<script type=\"application\/ld+json\" class=\"yoast-schema-graph\">{\"@context\":\"https:\\\/\\\/schema.org\",\"@graph\":[{\"@type\":\"WebPage\",\"@id\":\"https:\\\/\\\/villa-albertine.org\\\/va\\\/events\\\/third-horizon-film-festival-2024\\\/\",\"url\":\"https:\\\/\\\/villa-albertine.org\\\/va\\\/events\\\/third-horizon-film-festival-2024\\\/\",\"name\":\"Third Horizon Film Festival 2024 - Villa Albertine\",\"isPartOf\":{\"@id\":\"https:\\\/\\\/villa-albertine.org\\\/va\\\/#website\"},\"primaryImageOfPage\":{\"@id\":\"https:\\\/\\\/villa-albertine.org\\\/va\\\/events\\\/third-horizon-film-festival-2024\\\/#primaryimage\"},\"image\":{\"@id\":\"https:\\\/\\\/villa-albertine.org\\\/va\\\/events\\\/third-horizon-film-festival-2024\\\/#primaryimage\"},\"thumbnailUrl\":\"https:\\\/\\\/villa-albertine.org\\\/wp-content\\\/uploads\\\/2024\\\/05\\\/Malaury-Eloi.jpg\",\"datePublished\":\"2024-05-01T18:52:22+00:00\",\"dateModified\":\"2024-05-13T18:33:51+00:00\",\"breadcrumb\":{\"@id\":\"https:\\\/\\\/villa-albertine.org\\\/va\\\/events\\\/third-horizon-film-festival-2024\\\/#breadcrumb\"},\"inLanguage\":\"en-US\",\"potentialAction\":[{\"@type\":\"ReadAction\",\"target\":[\"https:\\\/\\\/villa-albertine.org\\\/va\\\/events\\\/third-horizon-film-festival-2024\\\/\"]}]},{\"@type\":\"ImageObject\",\"inLanguage\":\"en-US\",\"@id\":\"https:\\\/\\\/villa-albertine.org\\\/va\\\/events\\\/third-horizon-film-festival-2024\\\/#primaryimage\",\"url\":\"https:\\\/\\\/villa-albertine.org\\\/wp-content\\\/uploads\\\/2024\\\/05\\\/Malaury-Eloi.jpg\",\"contentUrl\":\"https:\\\/\\\/villa-albertine.org\\\/wp-content\\\/uploads\\\/2024\\\/05\\\/Malaury-Eloi.jpg\",\"width\":1915,\"height\":931},{\"@type\":\"BreadcrumbList\",\"@id\":\"https:\\\/\\\/villa-albertine.org\\\/va\\\/events\\\/third-horizon-film-festival-2024\\\/#breadcrumb\",\"itemListElement\":[{\"@type\":\"ListItem\",\"position\":1,\"name\":\"Home\",\"item\":\"https:\\\/\\\/villa-albertine.org\\\/va\\\/\"},{\"@type\":\"ListItem\",\"position\":2,\"name\":\"Third Horizon Film Festival 2024\"}]},{\"@type\":\"WebSite\",\"@id\":\"https:\\\/\\\/villa-albertine.org\\\/va\\\/#website\",\"url\":\"https:\\\/\\\/villa-albertine.org\\\/va\\\/\",\"name\":\"Villa Albertine\",\"description\":\"\",\"potentialAction\":[{\"@type\":\"SearchAction\",\"target\":{\"@type\":\"EntryPoint\",\"urlTemplate\":\"https:\\\/\\\/villa-albertine.org\\\/va\\\/?s={search_term_string}\"},\"query-input\":{\"@type\":\"PropertyValueSpecification\",\"valueRequired\":true,\"valueName\":\"search_term_string\"}}],\"inLanguage\":\"en-US\"}]}<\/script>\n<!-- \/ Yoast SEO plugin. -->","yoast_head_json":{"title":"Third Horizon Film Festival 2024 - Villa Albertine","robots":{"index":"index","follow":"follow","max-snippet":"max-snippet:-1","max-image-preview":"max-image-preview:large","max-video-preview":"max-video-preview:-1"},"canonical":"https:\/\/villa-albertine.org\/va\/events\/third-horizon-film-festival-2024\/","og_locale":"en_US","og_type":"article","og_title":"Third Horizon Film Festival 2024 - Villa Albertine","og_description":"\u201cAs we continue to find ourselves in an era where a hegemonic establishment seeks to shore itself up to the misrepresentation and exploitation of minority communities in Florida and worldwide, never has it been more necessary to foreground independent film-making voices that are unafraid to do what cinema, at its resisting best, does so well:...","og_url":"https:\/\/villa-albertine.org\/va\/events\/third-horizon-film-festival-2024\/","og_site_name":"Villa Albertine","article_modified_time":"2024-05-13T18:33:51+00:00","og_image":[{"width":1915,"height":931,"url":"https:\/\/villa-albertine.org\/wp-content\/uploads\/2024\/05\/Malaury-Eloi.jpg","type":"image\/jpeg"}],"twitter_card":"summary_large_image","twitter_misc":{"Est. reading time":"1 minute"},"schema":{"@context":"https:\/\/schema.org","@graph":[{"@type":"WebPage","@id":"https:\/\/villa-albertine.org\/va\/events\/third-horizon-film-festival-2024\/","url":"https:\/\/villa-albertine.org\/va\/events\/third-horizon-film-festival-2024\/","name":"Third Horizon Film Festival 2024 - Villa Albertine","isPartOf":{"@id":"https:\/\/villa-albertine.org\/va\/#website"},"primaryImageOfPage":{"@id":"https:\/\/villa-albertine.org\/va\/events\/third-horizon-film-festival-2024\/#primaryimage"},"image":{"@id":"https:\/\/villa-albertine.org\/va\/events\/third-horizon-film-festival-2024\/#primaryimage"},"thumbnailUrl":"https:\/\/villa-albertine.org\/wp-content\/uploads\/2024\/05\/Malaury-Eloi.jpg","datePublished":"2024-05-01T18:52:22+00:00","dateModified":"2024-05-13T18:33:51+00:00","breadcrumb":{"@id":"https:\/\/villa-albertine.org\/va\/events\/third-horizon-film-festival-2024\/#breadcrumb"},"inLanguage":"en-US","potentialAction":[{"@type":"ReadAction","target":["https:\/\/villa-albertine.org\/va\/events\/third-horizon-film-festival-2024\/"]}]},{"@type":"ImageObject","inLanguage":"en-US","@id":"https:\/\/villa-albertine.org\/va\/events\/third-horizon-film-festival-2024\/#primaryimage","url":"https:\/\/villa-albertine.org\/wp-content\/uploads\/2024\/05\/Malaury-Eloi.jpg","contentUrl":"https:\/\/villa-albertine.org\/wp-content\/uploads\/2024\/05\/Malaury-Eloi.jpg","width":1915,"height":931},{"@type":"BreadcrumbList","@id":"https:\/\/villa-albertine.org\/va\/events\/third-horizon-film-festival-2024\/#breadcrumb","itemListElement":[{"@type":"ListItem","position":1,"name":"Home","item":"https:\/\/villa-albertine.org\/va\/"},{"@type":"ListItem","position":2,"name":"Third Horizon Film Festival 2024"}]},{"@type":"WebSite","@id":"https:\/\/villa-albertine.org\/va\/#website","url":"https:\/\/villa-albertine.org\/va\/","name":"Villa Albertine","description":"","potentialAction":[{"@type":"SearchAction","target":{"@type":"EntryPoint","urlTemplate":"https:\/\/villa-albertine.org\/va\/?s={search_term_string}"},"query-input":{"@type":"PropertyValueSpecification","valueRequired":true,"valueName":"search_term_string"}}],"inLanguage":"en-US"}]}},"_links":{"self":[{"href":"https:\/\/villa-albertine.org\/va\/wp-json\/wp\/v2\/app_event\/615372","targetHints":{"allow":["GET"]}}],"collection":[{"href":"https:\/\/villa-albertine.org\/va\/wp-json\/wp\/v2\/app_event"}],"about":[{"href":"https:\/\/villa-albertine.org\/va\/wp-json\/wp\/v2\/types\/app_event"}],"wp:featuredmedia":[{"embeddable":true,"href":"https:\/\/villa-albertine.org\/va\/wp-json\/wp\/v2\/media\/615949"}],"wp:attachment":[{"href":"https:\/\/villa-albertine.org\/va\/wp-json\/wp\/v2\/media?parent=615372"}],"wp:term":[{"taxonomy":"app_discipline","embeddable":true,"href":"https:\/\/villa-albertine.org\/va\/wp-json\/wp\/v2\/app_discipline?post=615372"},{"taxonomy":"app_city_tax","embeddable":true,"href":"https:\/\/villa-albertine.org\/va\/wp-json\/wp\/v2\/app_city_tax?post=615372"},{"taxonomy":"app_event_type","embeddable":true,"href":"https:\/\/villa-albertine.org\/va\/wp-json\/wp\/v2\/app_event_type?post=615372"}],"curies":[{"name":"wp","href":"https:\/\/api.w.org\/{rel}","templated":true}]}}

<p><em> “As we continue to find ourselves in an era where a hegemonic establishment seeks to shore itself up to the misrepresentation and exploitation of minority communities in Florida and worldwide, never has it been more necessary to foreground independent film-making voices that are unafraid to do what cinema, at its resisting best, does so well: speak truth to power (cf. THFF).” </em><br></p>



<p>The seventh annual Third Horizon Film Festival proposes a lineup of 53 films, including six French films and co-productions as well as the creation of the <a href="https://www.thirdhorizonfilmfestival.com/cafa/">CAFA</a> (Caribbean Film Academy) designed to support the artistic development of diaspora-based creatives. </p>



<p>French filmmakers <strong>Malaury Eloi Paisley</strong>, named 2024 CAFA Fellow, and <strong>Wally Fall,</strong> have been invited to the festival to participate in a panel discussion on their film. The festival is supported by Villa Albertine, as part of its commitment to further valuing Caribbean contemporary creations.</p>



<p><br><strong>Panels:</strong> <br><strong>Cinema for Reconciliation – Personal Filmmaking, Family, Community, and Memory</strong> with panelist Wally Fall  </p>



<p><strong>A Place Called Home – Displacement and Storytelling from the Margins</strong> with panelist Malaury Eloi Paisley </p>



<p><strong><br>Feature Films:<br></strong><a href="https://www.thirdhorizonfilmfestival.com/films/lhomme-vertige-tales-of-a-city/">L’HOMME-VERTIGE: TALES OF A CITY </a> <br>Followed by a Q&amp;A with Malaury Eloi Paisley   </p>



<p><a href="https://www.thirdhorizonfilmfestival.com/films/mantje-tonbe-se-viv-dancing-the-stumble/">Mantjé Tonbé Sé Viv (DANCING THE STUMBLE)</a> <br>Followed by a Q&amp;A with Wally Fall  </p>



<p><strong><br>Short Films:</strong> <br><a href="https://www.thirdhorizonfilmfestival.com/films/nos-iles-our-islands/">NOS ÎLES (OUR ISLANDS)</a> by Aliha Thalien </p>



<p><a href="https://www.thirdhorizonfilmfestival.com/films/art-by-any-means-necessary/">ART: BY ANY MEANS NECESSARY</a> by Rachelle Salnave &nbsp;<br><br><a href="https://www.thirdhorizonfilmfestival.com/films/under-the-sky-of-fetishes/">UNDER THE SKY OF FETISHES</a>&nbsp;by Caroline Déodat&nbsp;</p>



<p><a href="https://www.thirdhorizonfilmfestival.com/films/history-is-written-at-night/">HISTORY IS WRITTEN AT NIGHT</a> by Alejandro Alonso&nbsp;</p>
