{"id":612980,"date":"2024-04-30T01:07:39","date_gmt":"2024-04-30T01:07:39","guid":{"rendered":"https:\/\/villa-albertine.org\/?post_type=app_event&#038;p=612980"},"modified":"2024-06-12T12:51:08","modified_gmt":"2024-06-12T12:51:08","slug":"french-animation-at-elac-international-animation-day-festival","status":"publish","type":"app_event","link":"https:\/\/villa-albertine.org\/va\/events\/french-animation-at-elac-international-animation-day-festival\/","title":{"rendered":"French Animation at ELAC International Animation Day Festival"},"content":{"rendered":"\n<p>Opening remarks and a reception will precede the screening of French animated shorts:<\/p>\n\n\n\n<p><em><strong>Empty Places<\/strong><\/em> by director Geoffroy de Cr\u00e9cy<br><em><strong>Mild Madness<\/strong><\/em> Lasting Lunacy by Marine Laclotte<br><strong><em>Genius Loci<\/em> <\/strong>by Adrien Merigeau<br><em><strong>Logorama<\/strong><\/em> by Fran\u00e7ois Alaux, Herv\u00e9 de Cr\u00e9cy, and Ludovic Houplain<br><em><strong>The Monk and the Fish<\/strong><\/em> by Micha\u00ebl Dudok de Wit<br><em><strong>The Night of the Plastic Bags<\/strong><\/em> by Gabriel Harel<br><em><strong>The Little Dragon<\/strong><\/em> by Bruno Collet<\/p>\n\n\n\n<p>A\u00a0post-screening panel discussion and Q&amp;A will be followed by a spotlight on French-American animation artist Patrick Mate, who will discuss his work on animated films, such as <em>Prince of Egypt<\/em>.<\/p>\n\n\n\n<p>The day&#8217;s festivities will conclude with a Tribute to a Legend \u2013 Marjane Satrapi, recipient of this year&#8217;s Bridging the Borders Award for an international artist.<\/p>\n\n\n\n<p><em>The goal of the ELAC International Animation Festival is to give an in-depth and entertaining introduction to contemporary international animation. Screenings of short, animated films from around the world, analyses, and Q&amp;As with a panel of well-known animation experts, and a tribute to an international animation artist working in the U.S. animation industry are all part of the festival program.<\/em><\/p>\n\n\n\n<p><a href=\"https:\/\/cinemawithoutborders.com\/may-18-elac-international-animation-day-french-animation\/\">Full program<\/a><\/p>\n\n\n\n<p><strong>Admission is free with <\/strong><a href=\"https:\/\/cinemawithoutborders.com\/may-18-elac-international-animation-day-french-animation\/\"><strong>RSVP<\/strong><\/a>.<\/p>\n","protected":false},"featured_media":613487,"menu_order":0,"template":"","app_discipline":[219],"app_city_tax":[220],"app_event_type":[239,241],"class_list":["post-612980","app_event","type-app_event","status-publish","has-post-thumbnail","hentry","app_discipline-cinema","app_city_tax-la","app_event_type-film","app_event_type-talk"],"acf":[],"yoast_head":"<!-- This site is optimized with the Yoast SEO plugin v27.3 - https:\/\/yoast.com\/product\/yoast-seo-wordpress\/ -->\n<title>French Animation at ELAC International Animation Day Festival - Villa Albertine<\/title>\n<meta name=\"robots\" content=\"index, follow, max-snippet:-1, max-image-preview:large, max-video-preview:-1\" \/>\n<link rel=\"canonical\" href=\"https:\/\/villa-albertine.org\/va\/events\/french-animation-at-elac-international-animation-day-festival\/\" \/>\n<meta property=\"og:locale\" content=\"en_US\" \/>\n<meta property=\"og:type\" content=\"article\" \/>\n<meta property=\"og:title\" content=\"French Animation at ELAC International Animation Day Festival - Villa Albertine\" \/>\n<meta property=\"og:description\" content=\"Opening remarks and a reception will precede the screening of French animated shorts: Empty Places by director Geoffroy de Cr\u00e9cyMild Madness Lasting Lunacy by Marine LaclotteGenius Loci by Adrien MerigeauLogorama by Fran\u00e7ois Alaux, Herv\u00e9 de Cr\u00e9cy, and Ludovic HouplainThe Monk and the Fish by Micha\u00ebl Dudok de WitThe Night of the Plastic Bags by Gabriel...\" \/>\n<meta property=\"og:url\" content=\"https:\/\/villa-albertine.org\/va\/events\/french-animation-at-elac-international-animation-day-festival\/\" \/>\n<meta property=\"og:site_name\" content=\"Villa Albertine\" \/>\n<meta property=\"article:modified_time\" content=\"2024-06-12T12:51:08+00:00\" \/>\n<meta property=\"og:image\" content=\"https:\/\/villa-albertine.org\/wp-content\/uploads\/2024\/04\/Genius-Loci-by-Adrien-Merigeau.jpg\" \/>\n\t<meta property=\"og:image:width\" content=\"1024\" \/>\n\t<meta property=\"og:image:height\" content=\"576\" \/>\n\t<meta property=\"og:image:type\" content=\"image\/jpeg\" \/>\n<meta name=\"twitter:card\" content=\"summary_large_image\" \/>\n<meta name=\"twitter:label1\" content=\"Est. reading time\" \/>\n\t<meta name=\"twitter:data1\" content=\"1 minute\" \/>\n<script type=\"application\/ld+json\" class=\"yoast-schema-graph\">{\"@context\":\"https:\\\/\\\/schema.org\",\"@graph\":[{\"@type\":\"WebPage\",\"@id\":\"https:\\\/\\\/villa-albertine.org\\\/va\\\/events\\\/french-animation-at-elac-international-animation-day-festival\\\/\",\"url\":\"https:\\\/\\\/villa-albertine.org\\\/va\\\/events\\\/french-animation-at-elac-international-animation-day-festival\\\/\",\"name\":\"French Animation at ELAC International Animation Day Festival - Villa Albertine\",\"isPartOf\":{\"@id\":\"https:\\\/\\\/villa-albertine.org\\\/va\\\/#website\"},\"primaryImageOfPage\":{\"@id\":\"https:\\\/\\\/villa-albertine.org\\\/va\\\/events\\\/french-animation-at-elac-international-animation-day-festival\\\/#primaryimage\"},\"image\":{\"@id\":\"https:\\\/\\\/villa-albertine.org\\\/va\\\/events\\\/french-animation-at-elac-international-animation-day-festival\\\/#primaryimage\"},\"thumbnailUrl\":\"https:\\\/\\\/villa-albertine.org\\\/wp-content\\\/uploads\\\/2024\\\/04\\\/Genius-Loci-by-Adrien-Merigeau.jpg\",\"datePublished\":\"2024-04-30T01:07:39+00:00\",\"dateModified\":\"2024-06-12T12:51:08+00:00\",\"breadcrumb\":{\"@id\":\"https:\\\/\\\/villa-albertine.org\\\/va\\\/events\\\/french-animation-at-elac-international-animation-day-festival\\\/#breadcrumb\"},\"inLanguage\":\"en-US\",\"potentialAction\":[{\"@type\":\"ReadAction\",\"target\":[\"https:\\\/\\\/villa-albertine.org\\\/va\\\/events\\\/french-animation-at-elac-international-animation-day-festival\\\/\"]}]},{\"@type\":\"ImageObject\",\"inLanguage\":\"en-US\",\"@id\":\"https:\\\/\\\/villa-albertine.org\\\/va\\\/events\\\/french-animation-at-elac-international-animation-day-festival\\\/#primaryimage\",\"url\":\"https:\\\/\\\/villa-albertine.org\\\/wp-content\\\/uploads\\\/2024\\\/04\\\/Genius-Loci-by-Adrien-Merigeau.jpg\",\"contentUrl\":\"https:\\\/\\\/villa-albertine.org\\\/wp-content\\\/uploads\\\/2024\\\/04\\\/Genius-Loci-by-Adrien-Merigeau.jpg\",\"width\":1024,\"height\":576,\"caption\":\"Genius Loci by Adrien Merigeau\"},{\"@type\":\"BreadcrumbList\",\"@id\":\"https:\\\/\\\/villa-albertine.org\\\/va\\\/events\\\/french-animation-at-elac-international-animation-day-festival\\\/#breadcrumb\",\"itemListElement\":[{\"@type\":\"ListItem\",\"position\":1,\"name\":\"Home\",\"item\":\"https:\\\/\\\/villa-albertine.org\\\/va\\\/\"},{\"@type\":\"ListItem\",\"position\":2,\"name\":\"French Animation at ELAC International Animation Day Festival\"}]},{\"@type\":\"WebSite\",\"@id\":\"https:\\\/\\\/villa-albertine.org\\\/va\\\/#website\",\"url\":\"https:\\\/\\\/villa-albertine.org\\\/va\\\/\",\"name\":\"Villa Albertine\",\"description\":\"\",\"potentialAction\":[{\"@type\":\"SearchAction\",\"target\":{\"@type\":\"EntryPoint\",\"urlTemplate\":\"https:\\\/\\\/villa-albertine.org\\\/va\\\/?s={search_term_string}\"},\"query-input\":{\"@type\":\"PropertyValueSpecification\",\"valueRequired\":true,\"valueName\":\"search_term_string\"}}],\"inLanguage\":\"en-US\"}]}<\/script>\n<!-- \/ Yoast SEO plugin. -->","yoast_head_json":{"title":"French Animation at ELAC International Animation Day Festival - Villa Albertine","robots":{"index":"index","follow":"follow","max-snippet":"max-snippet:-1","max-image-preview":"max-image-preview:large","max-video-preview":"max-video-preview:-1"},"canonical":"https:\/\/villa-albertine.org\/va\/events\/french-animation-at-elac-international-animation-day-festival\/","og_locale":"en_US","og_type":"article","og_title":"French Animation at ELAC International Animation Day Festival - Villa Albertine","og_description":"Opening remarks and a reception will precede the screening of French animated shorts: Empty Places by director Geoffroy de Cr\u00e9cyMild Madness Lasting Lunacy by Marine LaclotteGenius Loci by Adrien MerigeauLogorama by Fran\u00e7ois Alaux, Herv\u00e9 de Cr\u00e9cy, and Ludovic HouplainThe Monk and the Fish by Micha\u00ebl Dudok de WitThe Night of the Plastic Bags by Gabriel...","og_url":"https:\/\/villa-albertine.org\/va\/events\/french-animation-at-elac-international-animation-day-festival\/","og_site_name":"Villa Albertine","article_modified_time":"2024-06-12T12:51:08+00:00","og_image":[{"width":1024,"height":576,"url":"https:\/\/villa-albertine.org\/wp-content\/uploads\/2024\/04\/Genius-Loci-by-Adrien-Merigeau.jpg","type":"image\/jpeg"}],"twitter_card":"summary_large_image","twitter_misc":{"Est. reading time":"1 minute"},"schema":{"@context":"https:\/\/schema.org","@graph":[{"@type":"WebPage","@id":"https:\/\/villa-albertine.org\/va\/events\/french-animation-at-elac-international-animation-day-festival\/","url":"https:\/\/villa-albertine.org\/va\/events\/french-animation-at-elac-international-animation-day-festival\/","name":"French Animation at ELAC International Animation Day Festival - Villa Albertine","isPartOf":{"@id":"https:\/\/villa-albertine.org\/va\/#website"},"primaryImageOfPage":{"@id":"https:\/\/villa-albertine.org\/va\/events\/french-animation-at-elac-international-animation-day-festival\/#primaryimage"},"image":{"@id":"https:\/\/villa-albertine.org\/va\/events\/french-animation-at-elac-international-animation-day-festival\/#primaryimage"},"thumbnailUrl":"https:\/\/villa-albertine.org\/wp-content\/uploads\/2024\/04\/Genius-Loci-by-Adrien-Merigeau.jpg","datePublished":"2024-04-30T01:07:39+00:00","dateModified":"2024-06-12T12:51:08+00:00","breadcrumb":{"@id":"https:\/\/villa-albertine.org\/va\/events\/french-animation-at-elac-international-animation-day-festival\/#breadcrumb"},"inLanguage":"en-US","potentialAction":[{"@type":"ReadAction","target":["https:\/\/villa-albertine.org\/va\/events\/french-animation-at-elac-international-animation-day-festival\/"]}]},{"@type":"ImageObject","inLanguage":"en-US","@id":"https:\/\/villa-albertine.org\/va\/events\/french-animation-at-elac-international-animation-day-festival\/#primaryimage","url":"https:\/\/villa-albertine.org\/wp-content\/uploads\/2024\/04\/Genius-Loci-by-Adrien-Merigeau.jpg","contentUrl":"https:\/\/villa-albertine.org\/wp-content\/uploads\/2024\/04\/Genius-Loci-by-Adrien-Merigeau.jpg","width":1024,"height":576,"caption":"Genius Loci by Adrien Merigeau"},{"@type":"BreadcrumbList","@id":"https:\/\/villa-albertine.org\/va\/events\/french-animation-at-elac-international-animation-day-festival\/#breadcrumb","itemListElement":[{"@type":"ListItem","position":1,"name":"Home","item":"https:\/\/villa-albertine.org\/va\/"},{"@type":"ListItem","position":2,"name":"French Animation at ELAC International Animation Day Festival"}]},{"@type":"WebSite","@id":"https:\/\/villa-albertine.org\/va\/#website","url":"https:\/\/villa-albertine.org\/va\/","name":"Villa Albertine","description":"","potentialAction":[{"@type":"SearchAction","target":{"@type":"EntryPoint","urlTemplate":"https:\/\/villa-albertine.org\/va\/?s={search_term_string}"},"query-input":{"@type":"PropertyValueSpecification","valueRequired":true,"valueName":"search_term_string"}}],"inLanguage":"en-US"}]}},"_links":{"self":[{"href":"https:\/\/villa-albertine.org\/va\/wp-json\/wp\/v2\/app_event\/612980","targetHints":{"allow":["GET"]}}],"collection":[{"href":"https:\/\/villa-albertine.org\/va\/wp-json\/wp\/v2\/app_event"}],"about":[{"href":"https:\/\/villa-albertine.org\/va\/wp-json\/wp\/v2\/types\/app_event"}],"wp:featuredmedia":[{"embeddable":true,"href":"https:\/\/villa-albertine.org\/va\/wp-json\/wp\/v2\/media\/613487"}],"wp:attachment":[{"href":"https:\/\/villa-albertine.org\/va\/wp-json\/wp\/v2\/media?parent=612980"}],"wp:term":[{"taxonomy":"app_discipline","embeddable":true,"href":"https:\/\/villa-albertine.org\/va\/wp-json\/wp\/v2\/app_discipline?post=612980"},{"taxonomy":"app_city_tax","embeddable":true,"href":"https:\/\/villa-albertine.org\/va\/wp-json\/wp\/v2\/app_city_tax?post=612980"},{"taxonomy":"app_event_type","embeddable":true,"href":"https:\/\/villa-albertine.org\/va\/wp-json\/wp\/v2\/app_event_type?post=612980"}],"curies":[{"name":"wp","href":"https:\/\/api.w.org\/{rel}","templated":true}]}}

<p>Opening remarks and a reception will precede the screening of French animated shorts:</p>



<p><em><strong>Empty Places</strong></em> by director Geoffroy de Crécy<br><em><strong>Mild Madness</strong></em> Lasting Lunacy by Marine Laclotte<br><strong><em>Genius Loci</em> </strong>by Adrien Merigeau<br><em><strong>Logorama</strong></em> by François Alaux, Hervé de Crécy, and Ludovic Houplain<br><em><strong>The Monk and the Fish</strong></em> by Michaël Dudok de Wit<br><em><strong>The Night of the Plastic Bags</strong></em> by Gabriel Harel<br><em><strong>The Little Dragon</strong></em> by Bruno Collet</p>



<p>A post-screening panel discussion and Q&amp;A will be followed by a spotlight on French-American animation artist Patrick Mate, who will discuss his work on animated films, such as <em>Prince of Egypt</em>.</p>



<p>The day&#8217;s festivities will conclude with a Tribute to a Legend – Marjane Satrapi, recipient of this year&#8217;s Bridging the Borders Award for an international artist.</p>



<p><em>The goal of the ELAC International Animation Festival is to give an in-depth and entertaining introduction to contemporary international animation. Screenings of short, animated films from around the world, analyses, and Q&amp;As with a panel of well-known animation experts, and a tribute to an international animation artist working in the U.S. animation industry are all part of the festival program.</em></p>



<p><a href="https://cinemawithoutborders.com/may-18-elac-international-animation-day-french-animation/">Full program</a></p>



<p><strong>Admission is free with </strong><a href="https://cinemawithoutborders.com/may-18-elac-international-animation-day-french-animation/"><strong>RSVP</strong></a>.</p>

<!-- This site is optimized with the Yoast SEO plugin v27.3 - https://yoast.com/product/yoast-seo-wordpress/ -->
<title>French Animation at ELAC International Animation Day Festival - Villa Albertine</title>
<meta name="robots" content="index, follow, max-snippet:-1, max-image-preview:large, max-video-preview:-1" />
<link rel="canonical" href="https://villa-albertine.org/va/events/french-animation-at-elac-international-animation-day-festival/" />
<meta property="og:locale" content="en_US" />
<meta property="og:type" content="article" />
<meta property="og:title" content="French Animation at ELAC International Animation Day Festival - Villa Albertine" />
<meta property="og:description" content="Opening remarks and a reception will precede the screening of French animated shorts: Empty Places by director Geoffroy de CrécyMild Madness Lasting Lunacy by Marine LaclotteGenius Loci by Adrien MerigeauLogorama by François Alaux, Hervé de Crécy, and Ludovic HouplainThe Monk and the Fish by Michaël Dudok de WitThe Night of the Plastic Bags by Gabriel..." />
<meta property="og:url" content="https://villa-albertine.org/va/events/french-animation-at-elac-international-animation-day-festival/" />
<meta property="og:site_name" content="Villa Albertine" />
<meta property="article:modified_time" content="2024-06-12T12:51:08+00:00" />
<meta property="og:image" content="https://villa-albertine.org/wp-content/uploads/2024/04/Genius-Loci-by-Adrien-Merigeau.jpg" />
	<meta property="og:image:width" content="1024" />
	<meta property="og:image:height" content="576" />
	<meta property="og:image:type" content="image/jpeg" />
<meta name="twitter:card" content="summary_large_image" />
<meta name="twitter:label1" content="Est. reading time" />
	<meta name="twitter:data1" content="1 minute" />
<script type="application/ld+json" class="yoast-schema-graph">{"@context":"https:\/\/schema.org","@graph":[{"@type":"WebPage","@id":"https:\/\/villa-albertine.org\/va\/events\/french-animation-at-elac-international-animation-day-festival\/","url":"https:\/\/villa-albertine.org\/va\/events\/french-animation-at-elac-international-animation-day-festival\/","name":"French Animation at ELAC International Animation Day Festival - Villa Albertine","isPartOf":{"@id":"https:\/\/villa-albertine.org\/va\/#website"},"primaryImageOfPage":{"@id":"https:\/\/villa-albertine.org\/va\/events\/french-animation-at-elac-international-animation-day-festival\/#primaryimage"},"image":{"@id":"https:\/\/villa-albertine.org\/va\/events\/french-animation-at-elac-international-animation-day-festival\/#primaryimage"},"thumbnailUrl":"https:\/\/villa-albertine.org\/wp-content\/uploads\/2024\/04\/Genius-Loci-by-Adrien-Merigeau.jpg","datePublished":"2024-04-30T01:07:39+00:00","dateModified":"2024-06-12T12:51:08+00:00","breadcrumb":{"@id":"https:\/\/villa-albertine.org\/va\/events\/french-animation-at-elac-international-animation-day-festival\/#breadcrumb"},"inLanguage":"en-US","potentialAction":[{"@type":"ReadAction","target":["https:\/\/villa-albertine.org\/va\/events\/french-animation-at-elac-international-animation-day-festival\/"]}]},{"@type":"ImageObject","inLanguage":"en-US","@id":"https:\/\/villa-albertine.org\/va\/events\/french-animation-at-elac-international-animation-day-festival\/#primaryimage","url":"https:\/\/villa-albertine.org\/wp-content\/uploads\/2024\/04\/Genius-Loci-by-Adrien-Merigeau.jpg","contentUrl":"https:\/\/villa-albertine.org\/wp-content\/uploads\/2024\/04\/Genius-Loci-by-Adrien-Merigeau.jpg","width":1024,"height":576,"caption":"Genius Loci by Adrien Merigeau"},{"@type":"BreadcrumbList","@id":"https:\/\/villa-albertine.org\/va\/events\/french-animation-at-elac-international-animation-day-festival\/#breadcrumb","itemListElement":[{"@type":"ListItem","position":1,"name":"Home","item":"https:\/\/villa-albertine.org\/va\/"},{"@type":"ListItem","position":2,"name":"French Animation at ELAC International Animation Day Festival"}]},{"@type":"WebSite","@id":"https:\/\/villa-albertine.org\/va\/#website","url":"https:\/\/villa-albertine.org\/va\/","name":"Villa Albertine","description":"","potentialAction":[{"@type":"SearchAction","target":{"@type":"EntryPoint","urlTemplate":"https:\/\/villa-albertine.org\/va\/?s={search_term_string}"},"query-input":{"@type":"PropertyValueSpecification","valueRequired":true,"valueName":"search_term_string"}}],"inLanguage":"en-US"}]}</script>
<!-- / Yoast SEO plugin. -->

Opening remarks and a reception will precede the screening of French animated shorts: Empty Places by director Geoffroy de CrécyMild Madness Lasting Lunacy by Marine LaclotteGenius Loci by Adrien MerigeauLogorama by François Alaux, Hervé de Crécy, and Ludovic HouplainThe Monk and the Fish by Michaël Dudok de WitThe Night of the Plastic Bags by Gabriel...
