{"id":60681,"date":"2023-08-10T14:03:46","date_gmt":"2023-08-10T14:03:46","guid":{"rendered":"https:\/\/villa-albertine.org\/events\/isabelle-olivier-women-pioneers-of-cinema\/"},"modified":"2023-08-23T07:47:27","modified_gmt":"2023-08-23T07:47:27","slug":"isabelle-olivier-women-pioneers-of-cinema","status":"publish","type":"app_event","link":"https:\/\/villa-albertine.org\/va\/events\/isabelle-olivier-women-pioneers-of-cinema\/","title":{"rendered":"Cine Concert &#8220;The Women Pioneers of Cinema&#8221;"},"content":{"rendered":"<p>In August 2019, after reading an article about Alice Guy-Blach\u00e9 entitled \u201c<em>Et si M\u00e9li\u00e8s \u00e9tait une femme?<\/em>\u201d (\u201cWhat if M\u00e9li\u00e8s had been a woman?\u201d) in Le Monde, Isabelle Olivier began researching women pioneers of cinema and eventually wrote the live soundtrack to a silent film screening in 2021. As a tribute to these unfairly forgotten pioneers of cinema, she composed an eclectic program, accessible to all, revolving around an elaborated acoustic and electronic sound research.<\/p>\n\n<p>During the first few decades of cinema, the most innovative and renowned US filmmakers were women. Guy-Blach\u00e9 laid the foundations of cinematic language, while others, such as Mabel Normand (who taught Charlie Chaplin all about filmmaking), action star Grace Cunard, and LGBTQIA+ icon Alla Nazimova, took daring steps to develop the field further. Never shying away from controversy, creative, free, intrepid women filmmakers such as Lois Weber and Dorothy Davenport Reid tackled the explosive, controversial issues of their era, such as birth control, abortion, and prostitution.<\/p>\n\n<p><strong>They were true artists, incredible visionaries, and militant activists. So how is it that such an important body of work has been overlooked?<\/strong><\/p>\n<figure class=\"wp-block-image size-full\">\n\t<img loading=\"lazy\" decoding=\"async\" width=\"380\" height=\"205\" src=\"https:\/\/villa-albertine.org\/wp-content\/uploads\/2023\/08\/Capture20d27C3A9cran202023-08-0820103645.png\" class=\"attachment-full size-full\" alt=\"\" srcset=\"https:\/\/villa-albertine.org\/wp-content\/uploads\/2023\/08\/Capture20d27C3A9cran202023-08-0820103645.png 380w, https:\/\/villa-albertine.org\/wp-content\/uploads\/2023\/08\/Capture20d27C3A9cran202023-08-0820103645-300x162.png 300w\" sizes=\"auto, (max-width: 380px) 100vw, 380px\" \/>\n\t<\/figure>\n<h3>A\ufeffbout the artist:<\/h3>\n\n<p>Isabelle Olivier is a jazzwoman and harpist with a strong musical personality. She brings a wave of freshness and novelty to the international artistic world with her surprising and unique instrument and her distinctive style. Resident of the Villa Albertine program, she is a composer dealing with several genres: jazz, Celtic, urban, electro and contemporary music. She had the opportunity to share her musical expertise in the cinema (Agn\u00e8s Varda, Abdellatif Kechiche) and performing arts fields. She is currently an associate artist in residency at the Theatre of Longjumeau for the next three years. From 2019 to 2022, she was an associate artist in residency at La Ferme de Bel \u00c9bat \u2013 theatre of Guyancourt. Isabelle Olivier played in 25 countries presenting her musical creations. Her latest project is \u00abSMILE\u00bb and it is a live performance mixing acoustic and electro music with circus performances.<\/p>","protected":false},"featured_media":60679,"menu_order":0,"template":"","app_discipline":[219,230],"app_city_tax":[226],"app_event_type":[238],"class_list":["post-60681","app_event","type-app_event","status-publish","has-post-thumbnail","hentry","app_discipline-cinema","app_discipline-music","app_city_tax-dc","app_event_type-concert"],"acf":[],"yoast_head":"<!-- This site is optimized with the Yoast SEO plugin v27.3 - https:\/\/yoast.com\/product\/yoast-seo-wordpress\/ -->\n<title>Cine Concert &quot;The Women Pioneers of Cinema&quot; - Villa Albertine<\/title>\n<meta name=\"robots\" content=\"index, follow, max-snippet:-1, max-image-preview:large, max-video-preview:-1\" \/>\n<link rel=\"canonical\" href=\"https:\/\/villa-albertine.org\/va\/events\/isabelle-olivier-women-pioneers-of-cinema\/\" \/>\n<meta property=\"og:locale\" content=\"en_US\" \/>\n<meta property=\"og:type\" content=\"article\" \/>\n<meta property=\"og:title\" content=\"Cine Concert &quot;The Women Pioneers of Cinema&quot; - Villa Albertine\" \/>\n<meta property=\"og:description\" content=\"In August 2019, after reading an article about Alice Guy-Blach\u00e9 entitled \u201cEt si M\u00e9li\u00e8s \u00e9tait une femme?\u201d (\u201cWhat if M\u00e9li\u00e8s had been a woman?\u201d) in Le Monde, Isabelle Olivier began researching women pioneers of cinema and eventually wrote the live soundtrack to a silent film screening in 2021. As a tribute to these unfairly forgotten...\" \/>\n<meta property=\"og:url\" content=\"https:\/\/villa-albertine.org\/va\/events\/isabelle-olivier-women-pioneers-of-cinema\/\" \/>\n<meta property=\"og:site_name\" content=\"Villa Albertine\" \/>\n<meta property=\"article:modified_time\" content=\"2023-08-23T07:47:27+00:00\" \/>\n<meta property=\"og:image\" content=\"https:\/\/villa-albertine.org\/wp-content\/uploads\/2023\/08\/isabelle_olivier_4.jpg\" \/>\n\t<meta property=\"og:image:width\" content=\"1392\" \/>\n\t<meta property=\"og:image:height\" content=\"783\" \/>\n\t<meta property=\"og:image:type\" content=\"image\/jpeg\" \/>\n<meta name=\"twitter:card\" content=\"summary_large_image\" \/>\n<meta name=\"twitter:label1\" content=\"Est. reading time\" \/>\n\t<meta name=\"twitter:data1\" content=\"2 minutes\" \/>\n<script type=\"application\/ld+json\" class=\"yoast-schema-graph\">{\"@context\":\"https:\\\/\\\/schema.org\",\"@graph\":[{\"@type\":\"WebPage\",\"@id\":\"https:\\\/\\\/villa-albertine.org\\\/va\\\/events\\\/isabelle-olivier-women-pioneers-of-cinema\\\/\",\"url\":\"https:\\\/\\\/villa-albertine.org\\\/va\\\/events\\\/isabelle-olivier-women-pioneers-of-cinema\\\/\",\"name\":\"Cine Concert \\\"The Women Pioneers of Cinema\\\" - Villa Albertine\",\"isPartOf\":{\"@id\":\"https:\\\/\\\/villa-albertine.org\\\/va\\\/#website\"},\"primaryImageOfPage\":{\"@id\":\"https:\\\/\\\/villa-albertine.org\\\/va\\\/events\\\/isabelle-olivier-women-pioneers-of-cinema\\\/#primaryimage\"},\"image\":{\"@id\":\"https:\\\/\\\/villa-albertine.org\\\/va\\\/events\\\/isabelle-olivier-women-pioneers-of-cinema\\\/#primaryimage\"},\"thumbnailUrl\":\"https:\\\/\\\/villa-albertine.org\\\/wp-content\\\/uploads\\\/2023\\\/08\\\/isabelle_olivier_4.jpg\",\"datePublished\":\"2023-08-10T14:03:46+00:00\",\"dateModified\":\"2023-08-23T07:47:27+00:00\",\"breadcrumb\":{\"@id\":\"https:\\\/\\\/villa-albertine.org\\\/va\\\/events\\\/isabelle-olivier-women-pioneers-of-cinema\\\/#breadcrumb\"},\"inLanguage\":\"en-US\",\"potentialAction\":[{\"@type\":\"ReadAction\",\"target\":[\"https:\\\/\\\/villa-albertine.org\\\/va\\\/events\\\/isabelle-olivier-women-pioneers-of-cinema\\\/\"]}]},{\"@type\":\"ImageObject\",\"inLanguage\":\"en-US\",\"@id\":\"https:\\\/\\\/villa-albertine.org\\\/va\\\/events\\\/isabelle-olivier-women-pioneers-of-cinema\\\/#primaryimage\",\"url\":\"https:\\\/\\\/villa-albertine.org\\\/wp-content\\\/uploads\\\/2023\\\/08\\\/isabelle_olivier_4.jpg\",\"contentUrl\":\"https:\\\/\\\/villa-albertine.org\\\/wp-content\\\/uploads\\\/2023\\\/08\\\/isabelle_olivier_4.jpg\",\"width\":1392,\"height\":783},{\"@type\":\"BreadcrumbList\",\"@id\":\"https:\\\/\\\/villa-albertine.org\\\/va\\\/events\\\/isabelle-olivier-women-pioneers-of-cinema\\\/#breadcrumb\",\"itemListElement\":[{\"@type\":\"ListItem\",\"position\":1,\"name\":\"Home\",\"item\":\"https:\\\/\\\/villa-albertine.org\\\/va\\\/\"},{\"@type\":\"ListItem\",\"position\":2,\"name\":\"Cine Concert &#8220;The Women Pioneers of Cinema&#8221;\"}]},{\"@type\":\"WebSite\",\"@id\":\"https:\\\/\\\/villa-albertine.org\\\/va\\\/#website\",\"url\":\"https:\\\/\\\/villa-albertine.org\\\/va\\\/\",\"name\":\"Villa Albertine\",\"description\":\"\",\"potentialAction\":[{\"@type\":\"SearchAction\",\"target\":{\"@type\":\"EntryPoint\",\"urlTemplate\":\"https:\\\/\\\/villa-albertine.org\\\/va\\\/?s={search_term_string}\"},\"query-input\":{\"@type\":\"PropertyValueSpecification\",\"valueRequired\":true,\"valueName\":\"search_term_string\"}}],\"inLanguage\":\"en-US\"}]}<\/script>\n<!-- \/ Yoast SEO plugin. -->","yoast_head_json":{"title":"Cine Concert \"The Women Pioneers of Cinema\" - Villa Albertine","robots":{"index":"index","follow":"follow","max-snippet":"max-snippet:-1","max-image-preview":"max-image-preview:large","max-video-preview":"max-video-preview:-1"},"canonical":"https:\/\/villa-albertine.org\/va\/events\/isabelle-olivier-women-pioneers-of-cinema\/","og_locale":"en_US","og_type":"article","og_title":"Cine Concert \"The Women Pioneers of Cinema\" - Villa Albertine","og_description":"In August 2019, after reading an article about Alice Guy-Blach\u00e9 entitled \u201cEt si M\u00e9li\u00e8s \u00e9tait une femme?\u201d (\u201cWhat if M\u00e9li\u00e8s had been a woman?\u201d) in Le Monde, Isabelle Olivier began researching women pioneers of cinema and eventually wrote the live soundtrack to a silent film screening in 2021. As a tribute to these unfairly forgotten...","og_url":"https:\/\/villa-albertine.org\/va\/events\/isabelle-olivier-women-pioneers-of-cinema\/","og_site_name":"Villa Albertine","article_modified_time":"2023-08-23T07:47:27+00:00","og_image":[{"width":1392,"height":783,"url":"https:\/\/villa-albertine.org\/wp-content\/uploads\/2023\/08\/isabelle_olivier_4.jpg","type":"image\/jpeg"}],"twitter_card":"summary_large_image","twitter_misc":{"Est. reading time":"2 minutes"},"schema":{"@context":"https:\/\/schema.org","@graph":[{"@type":"WebPage","@id":"https:\/\/villa-albertine.org\/va\/events\/isabelle-olivier-women-pioneers-of-cinema\/","url":"https:\/\/villa-albertine.org\/va\/events\/isabelle-olivier-women-pioneers-of-cinema\/","name":"Cine Concert \"The Women Pioneers of Cinema\" - Villa Albertine","isPartOf":{"@id":"https:\/\/villa-albertine.org\/va\/#website"},"primaryImageOfPage":{"@id":"https:\/\/villa-albertine.org\/va\/events\/isabelle-olivier-women-pioneers-of-cinema\/#primaryimage"},"image":{"@id":"https:\/\/villa-albertine.org\/va\/events\/isabelle-olivier-women-pioneers-of-cinema\/#primaryimage"},"thumbnailUrl":"https:\/\/villa-albertine.org\/wp-content\/uploads\/2023\/08\/isabelle_olivier_4.jpg","datePublished":"2023-08-10T14:03:46+00:00","dateModified":"2023-08-23T07:47:27+00:00","breadcrumb":{"@id":"https:\/\/villa-albertine.org\/va\/events\/isabelle-olivier-women-pioneers-of-cinema\/#breadcrumb"},"inLanguage":"en-US","potentialAction":[{"@type":"ReadAction","target":["https:\/\/villa-albertine.org\/va\/events\/isabelle-olivier-women-pioneers-of-cinema\/"]}]},{"@type":"ImageObject","inLanguage":"en-US","@id":"https:\/\/villa-albertine.org\/va\/events\/isabelle-olivier-women-pioneers-of-cinema\/#primaryimage","url":"https:\/\/villa-albertine.org\/wp-content\/uploads\/2023\/08\/isabelle_olivier_4.jpg","contentUrl":"https:\/\/villa-albertine.org\/wp-content\/uploads\/2023\/08\/isabelle_olivier_4.jpg","width":1392,"height":783},{"@type":"BreadcrumbList","@id":"https:\/\/villa-albertine.org\/va\/events\/isabelle-olivier-women-pioneers-of-cinema\/#breadcrumb","itemListElement":[{"@type":"ListItem","position":1,"name":"Home","item":"https:\/\/villa-albertine.org\/va\/"},{"@type":"ListItem","position":2,"name":"Cine Concert &#8220;The Women Pioneers of Cinema&#8221;"}]},{"@type":"WebSite","@id":"https:\/\/villa-albertine.org\/va\/#website","url":"https:\/\/villa-albertine.org\/va\/","name":"Villa Albertine","description":"","potentialAction":[{"@type":"SearchAction","target":{"@type":"EntryPoint","urlTemplate":"https:\/\/villa-albertine.org\/va\/?s={search_term_string}"},"query-input":{"@type":"PropertyValueSpecification","valueRequired":true,"valueName":"search_term_string"}}],"inLanguage":"en-US"}]}},"_links":{"self":[{"href":"https:\/\/villa-albertine.org\/va\/wp-json\/wp\/v2\/app_event\/60681","targetHints":{"allow":["GET"]}}],"collection":[{"href":"https:\/\/villa-albertine.org\/va\/wp-json\/wp\/v2\/app_event"}],"about":[{"href":"https:\/\/villa-albertine.org\/va\/wp-json\/wp\/v2\/types\/app_event"}],"wp:featuredmedia":[{"embeddable":true,"href":"https:\/\/villa-albertine.org\/va\/wp-json\/wp\/v2\/media\/60679"}],"wp:attachment":[{"href":"https:\/\/villa-albertine.org\/va\/wp-json\/wp\/v2\/media?parent=60681"}],"wp:term":[{"taxonomy":"app_discipline","embeddable":true,"href":"https:\/\/villa-albertine.org\/va\/wp-json\/wp\/v2\/app_discipline?post=60681"},{"taxonomy":"app_city_tax","embeddable":true,"href":"https:\/\/villa-albertine.org\/va\/wp-json\/wp\/v2\/app_city_tax?post=60681"},{"taxonomy":"app_event_type","embeddable":true,"href":"https:\/\/villa-albertine.org\/va\/wp-json\/wp\/v2\/app_event_type?post=60681"}],"curies":[{"name":"wp","href":"https:\/\/api.w.org\/{rel}","templated":true}]}}

<p>In August 2019, after reading an article about Alice Guy-Blaché entitled “<em>Et si Méliès était une femme?</em>” (“What if Méliès had been a woman?”) in Le Monde, Isabelle Olivier began researching women pioneers of cinema and eventually wrote the live soundtrack to a silent film screening in 2021. As a tribute to these unfairly forgotten pioneers of cinema, she composed an eclectic program, accessible to all, revolving around an elaborated acoustic and electronic sound research.</p>

<p>During the first few decades of cinema, the most innovative and renowned US filmmakers were women. Guy-Blaché laid the foundations of cinematic language, while others, such as Mabel Normand (who taught Charlie Chaplin all about filmmaking), action star Grace Cunard, and LGBTQIA+ icon Alla Nazimova, took daring steps to develop the field further. Never shying away from controversy, creative, free, intrepid women filmmakers such as Lois Weber and Dorothy Davenport Reid tackled the explosive, controversial issues of their era, such as birth control, abortion, and prostitution.</p>

<p><strong>They were true artists, incredible visionaries, and militant activists. So how is it that such an important body of work has been overlooked?</strong></p>
<figure class="wp-block-image size-full">
	<img loading="lazy" decoding="async" width="380" height="205" src="https://villa-albertine.org/wp-content/uploads/2023/08/Capture20d27C3A9cran202023-08-0820103645.png" class="attachment-full size-full" alt="" srcset="https://villa-albertine.org/wp-content/uploads/2023/08/Capture20d27C3A9cran202023-08-0820103645.png 380w, https://villa-albertine.org/wp-content/uploads/2023/08/Capture20d27C3A9cran202023-08-0820103645-300x162.png 300w" sizes="auto, (max-width: 380px) 100vw, 380px" />
	</figure>
<h3>A﻿bout the artist:</h3>

<p>Isabelle Olivier is a jazzwoman and harpist with a strong musical personality. She brings a wave of freshness and novelty to the international artistic world with her surprising and unique instrument and her distinctive style. Resident of the Villa Albertine program, she is a composer dealing with several genres: jazz, Celtic, urban, electro and contemporary music. She had the opportunity to share her musical expertise in the cinema (Agnès Varda, Abdellatif Kechiche) and performing arts fields. She is currently an associate artist in residency at the Theatre of Longjumeau for the next three years. From 2019 to 2022, she was an associate artist in residency at La Ferme de Bel Ébat – theatre of Guyancourt. Isabelle Olivier played in 25 countries presenting her musical creations. Her latest project is «SMILE» and it is a live performance mixing acoustic and electro music with circus performances.</p>

<!-- This site is optimized with the Yoast SEO plugin v27.3 - https://yoast.com/product/yoast-seo-wordpress/ -->
<title>Cine Concert &quot;The Women Pioneers of Cinema&quot; - Villa Albertine</title>
<meta name="robots" content="index, follow, max-snippet:-1, max-image-preview:large, max-video-preview:-1" />
<link rel="canonical" href="https://villa-albertine.org/va/events/isabelle-olivier-women-pioneers-of-cinema/" />
<meta property="og:locale" content="en_US" />
<meta property="og:type" content="article" />
<meta property="og:title" content="Cine Concert &quot;The Women Pioneers of Cinema&quot; - Villa Albertine" />
<meta property="og:description" content="In August 2019, after reading an article about Alice Guy-Blaché entitled “Et si Méliès était une femme?” (“What if Méliès had been a woman?”) in Le Monde, Isabelle Olivier began researching women pioneers of cinema and eventually wrote the live soundtrack to a silent film screening in 2021. As a tribute to these unfairly forgotten..." />
<meta property="og:url" content="https://villa-albertine.org/va/events/isabelle-olivier-women-pioneers-of-cinema/" />
<meta property="og:site_name" content="Villa Albertine" />
<meta property="article:modified_time" content="2023-08-23T07:47:27+00:00" />
<meta property="og:image" content="https://villa-albertine.org/wp-content/uploads/2023/08/isabelle_olivier_4.jpg" />
	<meta property="og:image:width" content="1392" />
	<meta property="og:image:height" content="783" />
	<meta property="og:image:type" content="image/jpeg" />
<meta name="twitter:card" content="summary_large_image" />
<meta name="twitter:label1" content="Est. reading time" />
	<meta name="twitter:data1" content="2 minutes" />
<script type="application/ld+json" class="yoast-schema-graph">{"@context":"https:\/\/schema.org","@graph":[{"@type":"WebPage","@id":"https:\/\/villa-albertine.org\/va\/events\/isabelle-olivier-women-pioneers-of-cinema\/","url":"https:\/\/villa-albertine.org\/va\/events\/isabelle-olivier-women-pioneers-of-cinema\/","name":"Cine Concert \"The Women Pioneers of Cinema\" - Villa Albertine","isPartOf":{"@id":"https:\/\/villa-albertine.org\/va\/#website"},"primaryImageOfPage":{"@id":"https:\/\/villa-albertine.org\/va\/events\/isabelle-olivier-women-pioneers-of-cinema\/#primaryimage"},"image":{"@id":"https:\/\/villa-albertine.org\/va\/events\/isabelle-olivier-women-pioneers-of-cinema\/#primaryimage"},"thumbnailUrl":"https:\/\/villa-albertine.org\/wp-content\/uploads\/2023\/08\/isabelle_olivier_4.jpg","datePublished":"2023-08-10T14:03:46+00:00","dateModified":"2023-08-23T07:47:27+00:00","breadcrumb":{"@id":"https:\/\/villa-albertine.org\/va\/events\/isabelle-olivier-women-pioneers-of-cinema\/#breadcrumb"},"inLanguage":"en-US","potentialAction":[{"@type":"ReadAction","target":["https:\/\/villa-albertine.org\/va\/events\/isabelle-olivier-women-pioneers-of-cinema\/"]}]},{"@type":"ImageObject","inLanguage":"en-US","@id":"https:\/\/villa-albertine.org\/va\/events\/isabelle-olivier-women-pioneers-of-cinema\/#primaryimage","url":"https:\/\/villa-albertine.org\/wp-content\/uploads\/2023\/08\/isabelle_olivier_4.jpg","contentUrl":"https:\/\/villa-albertine.org\/wp-content\/uploads\/2023\/08\/isabelle_olivier_4.jpg","width":1392,"height":783},{"@type":"BreadcrumbList","@id":"https:\/\/villa-albertine.org\/va\/events\/isabelle-olivier-women-pioneers-of-cinema\/#breadcrumb","itemListElement":[{"@type":"ListItem","position":1,"name":"Home","item":"https:\/\/villa-albertine.org\/va\/"},{"@type":"ListItem","position":2,"name":"Cine Concert &#8220;The Women Pioneers of Cinema&#8221;"}]},{"@type":"WebSite","@id":"https:\/\/villa-albertine.org\/va\/#website","url":"https:\/\/villa-albertine.org\/va\/","name":"Villa Albertine","description":"","potentialAction":[{"@type":"SearchAction","target":{"@type":"EntryPoint","urlTemplate":"https:\/\/villa-albertine.org\/va\/?s={search_term_string}"},"query-input":{"@type":"PropertyValueSpecification","valueRequired":true,"valueName":"search_term_string"}}],"inLanguage":"en-US"}]}</script>
<!-- / Yoast SEO plugin. -->

In August 2019, after reading an article about Alice Guy-Blaché entitled “Et si Méliès était une femme?” (“What if Méliès had been a woman?”) in Le Monde, Isabelle Olivier began researching women pioneers of cinema and eventually wrote the live soundtrack to a silent film screening in 2021. As a tribute to these unfairly forgotten...
