{"id":60608,"date":"2023-08-01T22:05:35","date_gmt":"2023-08-01T22:05:35","guid":{"rendered":"https:\/\/villa-albertine.org\/events\/la-haine-vidiots-theatre\/"},"modified":"2023-08-23T07:47:11","modified_gmt":"2023-08-23T07:47:11","slug":"la-haine-vidiots-theatre","status":"publish","type":"app_event","link":"https:\/\/villa-albertine.org\/va\/events\/la-haine-vidiots-theatre\/","title":{"rendered":"La Haine at the Vidiots Foundation Eagle Theatre"},"content":{"rendered":"<p>Mathieu Kassovitz took the film world by storm with\u00a0<em>La haine<\/em>,\u00a0a gritty, unsettling, and visually explosive look at the racial and cultural volatility in modern-day France, specifically the low-income banlieue districts on Paris\u2019s outskirts. Aimlessly passing their days in the concrete environs of their dead-end suburbia, Vinz (Vincent Cassel), Hubert (Hubert Kound\u00e9), and Sa\u00efd (Sa\u00efd Taghmaoui)\u2014a Jew, an African, and an Arab\u2014give human faces to France\u2019s immigrant populations, their bristling resentment at their marginalization slowly simmering until it reaches a climactic boiling point. A work of tough beauty,\u00a0<em>La haine\u00a0<\/em>is a landmark of contemporary French cinema and a gripping reflection of its country\u2019s ongoing identity crisis.<br \/><em>DCP. France. 1995. Drama, 98min.<\/em><\/p>\n<p>Click <a href=\"https:\/\/vidiotsfoundation.org\/movies\/la-haine\/\">here<\/a> for more information and to buy tickets!<\/p>\n","protected":false},"featured_media":60606,"menu_order":0,"template":"","app_discipline":[219],"app_city_tax":[220],"app_event_type":[239],"class_list":["post-60608","app_event","type-app_event","status-publish","has-post-thumbnail","hentry","app_discipline-cinema","app_city_tax-la","app_event_type-film"],"acf":[],"yoast_head":"<!-- This site is optimized with the Yoast SEO plugin v27.3 - https:\/\/yoast.com\/product\/yoast-seo-wordpress\/ -->\n<title>La Haine at the Vidiots Foundation Eagle Theatre - Villa Albertine<\/title>\n<meta name=\"robots\" content=\"index, follow, max-snippet:-1, max-image-preview:large, max-video-preview:-1\" \/>\n<link rel=\"canonical\" href=\"https:\/\/villa-albertine.org\/va\/events\/la-haine-vidiots-theatre\/\" \/>\n<meta property=\"og:locale\" content=\"en_US\" \/>\n<meta property=\"og:type\" content=\"article\" \/>\n<meta property=\"og:title\" content=\"La Haine at the Vidiots Foundation Eagle Theatre - Villa Albertine\" \/>\n<meta property=\"og:description\" content=\"Mathieu Kassovitz took the film world by storm with\u00a0La haine,\u00a0a gritty, unsettling, and visually explosive look at the racial and cultural volatility in modern-day France, specifically the low-income banlieue districts on Paris\u2019s outskirts. Aimlessly passing their days in the concrete environs of their dead-end suburbia, Vinz (Vincent Cassel), Hubert (Hubert Kound\u00e9), and Sa\u00efd (Sa\u00efd Taghmaoui)\u2014a...\" \/>\n<meta property=\"og:url\" content=\"https:\/\/villa-albertine.org\/va\/events\/la-haine-vidiots-theatre\/\" \/>\n<meta property=\"og:site_name\" content=\"Villa Albertine\" \/>\n<meta property=\"article:modified_time\" content=\"2023-08-23T07:47:11+00:00\" \/>\n<meta property=\"og:image\" content=\"https:\/\/villa-albertine.org\/wp-content\/uploads\/2023\/08\/Picture1_1.jpg\" \/>\n\t<meta property=\"og:image:width\" content=\"602\" \/>\n\t<meta property=\"og:image:height\" content=\"508\" \/>\n\t<meta property=\"og:image:type\" content=\"image\/jpeg\" \/>\n<meta name=\"twitter:card\" content=\"summary_large_image\" \/>\n<meta name=\"twitter:label1\" content=\"Est. reading time\" \/>\n\t<meta name=\"twitter:data1\" content=\"1 minute\" \/>\n<script type=\"application\/ld+json\" class=\"yoast-schema-graph\">{\"@context\":\"https:\\\/\\\/schema.org\",\"@graph\":[{\"@type\":\"WebPage\",\"@id\":\"https:\\\/\\\/villa-albertine.org\\\/va\\\/events\\\/la-haine-vidiots-theatre\\\/\",\"url\":\"https:\\\/\\\/villa-albertine.org\\\/va\\\/events\\\/la-haine-vidiots-theatre\\\/\",\"name\":\"La Haine at the Vidiots Foundation Eagle Theatre - Villa Albertine\",\"isPartOf\":{\"@id\":\"https:\\\/\\\/villa-albertine.org\\\/va\\\/#website\"},\"primaryImageOfPage\":{\"@id\":\"https:\\\/\\\/villa-albertine.org\\\/va\\\/events\\\/la-haine-vidiots-theatre\\\/#primaryimage\"},\"image\":{\"@id\":\"https:\\\/\\\/villa-albertine.org\\\/va\\\/events\\\/la-haine-vidiots-theatre\\\/#primaryimage\"},\"thumbnailUrl\":\"https:\\\/\\\/villa-albertine.org\\\/wp-content\\\/uploads\\\/2023\\\/08\\\/Picture1_1.jpg\",\"datePublished\":\"2023-08-01T22:05:35+00:00\",\"dateModified\":\"2023-08-23T07:47:11+00:00\",\"breadcrumb\":{\"@id\":\"https:\\\/\\\/villa-albertine.org\\\/va\\\/events\\\/la-haine-vidiots-theatre\\\/#breadcrumb\"},\"inLanguage\":\"en-US\",\"potentialAction\":[{\"@type\":\"ReadAction\",\"target\":[\"https:\\\/\\\/villa-albertine.org\\\/va\\\/events\\\/la-haine-vidiots-theatre\\\/\"]}]},{\"@type\":\"ImageObject\",\"inLanguage\":\"en-US\",\"@id\":\"https:\\\/\\\/villa-albertine.org\\\/va\\\/events\\\/la-haine-vidiots-theatre\\\/#primaryimage\",\"url\":\"https:\\\/\\\/villa-albertine.org\\\/wp-content\\\/uploads\\\/2023\\\/08\\\/Picture1_1.jpg\",\"contentUrl\":\"https:\\\/\\\/villa-albertine.org\\\/wp-content\\\/uploads\\\/2023\\\/08\\\/Picture1_1.jpg\",\"width\":602,\"height\":508},{\"@type\":\"BreadcrumbList\",\"@id\":\"https:\\\/\\\/villa-albertine.org\\\/va\\\/events\\\/la-haine-vidiots-theatre\\\/#breadcrumb\",\"itemListElement\":[{\"@type\":\"ListItem\",\"position\":1,\"name\":\"Home\",\"item\":\"https:\\\/\\\/villa-albertine.org\\\/va\\\/\"},{\"@type\":\"ListItem\",\"position\":2,\"name\":\"La Haine at the Vidiots Foundation Eagle Theatre\"}]},{\"@type\":\"WebSite\",\"@id\":\"https:\\\/\\\/villa-albertine.org\\\/va\\\/#website\",\"url\":\"https:\\\/\\\/villa-albertine.org\\\/va\\\/\",\"name\":\"Villa Albertine\",\"description\":\"\",\"potentialAction\":[{\"@type\":\"SearchAction\",\"target\":{\"@type\":\"EntryPoint\",\"urlTemplate\":\"https:\\\/\\\/villa-albertine.org\\\/va\\\/?s={search_term_string}\"},\"query-input\":{\"@type\":\"PropertyValueSpecification\",\"valueRequired\":true,\"valueName\":\"search_term_string\"}}],\"inLanguage\":\"en-US\"}]}<\/script>\n<!-- \/ Yoast SEO plugin. -->","yoast_head_json":{"title":"La Haine at the Vidiots Foundation Eagle Theatre - Villa Albertine","robots":{"index":"index","follow":"follow","max-snippet":"max-snippet:-1","max-image-preview":"max-image-preview:large","max-video-preview":"max-video-preview:-1"},"canonical":"https:\/\/villa-albertine.org\/va\/events\/la-haine-vidiots-theatre\/","og_locale":"en_US","og_type":"article","og_title":"La Haine at the Vidiots Foundation Eagle Theatre - Villa Albertine","og_description":"Mathieu Kassovitz took the film world by storm with\u00a0La haine,\u00a0a gritty, unsettling, and visually explosive look at the racial and cultural volatility in modern-day France, specifically the low-income banlieue districts on Paris\u2019s outskirts. Aimlessly passing their days in the concrete environs of their dead-end suburbia, Vinz (Vincent Cassel), Hubert (Hubert Kound\u00e9), and Sa\u00efd (Sa\u00efd Taghmaoui)\u2014a...","og_url":"https:\/\/villa-albertine.org\/va\/events\/la-haine-vidiots-theatre\/","og_site_name":"Villa Albertine","article_modified_time":"2023-08-23T07:47:11+00:00","og_image":[{"width":602,"height":508,"url":"https:\/\/villa-albertine.org\/wp-content\/uploads\/2023\/08\/Picture1_1.jpg","type":"image\/jpeg"}],"twitter_card":"summary_large_image","twitter_misc":{"Est. reading time":"1 minute"},"schema":{"@context":"https:\/\/schema.org","@graph":[{"@type":"WebPage","@id":"https:\/\/villa-albertine.org\/va\/events\/la-haine-vidiots-theatre\/","url":"https:\/\/villa-albertine.org\/va\/events\/la-haine-vidiots-theatre\/","name":"La Haine at the Vidiots Foundation Eagle Theatre - Villa Albertine","isPartOf":{"@id":"https:\/\/villa-albertine.org\/va\/#website"},"primaryImageOfPage":{"@id":"https:\/\/villa-albertine.org\/va\/events\/la-haine-vidiots-theatre\/#primaryimage"},"image":{"@id":"https:\/\/villa-albertine.org\/va\/events\/la-haine-vidiots-theatre\/#primaryimage"},"thumbnailUrl":"https:\/\/villa-albertine.org\/wp-content\/uploads\/2023\/08\/Picture1_1.jpg","datePublished":"2023-08-01T22:05:35+00:00","dateModified":"2023-08-23T07:47:11+00:00","breadcrumb":{"@id":"https:\/\/villa-albertine.org\/va\/events\/la-haine-vidiots-theatre\/#breadcrumb"},"inLanguage":"en-US","potentialAction":[{"@type":"ReadAction","target":["https:\/\/villa-albertine.org\/va\/events\/la-haine-vidiots-theatre\/"]}]},{"@type":"ImageObject","inLanguage":"en-US","@id":"https:\/\/villa-albertine.org\/va\/events\/la-haine-vidiots-theatre\/#primaryimage","url":"https:\/\/villa-albertine.org\/wp-content\/uploads\/2023\/08\/Picture1_1.jpg","contentUrl":"https:\/\/villa-albertine.org\/wp-content\/uploads\/2023\/08\/Picture1_1.jpg","width":602,"height":508},{"@type":"BreadcrumbList","@id":"https:\/\/villa-albertine.org\/va\/events\/la-haine-vidiots-theatre\/#breadcrumb","itemListElement":[{"@type":"ListItem","position":1,"name":"Home","item":"https:\/\/villa-albertine.org\/va\/"},{"@type":"ListItem","position":2,"name":"La Haine at the Vidiots Foundation Eagle Theatre"}]},{"@type":"WebSite","@id":"https:\/\/villa-albertine.org\/va\/#website","url":"https:\/\/villa-albertine.org\/va\/","name":"Villa Albertine","description":"","potentialAction":[{"@type":"SearchAction","target":{"@type":"EntryPoint","urlTemplate":"https:\/\/villa-albertine.org\/va\/?s={search_term_string}"},"query-input":{"@type":"PropertyValueSpecification","valueRequired":true,"valueName":"search_term_string"}}],"inLanguage":"en-US"}]}},"_links":{"self":[{"href":"https:\/\/villa-albertine.org\/va\/wp-json\/wp\/v2\/app_event\/60608","targetHints":{"allow":["GET"]}}],"collection":[{"href":"https:\/\/villa-albertine.org\/va\/wp-json\/wp\/v2\/app_event"}],"about":[{"href":"https:\/\/villa-albertine.org\/va\/wp-json\/wp\/v2\/types\/app_event"}],"wp:featuredmedia":[{"embeddable":true,"href":"https:\/\/villa-albertine.org\/va\/wp-json\/wp\/v2\/media\/60606"}],"wp:attachment":[{"href":"https:\/\/villa-albertine.org\/va\/wp-json\/wp\/v2\/media?parent=60608"}],"wp:term":[{"taxonomy":"app_discipline","embeddable":true,"href":"https:\/\/villa-albertine.org\/va\/wp-json\/wp\/v2\/app_discipline?post=60608"},{"taxonomy":"app_city_tax","embeddable":true,"href":"https:\/\/villa-albertine.org\/va\/wp-json\/wp\/v2\/app_city_tax?post=60608"},{"taxonomy":"app_event_type","embeddable":true,"href":"https:\/\/villa-albertine.org\/va\/wp-json\/wp\/v2\/app_event_type?post=60608"}],"curies":[{"name":"wp","href":"https:\/\/api.w.org\/{rel}","templated":true}]}}

<p>Mathieu Kassovitz took the film world by storm with <em>La haine</em>, a gritty, unsettling, and visually explosive look at the racial and cultural volatility in modern-day France, specifically the low-income banlieue districts on Paris’s outskirts. Aimlessly passing their days in the concrete environs of their dead-end suburbia, Vinz (Vincent Cassel), Hubert (Hubert Koundé), and Saïd (Saïd Taghmaoui)—a Jew, an African, and an Arab—give human faces to France’s immigrant populations, their bristling resentment at their marginalization slowly simmering until it reaches a climactic boiling point. A work of tough beauty, <em>La haine </em>is a landmark of contemporary French cinema and a gripping reflection of its country’s ongoing identity crisis.<br /><em>DCP. France. 1995. Drama, 98min.</em></p>
<p>Click <a href="https://vidiotsfoundation.org/movies/la-haine/">here</a> for more information and to buy tickets!</p>

<!-- This site is optimized with the Yoast SEO plugin v27.3 - https://yoast.com/product/yoast-seo-wordpress/ -->
<title>La Haine at the Vidiots Foundation Eagle Theatre - Villa Albertine</title>
<meta name="robots" content="index, follow, max-snippet:-1, max-image-preview:large, max-video-preview:-1" />
<link rel="canonical" href="https://villa-albertine.org/va/events/la-haine-vidiots-theatre/" />
<meta property="og:locale" content="en_US" />
<meta property="og:type" content="article" />
<meta property="og:title" content="La Haine at the Vidiots Foundation Eagle Theatre - Villa Albertine" />
<meta property="og:description" content="Mathieu Kassovitz took the film world by storm with La haine, a gritty, unsettling, and visually explosive look at the racial and cultural volatility in modern-day France, specifically the low-income banlieue districts on Paris’s outskirts. Aimlessly passing their days in the concrete environs of their dead-end suburbia, Vinz (Vincent Cassel), Hubert (Hubert Koundé), and Saïd (Saïd Taghmaoui)—a..." />
<meta property="og:url" content="https://villa-albertine.org/va/events/la-haine-vidiots-theatre/" />
<meta property="og:site_name" content="Villa Albertine" />
<meta property="article:modified_time" content="2023-08-23T07:47:11+00:00" />
<meta property="og:image" content="https://villa-albertine.org/wp-content/uploads/2023/08/Picture1_1.jpg" />
	<meta property="og:image:width" content="602" />
	<meta property="og:image:height" content="508" />
	<meta property="og:image:type" content="image/jpeg" />
<meta name="twitter:card" content="summary_large_image" />
<meta name="twitter:label1" content="Est. reading time" />
	<meta name="twitter:data1" content="1 minute" />
<script type="application/ld+json" class="yoast-schema-graph">{"@context":"https:\/\/schema.org","@graph":[{"@type":"WebPage","@id":"https:\/\/villa-albertine.org\/va\/events\/la-haine-vidiots-theatre\/","url":"https:\/\/villa-albertine.org\/va\/events\/la-haine-vidiots-theatre\/","name":"La Haine at the Vidiots Foundation Eagle Theatre - Villa Albertine","isPartOf":{"@id":"https:\/\/villa-albertine.org\/va\/#website"},"primaryImageOfPage":{"@id":"https:\/\/villa-albertine.org\/va\/events\/la-haine-vidiots-theatre\/#primaryimage"},"image":{"@id":"https:\/\/villa-albertine.org\/va\/events\/la-haine-vidiots-theatre\/#primaryimage"},"thumbnailUrl":"https:\/\/villa-albertine.org\/wp-content\/uploads\/2023\/08\/Picture1_1.jpg","datePublished":"2023-08-01T22:05:35+00:00","dateModified":"2023-08-23T07:47:11+00:00","breadcrumb":{"@id":"https:\/\/villa-albertine.org\/va\/events\/la-haine-vidiots-theatre\/#breadcrumb"},"inLanguage":"en-US","potentialAction":[{"@type":"ReadAction","target":["https:\/\/villa-albertine.org\/va\/events\/la-haine-vidiots-theatre\/"]}]},{"@type":"ImageObject","inLanguage":"en-US","@id":"https:\/\/villa-albertine.org\/va\/events\/la-haine-vidiots-theatre\/#primaryimage","url":"https:\/\/villa-albertine.org\/wp-content\/uploads\/2023\/08\/Picture1_1.jpg","contentUrl":"https:\/\/villa-albertine.org\/wp-content\/uploads\/2023\/08\/Picture1_1.jpg","width":602,"height":508},{"@type":"BreadcrumbList","@id":"https:\/\/villa-albertine.org\/va\/events\/la-haine-vidiots-theatre\/#breadcrumb","itemListElement":[{"@type":"ListItem","position":1,"name":"Home","item":"https:\/\/villa-albertine.org\/va\/"},{"@type":"ListItem","position":2,"name":"La Haine at the Vidiots Foundation Eagle Theatre"}]},{"@type":"WebSite","@id":"https:\/\/villa-albertine.org\/va\/#website","url":"https:\/\/villa-albertine.org\/va\/","name":"Villa Albertine","description":"","potentialAction":[{"@type":"SearchAction","target":{"@type":"EntryPoint","urlTemplate":"https:\/\/villa-albertine.org\/va\/?s={search_term_string}"},"query-input":{"@type":"PropertyValueSpecification","valueRequired":true,"valueName":"search_term_string"}}],"inLanguage":"en-US"}]}</script>
<!-- / Yoast SEO plugin. -->

Mathieu Kassovitz took the film world by storm with La haine, a gritty, unsettling, and visually explosive look at the racial and cultural volatility in modern-day France, specifically the low-income banlieue districts on Paris’s outskirts. Aimlessly passing their days in the concrete environs of their dead-end suburbia, Vinz (Vincent Cassel), Hubert (Hubert Koundé), and Saïd (Saïd Taghmaoui)—a...
