{"id":60518,"date":"2023-03-15T22:56:27","date_gmt":"2023-03-15T22:56:27","guid":{"rendered":"https:\/\/villa-albertine.org\/events\/supporting-artists-internationally-spotlight-chicago-and-paris\/"},"modified":"2023-08-23T07:47:04","modified_gmt":"2023-08-23T07:47:04","slug":"supporting-artists-internationally-spotlight-chicago-and-paris","status":"publish","type":"app_event","link":"https:\/\/villa-albertine.org\/va\/events\/supporting-artists-internationally-spotlight-chicago-and-paris\/","title":{"rendered":"Supporting Artists Internationally | A Spotlight on Chicago and Paris"},"content":{"rendered":"<p>Panelists |\u00a0<strong>Guillaume D\u00e9sanges<\/strong>\u00a0(Palais de Tokyo, Paris),\u00a0<strong>Mariane Ibrahim<\/strong>\u00a0(Mariane Ibrahim Gallery, Chicago, Paris, Mexico City),\u00a0<strong>Paul Maheke<\/strong>\u00a0(Visual artist, Villa Albertine resident in Chicago),\u00a0<strong>J\u00e9r\u00f4me Poggi<\/strong>\u00a0(J\u00e9r\u00f4me Poggi Gallery, Paris). Moderated by\u00a0<strong>Armelle Malvoisin<\/strong>\u00a0(Beaux Arts Magazine, Quotidien de l\u2019Art).<\/p>\n<figure class=\"wp-block-image size-full\">\n\t<img loading=\"lazy\" decoding=\"async\" width=\"1392\" height=\"1119\" src=\"https:\/\/villa-albertine.org\/wp-content\/uploads\/2023\/08\/Supporting20Artists20Internationally5B715D.jpg\" class=\"attachment-full size-full\" alt=\"\" srcset=\"https:\/\/villa-albertine.org\/wp-content\/uploads\/2023\/08\/Supporting20Artists20Internationally5B715D.jpg 1392w, https:\/\/villa-albertine.org\/wp-content\/uploads\/2023\/08\/Supporting20Artists20Internationally5B715D-300x241.jpg 300w, https:\/\/villa-albertine.org\/wp-content\/uploads\/2023\/08\/Supporting20Artists20Internationally5B715D-1024x823.jpg 1024w, https:\/\/villa-albertine.org\/wp-content\/uploads\/2023\/08\/Supporting20Artists20Internationally5B715D-768x617.jpg 768w\" sizes=\"auto, (max-width: 1392px) 100vw, 1392px\" \/>\n\t<\/figure>\n<p>Over the last decade the relationship between Paris and Chicago\u2019s artistic scenes has continued to deepen thanks to support for artist exchanges through commercial galleries, museums, government-funded residencies and French collectors based in Chicago and Paris. Gallerists J\u00e9r\u00f4me Poggi (J\u00e9r\u00f4me Poggi Gallery) and Mariane Ibrahim\u00a0(Mariane Ibrahim Gallery, Chicago, Paris, Mexico) and museum president Guillaume D\u00e9sanges (Palais de Tokyo) will discuss different ways of supporting artists in an international career across gallery representation, institutional exposure and international collecting alongside artist <a href=\"https:\/\/villa-albertine.org\/residents\/paul-maheke\"><strong>Paul Maheke<\/strong><\/a>, current resident of Villa Albertine in Chicago. In addition, panelists will discuss the particular role Chicago plays in their individual and collective practices as art and culture professionals across the world.\u00a0<\/p>","protected":false},"featured_media":60516,"menu_order":0,"template":"","app_discipline":[218],"app_city_tax":[223],"app_event_type":[241],"class_list":["post-60518","app_event","type-app_event","status-publish","has-post-thumbnail","hentry","app_discipline-visual-arts","app_city_tax-chi","app_event_type-talk"],"acf":[],"yoast_head":"<!-- This site is optimized with the Yoast SEO plugin v27.3 - https:\/\/yoast.com\/product\/yoast-seo-wordpress\/ -->\n<title>Supporting Artists Internationally | A Spotlight on Chicago and Paris - Villa Albertine<\/title>\n<meta name=\"robots\" content=\"index, follow, max-snippet:-1, max-image-preview:large, max-video-preview:-1\" \/>\n<link rel=\"canonical\" href=\"https:\/\/villa-albertine.org\/va\/events\/supporting-artists-internationally-spotlight-chicago-and-paris\/\" \/>\n<meta property=\"og:locale\" content=\"en_US\" \/>\n<meta property=\"og:type\" content=\"article\" \/>\n<meta property=\"og:title\" content=\"Supporting Artists Internationally | A Spotlight on Chicago and Paris - Villa Albertine\" \/>\n<meta property=\"og:description\" content=\"Panelists |\u00a0Guillaume D\u00e9sanges\u00a0(Palais de Tokyo, Paris),\u00a0Mariane Ibrahim\u00a0(Mariane Ibrahim Gallery, Chicago, Paris, Mexico City),\u00a0Paul Maheke\u00a0(Visual artist, Villa Albertine resident in Chicago),\u00a0J\u00e9r\u00f4me Poggi\u00a0(J\u00e9r\u00f4me Poggi Gallery, Paris). Moderated by\u00a0Armelle Malvoisin\u00a0(Beaux Arts Magazine, Quotidien de l\u2019Art).Over the last decade the relationship between Paris and Chicago\u2019s artistic scenes has continued to deepen thanks to support for artist exchanges through commercial...\" \/>\n<meta property=\"og:url\" content=\"https:\/\/villa-albertine.org\/va\/events\/supporting-artists-internationally-spotlight-chicago-and-paris\/\" \/>\n<meta property=\"og:site_name\" content=\"Villa Albertine\" \/>\n<meta property=\"article:modified_time\" content=\"2023-08-23T07:47:04+00:00\" \/>\n<meta property=\"og:image\" content=\"https:\/\/villa-albertine.org\/wp-content\/uploads\/2023\/08\/EXPO_CHICAGO_2022_Image_Courtesy_of_EXPO_CHICAGO._Photo_by_Kevin_Serna.jpg\" \/>\n\t<meta property=\"og:image:width\" content=\"800\" \/>\n\t<meta property=\"og:image:height\" content=\"571\" \/>\n\t<meta property=\"og:image:type\" content=\"image\/jpeg\" \/>\n<meta name=\"twitter:card\" content=\"summary_large_image\" \/>\n<meta name=\"twitter:label1\" content=\"Est. reading time\" \/>\n\t<meta name=\"twitter:data1\" content=\"1 minute\" \/>\n<script type=\"application\/ld+json\" class=\"yoast-schema-graph\">{\"@context\":\"https:\\\/\\\/schema.org\",\"@graph\":[{\"@type\":\"WebPage\",\"@id\":\"https:\\\/\\\/villa-albertine.org\\\/va\\\/events\\\/supporting-artists-internationally-spotlight-chicago-and-paris\\\/\",\"url\":\"https:\\\/\\\/villa-albertine.org\\\/va\\\/events\\\/supporting-artists-internationally-spotlight-chicago-and-paris\\\/\",\"name\":\"Supporting Artists Internationally | A Spotlight on Chicago and Paris - Villa Albertine\",\"isPartOf\":{\"@id\":\"https:\\\/\\\/villa-albertine.org\\\/va\\\/#website\"},\"primaryImageOfPage\":{\"@id\":\"https:\\\/\\\/villa-albertine.org\\\/va\\\/events\\\/supporting-artists-internationally-spotlight-chicago-and-paris\\\/#primaryimage\"},\"image\":{\"@id\":\"https:\\\/\\\/villa-albertine.org\\\/va\\\/events\\\/supporting-artists-internationally-spotlight-chicago-and-paris\\\/#primaryimage\"},\"thumbnailUrl\":\"https:\\\/\\\/villa-albertine.org\\\/wp-content\\\/uploads\\\/2023\\\/08\\\/EXPO_CHICAGO_2022_Image_Courtesy_of_EXPO_CHICAGO._Photo_by_Kevin_Serna.jpg\",\"datePublished\":\"2023-03-15T22:56:27+00:00\",\"dateModified\":\"2023-08-23T07:47:04+00:00\",\"breadcrumb\":{\"@id\":\"https:\\\/\\\/villa-albertine.org\\\/va\\\/events\\\/supporting-artists-internationally-spotlight-chicago-and-paris\\\/#breadcrumb\"},\"inLanguage\":\"en-US\",\"potentialAction\":[{\"@type\":\"ReadAction\",\"target\":[\"https:\\\/\\\/villa-albertine.org\\\/va\\\/events\\\/supporting-artists-internationally-spotlight-chicago-and-paris\\\/\"]}]},{\"@type\":\"ImageObject\",\"inLanguage\":\"en-US\",\"@id\":\"https:\\\/\\\/villa-albertine.org\\\/va\\\/events\\\/supporting-artists-internationally-spotlight-chicago-and-paris\\\/#primaryimage\",\"url\":\"https:\\\/\\\/villa-albertine.org\\\/wp-content\\\/uploads\\\/2023\\\/08\\\/EXPO_CHICAGO_2022_Image_Courtesy_of_EXPO_CHICAGO._Photo_by_Kevin_Serna.jpg\",\"contentUrl\":\"https:\\\/\\\/villa-albertine.org\\\/wp-content\\\/uploads\\\/2023\\\/08\\\/EXPO_CHICAGO_2022_Image_Courtesy_of_EXPO_CHICAGO._Photo_by_Kevin_Serna.jpg\",\"width\":800,\"height\":571},{\"@type\":\"BreadcrumbList\",\"@id\":\"https:\\\/\\\/villa-albertine.org\\\/va\\\/events\\\/supporting-artists-internationally-spotlight-chicago-and-paris\\\/#breadcrumb\",\"itemListElement\":[{\"@type\":\"ListItem\",\"position\":1,\"name\":\"Home\",\"item\":\"https:\\\/\\\/villa-albertine.org\\\/va\\\/\"},{\"@type\":\"ListItem\",\"position\":2,\"name\":\"Supporting Artists Internationally | A Spotlight on Chicago and Paris\"}]},{\"@type\":\"WebSite\",\"@id\":\"https:\\\/\\\/villa-albertine.org\\\/va\\\/#website\",\"url\":\"https:\\\/\\\/villa-albertine.org\\\/va\\\/\",\"name\":\"Villa Albertine\",\"description\":\"\",\"potentialAction\":[{\"@type\":\"SearchAction\",\"target\":{\"@type\":\"EntryPoint\",\"urlTemplate\":\"https:\\\/\\\/villa-albertine.org\\\/va\\\/?s={search_term_string}\"},\"query-input\":{\"@type\":\"PropertyValueSpecification\",\"valueRequired\":true,\"valueName\":\"search_term_string\"}}],\"inLanguage\":\"en-US\"}]}<\/script>\n<!-- \/ Yoast SEO plugin. -->","yoast_head_json":{"title":"Supporting Artists Internationally | A Spotlight on Chicago and Paris - Villa Albertine","robots":{"index":"index","follow":"follow","max-snippet":"max-snippet:-1","max-image-preview":"max-image-preview:large","max-video-preview":"max-video-preview:-1"},"canonical":"https:\/\/villa-albertine.org\/va\/events\/supporting-artists-internationally-spotlight-chicago-and-paris\/","og_locale":"en_US","og_type":"article","og_title":"Supporting Artists Internationally | A Spotlight on Chicago and Paris - Villa Albertine","og_description":"Panelists |\u00a0Guillaume D\u00e9sanges\u00a0(Palais de Tokyo, Paris),\u00a0Mariane Ibrahim\u00a0(Mariane Ibrahim Gallery, Chicago, Paris, Mexico City),\u00a0Paul Maheke\u00a0(Visual artist, Villa Albertine resident in Chicago),\u00a0J\u00e9r\u00f4me Poggi\u00a0(J\u00e9r\u00f4me Poggi Gallery, Paris). Moderated by\u00a0Armelle Malvoisin\u00a0(Beaux Arts Magazine, Quotidien de l\u2019Art).Over the last decade the relationship between Paris and Chicago\u2019s artistic scenes has continued to deepen thanks to support for artist exchanges through commercial...","og_url":"https:\/\/villa-albertine.org\/va\/events\/supporting-artists-internationally-spotlight-chicago-and-paris\/","og_site_name":"Villa Albertine","article_modified_time":"2023-08-23T07:47:04+00:00","og_image":[{"width":800,"height":571,"url":"https:\/\/villa-albertine.org\/wp-content\/uploads\/2023\/08\/EXPO_CHICAGO_2022_Image_Courtesy_of_EXPO_CHICAGO._Photo_by_Kevin_Serna.jpg","type":"image\/jpeg"}],"twitter_card":"summary_large_image","twitter_misc":{"Est. reading time":"1 minute"},"schema":{"@context":"https:\/\/schema.org","@graph":[{"@type":"WebPage","@id":"https:\/\/villa-albertine.org\/va\/events\/supporting-artists-internationally-spotlight-chicago-and-paris\/","url":"https:\/\/villa-albertine.org\/va\/events\/supporting-artists-internationally-spotlight-chicago-and-paris\/","name":"Supporting Artists Internationally | A Spotlight on Chicago and Paris - Villa Albertine","isPartOf":{"@id":"https:\/\/villa-albertine.org\/va\/#website"},"primaryImageOfPage":{"@id":"https:\/\/villa-albertine.org\/va\/events\/supporting-artists-internationally-spotlight-chicago-and-paris\/#primaryimage"},"image":{"@id":"https:\/\/villa-albertine.org\/va\/events\/supporting-artists-internationally-spotlight-chicago-and-paris\/#primaryimage"},"thumbnailUrl":"https:\/\/villa-albertine.org\/wp-content\/uploads\/2023\/08\/EXPO_CHICAGO_2022_Image_Courtesy_of_EXPO_CHICAGO._Photo_by_Kevin_Serna.jpg","datePublished":"2023-03-15T22:56:27+00:00","dateModified":"2023-08-23T07:47:04+00:00","breadcrumb":{"@id":"https:\/\/villa-albertine.org\/va\/events\/supporting-artists-internationally-spotlight-chicago-and-paris\/#breadcrumb"},"inLanguage":"en-US","potentialAction":[{"@type":"ReadAction","target":["https:\/\/villa-albertine.org\/va\/events\/supporting-artists-internationally-spotlight-chicago-and-paris\/"]}]},{"@type":"ImageObject","inLanguage":"en-US","@id":"https:\/\/villa-albertine.org\/va\/events\/supporting-artists-internationally-spotlight-chicago-and-paris\/#primaryimage","url":"https:\/\/villa-albertine.org\/wp-content\/uploads\/2023\/08\/EXPO_CHICAGO_2022_Image_Courtesy_of_EXPO_CHICAGO._Photo_by_Kevin_Serna.jpg","contentUrl":"https:\/\/villa-albertine.org\/wp-content\/uploads\/2023\/08\/EXPO_CHICAGO_2022_Image_Courtesy_of_EXPO_CHICAGO._Photo_by_Kevin_Serna.jpg","width":800,"height":571},{"@type":"BreadcrumbList","@id":"https:\/\/villa-albertine.org\/va\/events\/supporting-artists-internationally-spotlight-chicago-and-paris\/#breadcrumb","itemListElement":[{"@type":"ListItem","position":1,"name":"Home","item":"https:\/\/villa-albertine.org\/va\/"},{"@type":"ListItem","position":2,"name":"Supporting Artists Internationally | A Spotlight on Chicago and Paris"}]},{"@type":"WebSite","@id":"https:\/\/villa-albertine.org\/va\/#website","url":"https:\/\/villa-albertine.org\/va\/","name":"Villa Albertine","description":"","potentialAction":[{"@type":"SearchAction","target":{"@type":"EntryPoint","urlTemplate":"https:\/\/villa-albertine.org\/va\/?s={search_term_string}"},"query-input":{"@type":"PropertyValueSpecification","valueRequired":true,"valueName":"search_term_string"}}],"inLanguage":"en-US"}]}},"_links":{"self":[{"href":"https:\/\/villa-albertine.org\/va\/wp-json\/wp\/v2\/app_event\/60518","targetHints":{"allow":["GET"]}}],"collection":[{"href":"https:\/\/villa-albertine.org\/va\/wp-json\/wp\/v2\/app_event"}],"about":[{"href":"https:\/\/villa-albertine.org\/va\/wp-json\/wp\/v2\/types\/app_event"}],"wp:featuredmedia":[{"embeddable":true,"href":"https:\/\/villa-albertine.org\/va\/wp-json\/wp\/v2\/media\/60516"}],"wp:attachment":[{"href":"https:\/\/villa-albertine.org\/va\/wp-json\/wp\/v2\/media?parent=60518"}],"wp:term":[{"taxonomy":"app_discipline","embeddable":true,"href":"https:\/\/villa-albertine.org\/va\/wp-json\/wp\/v2\/app_discipline?post=60518"},{"taxonomy":"app_city_tax","embeddable":true,"href":"https:\/\/villa-albertine.org\/va\/wp-json\/wp\/v2\/app_city_tax?post=60518"},{"taxonomy":"app_event_type","embeddable":true,"href":"https:\/\/villa-albertine.org\/va\/wp-json\/wp\/v2\/app_event_type?post=60518"}],"curies":[{"name":"wp","href":"https:\/\/api.w.org\/{rel}","templated":true}]}}

<p>Panelists | <strong>Guillaume Désanges</strong> (Palais de Tokyo, Paris), <strong>Mariane Ibrahim</strong> (Mariane Ibrahim Gallery, Chicago, Paris, Mexico City), <strong>Paul Maheke</strong> (Visual artist, Villa Albertine resident in Chicago), <strong>Jérôme Poggi</strong> (Jérôme Poggi Gallery, Paris). Moderated by <strong>Armelle Malvoisin</strong> (Beaux Arts Magazine, Quotidien de l’Art).</p>
<figure class="wp-block-image size-full">
	<img loading="lazy" decoding="async" width="1392" height="1119" src="https://villa-albertine.org/wp-content/uploads/2023/08/Supporting20Artists20Internationally5B715D.jpg" class="attachment-full size-full" alt="" srcset="https://villa-albertine.org/wp-content/uploads/2023/08/Supporting20Artists20Internationally5B715D.jpg 1392w, https://villa-albertine.org/wp-content/uploads/2023/08/Supporting20Artists20Internationally5B715D-300x241.jpg 300w, https://villa-albertine.org/wp-content/uploads/2023/08/Supporting20Artists20Internationally5B715D-1024x823.jpg 1024w, https://villa-albertine.org/wp-content/uploads/2023/08/Supporting20Artists20Internationally5B715D-768x617.jpg 768w" sizes="auto, (max-width: 1392px) 100vw, 1392px" />
	</figure>
<p>Over the last decade the relationship between Paris and Chicago’s artistic scenes has continued to deepen thanks to support for artist exchanges through commercial galleries, museums, government-funded residencies and French collectors based in Chicago and Paris. Gallerists Jérôme Poggi (Jérôme Poggi Gallery) and Mariane Ibrahim (Mariane Ibrahim Gallery, Chicago, Paris, Mexico) and museum president Guillaume Désanges (Palais de Tokyo) will discuss different ways of supporting artists in an international career across gallery representation, institutional exposure and international collecting alongside artist <a href="https://villa-albertine.org/residents/paul-maheke"><strong>Paul Maheke</strong></a>, current resident of Villa Albertine in Chicago. In addition, panelists will discuss the particular role Chicago plays in their individual and collective practices as art and culture professionals across the world. </p>

<!-- This site is optimized with the Yoast SEO plugin v27.3 - https://yoast.com/product/yoast-seo-wordpress/ -->
<title>Supporting Artists Internationally | A Spotlight on Chicago and Paris - Villa Albertine</title>
<meta name="robots" content="index, follow, max-snippet:-1, max-image-preview:large, max-video-preview:-1" />
<link rel="canonical" href="https://villa-albertine.org/va/events/supporting-artists-internationally-spotlight-chicago-and-paris/" />
<meta property="og:locale" content="en_US" />
<meta property="og:type" content="article" />
<meta property="og:title" content="Supporting Artists Internationally | A Spotlight on Chicago and Paris - Villa Albertine" />
<meta property="og:description" content="Panelists | Guillaume Désanges (Palais de Tokyo, Paris), Mariane Ibrahim (Mariane Ibrahim Gallery, Chicago, Paris, Mexico City), Paul Maheke (Visual artist, Villa Albertine resident in Chicago), Jérôme Poggi (Jérôme Poggi Gallery, Paris). Moderated by Armelle Malvoisin (Beaux Arts Magazine, Quotidien de l’Art).Over the last decade the relationship between Paris and Chicago’s artistic scenes has continued to deepen thanks to support for artist exchanges through commercial..." />
<meta property="og:url" content="https://villa-albertine.org/va/events/supporting-artists-internationally-spotlight-chicago-and-paris/" />
<meta property="og:site_name" content="Villa Albertine" />
<meta property="article:modified_time" content="2023-08-23T07:47:04+00:00" />
<meta property="og:image" content="https://villa-albertine.org/wp-content/uploads/2023/08/EXPO_CHICAGO_2022_Image_Courtesy_of_EXPO_CHICAGO._Photo_by_Kevin_Serna.jpg" />
	<meta property="og:image:width" content="800" />
	<meta property="og:image:height" content="571" />
	<meta property="og:image:type" content="image/jpeg" />
<meta name="twitter:card" content="summary_large_image" />
<meta name="twitter:label1" content="Est. reading time" />
	<meta name="twitter:data1" content="1 minute" />
<script type="application/ld+json" class="yoast-schema-graph">{"@context":"https:\/\/schema.org","@graph":[{"@type":"WebPage","@id":"https:\/\/villa-albertine.org\/va\/events\/supporting-artists-internationally-spotlight-chicago-and-paris\/","url":"https:\/\/villa-albertine.org\/va\/events\/supporting-artists-internationally-spotlight-chicago-and-paris\/","name":"Supporting Artists Internationally | A Spotlight on Chicago and Paris - Villa Albertine","isPartOf":{"@id":"https:\/\/villa-albertine.org\/va\/#website"},"primaryImageOfPage":{"@id":"https:\/\/villa-albertine.org\/va\/events\/supporting-artists-internationally-spotlight-chicago-and-paris\/#primaryimage"},"image":{"@id":"https:\/\/villa-albertine.org\/va\/events\/supporting-artists-internationally-spotlight-chicago-and-paris\/#primaryimage"},"thumbnailUrl":"https:\/\/villa-albertine.org\/wp-content\/uploads\/2023\/08\/EXPO_CHICAGO_2022_Image_Courtesy_of_EXPO_CHICAGO._Photo_by_Kevin_Serna.jpg","datePublished":"2023-03-15T22:56:27+00:00","dateModified":"2023-08-23T07:47:04+00:00","breadcrumb":{"@id":"https:\/\/villa-albertine.org\/va\/events\/supporting-artists-internationally-spotlight-chicago-and-paris\/#breadcrumb"},"inLanguage":"en-US","potentialAction":[{"@type":"ReadAction","target":["https:\/\/villa-albertine.org\/va\/events\/supporting-artists-internationally-spotlight-chicago-and-paris\/"]}]},{"@type":"ImageObject","inLanguage":"en-US","@id":"https:\/\/villa-albertine.org\/va\/events\/supporting-artists-internationally-spotlight-chicago-and-paris\/#primaryimage","url":"https:\/\/villa-albertine.org\/wp-content\/uploads\/2023\/08\/EXPO_CHICAGO_2022_Image_Courtesy_of_EXPO_CHICAGO._Photo_by_Kevin_Serna.jpg","contentUrl":"https:\/\/villa-albertine.org\/wp-content\/uploads\/2023\/08\/EXPO_CHICAGO_2022_Image_Courtesy_of_EXPO_CHICAGO._Photo_by_Kevin_Serna.jpg","width":800,"height":571},{"@type":"BreadcrumbList","@id":"https:\/\/villa-albertine.org\/va\/events\/supporting-artists-internationally-spotlight-chicago-and-paris\/#breadcrumb","itemListElement":[{"@type":"ListItem","position":1,"name":"Home","item":"https:\/\/villa-albertine.org\/va\/"},{"@type":"ListItem","position":2,"name":"Supporting Artists Internationally | A Spotlight on Chicago and Paris"}]},{"@type":"WebSite","@id":"https:\/\/villa-albertine.org\/va\/#website","url":"https:\/\/villa-albertine.org\/va\/","name":"Villa Albertine","description":"","potentialAction":[{"@type":"SearchAction","target":{"@type":"EntryPoint","urlTemplate":"https:\/\/villa-albertine.org\/va\/?s={search_term_string}"},"query-input":{"@type":"PropertyValueSpecification","valueRequired":true,"valueName":"search_term_string"}}],"inLanguage":"en-US"}]}</script>
<!-- / Yoast SEO plugin. -->

Panelists | Guillaume Désanges (Palais de Tokyo, Paris), Mariane Ibrahim (Mariane Ibrahim Gallery, Chicago, Paris, Mexico City), Paul Maheke (Visual artist, Villa Albertine resident in Chicago), Jérôme Poggi (Jérôme Poggi Gallery, Paris). Moderated by Armelle Malvoisin (Beaux Arts Magazine, Quotidien de l’Art).Over the last decade the relationship between Paris and Chicago’s artistic scenes has continued to deepen thanks to support for artist exchanges through commercial...
