{"id":60349,"date":"2023-06-06T14:22:03","date_gmt":"2023-06-06T14:22:03","guid":{"rendered":"https:\/\/villa-albertine.org\/events\/concert-jean-ferrandis-1\/"},"modified":"2023-08-23T07:46:41","modified_gmt":"2023-08-23T07:46:41","slug":"concert-jean-ferrandis-1","status":"publish","type":"app_event","link":"https:\/\/villa-albertine.org\/va\/events\/concert-jean-ferrandis-1\/","title":{"rendered":"Flute and Piano Concert with Jean Ferrandis at the Embassy of France"},"content":{"rendered":"<p>After hearing\u00a0<strong>Jean Ferrandis<\/strong>\u00a0perform the Adagio from Mozart\u2019s D Major Concerto, Leonard Bernstein exclaimed \u00ab it \u2018s Pan himself! \u00bb and subsequently composed a cadenza for him.\u00a0Mr Ferrandis enjoys an international career that takes him throughout Europe, Asia and North America. He has appeared as soloist in such prestigious concert hall, as Carnegie Hall, Alice Tully Hall in New York, Th\u00e9\u00e2tre des Champs Elys\u00e9es in Paris, La Fenice in Venice, Hamarikyu Hall in Tokyo, Tchaikovsky Conservatory Hall in Moscow in Moscow, etc&#8230;<br \/>\n\u00a0<\/p>\n<p><strong>Pianist Hui-Chuan Chen<\/strong>\u00a0leads a diverse career as a concert pianist, chamber musician, and educator. She has performed widely throughout the United States, Europe, and Asia, and has appeared in major performance venues, including Carnegie Hall (Weill Recital Hall), The Kennedy Center Concert Hall, and The Supreme Court of the United States of America. She has featured at the Aspen Music Festival (Aspen, CO), The National Gallery of Art and The Phillips Collection in Washington DC, the Barge Music Festival in New York City.<br \/>\n\u00a0<\/p>\n<p><strong>PROGRAM<\/strong><\/p>\n<p>Ludwig van BEETHOVEN &#8211;<em>\u00a0Sonate \u00ab la Printemps \u00ab for violin op 24, transcription by Jean Ferrandis\u00a0<\/em><\/p>\n<p>P\ufeffhilippe GAUBERT &#8211;<em>\u00a0Deuxi\u00e8me Sonate<\/em><\/p>\n<p>G\ufeffiulio BRICCIALDI &#8211;\u00a0<em>Fantasia on Traviatta\u00a0<\/em><\/p>\n<p>Claude DEBUSSY &#8211;\u00a0<em>Pr\u00e9lude \u00e0 l&#8217;apr\u00e8s-midi d&#8217;un faune\u00a0<\/em><\/p>\n<p>C\ufeff\u00e9sar Franck &#8211;\u00a0<em>Sonate for violin, transcription by Jean Ferrandis<\/em><\/p>\n","protected":false},"featured_media":60347,"menu_order":0,"template":"","app_discipline":[230],"app_city_tax":[226],"app_event_type":[238],"class_list":["post-60349","app_event","type-app_event","status-publish","has-post-thumbnail","hentry","app_discipline-music","app_city_tax-dc","app_event_type-concert"],"acf":[],"yoast_head":"<!-- This site is optimized with the Yoast SEO plugin v27.3 - https:\/\/yoast.com\/product\/yoast-seo-wordpress\/ -->\n<title>Flute and Piano Concert with Jean Ferrandis at the Embassy of France - Villa Albertine<\/title>\n<meta name=\"robots\" content=\"index, follow, max-snippet:-1, max-image-preview:large, max-video-preview:-1\" \/>\n<link rel=\"canonical\" href=\"https:\/\/villa-albertine.org\/va\/events\/concert-jean-ferrandis-1\/\" \/>\n<meta property=\"og:locale\" content=\"en_US\" \/>\n<meta property=\"og:type\" content=\"article\" \/>\n<meta property=\"og:title\" content=\"Flute and Piano Concert with Jean Ferrandis at the Embassy of France - Villa Albertine\" \/>\n<meta property=\"og:description\" content=\"After hearing\u00a0Jean Ferrandis\u00a0perform the Adagio from Mozart\u2019s D Major Concerto, Leonard Bernstein exclaimed \u00ab it \u2018s Pan himself! \u00bb and subsequently composed a cadenza for him.\u00a0Mr Ferrandis enjoys an international career that takes him throughout Europe, Asia and North America. He has appeared as soloist in such prestigious concert hall, as Carnegie Hall, Alice Tully...\" \/>\n<meta property=\"og:url\" content=\"https:\/\/villa-albertine.org\/va\/events\/concert-jean-ferrandis-1\/\" \/>\n<meta property=\"og:site_name\" content=\"Villa Albertine\" \/>\n<meta property=\"article:modified_time\" content=\"2023-08-23T07:46:41+00:00\" \/>\n<meta property=\"og:image\" content=\"https:\/\/villa-albertine.org\/wp-content\/uploads\/2023\/08\/MicrosoftTeams-image.jpg\" \/>\n\t<meta property=\"og:image:width\" content=\"1392\" \/>\n\t<meta property=\"og:image:height\" content=\"957\" \/>\n\t<meta property=\"og:image:type\" content=\"image\/png\" \/>\n<meta name=\"twitter:card\" content=\"summary_large_image\" \/>\n<meta name=\"twitter:label1\" content=\"Est. reading time\" \/>\n\t<meta name=\"twitter:data1\" content=\"1 minute\" \/>\n<script type=\"application\/ld+json\" class=\"yoast-schema-graph\">{\"@context\":\"https:\\\/\\\/schema.org\",\"@graph\":[{\"@type\":\"WebPage\",\"@id\":\"https:\\\/\\\/villa-albertine.org\\\/va\\\/events\\\/concert-jean-ferrandis-1\\\/\",\"url\":\"https:\\\/\\\/villa-albertine.org\\\/va\\\/events\\\/concert-jean-ferrandis-1\\\/\",\"name\":\"Flute and Piano Concert with Jean Ferrandis at the Embassy of France - Villa Albertine\",\"isPartOf\":{\"@id\":\"https:\\\/\\\/villa-albertine.org\\\/va\\\/#website\"},\"primaryImageOfPage\":{\"@id\":\"https:\\\/\\\/villa-albertine.org\\\/va\\\/events\\\/concert-jean-ferrandis-1\\\/#primaryimage\"},\"image\":{\"@id\":\"https:\\\/\\\/villa-albertine.org\\\/va\\\/events\\\/concert-jean-ferrandis-1\\\/#primaryimage\"},\"thumbnailUrl\":\"https:\\\/\\\/villa-albertine.org\\\/wp-content\\\/uploads\\\/2023\\\/08\\\/MicrosoftTeams-image.jpg\",\"datePublished\":\"2023-06-06T14:22:03+00:00\",\"dateModified\":\"2023-08-23T07:46:41+00:00\",\"breadcrumb\":{\"@id\":\"https:\\\/\\\/villa-albertine.org\\\/va\\\/events\\\/concert-jean-ferrandis-1\\\/#breadcrumb\"},\"inLanguage\":\"en-US\",\"potentialAction\":[{\"@type\":\"ReadAction\",\"target\":[\"https:\\\/\\\/villa-albertine.org\\\/va\\\/events\\\/concert-jean-ferrandis-1\\\/\"]}]},{\"@type\":\"ImageObject\",\"inLanguage\":\"en-US\",\"@id\":\"https:\\\/\\\/villa-albertine.org\\\/va\\\/events\\\/concert-jean-ferrandis-1\\\/#primaryimage\",\"url\":\"https:\\\/\\\/villa-albertine.org\\\/wp-content\\\/uploads\\\/2023\\\/08\\\/MicrosoftTeams-image.jpg\",\"contentUrl\":\"https:\\\/\\\/villa-albertine.org\\\/wp-content\\\/uploads\\\/2023\\\/08\\\/MicrosoftTeams-image.jpg\",\"width\":1392,\"height\":957},{\"@type\":\"BreadcrumbList\",\"@id\":\"https:\\\/\\\/villa-albertine.org\\\/va\\\/events\\\/concert-jean-ferrandis-1\\\/#breadcrumb\",\"itemListElement\":[{\"@type\":\"ListItem\",\"position\":1,\"name\":\"Home\",\"item\":\"https:\\\/\\\/villa-albertine.org\\\/va\\\/\"},{\"@type\":\"ListItem\",\"position\":2,\"name\":\"Flute and Piano Concert with Jean Ferrandis at the Embassy of France\"}]},{\"@type\":\"WebSite\",\"@id\":\"https:\\\/\\\/villa-albertine.org\\\/va\\\/#website\",\"url\":\"https:\\\/\\\/villa-albertine.org\\\/va\\\/\",\"name\":\"Villa Albertine\",\"description\":\"\",\"potentialAction\":[{\"@type\":\"SearchAction\",\"target\":{\"@type\":\"EntryPoint\",\"urlTemplate\":\"https:\\\/\\\/villa-albertine.org\\\/va\\\/?s={search_term_string}\"},\"query-input\":{\"@type\":\"PropertyValueSpecification\",\"valueRequired\":true,\"valueName\":\"search_term_string\"}}],\"inLanguage\":\"en-US\"}]}<\/script>\n<!-- \/ Yoast SEO plugin. -->","yoast_head_json":{"title":"Flute and Piano Concert with Jean Ferrandis at the Embassy of France - Villa Albertine","robots":{"index":"index","follow":"follow","max-snippet":"max-snippet:-1","max-image-preview":"max-image-preview:large","max-video-preview":"max-video-preview:-1"},"canonical":"https:\/\/villa-albertine.org\/va\/events\/concert-jean-ferrandis-1\/","og_locale":"en_US","og_type":"article","og_title":"Flute and Piano Concert with Jean Ferrandis at the Embassy of France - Villa Albertine","og_description":"After hearing\u00a0Jean Ferrandis\u00a0perform the Adagio from Mozart\u2019s D Major Concerto, Leonard Bernstein exclaimed \u00ab it \u2018s Pan himself! \u00bb and subsequently composed a cadenza for him.\u00a0Mr Ferrandis enjoys an international career that takes him throughout Europe, Asia and North America. He has appeared as soloist in such prestigious concert hall, as Carnegie Hall, Alice Tully...","og_url":"https:\/\/villa-albertine.org\/va\/events\/concert-jean-ferrandis-1\/","og_site_name":"Villa Albertine","article_modified_time":"2023-08-23T07:46:41+00:00","og_image":[{"width":1392,"height":957,"url":"https:\/\/villa-albertine.org\/wp-content\/uploads\/2023\/08\/MicrosoftTeams-image.jpg","type":"image\/png"}],"twitter_card":"summary_large_image","twitter_misc":{"Est. reading time":"1 minute"},"schema":{"@context":"https:\/\/schema.org","@graph":[{"@type":"WebPage","@id":"https:\/\/villa-albertine.org\/va\/events\/concert-jean-ferrandis-1\/","url":"https:\/\/villa-albertine.org\/va\/events\/concert-jean-ferrandis-1\/","name":"Flute and Piano Concert with Jean Ferrandis at the Embassy of France - Villa Albertine","isPartOf":{"@id":"https:\/\/villa-albertine.org\/va\/#website"},"primaryImageOfPage":{"@id":"https:\/\/villa-albertine.org\/va\/events\/concert-jean-ferrandis-1\/#primaryimage"},"image":{"@id":"https:\/\/villa-albertine.org\/va\/events\/concert-jean-ferrandis-1\/#primaryimage"},"thumbnailUrl":"https:\/\/villa-albertine.org\/wp-content\/uploads\/2023\/08\/MicrosoftTeams-image.jpg","datePublished":"2023-06-06T14:22:03+00:00","dateModified":"2023-08-23T07:46:41+00:00","breadcrumb":{"@id":"https:\/\/villa-albertine.org\/va\/events\/concert-jean-ferrandis-1\/#breadcrumb"},"inLanguage":"en-US","potentialAction":[{"@type":"ReadAction","target":["https:\/\/villa-albertine.org\/va\/events\/concert-jean-ferrandis-1\/"]}]},{"@type":"ImageObject","inLanguage":"en-US","@id":"https:\/\/villa-albertine.org\/va\/events\/concert-jean-ferrandis-1\/#primaryimage","url":"https:\/\/villa-albertine.org\/wp-content\/uploads\/2023\/08\/MicrosoftTeams-image.jpg","contentUrl":"https:\/\/villa-albertine.org\/wp-content\/uploads\/2023\/08\/MicrosoftTeams-image.jpg","width":1392,"height":957},{"@type":"BreadcrumbList","@id":"https:\/\/villa-albertine.org\/va\/events\/concert-jean-ferrandis-1\/#breadcrumb","itemListElement":[{"@type":"ListItem","position":1,"name":"Home","item":"https:\/\/villa-albertine.org\/va\/"},{"@type":"ListItem","position":2,"name":"Flute and Piano Concert with Jean Ferrandis at the Embassy of France"}]},{"@type":"WebSite","@id":"https:\/\/villa-albertine.org\/va\/#website","url":"https:\/\/villa-albertine.org\/va\/","name":"Villa Albertine","description":"","potentialAction":[{"@type":"SearchAction","target":{"@type":"EntryPoint","urlTemplate":"https:\/\/villa-albertine.org\/va\/?s={search_term_string}"},"query-input":{"@type":"PropertyValueSpecification","valueRequired":true,"valueName":"search_term_string"}}],"inLanguage":"en-US"}]}},"_links":{"self":[{"href":"https:\/\/villa-albertine.org\/va\/wp-json\/wp\/v2\/app_event\/60349","targetHints":{"allow":["GET"]}}],"collection":[{"href":"https:\/\/villa-albertine.org\/va\/wp-json\/wp\/v2\/app_event"}],"about":[{"href":"https:\/\/villa-albertine.org\/va\/wp-json\/wp\/v2\/types\/app_event"}],"wp:featuredmedia":[{"embeddable":true,"href":"https:\/\/villa-albertine.org\/va\/wp-json\/wp\/v2\/media\/60347"}],"wp:attachment":[{"href":"https:\/\/villa-albertine.org\/va\/wp-json\/wp\/v2\/media?parent=60349"}],"wp:term":[{"taxonomy":"app_discipline","embeddable":true,"href":"https:\/\/villa-albertine.org\/va\/wp-json\/wp\/v2\/app_discipline?post=60349"},{"taxonomy":"app_city_tax","embeddable":true,"href":"https:\/\/villa-albertine.org\/va\/wp-json\/wp\/v2\/app_city_tax?post=60349"},{"taxonomy":"app_event_type","embeddable":true,"href":"https:\/\/villa-albertine.org\/va\/wp-json\/wp\/v2\/app_event_type?post=60349"}],"curies":[{"name":"wp","href":"https:\/\/api.w.org\/{rel}","templated":true}]}}

<p>After hearing <strong>Jean Ferrandis</strong> perform the Adagio from Mozart’s D Major Concerto, Leonard Bernstein exclaimed « it ‘s Pan himself! » and subsequently composed a cadenza for him. Mr Ferrandis enjoys an international career that takes him throughout Europe, Asia and North America. He has appeared as soloist in such prestigious concert hall, as Carnegie Hall, Alice Tully Hall in New York, Théâtre des Champs Elysées in Paris, La Fenice in Venice, Hamarikyu Hall in Tokyo, Tchaikovsky Conservatory Hall in Moscow in Moscow, etc&#8230;<br />
 </p>
<p><strong>Pianist Hui-Chuan Chen</strong> leads a diverse career as a concert pianist, chamber musician, and educator. She has performed widely throughout the United States, Europe, and Asia, and has appeared in major performance venues, including Carnegie Hall (Weill Recital Hall), The Kennedy Center Concert Hall, and The Supreme Court of the United States of America. She has featured at the Aspen Music Festival (Aspen, CO), The National Gallery of Art and The Phillips Collection in Washington DC, the Barge Music Festival in New York City.<br />
 </p>
<p><strong>PROGRAM</strong></p>
<p>Ludwig van BEETHOVEN &#8211;<em> Sonate « la Printemps « for violin op 24, transcription by Jean Ferrandis </em></p>
<p>P﻿hilippe GAUBERT &#8211;<em> Deuxième Sonate</em></p>
<p>G﻿iulio BRICCIALDI &#8211; <em>Fantasia on Traviatta </em></p>
<p>Claude DEBUSSY &#8211; <em>Prélude à l&#8217;après-midi d&#8217;un faune </em></p>
<p>C﻿ésar Franck &#8211; <em>Sonate for violin, transcription by Jean Ferrandis</em></p>
