{"id":60275,"date":"2023-05-22T14:47:46","date_gmt":"2023-05-22T14:47:46","guid":{"rendered":"https:\/\/villa-albertine.org\/events\/computers-weaving-discussion-french-visual-artist-diane-cescutti\/"},"modified":"2023-08-23T07:46:01","modified_gmt":"2023-08-23T07:46:01","slug":"computers-weaving-discussion-french-visual-artist-diane-cescutti","status":"publish","type":"app_event","link":"https:\/\/villa-albertine.org\/va\/events\/computers-weaving-discussion-french-visual-artist-diane-cescutti\/","title":{"rendered":"Computers as Weaving: A Discussion with French Visual Artist Diane Cescutti"},"content":{"rendered":"<p>Villa Albertine in Texas, along with the Blaffer Art Museum, are delighted to present &#8220;<strong>Computers as weaving<\/strong>&#8220;, a conversation between designer\u00a0<a href=\"https:\/\/www.mukhtarayusuf.com\/\">Mukhtara Ay\u1ecdt\u1eb9j\u00fa Ad\u00e9k\u00fanbi Yusuf<\/a>, a quilter from\u00a0<a href=\"https:\/\/www.thecollective.org\/education\">The Jubilee Quilt Circle<\/a>, and Villa Albertine resident and French visual artist\u00a0<a href=\"https:\/\/villa-albertine.org\/residents\/diane-cescutti\">Diane Cescutti<\/a>, as she will be concluding her two-month residency program spent in Houston and Marfa.<\/p>\n<p>\u00a0<\/p>\n<p><strong>How do textile objects, practices and metaphors help us nourrish new imaginaries about outerspaces and virtual spaces?\u00a0<\/strong><\/p>\n<p>The talk will reflect on the contribution of soft, indigenous and textile knowledges to the very real computer history and technologies development, taking into example the way softness and soft enginering contributed to the development of the spacesuit and softgoods at NASA.\u00a0<\/p>\n<p>The discussion will dive into Diane Cescutti\u2019s current research\u00a0Worlding Marfa during her Villa Albertine residency in Houston and Marfa, and conclude with a panel talk between the 3 artists on how textile as coded artifacts nourrish imaginaries for new relationships to technlogies, outerspaces and virtual spaces.<\/p>\n<p>\u00a0<\/p>\n<p>The event is free and will take place at the University of Houston&#8217;s Blaffer Art Museum (Dudley Recital Hall).<\/p>\n","protected":false},"featured_media":60273,"menu_order":0,"template":"","app_discipline":[218],"app_city_tax":[222],"app_event_type":[241],"class_list":["post-60275","app_event","type-app_event","status-publish","has-post-thumbnail","hentry","app_discipline-visual-arts","app_city_tax-hou","app_event_type-talk"],"acf":[],"yoast_head":"<!-- This site is optimized with the Yoast SEO plugin v27.3 - https:\/\/yoast.com\/product\/yoast-seo-wordpress\/ -->\n<title>Computers as Weaving: A Discussion with French Visual Artist Diane Cescutti - Villa Albertine<\/title>\n<meta name=\"robots\" content=\"index, follow, max-snippet:-1, max-image-preview:large, max-video-preview:-1\" \/>\n<link rel=\"canonical\" href=\"https:\/\/villa-albertine.org\/va\/events\/computers-weaving-discussion-french-visual-artist-diane-cescutti\/\" \/>\n<meta property=\"og:locale\" content=\"en_US\" \/>\n<meta property=\"og:type\" content=\"article\" \/>\n<meta property=\"og:title\" content=\"Computers as Weaving: A Discussion with French Visual Artist Diane Cescutti - Villa Albertine\" \/>\n<meta property=\"og:description\" content=\"Villa Albertine in Texas, along with the Blaffer Art Museum, are delighted to present &#8220;Computers as weaving&#8220;, a conversation between designer\u00a0Mukhtara Ay\u1ecdt\u1eb9j\u00fa Ad\u00e9k\u00fanbi Yusuf, a quilter from\u00a0The Jubilee Quilt Circle, and Villa Albertine resident and French visual artist\u00a0Diane Cescutti, as she will be concluding her two-month residency program spent in Houston and Marfa. \u00a0 How...\" \/>\n<meta property=\"og:url\" content=\"https:\/\/villa-albertine.org\/va\/events\/computers-weaving-discussion-french-visual-artist-diane-cescutti\/\" \/>\n<meta property=\"og:site_name\" content=\"Villa Albertine\" \/>\n<meta property=\"article:modified_time\" content=\"2023-08-23T07:46:01+00:00\" \/>\n<meta property=\"og:image\" content=\"https:\/\/villa-albertine.org\/wp-content\/uploads\/2023\/08\/CESCUTTI20cr2020plantation20-20Ayomide20Tejuoso2028329.jpg\" \/>\n\t<meta property=\"og:image:width\" content=\"768\" \/>\n\t<meta property=\"og:image:height\" content=\"864\" \/>\n\t<meta property=\"og:image:type\" content=\"image\/jpeg\" \/>\n<meta name=\"twitter:card\" content=\"summary_large_image\" \/>\n<meta name=\"twitter:label1\" content=\"Est. reading time\" \/>\n\t<meta name=\"twitter:data1\" content=\"1 minute\" \/>\n<script type=\"application\/ld+json\" class=\"yoast-schema-graph\">{\"@context\":\"https:\\\/\\\/schema.org\",\"@graph\":[{\"@type\":\"WebPage\",\"@id\":\"https:\\\/\\\/villa-albertine.org\\\/va\\\/events\\\/computers-weaving-discussion-french-visual-artist-diane-cescutti\\\/\",\"url\":\"https:\\\/\\\/villa-albertine.org\\\/va\\\/events\\\/computers-weaving-discussion-french-visual-artist-diane-cescutti\\\/\",\"name\":\"Computers as Weaving: A Discussion with French Visual Artist Diane Cescutti - Villa Albertine\",\"isPartOf\":{\"@id\":\"https:\\\/\\\/villa-albertine.org\\\/va\\\/#website\"},\"primaryImageOfPage\":{\"@id\":\"https:\\\/\\\/villa-albertine.org\\\/va\\\/events\\\/computers-weaving-discussion-french-visual-artist-diane-cescutti\\\/#primaryimage\"},\"image\":{\"@id\":\"https:\\\/\\\/villa-albertine.org\\\/va\\\/events\\\/computers-weaving-discussion-french-visual-artist-diane-cescutti\\\/#primaryimage\"},\"thumbnailUrl\":\"https:\\\/\\\/villa-albertine.org\\\/wp-content\\\/uploads\\\/2023\\\/08\\\/CESCUTTI20cr2020plantation20-20Ayomide20Tejuoso2028329.jpg\",\"datePublished\":\"2023-05-22T14:47:46+00:00\",\"dateModified\":\"2023-08-23T07:46:01+00:00\",\"breadcrumb\":{\"@id\":\"https:\\\/\\\/villa-albertine.org\\\/va\\\/events\\\/computers-weaving-discussion-french-visual-artist-diane-cescutti\\\/#breadcrumb\"},\"inLanguage\":\"en-US\",\"potentialAction\":[{\"@type\":\"ReadAction\",\"target\":[\"https:\\\/\\\/villa-albertine.org\\\/va\\\/events\\\/computers-weaving-discussion-french-visual-artist-diane-cescutti\\\/\"]}]},{\"@type\":\"ImageObject\",\"inLanguage\":\"en-US\",\"@id\":\"https:\\\/\\\/villa-albertine.org\\\/va\\\/events\\\/computers-weaving-discussion-french-visual-artist-diane-cescutti\\\/#primaryimage\",\"url\":\"https:\\\/\\\/villa-albertine.org\\\/wp-content\\\/uploads\\\/2023\\\/08\\\/CESCUTTI20cr2020plantation20-20Ayomide20Tejuoso2028329.jpg\",\"contentUrl\":\"https:\\\/\\\/villa-albertine.org\\\/wp-content\\\/uploads\\\/2023\\\/08\\\/CESCUTTI20cr2020plantation20-20Ayomide20Tejuoso2028329.jpg\",\"width\":768,\"height\":864},{\"@type\":\"BreadcrumbList\",\"@id\":\"https:\\\/\\\/villa-albertine.org\\\/va\\\/events\\\/computers-weaving-discussion-french-visual-artist-diane-cescutti\\\/#breadcrumb\",\"itemListElement\":[{\"@type\":\"ListItem\",\"position\":1,\"name\":\"Home\",\"item\":\"https:\\\/\\\/villa-albertine.org\\\/va\\\/\"},{\"@type\":\"ListItem\",\"position\":2,\"name\":\"Computers as Weaving: A Discussion with French Visual Artist Diane Cescutti\"}]},{\"@type\":\"WebSite\",\"@id\":\"https:\\\/\\\/villa-albertine.org\\\/va\\\/#website\",\"url\":\"https:\\\/\\\/villa-albertine.org\\\/va\\\/\",\"name\":\"Villa Albertine\",\"description\":\"\",\"potentialAction\":[{\"@type\":\"SearchAction\",\"target\":{\"@type\":\"EntryPoint\",\"urlTemplate\":\"https:\\\/\\\/villa-albertine.org\\\/va\\\/?s={search_term_string}\"},\"query-input\":{\"@type\":\"PropertyValueSpecification\",\"valueRequired\":true,\"valueName\":\"search_term_string\"}}],\"inLanguage\":\"en-US\"}]}<\/script>\n<!-- \/ Yoast SEO plugin. -->","yoast_head_json":{"title":"Computers as Weaving: A Discussion with French Visual Artist Diane Cescutti - Villa Albertine","robots":{"index":"index","follow":"follow","max-snippet":"max-snippet:-1","max-image-preview":"max-image-preview:large","max-video-preview":"max-video-preview:-1"},"canonical":"https:\/\/villa-albertine.org\/va\/events\/computers-weaving-discussion-french-visual-artist-diane-cescutti\/","og_locale":"en_US","og_type":"article","og_title":"Computers as Weaving: A Discussion with French Visual Artist Diane Cescutti - Villa Albertine","og_description":"Villa Albertine in Texas, along with the Blaffer Art Museum, are delighted to present &#8220;Computers as weaving&#8220;, a conversation between designer\u00a0Mukhtara Ay\u1ecdt\u1eb9j\u00fa Ad\u00e9k\u00fanbi Yusuf, a quilter from\u00a0The Jubilee Quilt Circle, and Villa Albertine resident and French visual artist\u00a0Diane Cescutti, as she will be concluding her two-month residency program spent in Houston and Marfa. \u00a0 How...","og_url":"https:\/\/villa-albertine.org\/va\/events\/computers-weaving-discussion-french-visual-artist-diane-cescutti\/","og_site_name":"Villa Albertine","article_modified_time":"2023-08-23T07:46:01+00:00","og_image":[{"width":768,"height":864,"url":"https:\/\/villa-albertine.org\/wp-content\/uploads\/2023\/08\/CESCUTTI20cr2020plantation20-20Ayomide20Tejuoso2028329.jpg","type":"image\/jpeg"}],"twitter_card":"summary_large_image","twitter_misc":{"Est. reading time":"1 minute"},"schema":{"@context":"https:\/\/schema.org","@graph":[{"@type":"WebPage","@id":"https:\/\/villa-albertine.org\/va\/events\/computers-weaving-discussion-french-visual-artist-diane-cescutti\/","url":"https:\/\/villa-albertine.org\/va\/events\/computers-weaving-discussion-french-visual-artist-diane-cescutti\/","name":"Computers as Weaving: A Discussion with French Visual Artist Diane Cescutti - Villa Albertine","isPartOf":{"@id":"https:\/\/villa-albertine.org\/va\/#website"},"primaryImageOfPage":{"@id":"https:\/\/villa-albertine.org\/va\/events\/computers-weaving-discussion-french-visual-artist-diane-cescutti\/#primaryimage"},"image":{"@id":"https:\/\/villa-albertine.org\/va\/events\/computers-weaving-discussion-french-visual-artist-diane-cescutti\/#primaryimage"},"thumbnailUrl":"https:\/\/villa-albertine.org\/wp-content\/uploads\/2023\/08\/CESCUTTI20cr2020plantation20-20Ayomide20Tejuoso2028329.jpg","datePublished":"2023-05-22T14:47:46+00:00","dateModified":"2023-08-23T07:46:01+00:00","breadcrumb":{"@id":"https:\/\/villa-albertine.org\/va\/events\/computers-weaving-discussion-french-visual-artist-diane-cescutti\/#breadcrumb"},"inLanguage":"en-US","potentialAction":[{"@type":"ReadAction","target":["https:\/\/villa-albertine.org\/va\/events\/computers-weaving-discussion-french-visual-artist-diane-cescutti\/"]}]},{"@type":"ImageObject","inLanguage":"en-US","@id":"https:\/\/villa-albertine.org\/va\/events\/computers-weaving-discussion-french-visual-artist-diane-cescutti\/#primaryimage","url":"https:\/\/villa-albertine.org\/wp-content\/uploads\/2023\/08\/CESCUTTI20cr2020plantation20-20Ayomide20Tejuoso2028329.jpg","contentUrl":"https:\/\/villa-albertine.org\/wp-content\/uploads\/2023\/08\/CESCUTTI20cr2020plantation20-20Ayomide20Tejuoso2028329.jpg","width":768,"height":864},{"@type":"BreadcrumbList","@id":"https:\/\/villa-albertine.org\/va\/events\/computers-weaving-discussion-french-visual-artist-diane-cescutti\/#breadcrumb","itemListElement":[{"@type":"ListItem","position":1,"name":"Home","item":"https:\/\/villa-albertine.org\/va\/"},{"@type":"ListItem","position":2,"name":"Computers as Weaving: A Discussion with French Visual Artist Diane Cescutti"}]},{"@type":"WebSite","@id":"https:\/\/villa-albertine.org\/va\/#website","url":"https:\/\/villa-albertine.org\/va\/","name":"Villa Albertine","description":"","potentialAction":[{"@type":"SearchAction","target":{"@type":"EntryPoint","urlTemplate":"https:\/\/villa-albertine.org\/va\/?s={search_term_string}"},"query-input":{"@type":"PropertyValueSpecification","valueRequired":true,"valueName":"search_term_string"}}],"inLanguage":"en-US"}]}},"_links":{"self":[{"href":"https:\/\/villa-albertine.org\/va\/wp-json\/wp\/v2\/app_event\/60275","targetHints":{"allow":["GET"]}}],"collection":[{"href":"https:\/\/villa-albertine.org\/va\/wp-json\/wp\/v2\/app_event"}],"about":[{"href":"https:\/\/villa-albertine.org\/va\/wp-json\/wp\/v2\/types\/app_event"}],"wp:featuredmedia":[{"embeddable":true,"href":"https:\/\/villa-albertine.org\/va\/wp-json\/wp\/v2\/media\/60273"}],"wp:attachment":[{"href":"https:\/\/villa-albertine.org\/va\/wp-json\/wp\/v2\/media?parent=60275"}],"wp:term":[{"taxonomy":"app_discipline","embeddable":true,"href":"https:\/\/villa-albertine.org\/va\/wp-json\/wp\/v2\/app_discipline?post=60275"},{"taxonomy":"app_city_tax","embeddable":true,"href":"https:\/\/villa-albertine.org\/va\/wp-json\/wp\/v2\/app_city_tax?post=60275"},{"taxonomy":"app_event_type","embeddable":true,"href":"https:\/\/villa-albertine.org\/va\/wp-json\/wp\/v2\/app_event_type?post=60275"}],"curies":[{"name":"wp","href":"https:\/\/api.w.org\/{rel}","templated":true}]}}

<p>Villa Albertine in Texas, along with the Blaffer Art Museum, are delighted to present &#8220;<strong>Computers as weaving</strong>&#8220;, a conversation between designer <a href="https://www.mukhtarayusuf.com/">Mukhtara Ayọtẹjú Adékúnbi Yusuf</a>, a quilter from <a href="https://www.thecollective.org/education">The Jubilee Quilt Circle</a>, and Villa Albertine resident and French visual artist <a href="https://villa-albertine.org/residents/diane-cescutti">Diane Cescutti</a>, as she will be concluding her two-month residency program spent in Houston and Marfa.</p>
<p> </p>
<p><strong>How do textile objects, practices and metaphors help us nourrish new imaginaries about outerspaces and virtual spaces? </strong></p>
<p>The talk will reflect on the contribution of soft, indigenous and textile knowledges to the very real computer history and technologies development, taking into example the way softness and soft enginering contributed to the development of the spacesuit and softgoods at NASA. </p>
<p>The discussion will dive into Diane Cescutti’s current research Worlding Marfa during her Villa Albertine residency in Houston and Marfa, and conclude with a panel talk between the 3 artists on how textile as coded artifacts nourrish imaginaries for new relationships to technlogies, outerspaces and virtual spaces.</p>
<p> </p>
<p>The event is free and will take place at the University of Houston&#8217;s Blaffer Art Museum (Dudley Recital Hall).</p>

<!-- This site is optimized with the Yoast SEO plugin v27.3 - https://yoast.com/product/yoast-seo-wordpress/ -->
<title>Computers as Weaving: A Discussion with French Visual Artist Diane Cescutti - Villa Albertine</title>
<meta name="robots" content="index, follow, max-snippet:-1, max-image-preview:large, max-video-preview:-1" />
<link rel="canonical" href="https://villa-albertine.org/va/events/computers-weaving-discussion-french-visual-artist-diane-cescutti/" />
<meta property="og:locale" content="en_US" />
<meta property="og:type" content="article" />
<meta property="og:title" content="Computers as Weaving: A Discussion with French Visual Artist Diane Cescutti - Villa Albertine" />
<meta property="og:description" content="Villa Albertine in Texas, along with the Blaffer Art Museum, are delighted to present &#8220;Computers as weaving&#8220;, a conversation between designer Mukhtara Ayọtẹjú Adékúnbi Yusuf, a quilter from The Jubilee Quilt Circle, and Villa Albertine resident and French visual artist Diane Cescutti, as she will be concluding her two-month residency program spent in Houston and Marfa.   How..." />
<meta property="og:url" content="https://villa-albertine.org/va/events/computers-weaving-discussion-french-visual-artist-diane-cescutti/" />
<meta property="og:site_name" content="Villa Albertine" />
<meta property="article:modified_time" content="2023-08-23T07:46:01+00:00" />
<meta property="og:image" content="https://villa-albertine.org/wp-content/uploads/2023/08/CESCUTTI20cr2020plantation20-20Ayomide20Tejuoso2028329.jpg" />
	<meta property="og:image:width" content="768" />
	<meta property="og:image:height" content="864" />
	<meta property="og:image:type" content="image/jpeg" />
<meta name="twitter:card" content="summary_large_image" />
<meta name="twitter:label1" content="Est. reading time" />
	<meta name="twitter:data1" content="1 minute" />
<script type="application/ld+json" class="yoast-schema-graph">{"@context":"https:\/\/schema.org","@graph":[{"@type":"WebPage","@id":"https:\/\/villa-albertine.org\/va\/events\/computers-weaving-discussion-french-visual-artist-diane-cescutti\/","url":"https:\/\/villa-albertine.org\/va\/events\/computers-weaving-discussion-french-visual-artist-diane-cescutti\/","name":"Computers as Weaving: A Discussion with French Visual Artist Diane Cescutti - Villa Albertine","isPartOf":{"@id":"https:\/\/villa-albertine.org\/va\/#website"},"primaryImageOfPage":{"@id":"https:\/\/villa-albertine.org\/va\/events\/computers-weaving-discussion-french-visual-artist-diane-cescutti\/#primaryimage"},"image":{"@id":"https:\/\/villa-albertine.org\/va\/events\/computers-weaving-discussion-french-visual-artist-diane-cescutti\/#primaryimage"},"thumbnailUrl":"https:\/\/villa-albertine.org\/wp-content\/uploads\/2023\/08\/CESCUTTI20cr2020plantation20-20Ayomide20Tejuoso2028329.jpg","datePublished":"2023-05-22T14:47:46+00:00","dateModified":"2023-08-23T07:46:01+00:00","breadcrumb":{"@id":"https:\/\/villa-albertine.org\/va\/events\/computers-weaving-discussion-french-visual-artist-diane-cescutti\/#breadcrumb"},"inLanguage":"en-US","potentialAction":[{"@type":"ReadAction","target":["https:\/\/villa-albertine.org\/va\/events\/computers-weaving-discussion-french-visual-artist-diane-cescutti\/"]}]},{"@type":"ImageObject","inLanguage":"en-US","@id":"https:\/\/villa-albertine.org\/va\/events\/computers-weaving-discussion-french-visual-artist-diane-cescutti\/#primaryimage","url":"https:\/\/villa-albertine.org\/wp-content\/uploads\/2023\/08\/CESCUTTI20cr2020plantation20-20Ayomide20Tejuoso2028329.jpg","contentUrl":"https:\/\/villa-albertine.org\/wp-content\/uploads\/2023\/08\/CESCUTTI20cr2020plantation20-20Ayomide20Tejuoso2028329.jpg","width":768,"height":864},{"@type":"BreadcrumbList","@id":"https:\/\/villa-albertine.org\/va\/events\/computers-weaving-discussion-french-visual-artist-diane-cescutti\/#breadcrumb","itemListElement":[{"@type":"ListItem","position":1,"name":"Home","item":"https:\/\/villa-albertine.org\/va\/"},{"@type":"ListItem","position":2,"name":"Computers as Weaving: A Discussion with French Visual Artist Diane Cescutti"}]},{"@type":"WebSite","@id":"https:\/\/villa-albertine.org\/va\/#website","url":"https:\/\/villa-albertine.org\/va\/","name":"Villa Albertine","description":"","potentialAction":[{"@type":"SearchAction","target":{"@type":"EntryPoint","urlTemplate":"https:\/\/villa-albertine.org\/va\/?s={search_term_string}"},"query-input":{"@type":"PropertyValueSpecification","valueRequired":true,"valueName":"search_term_string"}}],"inLanguage":"en-US"}]}</script>
<!-- / Yoast SEO plugin. -->

Villa Albertine in Texas, along with the Blaffer Art Museum, are delighted to present &#8220;Computers as weaving&#8220;, a conversation between designer Mukhtara Ayọtẹjú Adékúnbi Yusuf, a quilter from The Jubilee Quilt Circle, and Villa Albertine resident and French visual artist Diane Cescutti, as she will be concluding her two-month residency program spent in Houston and Marfa.   How...
