{"id":60088,"date":"2023-03-29T16:58:56","date_gmt":"2023-03-29T16:58:56","guid":{"rendered":"https:\/\/villa-albertine.org\/events\/ecrivaines-daujourdhui-writing-silence-against-silence\/"},"modified":"2023-08-23T07:45:08","modified_gmt":"2023-08-23T07:45:08","slug":"ecrivaines-daujourdhui-writing-silence-against-silence","status":"publish","type":"app_event","link":"https:\/\/villa-albertine.org\/va\/events\/ecrivaines-daujourdhui-writing-silence-against-silence\/","title":{"rendered":"Ecrivain.e.s d\u2019Aujourd\u2019hui: Writing in silence against silence"},"content":{"rendered":"<p>To prepare for her visit, the graduate students in French have organized two reading groups. The first one will be in English and take place on Thursday, March 30th and the second one in French will be held on Tuesday, April 4th. Both will be in person in Callaway C202. These workshops are open to undergraduate and graduate students in all disciplines.<\/p>\n<p>This event is sponsored by the Department of French and Italian and co-sponsored by FERA, the Latin and Caribbean Studies Program, l&#8217;Association Internationale des Etudes Qu\u00e9b\u00e9coises, the Center for Human Health, the Robert W. Woodruff Library, the Psychoanalytic Studies Program, the Department of Comparative Literature, the African American Studies Program, the Department of English and the Department of Women, Gender, and Sexuality Studies, and with the generous support of the D\u00e9l\u00e9gation du Qu\u00e9bec, of the Villa Albertine and the Consulate General of France in Atlanta.<\/p>\n<p>Born in Port-au-Prince, Haiti, Agnant has lived in Qu\u00e9bec since 1970. Agnant\u2019s work is inspired by her personal experiences as a Black woman immigrating to Canada as well as the lives of those around her who have similar stories. Her novels have been broadly translated and include her most well-known novel, Le Livre d\u2019Emma [The Book of Emma, 2001] which tells the story of enslaved women in the Caribbean facing their traumatizing past. An anthology of her poems, Femmes des terres br\u00fbl\u00e9es (2016) which evokes the living conditions of women and their fight against injustice, won the Prix Alain-Grandbois from the Acad\u00e9mie des lettres du Qu\u00e9bec. Her short story \u201cSofialor\u00e8ne, si loin de la d\u00e9livrance\u201d (2013) won the Prose Creation Prize from the Soci\u00e9t\u00e9 de d\u00e9veloppement des p\u00e9riodiques culturels in 2014.<\/p>\n","protected":false},"featured_media":60086,"menu_order":0,"template":"","app_discipline":[213,233],"app_city_tax":[221],"app_event_type":[241],"class_list":["post-60088","app_event","type-app_event","status-publish","has-post-thumbnail","hentry","app_discipline-literature","app_discipline-social-sciences-and-humanities","app_city_tax-atl","app_event_type-talk"],"acf":[],"yoast_head":"<!-- This site is optimized with the Yoast SEO plugin v27.3 - https:\/\/yoast.com\/product\/yoast-seo-wordpress\/ -->\n<title>Ecrivain.e.s d\u2019Aujourd\u2019hui: Writing in silence against silence - Villa Albertine<\/title>\n<meta name=\"robots\" content=\"index, follow, max-snippet:-1, max-image-preview:large, max-video-preview:-1\" \/>\n<link rel=\"canonical\" href=\"https:\/\/villa-albertine.org\/va\/events\/ecrivaines-daujourdhui-writing-silence-against-silence\/\" \/>\n<meta property=\"og:locale\" content=\"en_US\" \/>\n<meta property=\"og:type\" content=\"article\" \/>\n<meta property=\"og:title\" content=\"Ecrivain.e.s d\u2019Aujourd\u2019hui: Writing in silence against silence - Villa Albertine\" \/>\n<meta property=\"og:description\" content=\"To prepare for her visit, the graduate students in French have organized two reading groups. The first one will be in English and take place on Thursday, March 30th and the second one in French will be held on Tuesday, April 4th. Both will be in person in Callaway C202. These workshops are open to...\" \/>\n<meta property=\"og:url\" content=\"https:\/\/villa-albertine.org\/va\/events\/ecrivaines-daujourdhui-writing-silence-against-silence\/\" \/>\n<meta property=\"og:site_name\" content=\"Villa Albertine\" \/>\n<meta property=\"article:modified_time\" content=\"2023-08-23T07:45:08+00:00\" \/>\n<meta property=\"og:image\" content=\"https:\/\/villa-albertine.org\/wp-content\/uploads\/2023\/08\/banniere-portrait-autrice-marie_celie_agnant.jpg\" \/>\n\t<meta property=\"og:image:width\" content=\"678\" \/>\n\t<meta property=\"og:image:height\" content=\"477\" \/>\n\t<meta property=\"og:image:type\" content=\"image\/jpeg\" \/>\n<meta name=\"twitter:card\" content=\"summary_large_image\" \/>\n<meta name=\"twitter:label1\" content=\"Est. reading time\" \/>\n\t<meta name=\"twitter:data1\" content=\"1 minute\" \/>\n<script type=\"application\/ld+json\" class=\"yoast-schema-graph\">{\"@context\":\"https:\\\/\\\/schema.org\",\"@graph\":[{\"@type\":\"WebPage\",\"@id\":\"https:\\\/\\\/villa-albertine.org\\\/va\\\/events\\\/ecrivaines-daujourdhui-writing-silence-against-silence\\\/\",\"url\":\"https:\\\/\\\/villa-albertine.org\\\/va\\\/events\\\/ecrivaines-daujourdhui-writing-silence-against-silence\\\/\",\"name\":\"Ecrivain.e.s d\u2019Aujourd\u2019hui: Writing in silence against silence - Villa Albertine\",\"isPartOf\":{\"@id\":\"https:\\\/\\\/villa-albertine.org\\\/va\\\/#website\"},\"primaryImageOfPage\":{\"@id\":\"https:\\\/\\\/villa-albertine.org\\\/va\\\/events\\\/ecrivaines-daujourdhui-writing-silence-against-silence\\\/#primaryimage\"},\"image\":{\"@id\":\"https:\\\/\\\/villa-albertine.org\\\/va\\\/events\\\/ecrivaines-daujourdhui-writing-silence-against-silence\\\/#primaryimage\"},\"thumbnailUrl\":\"https:\\\/\\\/villa-albertine.org\\\/wp-content\\\/uploads\\\/2023\\\/08\\\/banniere-portrait-autrice-marie_celie_agnant.jpg\",\"datePublished\":\"2023-03-29T16:58:56+00:00\",\"dateModified\":\"2023-08-23T07:45:08+00:00\",\"breadcrumb\":{\"@id\":\"https:\\\/\\\/villa-albertine.org\\\/va\\\/events\\\/ecrivaines-daujourdhui-writing-silence-against-silence\\\/#breadcrumb\"},\"inLanguage\":\"en-US\",\"potentialAction\":[{\"@type\":\"ReadAction\",\"target\":[\"https:\\\/\\\/villa-albertine.org\\\/va\\\/events\\\/ecrivaines-daujourdhui-writing-silence-against-silence\\\/\"]}]},{\"@type\":\"ImageObject\",\"inLanguage\":\"en-US\",\"@id\":\"https:\\\/\\\/villa-albertine.org\\\/va\\\/events\\\/ecrivaines-daujourdhui-writing-silence-against-silence\\\/#primaryimage\",\"url\":\"https:\\\/\\\/villa-albertine.org\\\/wp-content\\\/uploads\\\/2023\\\/08\\\/banniere-portrait-autrice-marie_celie_agnant.jpg\",\"contentUrl\":\"https:\\\/\\\/villa-albertine.org\\\/wp-content\\\/uploads\\\/2023\\\/08\\\/banniere-portrait-autrice-marie_celie_agnant.jpg\",\"width\":678,\"height\":477},{\"@type\":\"BreadcrumbList\",\"@id\":\"https:\\\/\\\/villa-albertine.org\\\/va\\\/events\\\/ecrivaines-daujourdhui-writing-silence-against-silence\\\/#breadcrumb\",\"itemListElement\":[{\"@type\":\"ListItem\",\"position\":1,\"name\":\"Home\",\"item\":\"https:\\\/\\\/villa-albertine.org\\\/va\\\/\"},{\"@type\":\"ListItem\",\"position\":2,\"name\":\"Ecrivain.e.s d\u2019Aujourd\u2019hui: Writing in silence against silence\"}]},{\"@type\":\"WebSite\",\"@id\":\"https:\\\/\\\/villa-albertine.org\\\/va\\\/#website\",\"url\":\"https:\\\/\\\/villa-albertine.org\\\/va\\\/\",\"name\":\"Villa Albertine\",\"description\":\"\",\"potentialAction\":[{\"@type\":\"SearchAction\",\"target\":{\"@type\":\"EntryPoint\",\"urlTemplate\":\"https:\\\/\\\/villa-albertine.org\\\/va\\\/?s={search_term_string}\"},\"query-input\":{\"@type\":\"PropertyValueSpecification\",\"valueRequired\":true,\"valueName\":\"search_term_string\"}}],\"inLanguage\":\"en-US\"}]}<\/script>\n<!-- \/ Yoast SEO plugin. -->","yoast_head_json":{"title":"Ecrivain.e.s d\u2019Aujourd\u2019hui: Writing in silence against silence - Villa Albertine","robots":{"index":"index","follow":"follow","max-snippet":"max-snippet:-1","max-image-preview":"max-image-preview:large","max-video-preview":"max-video-preview:-1"},"canonical":"https:\/\/villa-albertine.org\/va\/events\/ecrivaines-daujourdhui-writing-silence-against-silence\/","og_locale":"en_US","og_type":"article","og_title":"Ecrivain.e.s d\u2019Aujourd\u2019hui: Writing in silence against silence - Villa Albertine","og_description":"To prepare for her visit, the graduate students in French have organized two reading groups. The first one will be in English and take place on Thursday, March 30th and the second one in French will be held on Tuesday, April 4th. Both will be in person in Callaway C202. These workshops are open to...","og_url":"https:\/\/villa-albertine.org\/va\/events\/ecrivaines-daujourdhui-writing-silence-against-silence\/","og_site_name":"Villa Albertine","article_modified_time":"2023-08-23T07:45:08+00:00","og_image":[{"width":678,"height":477,"url":"https:\/\/villa-albertine.org\/wp-content\/uploads\/2023\/08\/banniere-portrait-autrice-marie_celie_agnant.jpg","type":"image\/jpeg"}],"twitter_card":"summary_large_image","twitter_misc":{"Est. reading time":"1 minute"},"schema":{"@context":"https:\/\/schema.org","@graph":[{"@type":"WebPage","@id":"https:\/\/villa-albertine.org\/va\/events\/ecrivaines-daujourdhui-writing-silence-against-silence\/","url":"https:\/\/villa-albertine.org\/va\/events\/ecrivaines-daujourdhui-writing-silence-against-silence\/","name":"Ecrivain.e.s d\u2019Aujourd\u2019hui: Writing in silence against silence - Villa Albertine","isPartOf":{"@id":"https:\/\/villa-albertine.org\/va\/#website"},"primaryImageOfPage":{"@id":"https:\/\/villa-albertine.org\/va\/events\/ecrivaines-daujourdhui-writing-silence-against-silence\/#primaryimage"},"image":{"@id":"https:\/\/villa-albertine.org\/va\/events\/ecrivaines-daujourdhui-writing-silence-against-silence\/#primaryimage"},"thumbnailUrl":"https:\/\/villa-albertine.org\/wp-content\/uploads\/2023\/08\/banniere-portrait-autrice-marie_celie_agnant.jpg","datePublished":"2023-03-29T16:58:56+00:00","dateModified":"2023-08-23T07:45:08+00:00","breadcrumb":{"@id":"https:\/\/villa-albertine.org\/va\/events\/ecrivaines-daujourdhui-writing-silence-against-silence\/#breadcrumb"},"inLanguage":"en-US","potentialAction":[{"@type":"ReadAction","target":["https:\/\/villa-albertine.org\/va\/events\/ecrivaines-daujourdhui-writing-silence-against-silence\/"]}]},{"@type":"ImageObject","inLanguage":"en-US","@id":"https:\/\/villa-albertine.org\/va\/events\/ecrivaines-daujourdhui-writing-silence-against-silence\/#primaryimage","url":"https:\/\/villa-albertine.org\/wp-content\/uploads\/2023\/08\/banniere-portrait-autrice-marie_celie_agnant.jpg","contentUrl":"https:\/\/villa-albertine.org\/wp-content\/uploads\/2023\/08\/banniere-portrait-autrice-marie_celie_agnant.jpg","width":678,"height":477},{"@type":"BreadcrumbList","@id":"https:\/\/villa-albertine.org\/va\/events\/ecrivaines-daujourdhui-writing-silence-against-silence\/#breadcrumb","itemListElement":[{"@type":"ListItem","position":1,"name":"Home","item":"https:\/\/villa-albertine.org\/va\/"},{"@type":"ListItem","position":2,"name":"Ecrivain.e.s d\u2019Aujourd\u2019hui: Writing in silence against silence"}]},{"@type":"WebSite","@id":"https:\/\/villa-albertine.org\/va\/#website","url":"https:\/\/villa-albertine.org\/va\/","name":"Villa Albertine","description":"","potentialAction":[{"@type":"SearchAction","target":{"@type":"EntryPoint","urlTemplate":"https:\/\/villa-albertine.org\/va\/?s={search_term_string}"},"query-input":{"@type":"PropertyValueSpecification","valueRequired":true,"valueName":"search_term_string"}}],"inLanguage":"en-US"}]}},"_links":{"self":[{"href":"https:\/\/villa-albertine.org\/va\/wp-json\/wp\/v2\/app_event\/60088","targetHints":{"allow":["GET"]}}],"collection":[{"href":"https:\/\/villa-albertine.org\/va\/wp-json\/wp\/v2\/app_event"}],"about":[{"href":"https:\/\/villa-albertine.org\/va\/wp-json\/wp\/v2\/types\/app_event"}],"wp:featuredmedia":[{"embeddable":true,"href":"https:\/\/villa-albertine.org\/va\/wp-json\/wp\/v2\/media\/60086"}],"wp:attachment":[{"href":"https:\/\/villa-albertine.org\/va\/wp-json\/wp\/v2\/media?parent=60088"}],"wp:term":[{"taxonomy":"app_discipline","embeddable":true,"href":"https:\/\/villa-albertine.org\/va\/wp-json\/wp\/v2\/app_discipline?post=60088"},{"taxonomy":"app_city_tax","embeddable":true,"href":"https:\/\/villa-albertine.org\/va\/wp-json\/wp\/v2\/app_city_tax?post=60088"},{"taxonomy":"app_event_type","embeddable":true,"href":"https:\/\/villa-albertine.org\/va\/wp-json\/wp\/v2\/app_event_type?post=60088"}],"curies":[{"name":"wp","href":"https:\/\/api.w.org\/{rel}","templated":true}]}}

<p>To prepare for her visit, the graduate students in French have organized two reading groups. The first one will be in English and take place on Thursday, March 30th and the second one in French will be held on Tuesday, April 4th. Both will be in person in Callaway C202. These workshops are open to undergraduate and graduate students in all disciplines.</p>
<p>This event is sponsored by the Department of French and Italian and co-sponsored by FERA, the Latin and Caribbean Studies Program, l&#8217;Association Internationale des Etudes Québécoises, the Center for Human Health, the Robert W. Woodruff Library, the Psychoanalytic Studies Program, the Department of Comparative Literature, the African American Studies Program, the Department of English and the Department of Women, Gender, and Sexuality Studies, and with the generous support of the Délégation du Québec, of the Villa Albertine and the Consulate General of France in Atlanta.</p>
<p>Born in Port-au-Prince, Haiti, Agnant has lived in Québec since 1970. Agnant’s work is inspired by her personal experiences as a Black woman immigrating to Canada as well as the lives of those around her who have similar stories. Her novels have been broadly translated and include her most well-known novel, Le Livre d’Emma [The Book of Emma, 2001] which tells the story of enslaved women in the Caribbean facing their traumatizing past. An anthology of her poems, Femmes des terres brûlées (2016) which evokes the living conditions of women and their fight against injustice, won the Prix Alain-Grandbois from the Académie des lettres du Québec. Her short story “Sofialorène, si loin de la délivrance” (2013) won the Prose Creation Prize from the Société de développement des périodiques culturels in 2014.</p>
