{"id":60085,"date":"2023-03-29T17:18:39","date_gmt":"2023-03-29T17:18:39","guid":{"rendered":"https:\/\/villa-albertine.org\/events\/contemporary-epistemologies-moving-images-graphs-diagrams-topographies\/"},"modified":"2023-08-23T07:45:08","modified_gmt":"2023-08-23T07:45:08","slug":"contemporary-epistemologies-moving-images-graphs-diagrams-topographies","status":"publish","type":"app_event","link":"https:\/\/villa-albertine.org\/va\/events\/contemporary-epistemologies-moving-images-graphs-diagrams-topographies\/","title":{"rendered":"Contemporary Epistemologies of Moving Images: Graphs, Diagrams &#038; Topographies"},"content":{"rendered":"<p>The conference will include opening remarks by <strong>Fredric Jameson (Duke<\/strong><strong> University)<\/strong> and a keynote speech by <strong>Rey Chow (Duke<\/strong><strong> University)<\/strong>, as well as <strong>six panels<\/strong> featuring papers by faculty and graduate students from Duke, Paris-Cit\u00e9 Universit\u00e9, Paris Sorbonne Nouvelle, and other universities across the U.S.<\/p>\n<p>All events, including screenings of <strong>Jacques Perconte<\/strong><strong>\u2019s <\/strong><em><strong>Avant l&#8217;effondrement du Mont Blanc <\/strong><\/em><em>(2020, 16mins) <\/em>and <strong>Anouk De Clercq<\/strong><strong>\u2019s <em>Thing<\/em><\/strong><em> (2013, 18 mins),<\/em> will take place at the <a href=\"https:\/\/nam11.safelinks.protection.outlook.com\/?url=https%3A%2F%2Fartscenter.duke.edu%2F&amp;data=05%7C01%7Csophia.stahl%40frenchculture.org%7Cf4ba6726c6ec4d015f4b08db306f03a0%7C2d6ab33a15c04d1eb0363b23ceb26830%7C0%7C0%7C638157026233936454%7CUnknown%7CTWFpbGZsb3d8eyJWIjoiMC4wLjAwMDAiLCJQIjoiV2luMzIiLCJBTiI6Ik1haWwiLCJXVCI6Mn0%3D%7C3000%7C%7C%7C&amp;sdata=GHg42s%2ByiTQP3r7LXnaRex6bLz%2FyN3xVkS0qASkh4Q4%3D&amp;reserved=0\">Rubenstein Arts Center<\/a>\u00a0and <strong>are free and\u00a0open to the public<\/strong>.<\/p>\n<p>Contemporary visual culture is marked by an exponential use of graphic images. Diagrams, charts, blueprints, maps, diverse forms of typography, graphs, models, X-rays, spectrograms: these images allow us to visualize what emerges from abstract data and knowledge, and thus grasp what otherwise evades our senses and ordinary perception. This colloquium will explore the methods, discursive and plastic, fictional and documentary, of data representation (visual and sound) in moving images. To do so, the focus will shift away from how films are developed\u2014conceived and imagined\u2014through the mimetic prism of reproducing reality, towards reflections on the image as a thought or thinking in images. This pluridisciplinary colloquium showcases a diversity of theoretical approaches: aesthetic, pragmatic, ecocriticism, decolonial theory, reception studies, etc.<\/p>\n<p><strong>Participants<\/strong><\/p>\n<p>Featuring opening remarks by <strong>Fredric Jameson <\/strong>(Duke University)\u00a0and keynote by <strong>Rey Chow<\/strong><strong> <\/strong><strong>(Duke University)<\/strong><strong>,<\/strong> as well as papers by <strong>Pietro Bianchi <\/strong>(University of Florida),<strong> Kriss Ravetto<\/strong> (University of California, Los Angeles), <strong>Cl\u00e9mence Foll\u00e9a <\/strong>(Universit\u00e9 Paris-Cit\u00e9), <strong>Jamille Pinheiro Dias <\/strong>(Duke University\/University of London), <strong>Gustavo Furtado<\/strong> (Duke University), <strong>Jessica Doyle<\/strong> (Duke University),\u00a0<strong>Tom Conley<\/strong> (Harvard University),\u00a0<strong>St\u00e9phanie Boulard<\/strong> (Georgia Institute of Technology), <strong>Martine Beugnet<\/strong> (Universit\u00e9 Paris Cit\u00e9, LARCA-CNRS), <strong>Elie Raufaste<\/strong> (Universit\u00e9 Paris-Cit\u00e9), <strong>Emmanuelle Andr\u00e9<\/strong> (Universit\u00e9 Paris-Cit\u00e9), <strong>Anne-Ga\u00eblle Saliot<\/strong> (Duke University), <strong>Cate Reilly<\/strong> (Duke University), <strong>Guillaume Soulez<\/strong> (Universit\u00e9 Sorbonne Nouvelle),<strong> Achille Castaldo<\/strong> (Emory University), <strong>Florian Body<\/strong> (Universit\u00e9 Sorbonne Nouvelle), and\u00a0<strong>Diego Ranz<\/strong> (Universit\u00e9 Paris-Cit\u00e9).<\/p>\n","protected":false},"featured_media":60083,"menu_order":0,"template":"","app_discipline":[233,218],"app_city_tax":[221],"app_event_type":[241],"class_list":["post-60085","app_event","type-app_event","status-publish","has-post-thumbnail","hentry","app_discipline-social-sciences-and-humanities","app_discipline-visual-arts","app_city_tax-atl","app_event_type-talk"],"acf":[],"yoast_head":"<!-- This site is optimized with the Yoast SEO plugin v27.3 - https:\/\/yoast.com\/product\/yoast-seo-wordpress\/ -->\n<title>Contemporary Epistemologies of Moving Images: Graphs, Diagrams &amp; Topographies - Villa Albertine<\/title>\n<meta name=\"robots\" content=\"index, follow, max-snippet:-1, max-image-preview:large, max-video-preview:-1\" \/>\n<link rel=\"canonical\" href=\"https:\/\/villa-albertine.org\/va\/events\/contemporary-epistemologies-moving-images-graphs-diagrams-topographies\/\" \/>\n<meta property=\"og:locale\" content=\"en_US\" \/>\n<meta property=\"og:type\" content=\"article\" \/>\n<meta property=\"og:title\" content=\"Contemporary Epistemologies of Moving Images: Graphs, Diagrams &amp; Topographies - Villa Albertine\" \/>\n<meta property=\"og:description\" content=\"The conference will include opening remarks by Fredric Jameson (Duke University) and a keynote speech by Rey Chow (Duke University), as well as six panels featuring papers by faculty and graduate students from Duke, Paris-Cit\u00e9 Universit\u00e9, Paris Sorbonne Nouvelle, and other universities across the U.S. All events, including screenings of Jacques Perconte\u2019s Avant l&#8217;effondrement du...\" \/>\n<meta property=\"og:url\" content=\"https:\/\/villa-albertine.org\/va\/events\/contemporary-epistemologies-moving-images-graphs-diagrams-topographies\/\" \/>\n<meta property=\"og:site_name\" content=\"Villa Albertine\" \/>\n<meta property=\"article:modified_time\" content=\"2023-08-23T07:45:08+00:00\" \/>\n<meta property=\"og:image\" content=\"https:\/\/villa-albertine.org\/wp-content\/uploads\/2023\/08\/map.png\" \/>\n\t<meta property=\"og:image:width\" content=\"457\" \/>\n\t<meta property=\"og:image:height\" content=\"328\" \/>\n\t<meta property=\"og:image:type\" content=\"image\/png\" \/>\n<meta name=\"twitter:card\" content=\"summary_large_image\" \/>\n<meta name=\"twitter:label1\" content=\"Est. reading time\" \/>\n\t<meta name=\"twitter:data1\" content=\"2 minutes\" \/>\n<script type=\"application\/ld+json\" class=\"yoast-schema-graph\">{\"@context\":\"https:\\\/\\\/schema.org\",\"@graph\":[{\"@type\":\"WebPage\",\"@id\":\"https:\\\/\\\/villa-albertine.org\\\/va\\\/events\\\/contemporary-epistemologies-moving-images-graphs-diagrams-topographies\\\/\",\"url\":\"https:\\\/\\\/villa-albertine.org\\\/va\\\/events\\\/contemporary-epistemologies-moving-images-graphs-diagrams-topographies\\\/\",\"name\":\"Contemporary Epistemologies of Moving Images: Graphs, Diagrams & Topographies - Villa Albertine\",\"isPartOf\":{\"@id\":\"https:\\\/\\\/villa-albertine.org\\\/va\\\/#website\"},\"primaryImageOfPage\":{\"@id\":\"https:\\\/\\\/villa-albertine.org\\\/va\\\/events\\\/contemporary-epistemologies-moving-images-graphs-diagrams-topographies\\\/#primaryimage\"},\"image\":{\"@id\":\"https:\\\/\\\/villa-albertine.org\\\/va\\\/events\\\/contemporary-epistemologies-moving-images-graphs-diagrams-topographies\\\/#primaryimage\"},\"thumbnailUrl\":\"https:\\\/\\\/villa-albertine.org\\\/wp-content\\\/uploads\\\/2023\\\/08\\\/map.png\",\"datePublished\":\"2023-03-29T17:18:39+00:00\",\"dateModified\":\"2023-08-23T07:45:08+00:00\",\"breadcrumb\":{\"@id\":\"https:\\\/\\\/villa-albertine.org\\\/va\\\/events\\\/contemporary-epistemologies-moving-images-graphs-diagrams-topographies\\\/#breadcrumb\"},\"inLanguage\":\"en-US\",\"potentialAction\":[{\"@type\":\"ReadAction\",\"target\":[\"https:\\\/\\\/villa-albertine.org\\\/va\\\/events\\\/contemporary-epistemologies-moving-images-graphs-diagrams-topographies\\\/\"]}]},{\"@type\":\"ImageObject\",\"inLanguage\":\"en-US\",\"@id\":\"https:\\\/\\\/villa-albertine.org\\\/va\\\/events\\\/contemporary-epistemologies-moving-images-graphs-diagrams-topographies\\\/#primaryimage\",\"url\":\"https:\\\/\\\/villa-albertine.org\\\/wp-content\\\/uploads\\\/2023\\\/08\\\/map.png\",\"contentUrl\":\"https:\\\/\\\/villa-albertine.org\\\/wp-content\\\/uploads\\\/2023\\\/08\\\/map.png\",\"width\":457,\"height\":328},{\"@type\":\"BreadcrumbList\",\"@id\":\"https:\\\/\\\/villa-albertine.org\\\/va\\\/events\\\/contemporary-epistemologies-moving-images-graphs-diagrams-topographies\\\/#breadcrumb\",\"itemListElement\":[{\"@type\":\"ListItem\",\"position\":1,\"name\":\"Home\",\"item\":\"https:\\\/\\\/villa-albertine.org\\\/va\\\/\"},{\"@type\":\"ListItem\",\"position\":2,\"name\":\"Contemporary Epistemologies of Moving Images: Graphs, Diagrams &#038; Topographies\"}]},{\"@type\":\"WebSite\",\"@id\":\"https:\\\/\\\/villa-albertine.org\\\/va\\\/#website\",\"url\":\"https:\\\/\\\/villa-albertine.org\\\/va\\\/\",\"name\":\"Villa Albertine\",\"description\":\"\",\"potentialAction\":[{\"@type\":\"SearchAction\",\"target\":{\"@type\":\"EntryPoint\",\"urlTemplate\":\"https:\\\/\\\/villa-albertine.org\\\/va\\\/?s={search_term_string}\"},\"query-input\":{\"@type\":\"PropertyValueSpecification\",\"valueRequired\":true,\"valueName\":\"search_term_string\"}}],\"inLanguage\":\"en-US\"}]}<\/script>\n<!-- \/ Yoast SEO plugin. -->","yoast_head_json":{"title":"Contemporary Epistemologies of Moving Images: Graphs, Diagrams & Topographies - Villa Albertine","robots":{"index":"index","follow":"follow","max-snippet":"max-snippet:-1","max-image-preview":"max-image-preview:large","max-video-preview":"max-video-preview:-1"},"canonical":"https:\/\/villa-albertine.org\/va\/events\/contemporary-epistemologies-moving-images-graphs-diagrams-topographies\/","og_locale":"en_US","og_type":"article","og_title":"Contemporary Epistemologies of Moving Images: Graphs, Diagrams & Topographies - Villa Albertine","og_description":"The conference will include opening remarks by Fredric Jameson (Duke University) and a keynote speech by Rey Chow (Duke University), as well as six panels featuring papers by faculty and graduate students from Duke, Paris-Cit\u00e9 Universit\u00e9, Paris Sorbonne Nouvelle, and other universities across the U.S. All events, including screenings of Jacques Perconte\u2019s Avant l&#8217;effondrement du...","og_url":"https:\/\/villa-albertine.org\/va\/events\/contemporary-epistemologies-moving-images-graphs-diagrams-topographies\/","og_site_name":"Villa Albertine","article_modified_time":"2023-08-23T07:45:08+00:00","og_image":[{"width":457,"height":328,"url":"https:\/\/villa-albertine.org\/wp-content\/uploads\/2023\/08\/map.png","type":"image\/png"}],"twitter_card":"summary_large_image","twitter_misc":{"Est. reading time":"2 minutes"},"schema":{"@context":"https:\/\/schema.org","@graph":[{"@type":"WebPage","@id":"https:\/\/villa-albertine.org\/va\/events\/contemporary-epistemologies-moving-images-graphs-diagrams-topographies\/","url":"https:\/\/villa-albertine.org\/va\/events\/contemporary-epistemologies-moving-images-graphs-diagrams-topographies\/","name":"Contemporary Epistemologies of Moving Images: Graphs, Diagrams & Topographies - Villa Albertine","isPartOf":{"@id":"https:\/\/villa-albertine.org\/va\/#website"},"primaryImageOfPage":{"@id":"https:\/\/villa-albertine.org\/va\/events\/contemporary-epistemologies-moving-images-graphs-diagrams-topographies\/#primaryimage"},"image":{"@id":"https:\/\/villa-albertine.org\/va\/events\/contemporary-epistemologies-moving-images-graphs-diagrams-topographies\/#primaryimage"},"thumbnailUrl":"https:\/\/villa-albertine.org\/wp-content\/uploads\/2023\/08\/map.png","datePublished":"2023-03-29T17:18:39+00:00","dateModified":"2023-08-23T07:45:08+00:00","breadcrumb":{"@id":"https:\/\/villa-albertine.org\/va\/events\/contemporary-epistemologies-moving-images-graphs-diagrams-topographies\/#breadcrumb"},"inLanguage":"en-US","potentialAction":[{"@type":"ReadAction","target":["https:\/\/villa-albertine.org\/va\/events\/contemporary-epistemologies-moving-images-graphs-diagrams-topographies\/"]}]},{"@type":"ImageObject","inLanguage":"en-US","@id":"https:\/\/villa-albertine.org\/va\/events\/contemporary-epistemologies-moving-images-graphs-diagrams-topographies\/#primaryimage","url":"https:\/\/villa-albertine.org\/wp-content\/uploads\/2023\/08\/map.png","contentUrl":"https:\/\/villa-albertine.org\/wp-content\/uploads\/2023\/08\/map.png","width":457,"height":328},{"@type":"BreadcrumbList","@id":"https:\/\/villa-albertine.org\/va\/events\/contemporary-epistemologies-moving-images-graphs-diagrams-topographies\/#breadcrumb","itemListElement":[{"@type":"ListItem","position":1,"name":"Home","item":"https:\/\/villa-albertine.org\/va\/"},{"@type":"ListItem","position":2,"name":"Contemporary Epistemologies of Moving Images: Graphs, Diagrams &#038; Topographies"}]},{"@type":"WebSite","@id":"https:\/\/villa-albertine.org\/va\/#website","url":"https:\/\/villa-albertine.org\/va\/","name":"Villa Albertine","description":"","potentialAction":[{"@type":"SearchAction","target":{"@type":"EntryPoint","urlTemplate":"https:\/\/villa-albertine.org\/va\/?s={search_term_string}"},"query-input":{"@type":"PropertyValueSpecification","valueRequired":true,"valueName":"search_term_string"}}],"inLanguage":"en-US"}]}},"_links":{"self":[{"href":"https:\/\/villa-albertine.org\/va\/wp-json\/wp\/v2\/app_event\/60085","targetHints":{"allow":["GET"]}}],"collection":[{"href":"https:\/\/villa-albertine.org\/va\/wp-json\/wp\/v2\/app_event"}],"about":[{"href":"https:\/\/villa-albertine.org\/va\/wp-json\/wp\/v2\/types\/app_event"}],"wp:featuredmedia":[{"embeddable":true,"href":"https:\/\/villa-albertine.org\/va\/wp-json\/wp\/v2\/media\/60083"}],"wp:attachment":[{"href":"https:\/\/villa-albertine.org\/va\/wp-json\/wp\/v2\/media?parent=60085"}],"wp:term":[{"taxonomy":"app_discipline","embeddable":true,"href":"https:\/\/villa-albertine.org\/va\/wp-json\/wp\/v2\/app_discipline?post=60085"},{"taxonomy":"app_city_tax","embeddable":true,"href":"https:\/\/villa-albertine.org\/va\/wp-json\/wp\/v2\/app_city_tax?post=60085"},{"taxonomy":"app_event_type","embeddable":true,"href":"https:\/\/villa-albertine.org\/va\/wp-json\/wp\/v2\/app_event_type?post=60085"}],"curies":[{"name":"wp","href":"https:\/\/api.w.org\/{rel}","templated":true}]}}

<p>The conference will include opening remarks by <strong>Fredric Jameson (Duke</strong><strong> University)</strong> and a keynote speech by <strong>Rey Chow (Duke</strong><strong> University)</strong>, as well as <strong>six panels</strong> featuring papers by faculty and graduate students from Duke, Paris-Cité Université, Paris Sorbonne Nouvelle, and other universities across the U.S.</p>
<p>All events, including screenings of <strong>Jacques Perconte</strong><strong>’s </strong><em><strong>Avant l&#8217;effondrement du Mont Blanc </strong></em><em>(2020, 16mins) </em>and <strong>Anouk De Clercq</strong><strong>’s <em>Thing</em></strong><em> (2013, 18 mins),</em> will take place at the <a href="https://nam11.safelinks.protection.outlook.com/?url=https%3A%2F%2Fartscenter.duke.edu%2F&amp;data=05%7C01%7Csophia.stahl%40frenchculture.org%7Cf4ba6726c6ec4d015f4b08db306f03a0%7C2d6ab33a15c04d1eb0363b23ceb26830%7C0%7C0%7C638157026233936454%7CUnknown%7CTWFpbGZsb3d8eyJWIjoiMC4wLjAwMDAiLCJQIjoiV2luMzIiLCJBTiI6Ik1haWwiLCJXVCI6Mn0%3D%7C3000%7C%7C%7C&amp;sdata=GHg42s%2ByiTQP3r7LXnaRex6bLz%2FyN3xVkS0qASkh4Q4%3D&amp;reserved=0">Rubenstein Arts Center</a> and <strong>are free and open to the public</strong>.</p>
<p>Contemporary visual culture is marked by an exponential use of graphic images. Diagrams, charts, blueprints, maps, diverse forms of typography, graphs, models, X-rays, spectrograms: these images allow us to visualize what emerges from abstract data and knowledge, and thus grasp what otherwise evades our senses and ordinary perception. This colloquium will explore the methods, discursive and plastic, fictional and documentary, of data representation (visual and sound) in moving images. To do so, the focus will shift away from how films are developed—conceived and imagined—through the mimetic prism of reproducing reality, towards reflections on the image as a thought or thinking in images. This pluridisciplinary colloquium showcases a diversity of theoretical approaches: aesthetic, pragmatic, ecocriticism, decolonial theory, reception studies, etc.</p>
<p><strong>Participants</strong></p>
<p>Featuring opening remarks by <strong>Fredric Jameson </strong>(Duke University) and keynote by <strong>Rey Chow</strong><strong> </strong><strong>(Duke University)</strong><strong>,</strong> as well as papers by <strong>Pietro Bianchi </strong>(University of Florida),<strong> Kriss Ravetto</strong> (University of California, Los Angeles), <strong>Clémence Folléa </strong>(Université Paris-Cité), <strong>Jamille Pinheiro Dias </strong>(Duke University/University of London), <strong>Gustavo Furtado</strong> (Duke University), <strong>Jessica Doyle</strong> (Duke University), <strong>Tom Conley</strong> (Harvard University), <strong>Stéphanie Boulard</strong> (Georgia Institute of Technology), <strong>Martine Beugnet</strong> (Université Paris Cité, LARCA-CNRS), <strong>Elie Raufaste</strong> (Université Paris-Cité), <strong>Emmanuelle André</strong> (Université Paris-Cité), <strong>Anne-Gaëlle Saliot</strong> (Duke University), <strong>Cate Reilly</strong> (Duke University), <strong>Guillaume Soulez</strong> (Université Sorbonne Nouvelle),<strong> Achille Castaldo</strong> (Emory University), <strong>Florian Body</strong> (Université Sorbonne Nouvelle), and <strong>Diego Ranz</strong> (Université Paris-Cité).</p>

<!-- This site is optimized with the Yoast SEO plugin v27.3 - https://yoast.com/product/yoast-seo-wordpress/ -->
<title>Contemporary Epistemologies of Moving Images: Graphs, Diagrams &amp; Topographies - Villa Albertine</title>
<meta name="robots" content="index, follow, max-snippet:-1, max-image-preview:large, max-video-preview:-1" />
<link rel="canonical" href="https://villa-albertine.org/va/events/contemporary-epistemologies-moving-images-graphs-diagrams-topographies/" />
<meta property="og:locale" content="en_US" />
<meta property="og:type" content="article" />
<meta property="og:title" content="Contemporary Epistemologies of Moving Images: Graphs, Diagrams &amp; Topographies - Villa Albertine" />
<meta property="og:description" content="The conference will include opening remarks by Fredric Jameson (Duke University) and a keynote speech by Rey Chow (Duke University), as well as six panels featuring papers by faculty and graduate students from Duke, Paris-Cité Université, Paris Sorbonne Nouvelle, and other universities across the U.S. All events, including screenings of Jacques Perconte’s Avant l&#8217;effondrement du..." />
<meta property="og:url" content="https://villa-albertine.org/va/events/contemporary-epistemologies-moving-images-graphs-diagrams-topographies/" />
<meta property="og:site_name" content="Villa Albertine" />
<meta property="article:modified_time" content="2023-08-23T07:45:08+00:00" />
<meta property="og:image" content="https://villa-albertine.org/wp-content/uploads/2023/08/map.png" />
	<meta property="og:image:width" content="457" />
	<meta property="og:image:height" content="328" />
	<meta property="og:image:type" content="image/png" />
<meta name="twitter:card" content="summary_large_image" />
<meta name="twitter:label1" content="Est. reading time" />
	<meta name="twitter:data1" content="2 minutes" />
<script type="application/ld+json" class="yoast-schema-graph">{"@context":"https:\/\/schema.org","@graph":[{"@type":"WebPage","@id":"https:\/\/villa-albertine.org\/va\/events\/contemporary-epistemologies-moving-images-graphs-diagrams-topographies\/","url":"https:\/\/villa-albertine.org\/va\/events\/contemporary-epistemologies-moving-images-graphs-diagrams-topographies\/","name":"Contemporary Epistemologies of Moving Images: Graphs, Diagrams & Topographies - Villa Albertine","isPartOf":{"@id":"https:\/\/villa-albertine.org\/va\/#website"},"primaryImageOfPage":{"@id":"https:\/\/villa-albertine.org\/va\/events\/contemporary-epistemologies-moving-images-graphs-diagrams-topographies\/#primaryimage"},"image":{"@id":"https:\/\/villa-albertine.org\/va\/events\/contemporary-epistemologies-moving-images-graphs-diagrams-topographies\/#primaryimage"},"thumbnailUrl":"https:\/\/villa-albertine.org\/wp-content\/uploads\/2023\/08\/map.png","datePublished":"2023-03-29T17:18:39+00:00","dateModified":"2023-08-23T07:45:08+00:00","breadcrumb":{"@id":"https:\/\/villa-albertine.org\/va\/events\/contemporary-epistemologies-moving-images-graphs-diagrams-topographies\/#breadcrumb"},"inLanguage":"en-US","potentialAction":[{"@type":"ReadAction","target":["https:\/\/villa-albertine.org\/va\/events\/contemporary-epistemologies-moving-images-graphs-diagrams-topographies\/"]}]},{"@type":"ImageObject","inLanguage":"en-US","@id":"https:\/\/villa-albertine.org\/va\/events\/contemporary-epistemologies-moving-images-graphs-diagrams-topographies\/#primaryimage","url":"https:\/\/villa-albertine.org\/wp-content\/uploads\/2023\/08\/map.png","contentUrl":"https:\/\/villa-albertine.org\/wp-content\/uploads\/2023\/08\/map.png","width":457,"height":328},{"@type":"BreadcrumbList","@id":"https:\/\/villa-albertine.org\/va\/events\/contemporary-epistemologies-moving-images-graphs-diagrams-topographies\/#breadcrumb","itemListElement":[{"@type":"ListItem","position":1,"name":"Home","item":"https:\/\/villa-albertine.org\/va\/"},{"@type":"ListItem","position":2,"name":"Contemporary Epistemologies of Moving Images: Graphs, Diagrams &#038; Topographies"}]},{"@type":"WebSite","@id":"https:\/\/villa-albertine.org\/va\/#website","url":"https:\/\/villa-albertine.org\/va\/","name":"Villa Albertine","description":"","potentialAction":[{"@type":"SearchAction","target":{"@type":"EntryPoint","urlTemplate":"https:\/\/villa-albertine.org\/va\/?s={search_term_string}"},"query-input":{"@type":"PropertyValueSpecification","valueRequired":true,"valueName":"search_term_string"}}],"inLanguage":"en-US"}]}</script>
<!-- / Yoast SEO plugin. -->

The conference will include opening remarks by Fredric Jameson (Duke University) and a keynote speech by Rey Chow (Duke University), as well as six panels featuring papers by faculty and graduate students from Duke, Paris-Cité Université, Paris Sorbonne Nouvelle, and other universities across the U.S. All events, including screenings of Jacques Perconte’s Avant l&#8217;effondrement du...
