{"id":59939,"date":"2023-03-09T21:37:21","date_gmt":"2023-03-09T21:37:21","guid":{"rendered":"https:\/\/villa-albertine.org\/events\/meet-french-authors-and-illustrators\/"},"modified":"2023-08-23T07:44:10","modified_gmt":"2023-08-23T07:44:10","slug":"meet-french-authors-and-illustrators","status":"publish","type":"app_event","link":"https:\/\/villa-albertine.org\/va\/events\/meet-french-authors-and-illustrators\/","title":{"rendered":"Meet with French Authors and Illustrators"},"content":{"rendered":"<p>Since 2018, Made in France has welcomed great French-speaking authors and illustrators of children\u2019s literature to the United States to share literary, artistic, intimate and convivial moments with readers.<\/p>\n<p>This Saturday, March 25, join renowned children\u2019s literature authors and illustrators Alex Cousseau, Herv\u00e9 Le Goff, Orianne Lallemand, El\u00e9onore Thuillier, and Andr\u00e9e Prigent at Villa Albertine in New York for a 45-minute \u201cdraw-off\u201d and get your books signed.<\/p>\n<p>Books will be available for purchase at Albertine Books.<\/p>\n<p>Event in French. Free with RSVP.\u00a0<\/p>\n<p><strong>Alex Cousseau<\/strong> was born in 1974 in Brest. He currently lives in the coastal region of Finist\u00e8re, just across the Atlantic . He first studied Cinema before devoting himself to writing in 2004. He has published around forty illustrated children\u2019s books and novels for both children and teenagers alike.<\/p>\n<p><strong>Herv\u00e9 Le Goff <\/strong>graduated from high school with a Baccalaureate in Visual Art. He then spent three years at the Ecole des Beaux-Arts in Quimper and in Caen where he obtained a National Diploma in Visual Arts. He won several prizes for his children\u2019s books, including the Prix de l&#8217;Illustration de la ville de Rueil-Malmaison and the Prix de l&#8217;album jeunesse 2000 de Brive-la-Gaillarde. He published his first &#8220;solo&#8221; children\u2019s book, <em>Poil de Mammouth<\/em> at P\u00e8re Castor Flammarion in 2022. For the past 20 years, Le Goff has also been meeting with teachers in training in France and abroad to share his passion for children\u2019s literature. His works have now been translated into about 20 languages.<\/p>\n<p><strong>Oriane Lallemand<\/strong> is a French children\u2019s literature author. She lives in Brittany, near the town of Dinard, and spends most of her time writing or working in schools and libraries. She is published by Gautier-Languereau, Casterman, Nathan and Auzou. Her best-known works are those of the series &#8220;Le loup qui&#8221;, published by Auzou.<\/p>\n<p><strong>Eleonore Thuillier<\/strong> pursued studies in Arts and Fashion Design in N\u00eemes. After briefly pursuing a career in fashion design, she decided to devote herself to working as a children\u2019s book illustrator upon moving to Tunisia in 2007. She published her first book <em>Le gentil P&#8217;tit lapin<\/em> in 2008.<\/p>\n<p><strong>Andr\u00e9e Prigent<\/strong> is a French author and illustrator of children\u2019s books. She attended the Ecole des Beaux-Arts in Rennes for five years, after which she worked in publishing. What she loves most about her workshops with children is encouraging them to use tools differently and letting them express their artistic nature through drawing.<\/p>\n","protected":false},"featured_media":59937,"menu_order":0,"template":"","app_discipline":[213],"app_city_tax":[217],"app_event_type":[243],"class_list":["post-59939","app_event","type-app_event","status-publish","has-post-thumbnail","hentry","app_discipline-literature","app_city_tax-nyc","app_event_type-performance"],"acf":[],"yoast_head":"<!-- This site is optimized with the Yoast SEO plugin v27.3 - https:\/\/yoast.com\/product\/yoast-seo-wordpress\/ -->\n<title>Meet with French Authors and Illustrators - Villa Albertine<\/title>\n<meta name=\"robots\" content=\"index, follow, max-snippet:-1, max-image-preview:large, max-video-preview:-1\" \/>\n<link rel=\"canonical\" href=\"https:\/\/villa-albertine.org\/va\/events\/meet-french-authors-and-illustrators\/\" \/>\n<meta property=\"og:locale\" content=\"en_US\" \/>\n<meta property=\"og:type\" content=\"article\" \/>\n<meta property=\"og:title\" content=\"Meet with French Authors and Illustrators - Villa Albertine\" \/>\n<meta property=\"og:description\" content=\"Since 2018, Made in France has welcomed great French-speaking authors and illustrators of children\u2019s literature to the United States to share literary, artistic, intimate and convivial moments with readers. This Saturday, March 25, join renowned children\u2019s literature authors and illustrators Alex Cousseau, Herv\u00e9 Le Goff, Orianne Lallemand, El\u00e9onore Thuillier, and Andr\u00e9e Prigent at Villa Albertine...\" \/>\n<meta property=\"og:url\" content=\"https:\/\/villa-albertine.org\/va\/events\/meet-french-authors-and-illustrators\/\" \/>\n<meta property=\"og:site_name\" content=\"Villa Albertine\" \/>\n<meta property=\"article:modified_time\" content=\"2023-08-23T07:44:10+00:00\" \/>\n<meta property=\"og:image\" content=\"https:\/\/villa-albertine.org\/wp-content\/uploads\/2023\/08\/193a3101-313e-4089-88c4-b3d1c1151969.jpg\" \/>\n\t<meta property=\"og:image:width\" content=\"800\" \/>\n\t<meta property=\"og:image:height\" content=\"450\" \/>\n\t<meta property=\"og:image:type\" content=\"image\/jpeg\" \/>\n<meta name=\"twitter:card\" content=\"summary_large_image\" \/>\n<meta name=\"twitter:label1\" content=\"Est. reading time\" \/>\n\t<meta name=\"twitter:data1\" content=\"2 minutes\" \/>\n<script type=\"application\/ld+json\" class=\"yoast-schema-graph\">{\"@context\":\"https:\\\/\\\/schema.org\",\"@graph\":[{\"@type\":\"WebPage\",\"@id\":\"https:\\\/\\\/villa-albertine.org\\\/va\\\/events\\\/meet-french-authors-and-illustrators\\\/\",\"url\":\"https:\\\/\\\/villa-albertine.org\\\/va\\\/events\\\/meet-french-authors-and-illustrators\\\/\",\"name\":\"Meet with French Authors and Illustrators - Villa Albertine\",\"isPartOf\":{\"@id\":\"https:\\\/\\\/villa-albertine.org\\\/va\\\/#website\"},\"primaryImageOfPage\":{\"@id\":\"https:\\\/\\\/villa-albertine.org\\\/va\\\/events\\\/meet-french-authors-and-illustrators\\\/#primaryimage\"},\"image\":{\"@id\":\"https:\\\/\\\/villa-albertine.org\\\/va\\\/events\\\/meet-french-authors-and-illustrators\\\/#primaryimage\"},\"thumbnailUrl\":\"https:\\\/\\\/villa-albertine.org\\\/wp-content\\\/uploads\\\/2023\\\/08\\\/193a3101-313e-4089-88c4-b3d1c1151969.jpg\",\"datePublished\":\"2023-03-09T21:37:21+00:00\",\"dateModified\":\"2023-08-23T07:44:10+00:00\",\"breadcrumb\":{\"@id\":\"https:\\\/\\\/villa-albertine.org\\\/va\\\/events\\\/meet-french-authors-and-illustrators\\\/#breadcrumb\"},\"inLanguage\":\"en-US\",\"potentialAction\":[{\"@type\":\"ReadAction\",\"target\":[\"https:\\\/\\\/villa-albertine.org\\\/va\\\/events\\\/meet-french-authors-and-illustrators\\\/\"]}]},{\"@type\":\"ImageObject\",\"inLanguage\":\"en-US\",\"@id\":\"https:\\\/\\\/villa-albertine.org\\\/va\\\/events\\\/meet-french-authors-and-illustrators\\\/#primaryimage\",\"url\":\"https:\\\/\\\/villa-albertine.org\\\/wp-content\\\/uploads\\\/2023\\\/08\\\/193a3101-313e-4089-88c4-b3d1c1151969.jpg\",\"contentUrl\":\"https:\\\/\\\/villa-albertine.org\\\/wp-content\\\/uploads\\\/2023\\\/08\\\/193a3101-313e-4089-88c4-b3d1c1151969.jpg\",\"width\":800,\"height\":450},{\"@type\":\"BreadcrumbList\",\"@id\":\"https:\\\/\\\/villa-albertine.org\\\/va\\\/events\\\/meet-french-authors-and-illustrators\\\/#breadcrumb\",\"itemListElement\":[{\"@type\":\"ListItem\",\"position\":1,\"name\":\"Home\",\"item\":\"https:\\\/\\\/villa-albertine.org\\\/va\\\/\"},{\"@type\":\"ListItem\",\"position\":2,\"name\":\"Meet with French Authors and Illustrators\"}]},{\"@type\":\"WebSite\",\"@id\":\"https:\\\/\\\/villa-albertine.org\\\/va\\\/#website\",\"url\":\"https:\\\/\\\/villa-albertine.org\\\/va\\\/\",\"name\":\"Villa Albertine\",\"description\":\"\",\"potentialAction\":[{\"@type\":\"SearchAction\",\"target\":{\"@type\":\"EntryPoint\",\"urlTemplate\":\"https:\\\/\\\/villa-albertine.org\\\/va\\\/?s={search_term_string}\"},\"query-input\":{\"@type\":\"PropertyValueSpecification\",\"valueRequired\":true,\"valueName\":\"search_term_string\"}}],\"inLanguage\":\"en-US\"}]}<\/script>\n<!-- \/ Yoast SEO plugin. -->","yoast_head_json":{"title":"Meet with French Authors and Illustrators - Villa Albertine","robots":{"index":"index","follow":"follow","max-snippet":"max-snippet:-1","max-image-preview":"max-image-preview:large","max-video-preview":"max-video-preview:-1"},"canonical":"https:\/\/villa-albertine.org\/va\/events\/meet-french-authors-and-illustrators\/","og_locale":"en_US","og_type":"article","og_title":"Meet with French Authors and Illustrators - Villa Albertine","og_description":"Since 2018, Made in France has welcomed great French-speaking authors and illustrators of children\u2019s literature to the United States to share literary, artistic, intimate and convivial moments with readers. This Saturday, March 25, join renowned children\u2019s literature authors and illustrators Alex Cousseau, Herv\u00e9 Le Goff, Orianne Lallemand, El\u00e9onore Thuillier, and Andr\u00e9e Prigent at Villa Albertine...","og_url":"https:\/\/villa-albertine.org\/va\/events\/meet-french-authors-and-illustrators\/","og_site_name":"Villa Albertine","article_modified_time":"2023-08-23T07:44:10+00:00","og_image":[{"width":800,"height":450,"url":"https:\/\/villa-albertine.org\/wp-content\/uploads\/2023\/08\/193a3101-313e-4089-88c4-b3d1c1151969.jpg","type":"image\/jpeg"}],"twitter_card":"summary_large_image","twitter_misc":{"Est. reading time":"2 minutes"},"schema":{"@context":"https:\/\/schema.org","@graph":[{"@type":"WebPage","@id":"https:\/\/villa-albertine.org\/va\/events\/meet-french-authors-and-illustrators\/","url":"https:\/\/villa-albertine.org\/va\/events\/meet-french-authors-and-illustrators\/","name":"Meet with French Authors and Illustrators - Villa Albertine","isPartOf":{"@id":"https:\/\/villa-albertine.org\/va\/#website"},"primaryImageOfPage":{"@id":"https:\/\/villa-albertine.org\/va\/events\/meet-french-authors-and-illustrators\/#primaryimage"},"image":{"@id":"https:\/\/villa-albertine.org\/va\/events\/meet-french-authors-and-illustrators\/#primaryimage"},"thumbnailUrl":"https:\/\/villa-albertine.org\/wp-content\/uploads\/2023\/08\/193a3101-313e-4089-88c4-b3d1c1151969.jpg","datePublished":"2023-03-09T21:37:21+00:00","dateModified":"2023-08-23T07:44:10+00:00","breadcrumb":{"@id":"https:\/\/villa-albertine.org\/va\/events\/meet-french-authors-and-illustrators\/#breadcrumb"},"inLanguage":"en-US","potentialAction":[{"@type":"ReadAction","target":["https:\/\/villa-albertine.org\/va\/events\/meet-french-authors-and-illustrators\/"]}]},{"@type":"ImageObject","inLanguage":"en-US","@id":"https:\/\/villa-albertine.org\/va\/events\/meet-french-authors-and-illustrators\/#primaryimage","url":"https:\/\/villa-albertine.org\/wp-content\/uploads\/2023\/08\/193a3101-313e-4089-88c4-b3d1c1151969.jpg","contentUrl":"https:\/\/villa-albertine.org\/wp-content\/uploads\/2023\/08\/193a3101-313e-4089-88c4-b3d1c1151969.jpg","width":800,"height":450},{"@type":"BreadcrumbList","@id":"https:\/\/villa-albertine.org\/va\/events\/meet-french-authors-and-illustrators\/#breadcrumb","itemListElement":[{"@type":"ListItem","position":1,"name":"Home","item":"https:\/\/villa-albertine.org\/va\/"},{"@type":"ListItem","position":2,"name":"Meet with French Authors and Illustrators"}]},{"@type":"WebSite","@id":"https:\/\/villa-albertine.org\/va\/#website","url":"https:\/\/villa-albertine.org\/va\/","name":"Villa Albertine","description":"","potentialAction":[{"@type":"SearchAction","target":{"@type":"EntryPoint","urlTemplate":"https:\/\/villa-albertine.org\/va\/?s={search_term_string}"},"query-input":{"@type":"PropertyValueSpecification","valueRequired":true,"valueName":"search_term_string"}}],"inLanguage":"en-US"}]}},"_links":{"self":[{"href":"https:\/\/villa-albertine.org\/va\/wp-json\/wp\/v2\/app_event\/59939","targetHints":{"allow":["GET"]}}],"collection":[{"href":"https:\/\/villa-albertine.org\/va\/wp-json\/wp\/v2\/app_event"}],"about":[{"href":"https:\/\/villa-albertine.org\/va\/wp-json\/wp\/v2\/types\/app_event"}],"wp:featuredmedia":[{"embeddable":true,"href":"https:\/\/villa-albertine.org\/va\/wp-json\/wp\/v2\/media\/59937"}],"wp:attachment":[{"href":"https:\/\/villa-albertine.org\/va\/wp-json\/wp\/v2\/media?parent=59939"}],"wp:term":[{"taxonomy":"app_discipline","embeddable":true,"href":"https:\/\/villa-albertine.org\/va\/wp-json\/wp\/v2\/app_discipline?post=59939"},{"taxonomy":"app_city_tax","embeddable":true,"href":"https:\/\/villa-albertine.org\/va\/wp-json\/wp\/v2\/app_city_tax?post=59939"},{"taxonomy":"app_event_type","embeddable":true,"href":"https:\/\/villa-albertine.org\/va\/wp-json\/wp\/v2\/app_event_type?post=59939"}],"curies":[{"name":"wp","href":"https:\/\/api.w.org\/{rel}","templated":true}]}}

<p>Since 2018, Made in France has welcomed great French-speaking authors and illustrators of children’s literature to the United States to share literary, artistic, intimate and convivial moments with readers.</p>
<p>This Saturday, March 25, join renowned children’s literature authors and illustrators Alex Cousseau, Hervé Le Goff, Orianne Lallemand, Eléonore Thuillier, and Andrée Prigent at Villa Albertine in New York for a 45-minute “draw-off” and get your books signed.</p>
<p>Books will be available for purchase at Albertine Books.</p>
<p>Event in French. Free with RSVP. </p>
<p><strong>Alex Cousseau</strong> was born in 1974 in Brest. He currently lives in the coastal region of Finistère, just across the Atlantic . He first studied Cinema before devoting himself to writing in 2004. He has published around forty illustrated children’s books and novels for both children and teenagers alike.</p>
<p><strong>Hervé Le Goff </strong>graduated from high school with a Baccalaureate in Visual Art. He then spent three years at the Ecole des Beaux-Arts in Quimper and in Caen where he obtained a National Diploma in Visual Arts. He won several prizes for his children’s books, including the Prix de l&#8217;Illustration de la ville de Rueil-Malmaison and the Prix de l&#8217;album jeunesse 2000 de Brive-la-Gaillarde. He published his first &#8220;solo&#8221; children’s book, <em>Poil de Mammouth</em> at Père Castor Flammarion in 2022. For the past 20 years, Le Goff has also been meeting with teachers in training in France and abroad to share his passion for children’s literature. His works have now been translated into about 20 languages.</p>
<p><strong>Oriane Lallemand</strong> is a French children’s literature author. She lives in Brittany, near the town of Dinard, and spends most of her time writing or working in schools and libraries. She is published by Gautier-Languereau, Casterman, Nathan and Auzou. Her best-known works are those of the series &#8220;Le loup qui&#8221;, published by Auzou.</p>
<p><strong>Eleonore Thuillier</strong> pursued studies in Arts and Fashion Design in Nîmes. After briefly pursuing a career in fashion design, she decided to devote herself to working as a children’s book illustrator upon moving to Tunisia in 2007. She published her first book <em>Le gentil P&#8217;tit lapin</em> in 2008.</p>
<p><strong>Andrée Prigent</strong> is a French author and illustrator of children’s books. She attended the Ecole des Beaux-Arts in Rennes for five years, after which she worked in publishing. What she loves most about her workshops with children is encouraging them to use tools differently and letting them express their artistic nature through drawing.</p>

<!-- This site is optimized with the Yoast SEO plugin v27.3 - https://yoast.com/product/yoast-seo-wordpress/ -->
<title>Meet with French Authors and Illustrators - Villa Albertine</title>
<meta name="robots" content="index, follow, max-snippet:-1, max-image-preview:large, max-video-preview:-1" />
<link rel="canonical" href="https://villa-albertine.org/va/events/meet-french-authors-and-illustrators/" />
<meta property="og:locale" content="en_US" />
<meta property="og:type" content="article" />
<meta property="og:title" content="Meet with French Authors and Illustrators - Villa Albertine" />
<meta property="og:description" content="Since 2018, Made in France has welcomed great French-speaking authors and illustrators of children’s literature to the United States to share literary, artistic, intimate and convivial moments with readers. This Saturday, March 25, join renowned children’s literature authors and illustrators Alex Cousseau, Hervé Le Goff, Orianne Lallemand, Eléonore Thuillier, and Andrée Prigent at Villa Albertine..." />
<meta property="og:url" content="https://villa-albertine.org/va/events/meet-french-authors-and-illustrators/" />
<meta property="og:site_name" content="Villa Albertine" />
<meta property="article:modified_time" content="2023-08-23T07:44:10+00:00" />
<meta property="og:image" content="https://villa-albertine.org/wp-content/uploads/2023/08/193a3101-313e-4089-88c4-b3d1c1151969.jpg" />
	<meta property="og:image:width" content="800" />
	<meta property="og:image:height" content="450" />
	<meta property="og:image:type" content="image/jpeg" />
<meta name="twitter:card" content="summary_large_image" />
<meta name="twitter:label1" content="Est. reading time" />
	<meta name="twitter:data1" content="2 minutes" />
<script type="application/ld+json" class="yoast-schema-graph">{"@context":"https:\/\/schema.org","@graph":[{"@type":"WebPage","@id":"https:\/\/villa-albertine.org\/va\/events\/meet-french-authors-and-illustrators\/","url":"https:\/\/villa-albertine.org\/va\/events\/meet-french-authors-and-illustrators\/","name":"Meet with French Authors and Illustrators - Villa Albertine","isPartOf":{"@id":"https:\/\/villa-albertine.org\/va\/#website"},"primaryImageOfPage":{"@id":"https:\/\/villa-albertine.org\/va\/events\/meet-french-authors-and-illustrators\/#primaryimage"},"image":{"@id":"https:\/\/villa-albertine.org\/va\/events\/meet-french-authors-and-illustrators\/#primaryimage"},"thumbnailUrl":"https:\/\/villa-albertine.org\/wp-content\/uploads\/2023\/08\/193a3101-313e-4089-88c4-b3d1c1151969.jpg","datePublished":"2023-03-09T21:37:21+00:00","dateModified":"2023-08-23T07:44:10+00:00","breadcrumb":{"@id":"https:\/\/villa-albertine.org\/va\/events\/meet-french-authors-and-illustrators\/#breadcrumb"},"inLanguage":"en-US","potentialAction":[{"@type":"ReadAction","target":["https:\/\/villa-albertine.org\/va\/events\/meet-french-authors-and-illustrators\/"]}]},{"@type":"ImageObject","inLanguage":"en-US","@id":"https:\/\/villa-albertine.org\/va\/events\/meet-french-authors-and-illustrators\/#primaryimage","url":"https:\/\/villa-albertine.org\/wp-content\/uploads\/2023\/08\/193a3101-313e-4089-88c4-b3d1c1151969.jpg","contentUrl":"https:\/\/villa-albertine.org\/wp-content\/uploads\/2023\/08\/193a3101-313e-4089-88c4-b3d1c1151969.jpg","width":800,"height":450},{"@type":"BreadcrumbList","@id":"https:\/\/villa-albertine.org\/va\/events\/meet-french-authors-and-illustrators\/#breadcrumb","itemListElement":[{"@type":"ListItem","position":1,"name":"Home","item":"https:\/\/villa-albertine.org\/va\/"},{"@type":"ListItem","position":2,"name":"Meet with French Authors and Illustrators"}]},{"@type":"WebSite","@id":"https:\/\/villa-albertine.org\/va\/#website","url":"https:\/\/villa-albertine.org\/va\/","name":"Villa Albertine","description":"","potentialAction":[{"@type":"SearchAction","target":{"@type":"EntryPoint","urlTemplate":"https:\/\/villa-albertine.org\/va\/?s={search_term_string}"},"query-input":{"@type":"PropertyValueSpecification","valueRequired":true,"valueName":"search_term_string"}}],"inLanguage":"en-US"}]}</script>
<!-- / Yoast SEO plugin. -->

Since 2018, Made in France has welcomed great French-speaking authors and illustrators of children’s literature to the United States to share literary, artistic, intimate and convivial moments with readers. This Saturday, March 25, join renowned children’s literature authors and illustrators Alex Cousseau, Hervé Le Goff, Orianne Lallemand, Eléonore Thuillier, and Andrée Prigent at Villa Albertine...
