{"id":59837,"date":"2023-02-16T21:54:03","date_gmt":"2023-02-16T21:54:03","guid":{"rendered":"https:\/\/villa-albertine.org\/events\/night-ideas-2023-0\/"},"modified":"2023-08-23T07:44:02","modified_gmt":"2023-08-23T07:44:02","slug":"night-ideas-2023-0","status":"publish","type":"app_event","link":"https:\/\/villa-albertine.org\/va\/events\/night-ideas-2023-0\/","title":{"rendered":"Night of Ideas 2023"},"content":{"rendered":"<p><strong>Night of Ideas invites thought leaders, activists, performers, authors, and academics to engage the public in discussion around a central question that addresses major, contemporary global issues.<\/strong><\/p>\n<p>Night of Ideas 2023 focuses on the theme More?, with each event approaching the challenge of building a more sustainable and equitable society from the vantage point of local issues, debates, and opportunities. From how to reach a point of more justice in Atlanta; to what \u2018more\u2019 really means in a growth-driven society in San Francisco; to looking at our uncertain future through young peoples\u2019 eyes in New York; to climate change in Pasadena and Phoenix; to exploring the limits of our universe through astronomy in Kansas City, Night of Ideas, taking place in more than 20 U.S. cities this year, asks attendees to consider how our world has been challenged by excess in all areas, and how ideas and collaboration could light the way to a more stable and peaceful tomorrow.<\/p>\n<p>Participants include economist and musician and writer <strong>Felwine Sarr<\/strong>, artist <strong>Anne Plaisance<\/strong>, professor of African-American and Black\/African diaspora studies <strong>Maboula Soumahoro<\/strong>, director, National Center for Civil and Human Rights <strong>Jill Savitt<\/strong>, Nobel prize winners Esther Duflo and Abhijit Banerjee, podcast host <strong>L\u00e9a Hirshfeld<\/strong>, director of the \u00c9cole Urbaine de Lyon, <strong>Michel Lussault<\/strong>, philosophers Nicolas Pr\u00e9v\u00e9lakis, <strong>Barbara Cassin<\/strong> and <strong>Baptiste Morizot<\/strong>, architect and co-director of Z4A <strong>Oph\u00e9lia Mantz<\/strong>, and jazz musicians <strong>Jack Sorel Music Trio<\/strong>, and <strong>Kim Clarke Trio<\/strong> among other high-profile speakers and Villa Albertine residents.\u00a0<\/p>\n<p>Outside of New York, 2023 Night of Ideas events will take place at a record-breaking venues around the US and in Mexico:<\/p>\n<ul>\n<li>Kansas City: Powell Observatory, Alliance Fran\u00e7aise \u2013 February 25, 2023\u00a0<\/li>\n<li>Milwaukee: Schlitz Audubon Nature Center, Alliance Fran\u00e7aise &#8211; February 28, 2023\u00a0<\/li>\n<li>New Orleans, Alliance Fran\u00e7aise \u2013 February 27, 2023<\/li>\n<li>Minneapolis: Alliance Fran\u00e7aise &#8211; February 28, 2023\u00a0<\/li>\n<li>Pasadena: Alliance Fran\u00e7aise &#8211; March 1, 2023<\/li>\n<li>San Juan, Puerto Rico: Alliance Fran\u00e7aise \u2013 March 1, 2023<\/li>\n<li>Los Angeles: Alliance Fran\u00e7aise \u2013 March 2, 2023<\/li>\n<li>Los Angeles: University of Southern California \u2013 March 2, 2023<\/li>\n<li>St. Louis: Webster University, Alliance Fran\u00e7aise \u2013 March 2, 2023\u00a0\u00a0<\/li>\n<li>Monterrey, Mexico: Universidad Aut\u00f3noma de Nuevo Le\u00f3n \u00e0 Monterrey, (in partnership with the French Consulate in Houston) \u2013 March 2, 2023\u00a0<\/li>\n<li>San Diego, Alliance Fran\u00e7aise \u2013 March 2, 2023 \u00a0\u00a0<\/li>\n<li>Seattle: Alliance Fran\u00e7aise \u2013 March 3, 2023\u00a0\u00a0\u00a0<\/li>\n<li>Boston: Harvard University \u2013 March 3, 2023\u00a0\u00a0<\/li>\n<li>Atlanta: National Center for Civil and Human Rights \u2013 March 4, 2023 \u00a0 \u00a0 \u00a0 \u00a0 \u00a0\u00a0<\/li>\n<li>San Francisco: SF Public Library \u2013 March 4, 2023<\/li>\n<li>Detroit: Alliance Fran\u00e7aise \u2013 March 5, 2023<\/li>\n<\/ul>\n<p>More information can be found at <a href=\"https:\/\/nightofideas.org\/\">nightofideas.org<\/a>.<\/p>\n<p><em>Night of Ideas 2023 is presented by Villa Albertine, in partnership with FACE Foundation and the Institut fran\u00e7ais.\u202f\u00a0<\/em><\/p>\n<p><em>The national program in the US is made possible with major philanthropic support from Presenting Partner the Judy and Peter Blum Kovler Foundation, Mellon Foundation, and Carnegie Corporation of New York.\u00a0\u00a0<\/em><\/p>\n<p>\u00a0<\/p>\n","protected":false},"featured_media":59835,"menu_order":0,"template":"","app_discipline":[234,229,231,219,228,232,213,236,230,215,227,233,218],"app_city_tax":[235,221,214,223,222,220,216,224,217,225],"app_event_type":[237],"class_list":["post-59837","app_event","type-app_event","status-publish","has-post-thumbnail","hentry","app_discipline-all-disciplines","app_discipline-architecture","app_discipline-audiovisual","app_discipline-cinema","app_discipline-comics","app_discipline-craft-design","app_discipline-literature","app_discipline-museums","app_discipline-music","app_discipline-new-media","app_discipline-performing-arts","app_discipline-social-sciences-and-humanities","app_discipline-visual-arts","app_city_tax-all-cities","app_city_tax-atl","app_city_tax-bos","app_city_tax-chi","app_city_tax-hou","app_city_tax-la","app_city_tax-mia","app_city_tax-nola","app_city_tax-nyc","app_city_tax-sf","app_event_type-festival"],"acf":[],"yoast_head":"<!-- This site is optimized with the Yoast SEO plugin v27.3 - https:\/\/yoast.com\/product\/yoast-seo-wordpress\/ -->\n<title>Night of Ideas 2023 - Villa Albertine<\/title>\n<meta name=\"robots\" content=\"index, follow, max-snippet:-1, max-image-preview:large, max-video-preview:-1\" \/>\n<link rel=\"canonical\" href=\"https:\/\/villa-albertine.org\/va\/events\/night-ideas-2023-0\/\" \/>\n<meta property=\"og:locale\" content=\"en_US\" \/>\n<meta property=\"og:type\" content=\"article\" \/>\n<meta property=\"og:title\" content=\"Night of Ideas 2023 - Villa Albertine\" \/>\n<meta property=\"og:description\" content=\"Night of Ideas invites thought leaders, activists, performers, authors, and academics to engage the public in discussion around a central question that addresses major, contemporary global issues. Night of Ideas 2023 focuses on the theme More?, with each event approaching the challenge of building a more sustainable and equitable society from the vantage point of...\" \/>\n<meta property=\"og:url\" content=\"https:\/\/villa-albertine.org\/va\/events\/night-ideas-2023-0\/\" \/>\n<meta property=\"og:site_name\" content=\"Villa Albertine\" \/>\n<meta property=\"article:modified_time\" content=\"2023-08-23T07:44:02+00:00\" \/>\n<meta property=\"og:image\" content=\"https:\/\/villa-albertine.org\/wp-content\/uploads\/2023\/08\/Night20of20Ideas202023.jpg\" \/>\n\t<meta property=\"og:image:width\" content=\"596\" \/>\n\t<meta property=\"og:image:height\" content=\"383\" \/>\n\t<meta property=\"og:image:type\" content=\"image\/jpeg\" \/>\n<meta name=\"twitter:card\" content=\"summary_large_image\" \/>\n<meta name=\"twitter:label1\" content=\"Est. reading time\" \/>\n\t<meta name=\"twitter:data1\" content=\"2 minutes\" \/>\n<script type=\"application\/ld+json\" class=\"yoast-schema-graph\">{\"@context\":\"https:\\\/\\\/schema.org\",\"@graph\":[{\"@type\":\"WebPage\",\"@id\":\"https:\\\/\\\/villa-albertine.org\\\/va\\\/events\\\/night-ideas-2023-0\\\/\",\"url\":\"https:\\\/\\\/villa-albertine.org\\\/va\\\/events\\\/night-ideas-2023-0\\\/\",\"name\":\"Night of Ideas 2023 - Villa Albertine\",\"isPartOf\":{\"@id\":\"https:\\\/\\\/villa-albertine.org\\\/va\\\/#website\"},\"primaryImageOfPage\":{\"@id\":\"https:\\\/\\\/villa-albertine.org\\\/va\\\/events\\\/night-ideas-2023-0\\\/#primaryimage\"},\"image\":{\"@id\":\"https:\\\/\\\/villa-albertine.org\\\/va\\\/events\\\/night-ideas-2023-0\\\/#primaryimage\"},\"thumbnailUrl\":\"https:\\\/\\\/villa-albertine.org\\\/wp-content\\\/uploads\\\/2023\\\/08\\\/Night20of20Ideas202023.jpg\",\"datePublished\":\"2023-02-16T21:54:03+00:00\",\"dateModified\":\"2023-08-23T07:44:02+00:00\",\"breadcrumb\":{\"@id\":\"https:\\\/\\\/villa-albertine.org\\\/va\\\/events\\\/night-ideas-2023-0\\\/#breadcrumb\"},\"inLanguage\":\"en-US\",\"potentialAction\":[{\"@type\":\"ReadAction\",\"target\":[\"https:\\\/\\\/villa-albertine.org\\\/va\\\/events\\\/night-ideas-2023-0\\\/\"]}]},{\"@type\":\"ImageObject\",\"inLanguage\":\"en-US\",\"@id\":\"https:\\\/\\\/villa-albertine.org\\\/va\\\/events\\\/night-ideas-2023-0\\\/#primaryimage\",\"url\":\"https:\\\/\\\/villa-albertine.org\\\/wp-content\\\/uploads\\\/2023\\\/08\\\/Night20of20Ideas202023.jpg\",\"contentUrl\":\"https:\\\/\\\/villa-albertine.org\\\/wp-content\\\/uploads\\\/2023\\\/08\\\/Night20of20Ideas202023.jpg\",\"width\":596,\"height\":383},{\"@type\":\"BreadcrumbList\",\"@id\":\"https:\\\/\\\/villa-albertine.org\\\/va\\\/events\\\/night-ideas-2023-0\\\/#breadcrumb\",\"itemListElement\":[{\"@type\":\"ListItem\",\"position\":1,\"name\":\"Home\",\"item\":\"https:\\\/\\\/villa-albertine.org\\\/va\\\/\"},{\"@type\":\"ListItem\",\"position\":2,\"name\":\"Night of Ideas 2023\"}]},{\"@type\":\"WebSite\",\"@id\":\"https:\\\/\\\/villa-albertine.org\\\/va\\\/#website\",\"url\":\"https:\\\/\\\/villa-albertine.org\\\/va\\\/\",\"name\":\"Villa Albertine\",\"description\":\"\",\"potentialAction\":[{\"@type\":\"SearchAction\",\"target\":{\"@type\":\"EntryPoint\",\"urlTemplate\":\"https:\\\/\\\/villa-albertine.org\\\/va\\\/?s={search_term_string}\"},\"query-input\":{\"@type\":\"PropertyValueSpecification\",\"valueRequired\":true,\"valueName\":\"search_term_string\"}}],\"inLanguage\":\"en-US\"}]}<\/script>\n<!-- \/ Yoast SEO plugin. -->","yoast_head_json":{"title":"Night of Ideas 2023 - Villa Albertine","robots":{"index":"index","follow":"follow","max-snippet":"max-snippet:-1","max-image-preview":"max-image-preview:large","max-video-preview":"max-video-preview:-1"},"canonical":"https:\/\/villa-albertine.org\/va\/events\/night-ideas-2023-0\/","og_locale":"en_US","og_type":"article","og_title":"Night of Ideas 2023 - Villa Albertine","og_description":"Night of Ideas invites thought leaders, activists, performers, authors, and academics to engage the public in discussion around a central question that addresses major, contemporary global issues. Night of Ideas 2023 focuses on the theme More?, with each event approaching the challenge of building a more sustainable and equitable society from the vantage point of...","og_url":"https:\/\/villa-albertine.org\/va\/events\/night-ideas-2023-0\/","og_site_name":"Villa Albertine","article_modified_time":"2023-08-23T07:44:02+00:00","og_image":[{"width":596,"height":383,"url":"https:\/\/villa-albertine.org\/wp-content\/uploads\/2023\/08\/Night20of20Ideas202023.jpg","type":"image\/jpeg"}],"twitter_card":"summary_large_image","twitter_misc":{"Est. reading time":"2 minutes"},"schema":{"@context":"https:\/\/schema.org","@graph":[{"@type":"WebPage","@id":"https:\/\/villa-albertine.org\/va\/events\/night-ideas-2023-0\/","url":"https:\/\/villa-albertine.org\/va\/events\/night-ideas-2023-0\/","name":"Night of Ideas 2023 - Villa Albertine","isPartOf":{"@id":"https:\/\/villa-albertine.org\/va\/#website"},"primaryImageOfPage":{"@id":"https:\/\/villa-albertine.org\/va\/events\/night-ideas-2023-0\/#primaryimage"},"image":{"@id":"https:\/\/villa-albertine.org\/va\/events\/night-ideas-2023-0\/#primaryimage"},"thumbnailUrl":"https:\/\/villa-albertine.org\/wp-content\/uploads\/2023\/08\/Night20of20Ideas202023.jpg","datePublished":"2023-02-16T21:54:03+00:00","dateModified":"2023-08-23T07:44:02+00:00","breadcrumb":{"@id":"https:\/\/villa-albertine.org\/va\/events\/night-ideas-2023-0\/#breadcrumb"},"inLanguage":"en-US","potentialAction":[{"@type":"ReadAction","target":["https:\/\/villa-albertine.org\/va\/events\/night-ideas-2023-0\/"]}]},{"@type":"ImageObject","inLanguage":"en-US","@id":"https:\/\/villa-albertine.org\/va\/events\/night-ideas-2023-0\/#primaryimage","url":"https:\/\/villa-albertine.org\/wp-content\/uploads\/2023\/08\/Night20of20Ideas202023.jpg","contentUrl":"https:\/\/villa-albertine.org\/wp-content\/uploads\/2023\/08\/Night20of20Ideas202023.jpg","width":596,"height":383},{"@type":"BreadcrumbList","@id":"https:\/\/villa-albertine.org\/va\/events\/night-ideas-2023-0\/#breadcrumb","itemListElement":[{"@type":"ListItem","position":1,"name":"Home","item":"https:\/\/villa-albertine.org\/va\/"},{"@type":"ListItem","position":2,"name":"Night of Ideas 2023"}]},{"@type":"WebSite","@id":"https:\/\/villa-albertine.org\/va\/#website","url":"https:\/\/villa-albertine.org\/va\/","name":"Villa Albertine","description":"","potentialAction":[{"@type":"SearchAction","target":{"@type":"EntryPoint","urlTemplate":"https:\/\/villa-albertine.org\/va\/?s={search_term_string}"},"query-input":{"@type":"PropertyValueSpecification","valueRequired":true,"valueName":"search_term_string"}}],"inLanguage":"en-US"}]}},"_links":{"self":[{"href":"https:\/\/villa-albertine.org\/va\/wp-json\/wp\/v2\/app_event\/59837","targetHints":{"allow":["GET"]}}],"collection":[{"href":"https:\/\/villa-albertine.org\/va\/wp-json\/wp\/v2\/app_event"}],"about":[{"href":"https:\/\/villa-albertine.org\/va\/wp-json\/wp\/v2\/types\/app_event"}],"wp:featuredmedia":[{"embeddable":true,"href":"https:\/\/villa-albertine.org\/va\/wp-json\/wp\/v2\/media\/59835"}],"wp:attachment":[{"href":"https:\/\/villa-albertine.org\/va\/wp-json\/wp\/v2\/media?parent=59837"}],"wp:term":[{"taxonomy":"app_discipline","embeddable":true,"href":"https:\/\/villa-albertine.org\/va\/wp-json\/wp\/v2\/app_discipline?post=59837"},{"taxonomy":"app_city_tax","embeddable":true,"href":"https:\/\/villa-albertine.org\/va\/wp-json\/wp\/v2\/app_city_tax?post=59837"},{"taxonomy":"app_event_type","embeddable":true,"href":"https:\/\/villa-albertine.org\/va\/wp-json\/wp\/v2\/app_event_type?post=59837"}],"curies":[{"name":"wp","href":"https:\/\/api.w.org\/{rel}","templated":true}]}}

<p><strong>Night of Ideas invites thought leaders, activists, performers, authors, and academics to engage the public in discussion around a central question that addresses major, contemporary global issues.</strong></p>
<p>Night of Ideas 2023 focuses on the theme More?, with each event approaching the challenge of building a more sustainable and equitable society from the vantage point of local issues, debates, and opportunities. From how to reach a point of more justice in Atlanta; to what ‘more’ really means in a growth-driven society in San Francisco; to looking at our uncertain future through young peoples’ eyes in New York; to climate change in Pasadena and Phoenix; to exploring the limits of our universe through astronomy in Kansas City, Night of Ideas, taking place in more than 20 U.S. cities this year, asks attendees to consider how our world has been challenged by excess in all areas, and how ideas and collaboration could light the way to a more stable and peaceful tomorrow.</p>
<p>Participants include economist and musician and writer <strong>Felwine Sarr</strong>, artist <strong>Anne Plaisance</strong>, professor of African-American and Black/African diaspora studies <strong>Maboula Soumahoro</strong>, director, National Center for Civil and Human Rights <strong>Jill Savitt</strong>, Nobel prize winners Esther Duflo and Abhijit Banerjee, podcast host <strong>Léa Hirshfeld</strong>, director of the École Urbaine de Lyon, <strong>Michel Lussault</strong>, philosophers Nicolas Prévélakis, <strong>Barbara Cassin</strong> and <strong>Baptiste Morizot</strong>, architect and co-director of Z4A <strong>Ophélia Mantz</strong>, and jazz musicians <strong>Jack Sorel Music Trio</strong>, and <strong>Kim Clarke Trio</strong> among other high-profile speakers and Villa Albertine residents. </p>
<p>Outside of New York, 2023 Night of Ideas events will take place at a record-breaking venues around the US and in Mexico:</p>
<ul>
<li>Kansas City: Powell Observatory, Alliance Française – February 25, 2023 </li>
<li>Milwaukee: Schlitz Audubon Nature Center, Alliance Française &#8211; February 28, 2023 </li>
<li>New Orleans, Alliance Française – February 27, 2023</li>
<li>Minneapolis: Alliance Française &#8211; February 28, 2023 </li>
<li>Pasadena: Alliance Française &#8211; March 1, 2023</li>
<li>San Juan, Puerto Rico: Alliance Française – March 1, 2023</li>
<li>Los Angeles: Alliance Française – March 2, 2023</li>
<li>Los Angeles: University of Southern California – March 2, 2023</li>
<li>St. Louis: Webster University, Alliance Française – March 2, 2023  </li>
<li>Monterrey, Mexico: Universidad Autónoma de Nuevo León à Monterrey, (in partnership with the French Consulate in Houston) – March 2, 2023 </li>
<li>San Diego, Alliance Française – March 2, 2023   </li>
<li>Seattle: Alliance Française – March 3, 2023   </li>
<li>Boston: Harvard University – March 3, 2023  </li>
<li>Atlanta: National Center for Civil and Human Rights – March 4, 2023           </li>
<li>San Francisco: SF Public Library – March 4, 2023</li>
<li>Detroit: Alliance Française – March 5, 2023</li>
</ul>
<p>More information can be found at <a href="https://nightofideas.org/">nightofideas.org</a>.</p>
<p><em>Night of Ideas 2023 is presented by Villa Albertine, in partnership with FACE Foundation and the Institut français.  </em></p>
<p><em>The national program in the US is made possible with major philanthropic support from Presenting Partner the Judy and Peter Blum Kovler Foundation, Mellon Foundation, and Carnegie Corporation of New York.  </em></p>
<p> </p>
