{"id":59577,"date":"2022-03-11T18:52:08","date_gmt":"2022-03-11T18:52:08","guid":{"rendered":"https:\/\/villa-albertine.org\/events\/regard-noir-2021-screening-and-qa-director-aissa-maiga-0\/"},"modified":"2023-08-23T07:43:30","modified_gmt":"2023-08-23T07:43:30","slug":"regard-noir-2021-screening-and-qa-director-aissa-maiga-0","status":"publish","type":"app_event","link":"https:\/\/villa-albertine.org\/va\/events\/regard-noir-2021-screening-and-qa-director-aissa-maiga-0\/","title":{"rendered":"Regard Noir (2021) Screening and Q&#038;A with Director A\u00efssa Ma\u00efga"},"content":{"rendered":"<p>Acclaimed French actress A\u00efssa Ma\u00efga speaks with actresses, actors ,and directors from France, Brazil, and the United States about the limitations in the film industry when it comes to race. The documentary follows A\u00efssa Ma\u00efga on a road-trip from Paris to Los Angeles and San Paolo to explore the historical roots of systemic racism and the impact of discrimination and stereotypes in films and series on societies and their respective popular culture.\u00a0<\/p>\n<p lang=\"EN-US\" xml:lang=\"EN-US\" xml:lang=\"EN-US\">The film features interviews from the likes of Ryan Coogler, director of the feminist film\u00a0<em>Black Panther<\/em>, ally and icon Adele Haenel, game-changer Ava DuVernay, Brazilian star Tais Araujo, and actresses Firmine Richard, Nad\u00e8ge Beausson-Diagne, and Sonia Rolland, who each share their views on the representation of Black women on screen.\u00a0<\/p>\n<p>This event is open to the public, but\u00a0<strong>registration is mandatory<\/strong>. To enter, you will be required to show the Eventbrite registration or a QR code.\u00a0<\/p>\n<p>The screening will be followed by Q&amp;A with director A\u00efssa Ma\u00efga, moderated by St\u00e9phanie Boulard and Megan Carver.\u00a0<\/p>\n<p><em>This screening is co-sponsored by Duke University,\u00a0<a href=\"https:\/\/villa-albertine.org\/professionals\/albertine-cinematheque\">Albertine Cin\u00e9math\u00e8que<\/a>\u00a0for Villa Albertine and Unifrance.<\/em>\u00a0<\/p>\n<p><strong>A\u00efssa Ma\u00efga<\/strong>\u00a0is a Senegal-born French actress, director, writer, and producer. A\u00efssa Ma\u00efga has worked with major auteurs like Michael Haneke, Abderrahmane Sissako and Michel Gondry, and recently starred in Chiwetel Ejiofor\u2019s directorial debut. She has won or been nominated for a number of prestigious prizes, including a Best Newcomer C\u00e9sar (French Oscar) nomination in 2007 for\u00a0<em>Bamako (The Court)<\/em>\u00a0(2006) and the Best Actress Prize in 2009 at the Bastia Film Festival for\u00a0<em>Black and White<\/em>\u00a0(2008) by Italian director Cristina Comencini.\u00a0<\/p>\n","protected":false},"featured_media":59574,"menu_order":0,"template":"","app_discipline":[219],"app_city_tax":[221],"app_event_type":[239],"class_list":["post-59577","app_event","type-app_event","status-publish","has-post-thumbnail","hentry","app_discipline-cinema","app_city_tax-atl","app_event_type-film"],"acf":[],"yoast_head":"<!-- This site is optimized with the Yoast SEO plugin v27.3 - https:\/\/yoast.com\/product\/yoast-seo-wordpress\/ -->\n<title>Regard Noir (2021) Screening and Q&amp;A with Director A\u00efssa Ma\u00efga - Villa Albertine<\/title>\n<meta name=\"robots\" content=\"index, follow, max-snippet:-1, max-image-preview:large, max-video-preview:-1\" \/>\n<link rel=\"canonical\" href=\"https:\/\/villa-albertine.org\/va\/events\/regard-noir-2021-screening-and-qa-director-aissa-maiga-0\/\" \/>\n<meta property=\"og:locale\" content=\"en_US\" \/>\n<meta property=\"og:type\" content=\"article\" \/>\n<meta property=\"og:title\" content=\"Regard Noir (2021) Screening and Q&amp;A with Director A\u00efssa Ma\u00efga - Villa Albertine\" \/>\n<meta property=\"og:description\" content=\"Acclaimed French actress A\u00efssa Ma\u00efga speaks with actresses, actors ,and directors from France, Brazil, and the United States about the limitations in the film industry when it comes to race. The documentary follows A\u00efssa Ma\u00efga on a road-trip from Paris to Los Angeles and San Paolo to explore the historical roots of systemic racism and...\" \/>\n<meta property=\"og:url\" content=\"https:\/\/villa-albertine.org\/va\/events\/regard-noir-2021-screening-and-qa-director-aissa-maiga-0\/\" \/>\n<meta property=\"og:site_name\" content=\"Villa Albertine\" \/>\n<meta property=\"article:modified_time\" content=\"2023-08-23T07:43:30+00:00\" \/>\n<meta property=\"og:image\" content=\"https:\/\/villa-albertine.org\/wp-content\/uploads\/2023\/08\/AM20regard20noir20image.jpg\" \/>\n\t<meta property=\"og:image:width\" content=\"800\" \/>\n\t<meta property=\"og:image:height\" content=\"400\" \/>\n\t<meta property=\"og:image:type\" content=\"image\/jpeg\" \/>\n<meta name=\"twitter:card\" content=\"summary_large_image\" \/>\n<meta name=\"twitter:label1\" content=\"Est. reading time\" \/>\n\t<meta name=\"twitter:data1\" content=\"1 minute\" \/>\n<script type=\"application\/ld+json\" class=\"yoast-schema-graph\">{\"@context\":\"https:\\\/\\\/schema.org\",\"@graph\":[{\"@type\":\"WebPage\",\"@id\":\"https:\\\/\\\/villa-albertine.org\\\/va\\\/events\\\/regard-noir-2021-screening-and-qa-director-aissa-maiga-0\\\/\",\"url\":\"https:\\\/\\\/villa-albertine.org\\\/va\\\/events\\\/regard-noir-2021-screening-and-qa-director-aissa-maiga-0\\\/\",\"name\":\"Regard Noir (2021) Screening and Q&A with Director A\u00efssa Ma\u00efga - Villa Albertine\",\"isPartOf\":{\"@id\":\"https:\\\/\\\/villa-albertine.org\\\/va\\\/#website\"},\"primaryImageOfPage\":{\"@id\":\"https:\\\/\\\/villa-albertine.org\\\/va\\\/events\\\/regard-noir-2021-screening-and-qa-director-aissa-maiga-0\\\/#primaryimage\"},\"image\":{\"@id\":\"https:\\\/\\\/villa-albertine.org\\\/va\\\/events\\\/regard-noir-2021-screening-and-qa-director-aissa-maiga-0\\\/#primaryimage\"},\"thumbnailUrl\":\"https:\\\/\\\/villa-albertine.org\\\/wp-content\\\/uploads\\\/2023\\\/08\\\/AM20regard20noir20image.jpg\",\"datePublished\":\"2022-03-11T18:52:08+00:00\",\"dateModified\":\"2023-08-23T07:43:30+00:00\",\"breadcrumb\":{\"@id\":\"https:\\\/\\\/villa-albertine.org\\\/va\\\/events\\\/regard-noir-2021-screening-and-qa-director-aissa-maiga-0\\\/#breadcrumb\"},\"inLanguage\":\"en-US\",\"potentialAction\":[{\"@type\":\"ReadAction\",\"target\":[\"https:\\\/\\\/villa-albertine.org\\\/va\\\/events\\\/regard-noir-2021-screening-and-qa-director-aissa-maiga-0\\\/\"]}]},{\"@type\":\"ImageObject\",\"inLanguage\":\"en-US\",\"@id\":\"https:\\\/\\\/villa-albertine.org\\\/va\\\/events\\\/regard-noir-2021-screening-and-qa-director-aissa-maiga-0\\\/#primaryimage\",\"url\":\"https:\\\/\\\/villa-albertine.org\\\/wp-content\\\/uploads\\\/2023\\\/08\\\/AM20regard20noir20image.jpg\",\"contentUrl\":\"https:\\\/\\\/villa-albertine.org\\\/wp-content\\\/uploads\\\/2023\\\/08\\\/AM20regard20noir20image.jpg\",\"width\":800,\"height\":400},{\"@type\":\"BreadcrumbList\",\"@id\":\"https:\\\/\\\/villa-albertine.org\\\/va\\\/events\\\/regard-noir-2021-screening-and-qa-director-aissa-maiga-0\\\/#breadcrumb\",\"itemListElement\":[{\"@type\":\"ListItem\",\"position\":1,\"name\":\"Home\",\"item\":\"https:\\\/\\\/villa-albertine.org\\\/va\\\/\"},{\"@type\":\"ListItem\",\"position\":2,\"name\":\"Regard Noir (2021) Screening and Q&#038;A with Director A\u00efssa Ma\u00efga\"}]},{\"@type\":\"WebSite\",\"@id\":\"https:\\\/\\\/villa-albertine.org\\\/va\\\/#website\",\"url\":\"https:\\\/\\\/villa-albertine.org\\\/va\\\/\",\"name\":\"Villa Albertine\",\"description\":\"\",\"potentialAction\":[{\"@type\":\"SearchAction\",\"target\":{\"@type\":\"EntryPoint\",\"urlTemplate\":\"https:\\\/\\\/villa-albertine.org\\\/va\\\/?s={search_term_string}\"},\"query-input\":{\"@type\":\"PropertyValueSpecification\",\"valueRequired\":true,\"valueName\":\"search_term_string\"}}],\"inLanguage\":\"en-US\"}]}<\/script>\n<!-- \/ Yoast SEO plugin. -->","yoast_head_json":{"title":"Regard Noir (2021) Screening and Q&A with Director A\u00efssa Ma\u00efga - Villa Albertine","robots":{"index":"index","follow":"follow","max-snippet":"max-snippet:-1","max-image-preview":"max-image-preview:large","max-video-preview":"max-video-preview:-1"},"canonical":"https:\/\/villa-albertine.org\/va\/events\/regard-noir-2021-screening-and-qa-director-aissa-maiga-0\/","og_locale":"en_US","og_type":"article","og_title":"Regard Noir (2021) Screening and Q&A with Director A\u00efssa Ma\u00efga - Villa Albertine","og_description":"Acclaimed French actress A\u00efssa Ma\u00efga speaks with actresses, actors ,and directors from France, Brazil, and the United States about the limitations in the film industry when it comes to race. The documentary follows A\u00efssa Ma\u00efga on a road-trip from Paris to Los Angeles and San Paolo to explore the historical roots of systemic racism and...","og_url":"https:\/\/villa-albertine.org\/va\/events\/regard-noir-2021-screening-and-qa-director-aissa-maiga-0\/","og_site_name":"Villa Albertine","article_modified_time":"2023-08-23T07:43:30+00:00","og_image":[{"width":800,"height":400,"url":"https:\/\/villa-albertine.org\/wp-content\/uploads\/2023\/08\/AM20regard20noir20image.jpg","type":"image\/jpeg"}],"twitter_card":"summary_large_image","twitter_misc":{"Est. reading time":"1 minute"},"schema":{"@context":"https:\/\/schema.org","@graph":[{"@type":"WebPage","@id":"https:\/\/villa-albertine.org\/va\/events\/regard-noir-2021-screening-and-qa-director-aissa-maiga-0\/","url":"https:\/\/villa-albertine.org\/va\/events\/regard-noir-2021-screening-and-qa-director-aissa-maiga-0\/","name":"Regard Noir (2021) Screening and Q&A with Director A\u00efssa Ma\u00efga - Villa Albertine","isPartOf":{"@id":"https:\/\/villa-albertine.org\/va\/#website"},"primaryImageOfPage":{"@id":"https:\/\/villa-albertine.org\/va\/events\/regard-noir-2021-screening-and-qa-director-aissa-maiga-0\/#primaryimage"},"image":{"@id":"https:\/\/villa-albertine.org\/va\/events\/regard-noir-2021-screening-and-qa-director-aissa-maiga-0\/#primaryimage"},"thumbnailUrl":"https:\/\/villa-albertine.org\/wp-content\/uploads\/2023\/08\/AM20regard20noir20image.jpg","datePublished":"2022-03-11T18:52:08+00:00","dateModified":"2023-08-23T07:43:30+00:00","breadcrumb":{"@id":"https:\/\/villa-albertine.org\/va\/events\/regard-noir-2021-screening-and-qa-director-aissa-maiga-0\/#breadcrumb"},"inLanguage":"en-US","potentialAction":[{"@type":"ReadAction","target":["https:\/\/villa-albertine.org\/va\/events\/regard-noir-2021-screening-and-qa-director-aissa-maiga-0\/"]}]},{"@type":"ImageObject","inLanguage":"en-US","@id":"https:\/\/villa-albertine.org\/va\/events\/regard-noir-2021-screening-and-qa-director-aissa-maiga-0\/#primaryimage","url":"https:\/\/villa-albertine.org\/wp-content\/uploads\/2023\/08\/AM20regard20noir20image.jpg","contentUrl":"https:\/\/villa-albertine.org\/wp-content\/uploads\/2023\/08\/AM20regard20noir20image.jpg","width":800,"height":400},{"@type":"BreadcrumbList","@id":"https:\/\/villa-albertine.org\/va\/events\/regard-noir-2021-screening-and-qa-director-aissa-maiga-0\/#breadcrumb","itemListElement":[{"@type":"ListItem","position":1,"name":"Home","item":"https:\/\/villa-albertine.org\/va\/"},{"@type":"ListItem","position":2,"name":"Regard Noir (2021) Screening and Q&#038;A with Director A\u00efssa Ma\u00efga"}]},{"@type":"WebSite","@id":"https:\/\/villa-albertine.org\/va\/#website","url":"https:\/\/villa-albertine.org\/va\/","name":"Villa Albertine","description":"","potentialAction":[{"@type":"SearchAction","target":{"@type":"EntryPoint","urlTemplate":"https:\/\/villa-albertine.org\/va\/?s={search_term_string}"},"query-input":{"@type":"PropertyValueSpecification","valueRequired":true,"valueName":"search_term_string"}}],"inLanguage":"en-US"}]}},"_links":{"self":[{"href":"https:\/\/villa-albertine.org\/va\/wp-json\/wp\/v2\/app_event\/59577","targetHints":{"allow":["GET"]}}],"collection":[{"href":"https:\/\/villa-albertine.org\/va\/wp-json\/wp\/v2\/app_event"}],"about":[{"href":"https:\/\/villa-albertine.org\/va\/wp-json\/wp\/v2\/types\/app_event"}],"wp:featuredmedia":[{"embeddable":true,"href":"https:\/\/villa-albertine.org\/va\/wp-json\/wp\/v2\/media\/59574"}],"wp:attachment":[{"href":"https:\/\/villa-albertine.org\/va\/wp-json\/wp\/v2\/media?parent=59577"}],"wp:term":[{"taxonomy":"app_discipline","embeddable":true,"href":"https:\/\/villa-albertine.org\/va\/wp-json\/wp\/v2\/app_discipline?post=59577"},{"taxonomy":"app_city_tax","embeddable":true,"href":"https:\/\/villa-albertine.org\/va\/wp-json\/wp\/v2\/app_city_tax?post=59577"},{"taxonomy":"app_event_type","embeddable":true,"href":"https:\/\/villa-albertine.org\/va\/wp-json\/wp\/v2\/app_event_type?post=59577"}],"curies":[{"name":"wp","href":"https:\/\/api.w.org\/{rel}","templated":true}]}}

Regard Noir (2021) Screening and Q&#038;A with Director Aïssa Maïga

<p>Acclaimed French actress Aïssa Maïga speaks with actresses, actors ,and directors from France, Brazil, and the United States about the limitations in the film industry when it comes to race. The documentary follows Aïssa Maïga on a road-trip from Paris to Los Angeles and San Paolo to explore the historical roots of systemic racism and the impact of discrimination and stereotypes in films and series on societies and their respective popular culture. </p>
<p lang="EN-US" xml:lang="EN-US" xml:lang="EN-US">The film features interviews from the likes of Ryan Coogler, director of the feminist film <em>Black Panther</em>, ally and icon Adele Haenel, game-changer Ava DuVernay, Brazilian star Tais Araujo, and actresses Firmine Richard, Nadège Beausson-Diagne, and Sonia Rolland, who each share their views on the representation of Black women on screen. </p>
<p>This event is open to the public, but <strong>registration is mandatory</strong>. To enter, you will be required to show the Eventbrite registration or a QR code. </p>
<p>The screening will be followed by Q&amp;A with director Aïssa Maïga, moderated by Stéphanie Boulard and Megan Carver. </p>
<p><em>This screening is co-sponsored by Duke University, <a href="https://villa-albertine.org/professionals/albertine-cinematheque">Albertine Cinémathèque</a> for Villa Albertine and Unifrance.</em> </p>
<p><strong>Aïssa Maïga</strong> is a Senegal-born French actress, director, writer, and producer. Aïssa Maïga has worked with major auteurs like Michael Haneke, Abderrahmane Sissako and Michel Gondry, and recently starred in Chiwetel Ejiofor’s directorial debut. She has won or been nominated for a number of prestigious prizes, including a Best Newcomer César (French Oscar) nomination in 2007 for <em>Bamako (The Court)</em> (2006) and the Best Actress Prize in 2009 at the Bastia Film Festival for <em>Black and White</em> (2008) by Italian director Cristina Comencini. </p>

<!-- This site is optimized with the Yoast SEO plugin v27.3 - https://yoast.com/product/yoast-seo-wordpress/ -->
<title>Regard Noir (2021) Screening and Q&amp;A with Director Aïssa Maïga - Villa Albertine</title>
<meta name="robots" content="index, follow, max-snippet:-1, max-image-preview:large, max-video-preview:-1" />
<link rel="canonical" href="https://villa-albertine.org/va/events/regard-noir-2021-screening-and-qa-director-aissa-maiga-0/" />
<meta property="og:locale" content="en_US" />
<meta property="og:type" content="article" />
<meta property="og:title" content="Regard Noir (2021) Screening and Q&amp;A with Director Aïssa Maïga - Villa Albertine" />
<meta property="og:description" content="Acclaimed French actress Aïssa Maïga speaks with actresses, actors ,and directors from France, Brazil, and the United States about the limitations in the film industry when it comes to race. The documentary follows Aïssa Maïga on a road-trip from Paris to Los Angeles and San Paolo to explore the historical roots of systemic racism and..." />
<meta property="og:url" content="https://villa-albertine.org/va/events/regard-noir-2021-screening-and-qa-director-aissa-maiga-0/" />
<meta property="og:site_name" content="Villa Albertine" />
<meta property="article:modified_time" content="2023-08-23T07:43:30+00:00" />
<meta property="og:image" content="https://villa-albertine.org/wp-content/uploads/2023/08/AM20regard20noir20image.jpg" />
	<meta property="og:image:width" content="800" />
	<meta property="og:image:height" content="400" />
	<meta property="og:image:type" content="image/jpeg" />
<meta name="twitter:card" content="summary_large_image" />
<meta name="twitter:label1" content="Est. reading time" />
	<meta name="twitter:data1" content="1 minute" />
<script type="application/ld+json" class="yoast-schema-graph">{"@context":"https:\/\/schema.org","@graph":[{"@type":"WebPage","@id":"https:\/\/villa-albertine.org\/va\/events\/regard-noir-2021-screening-and-qa-director-aissa-maiga-0\/","url":"https:\/\/villa-albertine.org\/va\/events\/regard-noir-2021-screening-and-qa-director-aissa-maiga-0\/","name":"Regard Noir (2021) Screening and Q&A with Director Aïssa Maïga - Villa Albertine","isPartOf":{"@id":"https:\/\/villa-albertine.org\/va\/#website"},"primaryImageOfPage":{"@id":"https:\/\/villa-albertine.org\/va\/events\/regard-noir-2021-screening-and-qa-director-aissa-maiga-0\/#primaryimage"},"image":{"@id":"https:\/\/villa-albertine.org\/va\/events\/regard-noir-2021-screening-and-qa-director-aissa-maiga-0\/#primaryimage"},"thumbnailUrl":"https:\/\/villa-albertine.org\/wp-content\/uploads\/2023\/08\/AM20regard20noir20image.jpg","datePublished":"2022-03-11T18:52:08+00:00","dateModified":"2023-08-23T07:43:30+00:00","breadcrumb":{"@id":"https:\/\/villa-albertine.org\/va\/events\/regard-noir-2021-screening-and-qa-director-aissa-maiga-0\/#breadcrumb"},"inLanguage":"en-US","potentialAction":[{"@type":"ReadAction","target":["https:\/\/villa-albertine.org\/va\/events\/regard-noir-2021-screening-and-qa-director-aissa-maiga-0\/"]}]},{"@type":"ImageObject","inLanguage":"en-US","@id":"https:\/\/villa-albertine.org\/va\/events\/regard-noir-2021-screening-and-qa-director-aissa-maiga-0\/#primaryimage","url":"https:\/\/villa-albertine.org\/wp-content\/uploads\/2023\/08\/AM20regard20noir20image.jpg","contentUrl":"https:\/\/villa-albertine.org\/wp-content\/uploads\/2023\/08\/AM20regard20noir20image.jpg","width":800,"height":400},{"@type":"BreadcrumbList","@id":"https:\/\/villa-albertine.org\/va\/events\/regard-noir-2021-screening-and-qa-director-aissa-maiga-0\/#breadcrumb","itemListElement":[{"@type":"ListItem","position":1,"name":"Home","item":"https:\/\/villa-albertine.org\/va\/"},{"@type":"ListItem","position":2,"name":"Regard Noir (2021) Screening and Q&#038;A with Director Aïssa Maïga"}]},{"@type":"WebSite","@id":"https:\/\/villa-albertine.org\/va\/#website","url":"https:\/\/villa-albertine.org\/va\/","name":"Villa Albertine","description":"","potentialAction":[{"@type":"SearchAction","target":{"@type":"EntryPoint","urlTemplate":"https:\/\/villa-albertine.org\/va\/?s={search_term_string}"},"query-input":{"@type":"PropertyValueSpecification","valueRequired":true,"valueName":"search_term_string"}}],"inLanguage":"en-US"}]}</script>
<!-- / Yoast SEO plugin. -->

Regard Noir (2021) Screening and Q&A with Director Aïssa Maïga - Villa Albertine

Acclaimed French actress Aïssa Maïga speaks with actresses, actors ,and directors from France, Brazil, and the United States about the limitations in the film industry when it comes to race. The documentary follows Aïssa Maïga on a road-trip from Paris to Los Angeles and San Paolo to explore the historical roots of systemic racism and...
