{"id":59515,"date":"2022-10-26T00:53:46","date_gmt":"2022-10-26T00:53:46","guid":{"rendered":"https:\/\/villa-albertine.org\/events\/european-literature-night-feature-olivier-guez\/"},"modified":"2023-08-23T07:42:51","modified_gmt":"2023-08-23T07:42:51","slug":"european-literature-night-feature-olivier-guez","status":"publish","type":"app_event","link":"https:\/\/villa-albertine.org\/va\/events\/european-literature-night-feature-olivier-guez\/","title":{"rendered":"European Literature Night to featuring Olivier Guez"},"content":{"rendered":"<p><strong>European Literature Night <\/strong>returns on November 16, 2022, bringing some of Europe\u2019s brightest literary talents to the New York audiences. Critically acclaimed authors as well as translators and performers representing 11 E.U. countries will read excerpts from new works and beloved classics and engage in a panel discussion exploring the topic of literature and peace. Space is limited. Reservations required.<\/p>\n<p>The 2022 lineup includes authors<strong> Bianca Bellov\u00e1 <\/strong>(Czech Republic),\u00a0<strong>Krystyna D<\/strong><strong>\u0105<\/strong><strong>browska<\/strong><strong>\u00a0<\/strong>(Poland),<strong> <\/strong><strong>Raphaela Edelbauer <\/strong>(Austria),\u00a0<strong>Olivier Guez <\/strong>(France), <strong>Sa\u0301ndor Ja\u0301szbere\u0301nyi <\/strong>(Hungary), <strong>Nora Krug <\/strong>(Germany), <strong>Askold Melnyczuk <\/strong>(Ukraine),<strong> <\/strong><strong>Cla<\/strong><strong>udia Serea <\/strong>(Romania<strong>), Ilmar Taska <\/strong>(Estonia), and translator <strong>Birut\u0117 Vai\u010djurgis \u0160le\u017eas <\/strong>(Lithuania). Members of NYC-based <strong>Saudade Theatre <\/strong>will perform a reading of works by <strong>Jos\u00e9 Saramago<\/strong> (Portugal). Panel moderated by <strong>Andrew Singer<\/strong>, director and editor in chief of Trafika Europe, Europe\u2019s literary radio station.<\/p>\n<p>Free with <a href=\"https:\/\/nam11.safelinks.protection.outlook.com\/?url=https%3A%2F%2Fwww.eventbrite.com%2Fe%2Feuropean-literature-night-2022-tickets-451200973257&amp;amp;data=05%7C01%7Canne-sophie.hermil%40frenchculture.org%7C0768ca7d8261490ddbbc08dab864a092%7C2d6ab33a15c04d1eb0363b23ceb26830%7C0%7C0%7C638025039921460458%7CUnknown%7CTWFpbGZsb3d8eyJWIjoiMC4wLjAwMDAiLCJQIjoiV2luMzIiLCJBTiI6Ik1haWwiLCJXVCI6Mn0%3D%7C3000%7C%7C%7C&amp;amp;sdata=1Vb%2F6C4XBUKfZnHxVCIzIs9tIg6iJo6%2BHIlIGgK6VtE%3D&amp;amp;reserved=0\">registration\u00a0<\/a><\/p>\n","protected":false},"featured_media":59513,"menu_order":0,"template":"","app_discipline":[213],"app_city_tax":[217],"app_event_type":[241],"class_list":["post-59515","app_event","type-app_event","status-publish","has-post-thumbnail","hentry","app_discipline-literature","app_city_tax-nyc","app_event_type-talk"],"acf":[],"yoast_head":"<!-- This site is optimized with the Yoast SEO plugin v27.3 - https:\/\/yoast.com\/product\/yoast-seo-wordpress\/ -->\n<title>European Literature Night to featuring Olivier Guez - Villa Albertine<\/title>\n<meta name=\"robots\" content=\"index, follow, max-snippet:-1, max-image-preview:large, max-video-preview:-1\" \/>\n<link rel=\"canonical\" href=\"https:\/\/villa-albertine.org\/va\/events\/european-literature-night-feature-olivier-guez\/\" \/>\n<meta property=\"og:locale\" content=\"en_US\" \/>\n<meta property=\"og:type\" content=\"article\" \/>\n<meta property=\"og:title\" content=\"European Literature Night to featuring Olivier Guez - Villa Albertine\" \/>\n<meta property=\"og:description\" content=\"European Literature Night returns on November 16, 2022, bringing some of Europe\u2019s brightest literary talents to the New York audiences. Critically acclaimed authors as well as translators and performers representing 11 E.U. countries will read excerpts from new works and beloved classics and engage in a panel discussion exploring the topic of literature and peace....\" \/>\n<meta property=\"og:url\" content=\"https:\/\/villa-albertine.org\/va\/events\/european-literature-night-feature-olivier-guez\/\" \/>\n<meta property=\"og:site_name\" content=\"Villa Albertine\" \/>\n<meta property=\"article:modified_time\" content=\"2023-08-23T07:42:51+00:00\" \/>\n<meta property=\"og:image\" content=\"https:\/\/villa-albertine.org\/wp-content\/uploads\/2023\/08\/Eur20Lit20Night_0-1024x536.png\" \/>\n\t<meta property=\"og:image:width\" content=\"1024\" \/>\n\t<meta property=\"og:image:height\" content=\"536\" \/>\n\t<meta property=\"og:image:type\" content=\"image\/png\" \/>\n<meta name=\"twitter:card\" content=\"summary_large_image\" \/>\n<meta name=\"twitter:label1\" content=\"Est. reading time\" \/>\n\t<meta name=\"twitter:data1\" content=\"1 minute\" \/>\n<script type=\"application\/ld+json\" class=\"yoast-schema-graph\">{\"@context\":\"https:\\\/\\\/schema.org\",\"@graph\":[{\"@type\":\"WebPage\",\"@id\":\"https:\\\/\\\/villa-albertine.org\\\/va\\\/events\\\/european-literature-night-feature-olivier-guez\\\/\",\"url\":\"https:\\\/\\\/villa-albertine.org\\\/va\\\/events\\\/european-literature-night-feature-olivier-guez\\\/\",\"name\":\"European Literature Night to featuring Olivier Guez - Villa Albertine\",\"isPartOf\":{\"@id\":\"https:\\\/\\\/villa-albertine.org\\\/va\\\/#website\"},\"primaryImageOfPage\":{\"@id\":\"https:\\\/\\\/villa-albertine.org\\\/va\\\/events\\\/european-literature-night-feature-olivier-guez\\\/#primaryimage\"},\"image\":{\"@id\":\"https:\\\/\\\/villa-albertine.org\\\/va\\\/events\\\/european-literature-night-feature-olivier-guez\\\/#primaryimage\"},\"thumbnailUrl\":\"https:\\\/\\\/villa-albertine.org\\\/wp-content\\\/uploads\\\/2023\\\/08\\\/Eur20Lit20Night_0.png\",\"datePublished\":\"2022-10-26T00:53:46+00:00\",\"dateModified\":\"2023-08-23T07:42:51+00:00\",\"breadcrumb\":{\"@id\":\"https:\\\/\\\/villa-albertine.org\\\/va\\\/events\\\/european-literature-night-feature-olivier-guez\\\/#breadcrumb\"},\"inLanguage\":\"en-US\",\"potentialAction\":[{\"@type\":\"ReadAction\",\"target\":[\"https:\\\/\\\/villa-albertine.org\\\/va\\\/events\\\/european-literature-night-feature-olivier-guez\\\/\"]}]},{\"@type\":\"ImageObject\",\"inLanguage\":\"en-US\",\"@id\":\"https:\\\/\\\/villa-albertine.org\\\/va\\\/events\\\/european-literature-night-feature-olivier-guez\\\/#primaryimage\",\"url\":\"https:\\\/\\\/villa-albertine.org\\\/wp-content\\\/uploads\\\/2023\\\/08\\\/Eur20Lit20Night_0.png\",\"contentUrl\":\"https:\\\/\\\/villa-albertine.org\\\/wp-content\\\/uploads\\\/2023\\\/08\\\/Eur20Lit20Night_0.png\",\"width\":1392,\"height\":729},{\"@type\":\"BreadcrumbList\",\"@id\":\"https:\\\/\\\/villa-albertine.org\\\/va\\\/events\\\/european-literature-night-feature-olivier-guez\\\/#breadcrumb\",\"itemListElement\":[{\"@type\":\"ListItem\",\"position\":1,\"name\":\"Home\",\"item\":\"https:\\\/\\\/villa-albertine.org\\\/va\\\/\"},{\"@type\":\"ListItem\",\"position\":2,\"name\":\"European Literature Night to featuring Olivier Guez\"}]},{\"@type\":\"WebSite\",\"@id\":\"https:\\\/\\\/villa-albertine.org\\\/va\\\/#website\",\"url\":\"https:\\\/\\\/villa-albertine.org\\\/va\\\/\",\"name\":\"Villa Albertine\",\"description\":\"\",\"potentialAction\":[{\"@type\":\"SearchAction\",\"target\":{\"@type\":\"EntryPoint\",\"urlTemplate\":\"https:\\\/\\\/villa-albertine.org\\\/va\\\/?s={search_term_string}\"},\"query-input\":{\"@type\":\"PropertyValueSpecification\",\"valueRequired\":true,\"valueName\":\"search_term_string\"}}],\"inLanguage\":\"en-US\"}]}<\/script>\n<!-- \/ Yoast SEO plugin. -->","yoast_head_json":{"title":"European Literature Night to featuring Olivier Guez - Villa Albertine","robots":{"index":"index","follow":"follow","max-snippet":"max-snippet:-1","max-image-preview":"max-image-preview:large","max-video-preview":"max-video-preview:-1"},"canonical":"https:\/\/villa-albertine.org\/va\/events\/european-literature-night-feature-olivier-guez\/","og_locale":"en_US","og_type":"article","og_title":"European Literature Night to featuring Olivier Guez - Villa Albertine","og_description":"European Literature Night returns on November 16, 2022, bringing some of Europe\u2019s brightest literary talents to the New York audiences. Critically acclaimed authors as well as translators and performers representing 11 E.U. countries will read excerpts from new works and beloved classics and engage in a panel discussion exploring the topic of literature and peace....","og_url":"https:\/\/villa-albertine.org\/va\/events\/european-literature-night-feature-olivier-guez\/","og_site_name":"Villa Albertine","article_modified_time":"2023-08-23T07:42:51+00:00","og_image":[{"width":1024,"height":536,"url":"https:\/\/villa-albertine.org\/wp-content\/uploads\/2023\/08\/Eur20Lit20Night_0-1024x536.png","type":"image\/png"}],"twitter_card":"summary_large_image","twitter_misc":{"Est. reading time":"1 minute"},"schema":{"@context":"https:\/\/schema.org","@graph":[{"@type":"WebPage","@id":"https:\/\/villa-albertine.org\/va\/events\/european-literature-night-feature-olivier-guez\/","url":"https:\/\/villa-albertine.org\/va\/events\/european-literature-night-feature-olivier-guez\/","name":"European Literature Night to featuring Olivier Guez - Villa Albertine","isPartOf":{"@id":"https:\/\/villa-albertine.org\/va\/#website"},"primaryImageOfPage":{"@id":"https:\/\/villa-albertine.org\/va\/events\/european-literature-night-feature-olivier-guez\/#primaryimage"},"image":{"@id":"https:\/\/villa-albertine.org\/va\/events\/european-literature-night-feature-olivier-guez\/#primaryimage"},"thumbnailUrl":"https:\/\/villa-albertine.org\/wp-content\/uploads\/2023\/08\/Eur20Lit20Night_0.png","datePublished":"2022-10-26T00:53:46+00:00","dateModified":"2023-08-23T07:42:51+00:00","breadcrumb":{"@id":"https:\/\/villa-albertine.org\/va\/events\/european-literature-night-feature-olivier-guez\/#breadcrumb"},"inLanguage":"en-US","potentialAction":[{"@type":"ReadAction","target":["https:\/\/villa-albertine.org\/va\/events\/european-literature-night-feature-olivier-guez\/"]}]},{"@type":"ImageObject","inLanguage":"en-US","@id":"https:\/\/villa-albertine.org\/va\/events\/european-literature-night-feature-olivier-guez\/#primaryimage","url":"https:\/\/villa-albertine.org\/wp-content\/uploads\/2023\/08\/Eur20Lit20Night_0.png","contentUrl":"https:\/\/villa-albertine.org\/wp-content\/uploads\/2023\/08\/Eur20Lit20Night_0.png","width":1392,"height":729},{"@type":"BreadcrumbList","@id":"https:\/\/villa-albertine.org\/va\/events\/european-literature-night-feature-olivier-guez\/#breadcrumb","itemListElement":[{"@type":"ListItem","position":1,"name":"Home","item":"https:\/\/villa-albertine.org\/va\/"},{"@type":"ListItem","position":2,"name":"European Literature Night to featuring Olivier Guez"}]},{"@type":"WebSite","@id":"https:\/\/villa-albertine.org\/va\/#website","url":"https:\/\/villa-albertine.org\/va\/","name":"Villa Albertine","description":"","potentialAction":[{"@type":"SearchAction","target":{"@type":"EntryPoint","urlTemplate":"https:\/\/villa-albertine.org\/va\/?s={search_term_string}"},"query-input":{"@type":"PropertyValueSpecification","valueRequired":true,"valueName":"search_term_string"}}],"inLanguage":"en-US"}]}},"_links":{"self":[{"href":"https:\/\/villa-albertine.org\/va\/wp-json\/wp\/v2\/app_event\/59515","targetHints":{"allow":["GET"]}}],"collection":[{"href":"https:\/\/villa-albertine.org\/va\/wp-json\/wp\/v2\/app_event"}],"about":[{"href":"https:\/\/villa-albertine.org\/va\/wp-json\/wp\/v2\/types\/app_event"}],"wp:featuredmedia":[{"embeddable":true,"href":"https:\/\/villa-albertine.org\/va\/wp-json\/wp\/v2\/media\/59513"}],"wp:attachment":[{"href":"https:\/\/villa-albertine.org\/va\/wp-json\/wp\/v2\/media?parent=59515"}],"wp:term":[{"taxonomy":"app_discipline","embeddable":true,"href":"https:\/\/villa-albertine.org\/va\/wp-json\/wp\/v2\/app_discipline?post=59515"},{"taxonomy":"app_city_tax","embeddable":true,"href":"https:\/\/villa-albertine.org\/va\/wp-json\/wp\/v2\/app_city_tax?post=59515"},{"taxonomy":"app_event_type","embeddable":true,"href":"https:\/\/villa-albertine.org\/va\/wp-json\/wp\/v2\/app_event_type?post=59515"}],"curies":[{"name":"wp","href":"https:\/\/api.w.org\/{rel}","templated":true}]}}

<p><strong>European Literature Night </strong>returns on November 16, 2022, bringing some of Europe’s brightest literary talents to the New York audiences. Critically acclaimed authors as well as translators and performers representing 11 E.U. countries will read excerpts from new works and beloved classics and engage in a panel discussion exploring the topic of literature and peace. Space is limited. Reservations required.</p>
<p>The 2022 lineup includes authors<strong> Bianca Bellová </strong>(Czech Republic), <strong>Krystyna D</strong><strong>ą</strong><strong>browska</strong><strong> </strong>(Poland),<strong> </strong><strong>Raphaela Edelbauer </strong>(Austria), <strong>Olivier Guez </strong>(France), <strong>Sándor Jászberényi </strong>(Hungary), <strong>Nora Krug </strong>(Germany), <strong>Askold Melnyczuk </strong>(Ukraine),<strong> </strong><strong>Cla</strong><strong>udia Serea </strong>(Romania<strong>), Ilmar Taska </strong>(Estonia), and translator <strong>Birutė Vaičjurgis Šležas </strong>(Lithuania). Members of NYC-based <strong>Saudade Theatre </strong>will perform a reading of works by <strong>José Saramago</strong> (Portugal). Panel moderated by <strong>Andrew Singer</strong>, director and editor in chief of Trafika Europe, Europe’s literary radio station.</p>
<p>Free with <a href="https://nam11.safelinks.protection.outlook.com/?url=https%3A%2F%2Fwww.eventbrite.com%2Fe%2Feuropean-literature-night-2022-tickets-451200973257&amp;amp;data=05%7C01%7Canne-sophie.hermil%40frenchculture.org%7C0768ca7d8261490ddbbc08dab864a092%7C2d6ab33a15c04d1eb0363b23ceb26830%7C0%7C0%7C638025039921460458%7CUnknown%7CTWFpbGZsb3d8eyJWIjoiMC4wLjAwMDAiLCJQIjoiV2luMzIiLCJBTiI6Ik1haWwiLCJXVCI6Mn0%3D%7C3000%7C%7C%7C&amp;amp;sdata=1Vb%2F6C4XBUKfZnHxVCIzIs9tIg6iJo6%2BHIlIGgK6VtE%3D&amp;amp;reserved=0">registration </a></p>
