{"id":59320,"date":"2022-08-19T15:32:51","date_gmt":"2022-08-19T15:32:51","guid":{"rendered":"https:\/\/villa-albertine.org\/events\/glissantes-french-composer-elsa-biston\/"},"modified":"2023-08-23T07:42:38","modified_gmt":"2023-08-23T07:42:38","slug":"glissantes-french-composer-elsa-biston","status":"publish","type":"app_event","link":"https:\/\/villa-albertine.org\/va\/events\/glissantes-french-composer-elsa-biston\/","title":{"rendered":"&#8220;glissantes&#8221; by French composer Elsa Biston"},"content":{"rendered":"<p><em>glissantes<\/em>\u00a0(in English, slippery or sliding), a performance by French composer\u00a0<a href=\"https:\/\/www.elsabiston.com\/\">Elsa Biston<\/a>, is\u00a0an evolving\u00a0project with some notated music currently being worked on, a heavy electronic\u00a0component\u00a0coming into focus over the coming four weeks,\u00a0and then a collation of all the elements once\u00a0Elsa arrives in\u00a0Austin in\u00a0early September.\u00a0<\/p>\n<p>The performance will be held on September 8-9, 2022 at Crashbox in Austin, TX.<\/p>\n<p><em>glissantes<\/em>, a new work by Elsa Biston has been made possible through Jazz &amp; New Music, a program of Villa Albertine and FACE Foundation, in partnership with the French Embassy in the United States with support from the French Ministry of Culture, Institut fran\u00e7ais, SACEM (Soci\u00e9t\u00e9 des auteurs, compositeurs et \u00e9diteurs de musique) and the CNM (Centre National de la Musique).<\/p>\n","protected":false},"featured_media":59318,"menu_order":0,"template":"","app_discipline":[230],"app_city_tax":[222],"app_event_type":[238],"class_list":["post-59320","app_event","type-app_event","status-publish","has-post-thumbnail","hentry","app_discipline-music","app_city_tax-hou","app_event_type-concert"],"acf":[],"yoast_head":"<!-- This site is optimized with the Yoast SEO plugin v27.3 - https:\/\/yoast.com\/product\/yoast-seo-wordpress\/ -->\n<title>&quot;glissantes&quot; by French composer Elsa Biston - Villa Albertine<\/title>\n<meta name=\"robots\" content=\"index, follow, max-snippet:-1, max-image-preview:large, max-video-preview:-1\" \/>\n<link rel=\"canonical\" href=\"https:\/\/villa-albertine.org\/va\/events\/glissantes-french-composer-elsa-biston\/\" \/>\n<meta property=\"og:locale\" content=\"en_US\" \/>\n<meta property=\"og:type\" content=\"article\" \/>\n<meta property=\"og:title\" content=\"&quot;glissantes&quot; by French composer Elsa Biston - Villa Albertine\" \/>\n<meta property=\"og:description\" content=\"glissantes\u00a0(in English, slippery or sliding), a performance by French composer\u00a0Elsa Biston, is\u00a0an evolving\u00a0project with some notated music currently being worked on, a heavy electronic\u00a0component\u00a0coming into focus over the coming four weeks,\u00a0and then a collation of all the elements once\u00a0Elsa arrives in\u00a0Austin in\u00a0early September.\u00a0 The performance will be held on September 8-9, 2022 at Crashbox in...\" \/>\n<meta property=\"og:url\" content=\"https:\/\/villa-albertine.org\/va\/events\/glissantes-french-composer-elsa-biston\/\" \/>\n<meta property=\"og:site_name\" content=\"Villa Albertine\" \/>\n<meta property=\"article:modified_time\" content=\"2023-08-23T07:42:38+00:00\" \/>\n<meta property=\"og:image\" content=\"https:\/\/villa-albertine.org\/wp-content\/uploads\/2023\/08\/glissantes.jpg\" \/>\n\t<meta property=\"og:image:width\" content=\"1200\" \/>\n\t<meta property=\"og:image:height\" content=\"600\" \/>\n\t<meta property=\"og:image:type\" content=\"image\/jpeg\" \/>\n<meta name=\"twitter:card\" content=\"summary_large_image\" \/>\n<meta name=\"twitter:label1\" content=\"Est. reading time\" \/>\n\t<meta name=\"twitter:data1\" content=\"1 minute\" \/>\n<script type=\"application\/ld+json\" class=\"yoast-schema-graph\">{\"@context\":\"https:\\\/\\\/schema.org\",\"@graph\":[{\"@type\":\"WebPage\",\"@id\":\"https:\\\/\\\/villa-albertine.org\\\/va\\\/events\\\/glissantes-french-composer-elsa-biston\\\/\",\"url\":\"https:\\\/\\\/villa-albertine.org\\\/va\\\/events\\\/glissantes-french-composer-elsa-biston\\\/\",\"name\":\"\\\"glissantes\\\" by French composer Elsa Biston - Villa Albertine\",\"isPartOf\":{\"@id\":\"https:\\\/\\\/villa-albertine.org\\\/va\\\/#website\"},\"primaryImageOfPage\":{\"@id\":\"https:\\\/\\\/villa-albertine.org\\\/va\\\/events\\\/glissantes-french-composer-elsa-biston\\\/#primaryimage\"},\"image\":{\"@id\":\"https:\\\/\\\/villa-albertine.org\\\/va\\\/events\\\/glissantes-french-composer-elsa-biston\\\/#primaryimage\"},\"thumbnailUrl\":\"https:\\\/\\\/villa-albertine.org\\\/wp-content\\\/uploads\\\/2023\\\/08\\\/glissantes.jpg\",\"datePublished\":\"2022-08-19T15:32:51+00:00\",\"dateModified\":\"2023-08-23T07:42:38+00:00\",\"breadcrumb\":{\"@id\":\"https:\\\/\\\/villa-albertine.org\\\/va\\\/events\\\/glissantes-french-composer-elsa-biston\\\/#breadcrumb\"},\"inLanguage\":\"en-US\",\"potentialAction\":[{\"@type\":\"ReadAction\",\"target\":[\"https:\\\/\\\/villa-albertine.org\\\/va\\\/events\\\/glissantes-french-composer-elsa-biston\\\/\"]}]},{\"@type\":\"ImageObject\",\"inLanguage\":\"en-US\",\"@id\":\"https:\\\/\\\/villa-albertine.org\\\/va\\\/events\\\/glissantes-french-composer-elsa-biston\\\/#primaryimage\",\"url\":\"https:\\\/\\\/villa-albertine.org\\\/wp-content\\\/uploads\\\/2023\\\/08\\\/glissantes.jpg\",\"contentUrl\":\"https:\\\/\\\/villa-albertine.org\\\/wp-content\\\/uploads\\\/2023\\\/08\\\/glissantes.jpg\",\"width\":1200,\"height\":600},{\"@type\":\"BreadcrumbList\",\"@id\":\"https:\\\/\\\/villa-albertine.org\\\/va\\\/events\\\/glissantes-french-composer-elsa-biston\\\/#breadcrumb\",\"itemListElement\":[{\"@type\":\"ListItem\",\"position\":1,\"name\":\"Home\",\"item\":\"https:\\\/\\\/villa-albertine.org\\\/va\\\/\"},{\"@type\":\"ListItem\",\"position\":2,\"name\":\"&#8220;glissantes&#8221; by French composer Elsa Biston\"}]},{\"@type\":\"WebSite\",\"@id\":\"https:\\\/\\\/villa-albertine.org\\\/va\\\/#website\",\"url\":\"https:\\\/\\\/villa-albertine.org\\\/va\\\/\",\"name\":\"Villa Albertine\",\"description\":\"\",\"potentialAction\":[{\"@type\":\"SearchAction\",\"target\":{\"@type\":\"EntryPoint\",\"urlTemplate\":\"https:\\\/\\\/villa-albertine.org\\\/va\\\/?s={search_term_string}\"},\"query-input\":{\"@type\":\"PropertyValueSpecification\",\"valueRequired\":true,\"valueName\":\"search_term_string\"}}],\"inLanguage\":\"en-US\"}]}<\/script>\n<!-- \/ Yoast SEO plugin. -->","yoast_head_json":{"title":"\"glissantes\" by French composer Elsa Biston - Villa Albertine","robots":{"index":"index","follow":"follow","max-snippet":"max-snippet:-1","max-image-preview":"max-image-preview:large","max-video-preview":"max-video-preview:-1"},"canonical":"https:\/\/villa-albertine.org\/va\/events\/glissantes-french-composer-elsa-biston\/","og_locale":"en_US","og_type":"article","og_title":"\"glissantes\" by French composer Elsa Biston - Villa Albertine","og_description":"glissantes\u00a0(in English, slippery or sliding), a performance by French composer\u00a0Elsa Biston, is\u00a0an evolving\u00a0project with some notated music currently being worked on, a heavy electronic\u00a0component\u00a0coming into focus over the coming four weeks,\u00a0and then a collation of all the elements once\u00a0Elsa arrives in\u00a0Austin in\u00a0early September.\u00a0 The performance will be held on September 8-9, 2022 at Crashbox in...","og_url":"https:\/\/villa-albertine.org\/va\/events\/glissantes-french-composer-elsa-biston\/","og_site_name":"Villa Albertine","article_modified_time":"2023-08-23T07:42:38+00:00","og_image":[{"width":1200,"height":600,"url":"https:\/\/villa-albertine.org\/wp-content\/uploads\/2023\/08\/glissantes.jpg","type":"image\/jpeg"}],"twitter_card":"summary_large_image","twitter_misc":{"Est. reading time":"1 minute"},"schema":{"@context":"https:\/\/schema.org","@graph":[{"@type":"WebPage","@id":"https:\/\/villa-albertine.org\/va\/events\/glissantes-french-composer-elsa-biston\/","url":"https:\/\/villa-albertine.org\/va\/events\/glissantes-french-composer-elsa-biston\/","name":"\"glissantes\" by French composer Elsa Biston - Villa Albertine","isPartOf":{"@id":"https:\/\/villa-albertine.org\/va\/#website"},"primaryImageOfPage":{"@id":"https:\/\/villa-albertine.org\/va\/events\/glissantes-french-composer-elsa-biston\/#primaryimage"},"image":{"@id":"https:\/\/villa-albertine.org\/va\/events\/glissantes-french-composer-elsa-biston\/#primaryimage"},"thumbnailUrl":"https:\/\/villa-albertine.org\/wp-content\/uploads\/2023\/08\/glissantes.jpg","datePublished":"2022-08-19T15:32:51+00:00","dateModified":"2023-08-23T07:42:38+00:00","breadcrumb":{"@id":"https:\/\/villa-albertine.org\/va\/events\/glissantes-french-composer-elsa-biston\/#breadcrumb"},"inLanguage":"en-US","potentialAction":[{"@type":"ReadAction","target":["https:\/\/villa-albertine.org\/va\/events\/glissantes-french-composer-elsa-biston\/"]}]},{"@type":"ImageObject","inLanguage":"en-US","@id":"https:\/\/villa-albertine.org\/va\/events\/glissantes-french-composer-elsa-biston\/#primaryimage","url":"https:\/\/villa-albertine.org\/wp-content\/uploads\/2023\/08\/glissantes.jpg","contentUrl":"https:\/\/villa-albertine.org\/wp-content\/uploads\/2023\/08\/glissantes.jpg","width":1200,"height":600},{"@type":"BreadcrumbList","@id":"https:\/\/villa-albertine.org\/va\/events\/glissantes-french-composer-elsa-biston\/#breadcrumb","itemListElement":[{"@type":"ListItem","position":1,"name":"Home","item":"https:\/\/villa-albertine.org\/va\/"},{"@type":"ListItem","position":2,"name":"&#8220;glissantes&#8221; by French composer Elsa Biston"}]},{"@type":"WebSite","@id":"https:\/\/villa-albertine.org\/va\/#website","url":"https:\/\/villa-albertine.org\/va\/","name":"Villa Albertine","description":"","potentialAction":[{"@type":"SearchAction","target":{"@type":"EntryPoint","urlTemplate":"https:\/\/villa-albertine.org\/va\/?s={search_term_string}"},"query-input":{"@type":"PropertyValueSpecification","valueRequired":true,"valueName":"search_term_string"}}],"inLanguage":"en-US"}]}},"_links":{"self":[{"href":"https:\/\/villa-albertine.org\/va\/wp-json\/wp\/v2\/app_event\/59320","targetHints":{"allow":["GET"]}}],"collection":[{"href":"https:\/\/villa-albertine.org\/va\/wp-json\/wp\/v2\/app_event"}],"about":[{"href":"https:\/\/villa-albertine.org\/va\/wp-json\/wp\/v2\/types\/app_event"}],"wp:featuredmedia":[{"embeddable":true,"href":"https:\/\/villa-albertine.org\/va\/wp-json\/wp\/v2\/media\/59318"}],"wp:attachment":[{"href":"https:\/\/villa-albertine.org\/va\/wp-json\/wp\/v2\/media?parent=59320"}],"wp:term":[{"taxonomy":"app_discipline","embeddable":true,"href":"https:\/\/villa-albertine.org\/va\/wp-json\/wp\/v2\/app_discipline?post=59320"},{"taxonomy":"app_city_tax","embeddable":true,"href":"https:\/\/villa-albertine.org\/va\/wp-json\/wp\/v2\/app_city_tax?post=59320"},{"taxonomy":"app_event_type","embeddable":true,"href":"https:\/\/villa-albertine.org\/va\/wp-json\/wp\/v2\/app_event_type?post=59320"}],"curies":[{"name":"wp","href":"https:\/\/api.w.org\/{rel}","templated":true}]}}

<p><em>glissantes</em> (in English, slippery or sliding), a performance by French composer <a href="https://www.elsabiston.com/">Elsa Biston</a>, is an evolving project with some notated music currently being worked on, a heavy electronic component coming into focus over the coming four weeks, and then a collation of all the elements once Elsa arrives in Austin in early September. </p>
<p>The performance will be held on September 8-9, 2022 at Crashbox in Austin, TX.</p>
<p><em>glissantes</em>, a new work by Elsa Biston has been made possible through Jazz &amp; New Music, a program of Villa Albertine and FACE Foundation, in partnership with the French Embassy in the United States with support from the French Ministry of Culture, Institut français, SACEM (Société des auteurs, compositeurs et éditeurs de musique) and the CNM (Centre National de la Musique).</p>
