{"id":59243,"date":"2022-07-06T21:25:24","date_gmt":"2022-07-06T21:25:24","guid":{"rendered":"https:\/\/villa-albertine.org\/events\/french-film-july-oklahoma-city-museum-art\/"},"modified":"2023-08-23T07:42:06","modified_gmt":"2023-08-23T07:42:06","slug":"french-film-july-oklahoma-city-museum-art","status":"publish","type":"app_event","link":"https:\/\/villa-albertine.org\/va\/events\/french-film-july-oklahoma-city-museum-art\/","title":{"rendered":"French Film in July at Oklahoma City Museum of Art"},"content":{"rendered":"<p><strong><em>C\u00e9line and Julie Go Boating<\/em><\/strong><\/p>\n<p>JULY 14, 2022<\/p>\n<p>We are proud to open our annual celebration of French cinema with this modern masterpiece from French New Wave icon Jacques Rivette! A major influence on the films of David Lynch,\u00a0<em>C\u00e9line and Julie Go Boating\u00a0<\/em>follows two friends down a reality-bending rabbit hole of haunted houses, murder mysteries and magical candy.<\/p>\n<p><em><strong>Both Sides of the Blade<\/strong><\/em><\/p>\n<p>JULY 15, 2022 &#8211; JULY 17, 2022<\/p>\n<p>Winner of Best Director at the 2022 Berlin Film\u00a0 Festival, Claire Denis&#8217; richly textured romantic drama features a mesmerizing performance from Juliette Binoche as woman torn between her longtime partner (Vincent Lindon) and her former lover (Gr\u00e9goire Colin).\u00a0\u00a0<\/p>\n<p><em><strong>Lost Illusions<\/strong><\/em><\/p>\n<p>JULY 15, 2022 &#8211; JULY 17, 2022<\/p>\n<p>Winner of seven C\u00e9sar Awards, including Best Picture, this sumptuous, star-studded adaptation of Honor\u00e9 de Balzac\u2019s epic novel<em>\u00a0<\/em>is a ravishing tale of love, corruption and betrayal set against the birth of modern media.\u00a0<\/p>\n<p><em><strong>Gagarine<\/strong><\/em><\/p>\n<p>JULY 16, 2022<\/p>\n<p>In this lyrical Lumiere award-winner, 16-year-old aspiring astronaut Yuri joins forces with his friends in hopes of saving the close-knit community where he grew up.\u00a0<em>Gagarine\u00a0<\/em>was made in collaboration with the real-life residents of the the Cite\u0301 Gagarine housing project, located in the southeastern Parisian suburb of Ivry-sur-Seine, which was demolished in 2020. \u00a0<\/p>\n<p><em><strong>Magnetic Beats<\/strong><\/em><\/p>\n<p>JULY 21, 2022<\/p>\n<p>Winner of the 2022 C\u00e9sar Award for Best First Film, this exhilarating ode to the mix-tape era follows shy Philippe, a pirate radio operator in 1980s France, who is sent to Berlin for military service.\u00a0<\/p>\n<p><em><strong>The Braves<\/strong><\/em><\/p>\n<p>JULY 22, 2022 &#8211; JULY 23, 2022<\/p>\n<p>Winner of the Best Narrative Feature Prize at the 2022 deadCenter Film Festival, this intensely moving drama follows a pair of fledgling Parisian actresses who support each other through epic nights out, romantic disasters, artistic triumphs and personal tragedies.\u00a0<\/p>\n<p><em><strong>Robust<\/strong><\/em><\/p>\n<p>JULY 23, 2022 &#8211; JULY 24, 2022<\/p>\n<p>French Film icon G\u00e9rard Depardieu and rising star D\u00e9borah Lukumu\u00e9na (<em>The Braves<\/em>) square off in this warm, winning and beautifully acted odd-couple comedy-drama about an aging film star and his new female security guard.\u00a0\u00a0\u00a0\u00a0\u00a0\u202f\u00a0<\/p>\n","protected":false},"featured_media":59241,"menu_order":0,"template":"","app_discipline":[219],"app_city_tax":[222],"app_event_type":[239],"class_list":["post-59243","app_event","type-app_event","status-publish","has-post-thumbnail","hentry","app_discipline-cinema","app_city_tax-hou","app_event_type-film"],"acf":[],"yoast_head":"<!-- This site is optimized with the Yoast SEO plugin v27.3 - https:\/\/yoast.com\/product\/yoast-seo-wordpress\/ -->\n<title>French Film in July at Oklahoma City Museum of Art - Villa Albertine<\/title>\n<meta name=\"robots\" content=\"index, follow, max-snippet:-1, max-image-preview:large, max-video-preview:-1\" \/>\n<link rel=\"canonical\" href=\"https:\/\/villa-albertine.org\/va\/events\/french-film-july-oklahoma-city-museum-art\/\" \/>\n<meta property=\"og:locale\" content=\"en_US\" \/>\n<meta property=\"og:type\" content=\"article\" \/>\n<meta property=\"og:title\" content=\"French Film in July at Oklahoma City Museum of Art - Villa Albertine\" \/>\n<meta property=\"og:description\" content=\"C\u00e9line and Julie Go Boating JULY 14, 2022 We are proud to open our annual celebration of French cinema with this modern masterpiece from French New Wave icon Jacques Rivette! A major influence on the films of David Lynch,\u00a0C\u00e9line and Julie Go Boating\u00a0follows two friends down a reality-bending rabbit hole of haunted houses, murder mysteries...\" \/>\n<meta property=\"og:url\" content=\"https:\/\/villa-albertine.org\/va\/events\/french-film-july-oklahoma-city-museum-art\/\" \/>\n<meta property=\"og:site_name\" content=\"Villa Albertine\" \/>\n<meta property=\"article:modified_time\" content=\"2023-08-23T07:42:06+00:00\" \/>\n<meta property=\"og:image\" content=\"https:\/\/villa-albertine.org\/wp-content\/uploads\/2023\/08\/FIRE-Still-4-1340x586-1.jpeg\" \/>\n\t<meta property=\"og:image:width\" content=\"1340\" \/>\n\t<meta property=\"og:image:height\" content=\"586\" \/>\n\t<meta property=\"og:image:type\" content=\"image\/jpeg\" \/>\n<meta name=\"twitter:card\" content=\"summary_large_image\" \/>\n<meta name=\"twitter:label1\" content=\"Est. reading time\" \/>\n\t<meta name=\"twitter:data1\" content=\"2 minutes\" \/>\n<script type=\"application\/ld+json\" class=\"yoast-schema-graph\">{\"@context\":\"https:\\\/\\\/schema.org\",\"@graph\":[{\"@type\":\"WebPage\",\"@id\":\"https:\\\/\\\/villa-albertine.org\\\/va\\\/events\\\/french-film-july-oklahoma-city-museum-art\\\/\",\"url\":\"https:\\\/\\\/villa-albertine.org\\\/va\\\/events\\\/french-film-july-oklahoma-city-museum-art\\\/\",\"name\":\"French Film in July at Oklahoma City Museum of Art - Villa Albertine\",\"isPartOf\":{\"@id\":\"https:\\\/\\\/villa-albertine.org\\\/va\\\/#website\"},\"primaryImageOfPage\":{\"@id\":\"https:\\\/\\\/villa-albertine.org\\\/va\\\/events\\\/french-film-july-oklahoma-city-museum-art\\\/#primaryimage\"},\"image\":{\"@id\":\"https:\\\/\\\/villa-albertine.org\\\/va\\\/events\\\/french-film-july-oklahoma-city-museum-art\\\/#primaryimage\"},\"thumbnailUrl\":\"https:\\\/\\\/villa-albertine.org\\\/wp-content\\\/uploads\\\/2023\\\/08\\\/FIRE-Still-4-1340x586-1.jpeg\",\"datePublished\":\"2022-07-06T21:25:24+00:00\",\"dateModified\":\"2023-08-23T07:42:06+00:00\",\"breadcrumb\":{\"@id\":\"https:\\\/\\\/villa-albertine.org\\\/va\\\/events\\\/french-film-july-oklahoma-city-museum-art\\\/#breadcrumb\"},\"inLanguage\":\"en-US\",\"potentialAction\":[{\"@type\":\"ReadAction\",\"target\":[\"https:\\\/\\\/villa-albertine.org\\\/va\\\/events\\\/french-film-july-oklahoma-city-museum-art\\\/\"]}]},{\"@type\":\"ImageObject\",\"inLanguage\":\"en-US\",\"@id\":\"https:\\\/\\\/villa-albertine.org\\\/va\\\/events\\\/french-film-july-oklahoma-city-museum-art\\\/#primaryimage\",\"url\":\"https:\\\/\\\/villa-albertine.org\\\/wp-content\\\/uploads\\\/2023\\\/08\\\/FIRE-Still-4-1340x586-1.jpeg\",\"contentUrl\":\"https:\\\/\\\/villa-albertine.org\\\/wp-content\\\/uploads\\\/2023\\\/08\\\/FIRE-Still-4-1340x586-1.jpeg\",\"width\":1340,\"height\":586},{\"@type\":\"BreadcrumbList\",\"@id\":\"https:\\\/\\\/villa-albertine.org\\\/va\\\/events\\\/french-film-july-oklahoma-city-museum-art\\\/#breadcrumb\",\"itemListElement\":[{\"@type\":\"ListItem\",\"position\":1,\"name\":\"Home\",\"item\":\"https:\\\/\\\/villa-albertine.org\\\/va\\\/\"},{\"@type\":\"ListItem\",\"position\":2,\"name\":\"French Film in July at Oklahoma City Museum of Art\"}]},{\"@type\":\"WebSite\",\"@id\":\"https:\\\/\\\/villa-albertine.org\\\/va\\\/#website\",\"url\":\"https:\\\/\\\/villa-albertine.org\\\/va\\\/\",\"name\":\"Villa Albertine\",\"description\":\"\",\"potentialAction\":[{\"@type\":\"SearchAction\",\"target\":{\"@type\":\"EntryPoint\",\"urlTemplate\":\"https:\\\/\\\/villa-albertine.org\\\/va\\\/?s={search_term_string}\"},\"query-input\":{\"@type\":\"PropertyValueSpecification\",\"valueRequired\":true,\"valueName\":\"search_term_string\"}}],\"inLanguage\":\"en-US\"}]}<\/script>\n<!-- \/ Yoast SEO plugin. -->","yoast_head_json":{"title":"French Film in July at Oklahoma City Museum of Art - Villa Albertine","robots":{"index":"index","follow":"follow","max-snippet":"max-snippet:-1","max-image-preview":"max-image-preview:large","max-video-preview":"max-video-preview:-1"},"canonical":"https:\/\/villa-albertine.org\/va\/events\/french-film-july-oklahoma-city-museum-art\/","og_locale":"en_US","og_type":"article","og_title":"French Film in July at Oklahoma City Museum of Art - Villa Albertine","og_description":"C\u00e9line and Julie Go Boating JULY 14, 2022 We are proud to open our annual celebration of French cinema with this modern masterpiece from French New Wave icon Jacques Rivette! A major influence on the films of David Lynch,\u00a0C\u00e9line and Julie Go Boating\u00a0follows two friends down a reality-bending rabbit hole of haunted houses, murder mysteries...","og_url":"https:\/\/villa-albertine.org\/va\/events\/french-film-july-oklahoma-city-museum-art\/","og_site_name":"Villa Albertine","article_modified_time":"2023-08-23T07:42:06+00:00","og_image":[{"width":1340,"height":586,"url":"https:\/\/villa-albertine.org\/wp-content\/uploads\/2023\/08\/FIRE-Still-4-1340x586-1.jpeg","type":"image\/jpeg"}],"twitter_card":"summary_large_image","twitter_misc":{"Est. reading time":"2 minutes"},"schema":{"@context":"https:\/\/schema.org","@graph":[{"@type":"WebPage","@id":"https:\/\/villa-albertine.org\/va\/events\/french-film-july-oklahoma-city-museum-art\/","url":"https:\/\/villa-albertine.org\/va\/events\/french-film-july-oklahoma-city-museum-art\/","name":"French Film in July at Oklahoma City Museum of Art - Villa Albertine","isPartOf":{"@id":"https:\/\/villa-albertine.org\/va\/#website"},"primaryImageOfPage":{"@id":"https:\/\/villa-albertine.org\/va\/events\/french-film-july-oklahoma-city-museum-art\/#primaryimage"},"image":{"@id":"https:\/\/villa-albertine.org\/va\/events\/french-film-july-oklahoma-city-museum-art\/#primaryimage"},"thumbnailUrl":"https:\/\/villa-albertine.org\/wp-content\/uploads\/2023\/08\/FIRE-Still-4-1340x586-1.jpeg","datePublished":"2022-07-06T21:25:24+00:00","dateModified":"2023-08-23T07:42:06+00:00","breadcrumb":{"@id":"https:\/\/villa-albertine.org\/va\/events\/french-film-july-oklahoma-city-museum-art\/#breadcrumb"},"inLanguage":"en-US","potentialAction":[{"@type":"ReadAction","target":["https:\/\/villa-albertine.org\/va\/events\/french-film-july-oklahoma-city-museum-art\/"]}]},{"@type":"ImageObject","inLanguage":"en-US","@id":"https:\/\/villa-albertine.org\/va\/events\/french-film-july-oklahoma-city-museum-art\/#primaryimage","url":"https:\/\/villa-albertine.org\/wp-content\/uploads\/2023\/08\/FIRE-Still-4-1340x586-1.jpeg","contentUrl":"https:\/\/villa-albertine.org\/wp-content\/uploads\/2023\/08\/FIRE-Still-4-1340x586-1.jpeg","width":1340,"height":586},{"@type":"BreadcrumbList","@id":"https:\/\/villa-albertine.org\/va\/events\/french-film-july-oklahoma-city-museum-art\/#breadcrumb","itemListElement":[{"@type":"ListItem","position":1,"name":"Home","item":"https:\/\/villa-albertine.org\/va\/"},{"@type":"ListItem","position":2,"name":"French Film in July at Oklahoma City Museum of Art"}]},{"@type":"WebSite","@id":"https:\/\/villa-albertine.org\/va\/#website","url":"https:\/\/villa-albertine.org\/va\/","name":"Villa Albertine","description":"","potentialAction":[{"@type":"SearchAction","target":{"@type":"EntryPoint","urlTemplate":"https:\/\/villa-albertine.org\/va\/?s={search_term_string}"},"query-input":{"@type":"PropertyValueSpecification","valueRequired":true,"valueName":"search_term_string"}}],"inLanguage":"en-US"}]}},"_links":{"self":[{"href":"https:\/\/villa-albertine.org\/va\/wp-json\/wp\/v2\/app_event\/59243","targetHints":{"allow":["GET"]}}],"collection":[{"href":"https:\/\/villa-albertine.org\/va\/wp-json\/wp\/v2\/app_event"}],"about":[{"href":"https:\/\/villa-albertine.org\/va\/wp-json\/wp\/v2\/types\/app_event"}],"wp:featuredmedia":[{"embeddable":true,"href":"https:\/\/villa-albertine.org\/va\/wp-json\/wp\/v2\/media\/59241"}],"wp:attachment":[{"href":"https:\/\/villa-albertine.org\/va\/wp-json\/wp\/v2\/media?parent=59243"}],"wp:term":[{"taxonomy":"app_discipline","embeddable":true,"href":"https:\/\/villa-albertine.org\/va\/wp-json\/wp\/v2\/app_discipline?post=59243"},{"taxonomy":"app_city_tax","embeddable":true,"href":"https:\/\/villa-albertine.org\/va\/wp-json\/wp\/v2\/app_city_tax?post=59243"},{"taxonomy":"app_event_type","embeddable":true,"href":"https:\/\/villa-albertine.org\/va\/wp-json\/wp\/v2\/app_event_type?post=59243"}],"curies":[{"name":"wp","href":"https:\/\/api.w.org\/{rel}","templated":true}]}}

<p><strong><em>Céline and Julie Go Boating</em></strong></p>
<p>JULY 14, 2022</p>
<p>We are proud to open our annual celebration of French cinema with this modern masterpiece from French New Wave icon Jacques Rivette! A major influence on the films of David Lynch, <em>Céline and Julie Go Boating </em>follows two friends down a reality-bending rabbit hole of haunted houses, murder mysteries and magical candy.</p>
<p><em><strong>Both Sides of the Blade</strong></em></p>
<p>JULY 15, 2022 &#8211; JULY 17, 2022</p>
<p>Winner of Best Director at the 2022 Berlin Film  Festival, Claire Denis&#8217; richly textured romantic drama features a mesmerizing performance from Juliette Binoche as woman torn between her longtime partner (Vincent Lindon) and her former lover (Grégoire Colin).  </p>
<p><em><strong>Lost Illusions</strong></em></p>
<p>JULY 15, 2022 &#8211; JULY 17, 2022</p>
<p>Winner of seven César Awards, including Best Picture, this sumptuous, star-studded adaptation of Honoré de Balzac’s epic novel<em> </em>is a ravishing tale of love, corruption and betrayal set against the birth of modern media. </p>
<p><em><strong>Gagarine</strong></em></p>
<p>JULY 16, 2022</p>
<p>In this lyrical Lumiere award-winner, 16-year-old aspiring astronaut Yuri joins forces with his friends in hopes of saving the close-knit community where he grew up. <em>Gagarine </em>was made in collaboration with the real-life residents of the the Cité Gagarine housing project, located in the southeastern Parisian suburb of Ivry-sur-Seine, which was demolished in 2020.  </p>
<p><em><strong>Magnetic Beats</strong></em></p>
<p>JULY 21, 2022</p>
<p>Winner of the 2022 César Award for Best First Film, this exhilarating ode to the mix-tape era follows shy Philippe, a pirate radio operator in 1980s France, who is sent to Berlin for military service. </p>
<p><em><strong>The Braves</strong></em></p>
<p>JULY 22, 2022 &#8211; JULY 23, 2022</p>
<p>Winner of the Best Narrative Feature Prize at the 2022 deadCenter Film Festival, this intensely moving drama follows a pair of fledgling Parisian actresses who support each other through epic nights out, romantic disasters, artistic triumphs and personal tragedies. </p>
<p><em><strong>Robust</strong></em></p>
<p>JULY 23, 2022 &#8211; JULY 24, 2022</p>
<p>French Film icon Gérard Depardieu and rising star Déborah Lukumuéna (<em>The Braves</em>) square off in this warm, winning and beautifully acted odd-couple comedy-drama about an aging film star and his new female security guard.       </p>

<!-- This site is optimized with the Yoast SEO plugin v27.3 - https://yoast.com/product/yoast-seo-wordpress/ -->
<title>French Film in July at Oklahoma City Museum of Art - Villa Albertine</title>
<meta name="robots" content="index, follow, max-snippet:-1, max-image-preview:large, max-video-preview:-1" />
<link rel="canonical" href="https://villa-albertine.org/va/events/french-film-july-oklahoma-city-museum-art/" />
<meta property="og:locale" content="en_US" />
<meta property="og:type" content="article" />
<meta property="og:title" content="French Film in July at Oklahoma City Museum of Art - Villa Albertine" />
<meta property="og:description" content="Céline and Julie Go Boating JULY 14, 2022 We are proud to open our annual celebration of French cinema with this modern masterpiece from French New Wave icon Jacques Rivette! A major influence on the films of David Lynch, Céline and Julie Go Boating follows two friends down a reality-bending rabbit hole of haunted houses, murder mysteries..." />
<meta property="og:url" content="https://villa-albertine.org/va/events/french-film-july-oklahoma-city-museum-art/" />
<meta property="og:site_name" content="Villa Albertine" />
<meta property="article:modified_time" content="2023-08-23T07:42:06+00:00" />
<meta property="og:image" content="https://villa-albertine.org/wp-content/uploads/2023/08/FIRE-Still-4-1340x586-1.jpeg" />
	<meta property="og:image:width" content="1340" />
	<meta property="og:image:height" content="586" />
	<meta property="og:image:type" content="image/jpeg" />
<meta name="twitter:card" content="summary_large_image" />
<meta name="twitter:label1" content="Est. reading time" />
	<meta name="twitter:data1" content="2 minutes" />
<script type="application/ld+json" class="yoast-schema-graph">{"@context":"https:\/\/schema.org","@graph":[{"@type":"WebPage","@id":"https:\/\/villa-albertine.org\/va\/events\/french-film-july-oklahoma-city-museum-art\/","url":"https:\/\/villa-albertine.org\/va\/events\/french-film-july-oklahoma-city-museum-art\/","name":"French Film in July at Oklahoma City Museum of Art - Villa Albertine","isPartOf":{"@id":"https:\/\/villa-albertine.org\/va\/#website"},"primaryImageOfPage":{"@id":"https:\/\/villa-albertine.org\/va\/events\/french-film-july-oklahoma-city-museum-art\/#primaryimage"},"image":{"@id":"https:\/\/villa-albertine.org\/va\/events\/french-film-july-oklahoma-city-museum-art\/#primaryimage"},"thumbnailUrl":"https:\/\/villa-albertine.org\/wp-content\/uploads\/2023\/08\/FIRE-Still-4-1340x586-1.jpeg","datePublished":"2022-07-06T21:25:24+00:00","dateModified":"2023-08-23T07:42:06+00:00","breadcrumb":{"@id":"https:\/\/villa-albertine.org\/va\/events\/french-film-july-oklahoma-city-museum-art\/#breadcrumb"},"inLanguage":"en-US","potentialAction":[{"@type":"ReadAction","target":["https:\/\/villa-albertine.org\/va\/events\/french-film-july-oklahoma-city-museum-art\/"]}]},{"@type":"ImageObject","inLanguage":"en-US","@id":"https:\/\/villa-albertine.org\/va\/events\/french-film-july-oklahoma-city-museum-art\/#primaryimage","url":"https:\/\/villa-albertine.org\/wp-content\/uploads\/2023\/08\/FIRE-Still-4-1340x586-1.jpeg","contentUrl":"https:\/\/villa-albertine.org\/wp-content\/uploads\/2023\/08\/FIRE-Still-4-1340x586-1.jpeg","width":1340,"height":586},{"@type":"BreadcrumbList","@id":"https:\/\/villa-albertine.org\/va\/events\/french-film-july-oklahoma-city-museum-art\/#breadcrumb","itemListElement":[{"@type":"ListItem","position":1,"name":"Home","item":"https:\/\/villa-albertine.org\/va\/"},{"@type":"ListItem","position":2,"name":"French Film in July at Oklahoma City Museum of Art"}]},{"@type":"WebSite","@id":"https:\/\/villa-albertine.org\/va\/#website","url":"https:\/\/villa-albertine.org\/va\/","name":"Villa Albertine","description":"","potentialAction":[{"@type":"SearchAction","target":{"@type":"EntryPoint","urlTemplate":"https:\/\/villa-albertine.org\/va\/?s={search_term_string}"},"query-input":{"@type":"PropertyValueSpecification","valueRequired":true,"valueName":"search_term_string"}}],"inLanguage":"en-US"}]}</script>
<!-- / Yoast SEO plugin. -->

Céline and Julie Go Boating JULY 14, 2022 We are proud to open our annual celebration of French cinema with this modern masterpiece from French New Wave icon Jacques Rivette! A major influence on the films of David Lynch, Céline and Julie Go Boating follows two friends down a reality-bending rabbit hole of haunted houses, murder mysteries...
