{"id":59119,"date":"2022-05-09T18:35:32","date_gmt":"2022-05-09T18:35:32","guid":{"rendered":"https:\/\/villa-albertine.org\/events\/villa-albertine-presents-10-america-cannes\/"},"modified":"2023-08-23T07:41:22","modified_gmt":"2023-08-23T07:41:22","slug":"villa-albertine-presents-10-america-cannes","status":"publish","type":"app_event","link":"https:\/\/villa-albertine.org\/va\/events\/villa-albertine-presents-10-america-cannes\/","title":{"rendered":"Cannes 2022: Villa Albertine presents &#8220;10 In America&#8221;"},"content":{"rendered":"<p><strong>May 22, 2022, 2pm-3pm (Cannes, FRANCE)<br \/>\nVillage international &#8211; Les Cin\u00e9mas du Monde Pavilion (108)\u00a0<\/strong><\/p>\n<p>&#8220;10 In America&#8221; is a documentary film series that brings together a generation of French filmmakers who has earned critical acclaim and shown their films at major international festivals. Starting July 22, Villa Albertine will host 10 filmmakers for an artist\u2019s residency in one of 10 US cities: Atlanta, Boston, Chicago, Houston,\u202fLos Angeles, Miami, New York, New Orleans, San Francisco, and Washington D.C. Collectively, they are invited to experience a territory that is inseparable from cinema itself.<\/p>\n<p>\nThe complete list of filmmakers will be revealed during a round table discussion moderated by <strong>Val\u00e9rie Mouroux<\/strong>, director of the Film, TV and New Media Department at Villa Albertine, with <strong>Catherine Bizern<\/strong>, curator of the collection and director of the Festival du r\u00e9el, <strong>Michel Klein, <\/strong>producer (Les Films Hatari), <strong>William J\u00e9hannin<\/strong>, producer (UFO production) and the directors (TBC).<\/p>\n<p>To know more about the round table click<a href=\"https:\/\/www.lescinemasdumonde.com\/fr\/la-fabrique\/2022\/events\"> HERE<\/a><\/p>\n<p>To access the Calendar click <a href=\"https:\/\/www.marchedufilm.com\/fr\/calendar\/\">HERE<\/a><\/p>\n<p>\u00a0<\/p>\n<p>&#8220;10 In America&#8221;:<\/p>\n<p>The ten filmmakers focus on the way we experience the present, and they explore a relationship with reality that ranges from the bluntness of documentary filmmaking to the magic of fiction. Together, they give us a wide-ranging and dynamic view of contemporary French cinema: varied, hybrid, challenging, and multicultural.<\/p>\n<p>Catherine Bizern is the anthology\u2019s artistic director. As Managing Director of the Entrevues festival from 2006 to 2012, she witnessed this new generation of filmmakers as they came into their own. She is currently the General Delegate of the Cin\u00e9ma du r\u00e9el festival and the Artistic Director of the Centre des \u00e9critures cin\u00e9matographiques at Moulin d\u2019And\u00e9, where she supports the works of contemporary filmmakers.<\/p>\n<p>\u201c10 In America\u201d is being developed and produced by Michel Klein, through his company, Les Films Hatari. In 2002, Klein produced an initial anthology, \u201cPortraits,\u201d alongside French\/German channel Arte, which was shown at the Directors\u2019 Fortnight in Cannes in 2004. Since then, he has produced over fifty feature films (fiction and documentary).<\/p>\n","protected":false},"featured_media":59117,"menu_order":0,"template":"","app_discipline":[219],"app_city_tax":[217],"app_event_type":[237],"class_list":["post-59119","app_event","type-app_event","status-publish","has-post-thumbnail","hentry","app_discipline-cinema","app_city_tax-nyc","app_event_type-festival"],"acf":[],"yoast_head":"<!-- This site is optimized with the Yoast SEO plugin v27.3 - https:\/\/yoast.com\/product\/yoast-seo-wordpress\/ -->\n<title>Cannes 2022: Villa Albertine presents &quot;10 In America&quot; - Villa Albertine<\/title>\n<meta name=\"robots\" content=\"index, follow, max-snippet:-1, max-image-preview:large, max-video-preview:-1\" \/>\n<link rel=\"canonical\" href=\"https:\/\/villa-albertine.org\/va\/events\/villa-albertine-presents-10-america-cannes\/\" \/>\n<meta property=\"og:locale\" content=\"en_US\" \/>\n<meta property=\"og:type\" content=\"article\" \/>\n<meta property=\"og:title\" content=\"Cannes 2022: Villa Albertine presents &quot;10 In America&quot; - Villa Albertine\" \/>\n<meta property=\"og:description\" content=\"May 22, 2022, 2pm-3pm (Cannes, FRANCE) Village international &#8211; Les Cin\u00e9mas du Monde Pavilion (108)\u00a0 &#8220;10 In America&#8221; is a documentary film series that brings together a generation of French filmmakers who has earned critical acclaim and shown their films at major international festivals. Starting July 22, Villa Albertine will host 10 filmmakers for an...\" \/>\n<meta property=\"og:url\" content=\"https:\/\/villa-albertine.org\/va\/events\/villa-albertine-presents-10-america-cannes\/\" \/>\n<meta property=\"og:site_name\" content=\"Villa Albertine\" \/>\n<meta property=\"article:modified_time\" content=\"2023-08-23T07:41:22+00:00\" \/>\n<meta property=\"og:image\" content=\"https:\/\/villa-albertine.org\/wp-content\/uploads\/2023\/08\/10inAmerica.jpg\" \/>\n\t<meta property=\"og:image:width\" content=\"1392\" \/>\n\t<meta property=\"og:image:height\" content=\"1046\" \/>\n\t<meta property=\"og:image:type\" content=\"image\/jpeg\" \/>\n<meta name=\"twitter:card\" content=\"summary_large_image\" \/>\n<meta name=\"twitter:label1\" content=\"Est. reading time\" \/>\n\t<meta name=\"twitter:data1\" content=\"2 minutes\" \/>\n<script type=\"application\/ld+json\" class=\"yoast-schema-graph\">{\"@context\":\"https:\\\/\\\/schema.org\",\"@graph\":[{\"@type\":\"WebPage\",\"@id\":\"https:\\\/\\\/villa-albertine.org\\\/va\\\/events\\\/villa-albertine-presents-10-america-cannes\\\/\",\"url\":\"https:\\\/\\\/villa-albertine.org\\\/va\\\/events\\\/villa-albertine-presents-10-america-cannes\\\/\",\"name\":\"Cannes 2022: Villa Albertine presents \\\"10 In America\\\" - Villa Albertine\",\"isPartOf\":{\"@id\":\"https:\\\/\\\/villa-albertine.org\\\/va\\\/#website\"},\"primaryImageOfPage\":{\"@id\":\"https:\\\/\\\/villa-albertine.org\\\/va\\\/events\\\/villa-albertine-presents-10-america-cannes\\\/#primaryimage\"},\"image\":{\"@id\":\"https:\\\/\\\/villa-albertine.org\\\/va\\\/events\\\/villa-albertine-presents-10-america-cannes\\\/#primaryimage\"},\"thumbnailUrl\":\"https:\\\/\\\/villa-albertine.org\\\/wp-content\\\/uploads\\\/2023\\\/08\\\/10inAmerica.jpg\",\"datePublished\":\"2022-05-09T18:35:32+00:00\",\"dateModified\":\"2023-08-23T07:41:22+00:00\",\"breadcrumb\":{\"@id\":\"https:\\\/\\\/villa-albertine.org\\\/va\\\/events\\\/villa-albertine-presents-10-america-cannes\\\/#breadcrumb\"},\"inLanguage\":\"en-US\",\"potentialAction\":[{\"@type\":\"ReadAction\",\"target\":[\"https:\\\/\\\/villa-albertine.org\\\/va\\\/events\\\/villa-albertine-presents-10-america-cannes\\\/\"]}]},{\"@type\":\"ImageObject\",\"inLanguage\":\"en-US\",\"@id\":\"https:\\\/\\\/villa-albertine.org\\\/va\\\/events\\\/villa-albertine-presents-10-america-cannes\\\/#primaryimage\",\"url\":\"https:\\\/\\\/villa-albertine.org\\\/wp-content\\\/uploads\\\/2023\\\/08\\\/10inAmerica.jpg\",\"contentUrl\":\"https:\\\/\\\/villa-albertine.org\\\/wp-content\\\/uploads\\\/2023\\\/08\\\/10inAmerica.jpg\",\"width\":1392,\"height\":1046},{\"@type\":\"BreadcrumbList\",\"@id\":\"https:\\\/\\\/villa-albertine.org\\\/va\\\/events\\\/villa-albertine-presents-10-america-cannes\\\/#breadcrumb\",\"itemListElement\":[{\"@type\":\"ListItem\",\"position\":1,\"name\":\"Home\",\"item\":\"https:\\\/\\\/villa-albertine.org\\\/va\\\/\"},{\"@type\":\"ListItem\",\"position\":2,\"name\":\"Cannes 2022: Villa Albertine presents &#8220;10 In America&#8221;\"}]},{\"@type\":\"WebSite\",\"@id\":\"https:\\\/\\\/villa-albertine.org\\\/va\\\/#website\",\"url\":\"https:\\\/\\\/villa-albertine.org\\\/va\\\/\",\"name\":\"Villa Albertine\",\"description\":\"\",\"potentialAction\":[{\"@type\":\"SearchAction\",\"target\":{\"@type\":\"EntryPoint\",\"urlTemplate\":\"https:\\\/\\\/villa-albertine.org\\\/va\\\/?s={search_term_string}\"},\"query-input\":{\"@type\":\"PropertyValueSpecification\",\"valueRequired\":true,\"valueName\":\"search_term_string\"}}],\"inLanguage\":\"en-US\"}]}<\/script>\n<!-- \/ Yoast SEO plugin. -->","yoast_head_json":{"title":"Cannes 2022: Villa Albertine presents \"10 In America\" - Villa Albertine","robots":{"index":"index","follow":"follow","max-snippet":"max-snippet:-1","max-image-preview":"max-image-preview:large","max-video-preview":"max-video-preview:-1"},"canonical":"https:\/\/villa-albertine.org\/va\/events\/villa-albertine-presents-10-america-cannes\/","og_locale":"en_US","og_type":"article","og_title":"Cannes 2022: Villa Albertine presents \"10 In America\" - Villa Albertine","og_description":"May 22, 2022, 2pm-3pm (Cannes, FRANCE) Village international &#8211; Les Cin\u00e9mas du Monde Pavilion (108)\u00a0 &#8220;10 In America&#8221; is a documentary film series that brings together a generation of French filmmakers who has earned critical acclaim and shown their films at major international festivals. Starting July 22, Villa Albertine will host 10 filmmakers for an...","og_url":"https:\/\/villa-albertine.org\/va\/events\/villa-albertine-presents-10-america-cannes\/","og_site_name":"Villa Albertine","article_modified_time":"2023-08-23T07:41:22+00:00","og_image":[{"width":1392,"height":1046,"url":"https:\/\/villa-albertine.org\/wp-content\/uploads\/2023\/08\/10inAmerica.jpg","type":"image\/jpeg"}],"twitter_card":"summary_large_image","twitter_misc":{"Est. reading time":"2 minutes"},"schema":{"@context":"https:\/\/schema.org","@graph":[{"@type":"WebPage","@id":"https:\/\/villa-albertine.org\/va\/events\/villa-albertine-presents-10-america-cannes\/","url":"https:\/\/villa-albertine.org\/va\/events\/villa-albertine-presents-10-america-cannes\/","name":"Cannes 2022: Villa Albertine presents \"10 In America\" - Villa Albertine","isPartOf":{"@id":"https:\/\/villa-albertine.org\/va\/#website"},"primaryImageOfPage":{"@id":"https:\/\/villa-albertine.org\/va\/events\/villa-albertine-presents-10-america-cannes\/#primaryimage"},"image":{"@id":"https:\/\/villa-albertine.org\/va\/events\/villa-albertine-presents-10-america-cannes\/#primaryimage"},"thumbnailUrl":"https:\/\/villa-albertine.org\/wp-content\/uploads\/2023\/08\/10inAmerica.jpg","datePublished":"2022-05-09T18:35:32+00:00","dateModified":"2023-08-23T07:41:22+00:00","breadcrumb":{"@id":"https:\/\/villa-albertine.org\/va\/events\/villa-albertine-presents-10-america-cannes\/#breadcrumb"},"inLanguage":"en-US","potentialAction":[{"@type":"ReadAction","target":["https:\/\/villa-albertine.org\/va\/events\/villa-albertine-presents-10-america-cannes\/"]}]},{"@type":"ImageObject","inLanguage":"en-US","@id":"https:\/\/villa-albertine.org\/va\/events\/villa-albertine-presents-10-america-cannes\/#primaryimage","url":"https:\/\/villa-albertine.org\/wp-content\/uploads\/2023\/08\/10inAmerica.jpg","contentUrl":"https:\/\/villa-albertine.org\/wp-content\/uploads\/2023\/08\/10inAmerica.jpg","width":1392,"height":1046},{"@type":"BreadcrumbList","@id":"https:\/\/villa-albertine.org\/va\/events\/villa-albertine-presents-10-america-cannes\/#breadcrumb","itemListElement":[{"@type":"ListItem","position":1,"name":"Home","item":"https:\/\/villa-albertine.org\/va\/"},{"@type":"ListItem","position":2,"name":"Cannes 2022: Villa Albertine presents &#8220;10 In America&#8221;"}]},{"@type":"WebSite","@id":"https:\/\/villa-albertine.org\/va\/#website","url":"https:\/\/villa-albertine.org\/va\/","name":"Villa Albertine","description":"","potentialAction":[{"@type":"SearchAction","target":{"@type":"EntryPoint","urlTemplate":"https:\/\/villa-albertine.org\/va\/?s={search_term_string}"},"query-input":{"@type":"PropertyValueSpecification","valueRequired":true,"valueName":"search_term_string"}}],"inLanguage":"en-US"}]}},"_links":{"self":[{"href":"https:\/\/villa-albertine.org\/va\/wp-json\/wp\/v2\/app_event\/59119","targetHints":{"allow":["GET"]}}],"collection":[{"href":"https:\/\/villa-albertine.org\/va\/wp-json\/wp\/v2\/app_event"}],"about":[{"href":"https:\/\/villa-albertine.org\/va\/wp-json\/wp\/v2\/types\/app_event"}],"wp:featuredmedia":[{"embeddable":true,"href":"https:\/\/villa-albertine.org\/va\/wp-json\/wp\/v2\/media\/59117"}],"wp:attachment":[{"href":"https:\/\/villa-albertine.org\/va\/wp-json\/wp\/v2\/media?parent=59119"}],"wp:term":[{"taxonomy":"app_discipline","embeddable":true,"href":"https:\/\/villa-albertine.org\/va\/wp-json\/wp\/v2\/app_discipline?post=59119"},{"taxonomy":"app_city_tax","embeddable":true,"href":"https:\/\/villa-albertine.org\/va\/wp-json\/wp\/v2\/app_city_tax?post=59119"},{"taxonomy":"app_event_type","embeddable":true,"href":"https:\/\/villa-albertine.org\/va\/wp-json\/wp\/v2\/app_event_type?post=59119"}],"curies":[{"name":"wp","href":"https:\/\/api.w.org\/{rel}","templated":true}]}}

<p><strong>May 22, 2022, 2pm-3pm (Cannes, FRANCE)<br />
Village international &#8211; Les Cinémas du Monde Pavilion (108) </strong></p>
<p>&#8220;10 In America&#8221; is a documentary film series that brings together a generation of French filmmakers who has earned critical acclaim and shown their films at major international festivals. Starting July 22, Villa Albertine will host 10 filmmakers for an artist’s residency in one of 10 US cities: Atlanta, Boston, Chicago, Houston, Los Angeles, Miami, New York, New Orleans, San Francisco, and Washington D.C. Collectively, they are invited to experience a territory that is inseparable from cinema itself.</p>
<p>
The complete list of filmmakers will be revealed during a round table discussion moderated by <strong>Valérie Mouroux</strong>, director of the Film, TV and New Media Department at Villa Albertine, with <strong>Catherine Bizern</strong>, curator of the collection and director of the Festival du réel, <strong>Michel Klein, </strong>producer (Les Films Hatari), <strong>William Jéhannin</strong>, producer (UFO production) and the directors (TBC).</p>
<p>To know more about the round table click<a href="https://www.lescinemasdumonde.com/fr/la-fabrique/2022/events"> HERE</a></p>
<p>To access the Calendar click <a href="https://www.marchedufilm.com/fr/calendar/">HERE</a></p>
<p> </p>
<p>&#8220;10 In America&#8221;:</p>
<p>The ten filmmakers focus on the way we experience the present, and they explore a relationship with reality that ranges from the bluntness of documentary filmmaking to the magic of fiction. Together, they give us a wide-ranging and dynamic view of contemporary French cinema: varied, hybrid, challenging, and multicultural.</p>
<p>Catherine Bizern is the anthology’s artistic director. As Managing Director of the Entrevues festival from 2006 to 2012, she witnessed this new generation of filmmakers as they came into their own. She is currently the General Delegate of the Cinéma du réel festival and the Artistic Director of the Centre des écritures cinématographiques at Moulin d’Andé, where she supports the works of contemporary filmmakers.</p>
<p>“10 In America” is being developed and produced by Michel Klein, through his company, Les Films Hatari. In 2002, Klein produced an initial anthology, “Portraits,” alongside French/German channel Arte, which was shown at the Directors’ Fortnight in Cannes in 2004. Since then, he has produced over fifty feature films (fiction and documentary).</p>

<!-- This site is optimized with the Yoast SEO plugin v27.3 - https://yoast.com/product/yoast-seo-wordpress/ -->
<title>Cannes 2022: Villa Albertine presents &quot;10 In America&quot; - Villa Albertine</title>
<meta name="robots" content="index, follow, max-snippet:-1, max-image-preview:large, max-video-preview:-1" />
<link rel="canonical" href="https://villa-albertine.org/va/events/villa-albertine-presents-10-america-cannes/" />
<meta property="og:locale" content="en_US" />
<meta property="og:type" content="article" />
<meta property="og:title" content="Cannes 2022: Villa Albertine presents &quot;10 In America&quot; - Villa Albertine" />
<meta property="og:description" content="May 22, 2022, 2pm-3pm (Cannes, FRANCE) Village international &#8211; Les Cinémas du Monde Pavilion (108)  &#8220;10 In America&#8221; is a documentary film series that brings together a generation of French filmmakers who has earned critical acclaim and shown their films at major international festivals. Starting July 22, Villa Albertine will host 10 filmmakers for an..." />
<meta property="og:url" content="https://villa-albertine.org/va/events/villa-albertine-presents-10-america-cannes/" />
<meta property="og:site_name" content="Villa Albertine" />
<meta property="article:modified_time" content="2023-08-23T07:41:22+00:00" />
<meta property="og:image" content="https://villa-albertine.org/wp-content/uploads/2023/08/10inAmerica.jpg" />
	<meta property="og:image:width" content="1392" />
	<meta property="og:image:height" content="1046" />
	<meta property="og:image:type" content="image/jpeg" />
<meta name="twitter:card" content="summary_large_image" />
<meta name="twitter:label1" content="Est. reading time" />
	<meta name="twitter:data1" content="2 minutes" />
<script type="application/ld+json" class="yoast-schema-graph">{"@context":"https:\/\/schema.org","@graph":[{"@type":"WebPage","@id":"https:\/\/villa-albertine.org\/va\/events\/villa-albertine-presents-10-america-cannes\/","url":"https:\/\/villa-albertine.org\/va\/events\/villa-albertine-presents-10-america-cannes\/","name":"Cannes 2022: Villa Albertine presents \"10 In America\" - Villa Albertine","isPartOf":{"@id":"https:\/\/villa-albertine.org\/va\/#website"},"primaryImageOfPage":{"@id":"https:\/\/villa-albertine.org\/va\/events\/villa-albertine-presents-10-america-cannes\/#primaryimage"},"image":{"@id":"https:\/\/villa-albertine.org\/va\/events\/villa-albertine-presents-10-america-cannes\/#primaryimage"},"thumbnailUrl":"https:\/\/villa-albertine.org\/wp-content\/uploads\/2023\/08\/10inAmerica.jpg","datePublished":"2022-05-09T18:35:32+00:00","dateModified":"2023-08-23T07:41:22+00:00","breadcrumb":{"@id":"https:\/\/villa-albertine.org\/va\/events\/villa-albertine-presents-10-america-cannes\/#breadcrumb"},"inLanguage":"en-US","potentialAction":[{"@type":"ReadAction","target":["https:\/\/villa-albertine.org\/va\/events\/villa-albertine-presents-10-america-cannes\/"]}]},{"@type":"ImageObject","inLanguage":"en-US","@id":"https:\/\/villa-albertine.org\/va\/events\/villa-albertine-presents-10-america-cannes\/#primaryimage","url":"https:\/\/villa-albertine.org\/wp-content\/uploads\/2023\/08\/10inAmerica.jpg","contentUrl":"https:\/\/villa-albertine.org\/wp-content\/uploads\/2023\/08\/10inAmerica.jpg","width":1392,"height":1046},{"@type":"BreadcrumbList","@id":"https:\/\/villa-albertine.org\/va\/events\/villa-albertine-presents-10-america-cannes\/#breadcrumb","itemListElement":[{"@type":"ListItem","position":1,"name":"Home","item":"https:\/\/villa-albertine.org\/va\/"},{"@type":"ListItem","position":2,"name":"Cannes 2022: Villa Albertine presents &#8220;10 In America&#8221;"}]},{"@type":"WebSite","@id":"https:\/\/villa-albertine.org\/va\/#website","url":"https:\/\/villa-albertine.org\/va\/","name":"Villa Albertine","description":"","potentialAction":[{"@type":"SearchAction","target":{"@type":"EntryPoint","urlTemplate":"https:\/\/villa-albertine.org\/va\/?s={search_term_string}"},"query-input":{"@type":"PropertyValueSpecification","valueRequired":true,"valueName":"search_term_string"}}],"inLanguage":"en-US"}]}</script>
<!-- / Yoast SEO plugin. -->

May 22, 2022, 2pm-3pm (Cannes, FRANCE) Village international &#8211; Les Cinémas du Monde Pavilion (108)  &#8220;10 In America&#8221; is a documentary film series that brings together a generation of French filmmakers who has earned critical acclaim and shown their films at major international festivals. Starting July 22, Villa Albertine will host 10 filmmakers for an...
