{"id":58943,"date":"2022-03-24T16:22:56","date_gmt":"2022-03-24T16:22:56","guid":{"rendered":"https:\/\/villa-albertine.org\/events\/tragedy-king-christophe\/"},"modified":"2023-08-23T07:40:06","modified_gmt":"2023-08-23T07:40:06","slug":"tragedy-king-christophe","status":"publish","type":"app_event","link":"https:\/\/villa-albertine.org\/va\/events\/tragedy-king-christophe\/","title":{"rendered":"The Tragedy of King Christophe"},"content":{"rendered":"<p>Written in 1963 by West Indian poet and activist Aim\u00e9 C\u00e9saire, <strong><em>The Tragedy of King Christophe <\/em><\/strong>is set after the Haitian Revolution in 1804. It follows the true historical figure of Henri Christophe, a general in Jean-Jacques Dessalines&#8217;s army who was elected president but chose to be named King. Christophe declared himself king and ruled the northern part of Haiti until 1820, as the first and only King of Haiti. This story explores Christophe\u2019s transformation from a charismatic leader fighting against the oppression of his people to his unfortunate unraveling. Vibrant with music and song,<a href=\"https:\/\/www.thehousetheatre.com\/the-tragedy-of-king-christophe\"> <strong><em>The Tragedy of King Christophe<\/em><\/strong><\/a> is an elegant display of a story forgotten and untold.<br \/>\nFor tickets, click <a href=\"https:\/\/www.thehousetheatre.com\/the-tragedy-of-king-christophe\"><strong>here<\/strong><\/a><\/p>\n<p>As part\u00a0of\u00a0the\u00a0supplemental programming for\u00a0the\u00a0play,\u00a0The House Theatre of Chicago\u00a0is also hosing<strong> <a href=\"https:\/\/www.poetryfoundation.org\/events\/157600\/poetry-theatre-a-day-with-aime-cesaire\">a panel about C\u00e9saire and his work in partnership with\u00a0The\u00a0Poetry Foundation<\/a><\/strong> in Chicago on\u00a0<strong>May 7 at 2pm<\/strong>. The panel includes leading Haitian artists and Aim\u00e9 C\u00e9saire scholars, translators, and a cultural anthropologist with rare perspectives on the depth and complexity of Aim\u00e9 C\u00e9saire.The panel is free, and tickets can be reserved <a href=\"https:\/\/www.poetryfoundation.org\/events\/157600\/poetry-theatre-a-day-with-aime-cesaire\">here<\/a>.\u00a0<\/p>\n","protected":false},"featured_media":58941,"menu_order":0,"template":"","app_discipline":[213,227],"app_city_tax":[223],"app_event_type":[243],"class_list":["post-58943","app_event","type-app_event","status-publish","has-post-thumbnail","hentry","app_discipline-literature","app_discipline-performing-arts","app_city_tax-chi","app_event_type-performance"],"acf":[],"yoast_head":"<!-- This site is optimized with the Yoast SEO plugin v27.3 - https:\/\/yoast.com\/product\/yoast-seo-wordpress\/ -->\n<title>The Tragedy of King Christophe - Villa Albertine<\/title>\n<meta name=\"robots\" content=\"index, follow, max-snippet:-1, max-image-preview:large, max-video-preview:-1\" \/>\n<link rel=\"canonical\" href=\"https:\/\/villa-albertine.org\/va\/events\/tragedy-king-christophe\/\" \/>\n<meta property=\"og:locale\" content=\"en_US\" \/>\n<meta property=\"og:type\" content=\"article\" \/>\n<meta property=\"og:title\" content=\"The Tragedy of King Christophe - Villa Albertine\" \/>\n<meta property=\"og:description\" content=\"Written in 1963 by West Indian poet and activist Aim\u00e9 C\u00e9saire, The Tragedy of King Christophe is set after the Haitian Revolution in 1804. It follows the true historical figure of Henri Christophe, a general in Jean-Jacques Dessalines&#8217;s army who was elected president but chose to be named King. Christophe declared himself king and ruled...\" \/>\n<meta property=\"og:url\" content=\"https:\/\/villa-albertine.org\/va\/events\/tragedy-king-christophe\/\" \/>\n<meta property=\"og:site_name\" content=\"Villa Albertine\" \/>\n<meta property=\"article:modified_time\" content=\"2023-08-23T07:40:06+00:00\" \/>\n<meta property=\"og:image\" content=\"https:\/\/villa-albertine.org\/wp-content\/uploads\/2023\/08\/The20tragedy20of20King20George_1.jpg\" \/>\n\t<meta property=\"og:image:width\" content=\"1250\" \/>\n\t<meta property=\"og:image:height\" content=\"574\" \/>\n\t<meta property=\"og:image:type\" content=\"image\/jpeg\" \/>\n<meta name=\"twitter:card\" content=\"summary_large_image\" \/>\n<meta name=\"twitter:label1\" content=\"Est. reading time\" \/>\n\t<meta name=\"twitter:data1\" content=\"1 minute\" \/>\n<script type=\"application\/ld+json\" class=\"yoast-schema-graph\">{\"@context\":\"https:\\\/\\\/schema.org\",\"@graph\":[{\"@type\":\"WebPage\",\"@id\":\"https:\\\/\\\/villa-albertine.org\\\/va\\\/events\\\/tragedy-king-christophe\\\/\",\"url\":\"https:\\\/\\\/villa-albertine.org\\\/va\\\/events\\\/tragedy-king-christophe\\\/\",\"name\":\"The Tragedy of King Christophe - Villa Albertine\",\"isPartOf\":{\"@id\":\"https:\\\/\\\/villa-albertine.org\\\/va\\\/#website\"},\"primaryImageOfPage\":{\"@id\":\"https:\\\/\\\/villa-albertine.org\\\/va\\\/events\\\/tragedy-king-christophe\\\/#primaryimage\"},\"image\":{\"@id\":\"https:\\\/\\\/villa-albertine.org\\\/va\\\/events\\\/tragedy-king-christophe\\\/#primaryimage\"},\"thumbnailUrl\":\"https:\\\/\\\/villa-albertine.org\\\/wp-content\\\/uploads\\\/2023\\\/08\\\/The20tragedy20of20King20George_1.jpg\",\"datePublished\":\"2022-03-24T16:22:56+00:00\",\"dateModified\":\"2023-08-23T07:40:06+00:00\",\"breadcrumb\":{\"@id\":\"https:\\\/\\\/villa-albertine.org\\\/va\\\/events\\\/tragedy-king-christophe\\\/#breadcrumb\"},\"inLanguage\":\"en-US\",\"potentialAction\":[{\"@type\":\"ReadAction\",\"target\":[\"https:\\\/\\\/villa-albertine.org\\\/va\\\/events\\\/tragedy-king-christophe\\\/\"]}]},{\"@type\":\"ImageObject\",\"inLanguage\":\"en-US\",\"@id\":\"https:\\\/\\\/villa-albertine.org\\\/va\\\/events\\\/tragedy-king-christophe\\\/#primaryimage\",\"url\":\"https:\\\/\\\/villa-albertine.org\\\/wp-content\\\/uploads\\\/2023\\\/08\\\/The20tragedy20of20King20George_1.jpg\",\"contentUrl\":\"https:\\\/\\\/villa-albertine.org\\\/wp-content\\\/uploads\\\/2023\\\/08\\\/The20tragedy20of20King20George_1.jpg\",\"width\":1250,\"height\":574},{\"@type\":\"BreadcrumbList\",\"@id\":\"https:\\\/\\\/villa-albertine.org\\\/va\\\/events\\\/tragedy-king-christophe\\\/#breadcrumb\",\"itemListElement\":[{\"@type\":\"ListItem\",\"position\":1,\"name\":\"Home\",\"item\":\"https:\\\/\\\/villa-albertine.org\\\/va\\\/\"},{\"@type\":\"ListItem\",\"position\":2,\"name\":\"The Tragedy of King Christophe\"}]},{\"@type\":\"WebSite\",\"@id\":\"https:\\\/\\\/villa-albertine.org\\\/va\\\/#website\",\"url\":\"https:\\\/\\\/villa-albertine.org\\\/va\\\/\",\"name\":\"Villa Albertine\",\"description\":\"\",\"potentialAction\":[{\"@type\":\"SearchAction\",\"target\":{\"@type\":\"EntryPoint\",\"urlTemplate\":\"https:\\\/\\\/villa-albertine.org\\\/va\\\/?s={search_term_string}\"},\"query-input\":{\"@type\":\"PropertyValueSpecification\",\"valueRequired\":true,\"valueName\":\"search_term_string\"}}],\"inLanguage\":\"en-US\"}]}<\/script>\n<!-- \/ Yoast SEO plugin. -->","yoast_head_json":{"title":"The Tragedy of King Christophe - Villa Albertine","robots":{"index":"index","follow":"follow","max-snippet":"max-snippet:-1","max-image-preview":"max-image-preview:large","max-video-preview":"max-video-preview:-1"},"canonical":"https:\/\/villa-albertine.org\/va\/events\/tragedy-king-christophe\/","og_locale":"en_US","og_type":"article","og_title":"The Tragedy of King Christophe - Villa Albertine","og_description":"Written in 1963 by West Indian poet and activist Aim\u00e9 C\u00e9saire, The Tragedy of King Christophe is set after the Haitian Revolution in 1804. It follows the true historical figure of Henri Christophe, a general in Jean-Jacques Dessalines&#8217;s army who was elected president but chose to be named King. Christophe declared himself king and ruled...","og_url":"https:\/\/villa-albertine.org\/va\/events\/tragedy-king-christophe\/","og_site_name":"Villa Albertine","article_modified_time":"2023-08-23T07:40:06+00:00","og_image":[{"width":1250,"height":574,"url":"https:\/\/villa-albertine.org\/wp-content\/uploads\/2023\/08\/The20tragedy20of20King20George_1.jpg","type":"image\/jpeg"}],"twitter_card":"summary_large_image","twitter_misc":{"Est. reading time":"1 minute"},"schema":{"@context":"https:\/\/schema.org","@graph":[{"@type":"WebPage","@id":"https:\/\/villa-albertine.org\/va\/events\/tragedy-king-christophe\/","url":"https:\/\/villa-albertine.org\/va\/events\/tragedy-king-christophe\/","name":"The Tragedy of King Christophe - Villa Albertine","isPartOf":{"@id":"https:\/\/villa-albertine.org\/va\/#website"},"primaryImageOfPage":{"@id":"https:\/\/villa-albertine.org\/va\/events\/tragedy-king-christophe\/#primaryimage"},"image":{"@id":"https:\/\/villa-albertine.org\/va\/events\/tragedy-king-christophe\/#primaryimage"},"thumbnailUrl":"https:\/\/villa-albertine.org\/wp-content\/uploads\/2023\/08\/The20tragedy20of20King20George_1.jpg","datePublished":"2022-03-24T16:22:56+00:00","dateModified":"2023-08-23T07:40:06+00:00","breadcrumb":{"@id":"https:\/\/villa-albertine.org\/va\/events\/tragedy-king-christophe\/#breadcrumb"},"inLanguage":"en-US","potentialAction":[{"@type":"ReadAction","target":["https:\/\/villa-albertine.org\/va\/events\/tragedy-king-christophe\/"]}]},{"@type":"ImageObject","inLanguage":"en-US","@id":"https:\/\/villa-albertine.org\/va\/events\/tragedy-king-christophe\/#primaryimage","url":"https:\/\/villa-albertine.org\/wp-content\/uploads\/2023\/08\/The20tragedy20of20King20George_1.jpg","contentUrl":"https:\/\/villa-albertine.org\/wp-content\/uploads\/2023\/08\/The20tragedy20of20King20George_1.jpg","width":1250,"height":574},{"@type":"BreadcrumbList","@id":"https:\/\/villa-albertine.org\/va\/events\/tragedy-king-christophe\/#breadcrumb","itemListElement":[{"@type":"ListItem","position":1,"name":"Home","item":"https:\/\/villa-albertine.org\/va\/"},{"@type":"ListItem","position":2,"name":"The Tragedy of King Christophe"}]},{"@type":"WebSite","@id":"https:\/\/villa-albertine.org\/va\/#website","url":"https:\/\/villa-albertine.org\/va\/","name":"Villa Albertine","description":"","potentialAction":[{"@type":"SearchAction","target":{"@type":"EntryPoint","urlTemplate":"https:\/\/villa-albertine.org\/va\/?s={search_term_string}"},"query-input":{"@type":"PropertyValueSpecification","valueRequired":true,"valueName":"search_term_string"}}],"inLanguage":"en-US"}]}},"_links":{"self":[{"href":"https:\/\/villa-albertine.org\/va\/wp-json\/wp\/v2\/app_event\/58943","targetHints":{"allow":["GET"]}}],"collection":[{"href":"https:\/\/villa-albertine.org\/va\/wp-json\/wp\/v2\/app_event"}],"about":[{"href":"https:\/\/villa-albertine.org\/va\/wp-json\/wp\/v2\/types\/app_event"}],"wp:featuredmedia":[{"embeddable":true,"href":"https:\/\/villa-albertine.org\/va\/wp-json\/wp\/v2\/media\/58941"}],"wp:attachment":[{"href":"https:\/\/villa-albertine.org\/va\/wp-json\/wp\/v2\/media?parent=58943"}],"wp:term":[{"taxonomy":"app_discipline","embeddable":true,"href":"https:\/\/villa-albertine.org\/va\/wp-json\/wp\/v2\/app_discipline?post=58943"},{"taxonomy":"app_city_tax","embeddable":true,"href":"https:\/\/villa-albertine.org\/va\/wp-json\/wp\/v2\/app_city_tax?post=58943"},{"taxonomy":"app_event_type","embeddable":true,"href":"https:\/\/villa-albertine.org\/va\/wp-json\/wp\/v2\/app_event_type?post=58943"}],"curies":[{"name":"wp","href":"https:\/\/api.w.org\/{rel}","templated":true}]}}

<p>Written in 1963 by West Indian poet and activist Aimé Césaire, <strong><em>The Tragedy of King Christophe </em></strong>is set after the Haitian Revolution in 1804. It follows the true historical figure of Henri Christophe, a general in Jean-Jacques Dessalines&#8217;s army who was elected president but chose to be named King. Christophe declared himself king and ruled the northern part of Haiti until 1820, as the first and only King of Haiti. This story explores Christophe’s transformation from a charismatic leader fighting against the oppression of his people to his unfortunate unraveling. Vibrant with music and song,<a href="https://www.thehousetheatre.com/the-tragedy-of-king-christophe"> <strong><em>The Tragedy of King Christophe</em></strong></a> is an elegant display of a story forgotten and untold.<br />
For tickets, click <a href="https://www.thehousetheatre.com/the-tragedy-of-king-christophe"><strong>here</strong></a></p>
<p>As part of the supplemental programming for the play, The House Theatre of Chicago is also hosing<strong> <a href="https://www.poetryfoundation.org/events/157600/poetry-theatre-a-day-with-aime-cesaire">a panel about Césaire and his work in partnership with The Poetry Foundation</a></strong> in Chicago on <strong>May 7 at 2pm</strong>. The panel includes leading Haitian artists and Aimé Césaire scholars, translators, and a cultural anthropologist with rare perspectives on the depth and complexity of Aimé Césaire.The panel is free, and tickets can be reserved <a href="https://www.poetryfoundation.org/events/157600/poetry-theatre-a-day-with-aime-cesaire">here</a>. </p>

<!-- This site is optimized with the Yoast SEO plugin v27.3 - https://yoast.com/product/yoast-seo-wordpress/ -->
<title>The Tragedy of King Christophe - Villa Albertine</title>
<meta name="robots" content="index, follow, max-snippet:-1, max-image-preview:large, max-video-preview:-1" />
<link rel="canonical" href="https://villa-albertine.org/va/events/tragedy-king-christophe/" />
<meta property="og:locale" content="en_US" />
<meta property="og:type" content="article" />
<meta property="og:title" content="The Tragedy of King Christophe - Villa Albertine" />
<meta property="og:description" content="Written in 1963 by West Indian poet and activist Aimé Césaire, The Tragedy of King Christophe is set after the Haitian Revolution in 1804. It follows the true historical figure of Henri Christophe, a general in Jean-Jacques Dessalines&#8217;s army who was elected president but chose to be named King. Christophe declared himself king and ruled..." />
<meta property="og:url" content="https://villa-albertine.org/va/events/tragedy-king-christophe/" />
<meta property="og:site_name" content="Villa Albertine" />
<meta property="article:modified_time" content="2023-08-23T07:40:06+00:00" />
<meta property="og:image" content="https://villa-albertine.org/wp-content/uploads/2023/08/The20tragedy20of20King20George_1.jpg" />
	<meta property="og:image:width" content="1250" />
	<meta property="og:image:height" content="574" />
	<meta property="og:image:type" content="image/jpeg" />
<meta name="twitter:card" content="summary_large_image" />
<meta name="twitter:label1" content="Est. reading time" />
	<meta name="twitter:data1" content="1 minute" />
<script type="application/ld+json" class="yoast-schema-graph">{"@context":"https:\/\/schema.org","@graph":[{"@type":"WebPage","@id":"https:\/\/villa-albertine.org\/va\/events\/tragedy-king-christophe\/","url":"https:\/\/villa-albertine.org\/va\/events\/tragedy-king-christophe\/","name":"The Tragedy of King Christophe - Villa Albertine","isPartOf":{"@id":"https:\/\/villa-albertine.org\/va\/#website"},"primaryImageOfPage":{"@id":"https:\/\/villa-albertine.org\/va\/events\/tragedy-king-christophe\/#primaryimage"},"image":{"@id":"https:\/\/villa-albertine.org\/va\/events\/tragedy-king-christophe\/#primaryimage"},"thumbnailUrl":"https:\/\/villa-albertine.org\/wp-content\/uploads\/2023\/08\/The20tragedy20of20King20George_1.jpg","datePublished":"2022-03-24T16:22:56+00:00","dateModified":"2023-08-23T07:40:06+00:00","breadcrumb":{"@id":"https:\/\/villa-albertine.org\/va\/events\/tragedy-king-christophe\/#breadcrumb"},"inLanguage":"en-US","potentialAction":[{"@type":"ReadAction","target":["https:\/\/villa-albertine.org\/va\/events\/tragedy-king-christophe\/"]}]},{"@type":"ImageObject","inLanguage":"en-US","@id":"https:\/\/villa-albertine.org\/va\/events\/tragedy-king-christophe\/#primaryimage","url":"https:\/\/villa-albertine.org\/wp-content\/uploads\/2023\/08\/The20tragedy20of20King20George_1.jpg","contentUrl":"https:\/\/villa-albertine.org\/wp-content\/uploads\/2023\/08\/The20tragedy20of20King20George_1.jpg","width":1250,"height":574},{"@type":"BreadcrumbList","@id":"https:\/\/villa-albertine.org\/va\/events\/tragedy-king-christophe\/#breadcrumb","itemListElement":[{"@type":"ListItem","position":1,"name":"Home","item":"https:\/\/villa-albertine.org\/va\/"},{"@type":"ListItem","position":2,"name":"The Tragedy of King Christophe"}]},{"@type":"WebSite","@id":"https:\/\/villa-albertine.org\/va\/#website","url":"https:\/\/villa-albertine.org\/va\/","name":"Villa Albertine","description":"","potentialAction":[{"@type":"SearchAction","target":{"@type":"EntryPoint","urlTemplate":"https:\/\/villa-albertine.org\/va\/?s={search_term_string}"},"query-input":{"@type":"PropertyValueSpecification","valueRequired":true,"valueName":"search_term_string"}}],"inLanguage":"en-US"}]}</script>
<!-- / Yoast SEO plugin. -->

Written in 1963 by West Indian poet and activist Aimé Césaire, The Tragedy of King Christophe is set after the Haitian Revolution in 1804. It follows the true historical figure of Henri Christophe, a general in Jean-Jacques Dessalines&#8217;s army who was elected president but chose to be named King. Christophe declared himself king and ruled...
