{"id":58616,"date":"2022-01-11T15:32:12","date_gmt":"2022-01-11T15:32:12","guid":{"rendered":"https:\/\/villa-albertine.org\/events\/paysages-europa-piano-concert\/"},"modified":"2023-08-23T07:39:08","modified_gmt":"2023-08-23T07:39:08","slug":"paysages-europa-piano-concert","status":"publish","type":"app_event","link":"https:\/\/villa-albertine.org\/va\/events\/paysages-europa-piano-concert\/","title":{"rendered":"Paysages Europa | Piano Concert"},"content":{"rendered":"<p>In celebration of the 2022 French Presidency of the Council of the European Union, this evening features piano music by composers from France, Spain, Czechia, Poland and more<\/p>\n<p>Program Highlights include:<\/p>\n<ul>\n<li>Gabriel Faur\u00e9 &#8211;\u00a0<em>Barcarolles No. 1 and 2<\/em><\/li>\n<li>Federico Mompou &#8211;\u00a0<em>Sc\u00e8nes d&#8217;enfants<\/em><\/li>\n<li>Leo\u0161 Jan\u00e1\u010dek &#8211;\u00a0<em>Sonata 1.X.1905 (From the Street, 1 October 1905)<\/em><\/li>\n<li>Fr\u00e9d\u00e9ric Chopin &#8211;\u00a0<em>Scherzo No. 3<\/em><\/li>\n<li>Enrique Granados &#8211;\u00a0<em>Selections from Escenas Rom\u00e1nticas<\/em><\/li>\n<\/ul>\n<p>Known for her lyrical and colorful tone, pianist Ruti Abramovitch is a highly sought-after soloist, recitalist, and chamber musician. Ruti lived in Chicago for the past decade, performing at some of the city\u2019s most notable concert halls such as Symphony Center, The Art Institute of Chicago, Preston-Bradley Hall at the Cultural Center, and Nichols Concert Hall in Evanston, IL.<\/p>\n<p><strong>Please note that in order to attend this event, full vaccination of 3 doses, or 2 doses and a negative test of less than 36hours, will be required as well as an ID to enter the French Embassy grounds. Masks are required throughout the performance.<\/strong><\/p>\n","protected":false},"featured_media":58614,"menu_order":0,"template":"","app_discipline":[230],"app_city_tax":[226],"app_event_type":[238],"class_list":["post-58616","app_event","type-app_event","status-publish","has-post-thumbnail","hentry","app_discipline-music","app_city_tax-dc","app_event_type-concert"],"acf":[],"yoast_head":"<!-- This site is optimized with the Yoast SEO plugin v27.3 - https:\/\/yoast.com\/product\/yoast-seo-wordpress\/ -->\n<title>Paysages Europa | Piano Concert - Villa Albertine<\/title>\n<meta name=\"robots\" content=\"index, follow, max-snippet:-1, max-image-preview:large, max-video-preview:-1\" \/>\n<link rel=\"canonical\" href=\"https:\/\/villa-albertine.org\/va\/events\/paysages-europa-piano-concert\/\" \/>\n<meta property=\"og:locale\" content=\"en_US\" \/>\n<meta property=\"og:type\" content=\"article\" \/>\n<meta property=\"og:title\" content=\"Paysages Europa | Piano Concert - Villa Albertine\" \/>\n<meta property=\"og:description\" content=\"In celebration of the 2022 French Presidency of the Council of the European Union, this evening features piano music by composers from France, Spain, Czechia, Poland and more Program Highlights include: Gabriel Faur\u00e9 &#8211;\u00a0Barcarolles No. 1 and 2 Federico Mompou &#8211;\u00a0Sc\u00e8nes d&#8217;enfants Leo\u0161 Jan\u00e1\u010dek &#8211;\u00a0Sonata 1.X.1905 (From the Street, 1 October 1905) Fr\u00e9d\u00e9ric Chopin &#8211;\u00a0Scherzo...\" \/>\n<meta property=\"og:url\" content=\"https:\/\/villa-albertine.org\/va\/events\/paysages-europa-piano-concert\/\" \/>\n<meta property=\"og:site_name\" content=\"Villa Albertine\" \/>\n<meta property=\"article:modified_time\" content=\"2023-08-23T07:39:08+00:00\" \/>\n<meta property=\"og:image\" content=\"https:\/\/villa-albertine.org\/wp-content\/uploads\/2023\/08\/https___cdn.evbuc_.com_images_199770889_75448086347_1_original.jpg\" \/>\n\t<meta property=\"og:image:width\" content=\"800\" \/>\n\t<meta property=\"og:image:height\" content=\"400\" \/>\n\t<meta property=\"og:image:type\" content=\"image\/jpeg\" \/>\n<meta name=\"twitter:card\" content=\"summary_large_image\" \/>\n<meta name=\"twitter:label1\" content=\"Est. reading time\" \/>\n\t<meta name=\"twitter:data1\" content=\"1 minute\" \/>\n<script type=\"application\/ld+json\" class=\"yoast-schema-graph\">{\"@context\":\"https:\\\/\\\/schema.org\",\"@graph\":[{\"@type\":\"WebPage\",\"@id\":\"https:\\\/\\\/villa-albertine.org\\\/va\\\/events\\\/paysages-europa-piano-concert\\\/\",\"url\":\"https:\\\/\\\/villa-albertine.org\\\/va\\\/events\\\/paysages-europa-piano-concert\\\/\",\"name\":\"Paysages Europa | Piano Concert - Villa Albertine\",\"isPartOf\":{\"@id\":\"https:\\\/\\\/villa-albertine.org\\\/va\\\/#website\"},\"primaryImageOfPage\":{\"@id\":\"https:\\\/\\\/villa-albertine.org\\\/va\\\/events\\\/paysages-europa-piano-concert\\\/#primaryimage\"},\"image\":{\"@id\":\"https:\\\/\\\/villa-albertine.org\\\/va\\\/events\\\/paysages-europa-piano-concert\\\/#primaryimage\"},\"thumbnailUrl\":\"https:\\\/\\\/villa-albertine.org\\\/wp-content\\\/uploads\\\/2023\\\/08\\\/https___cdn.evbuc_.com_images_199770889_75448086347_1_original.jpg\",\"datePublished\":\"2022-01-11T15:32:12+00:00\",\"dateModified\":\"2023-08-23T07:39:08+00:00\",\"breadcrumb\":{\"@id\":\"https:\\\/\\\/villa-albertine.org\\\/va\\\/events\\\/paysages-europa-piano-concert\\\/#breadcrumb\"},\"inLanguage\":\"en-US\",\"potentialAction\":[{\"@type\":\"ReadAction\",\"target\":[\"https:\\\/\\\/villa-albertine.org\\\/va\\\/events\\\/paysages-europa-piano-concert\\\/\"]}]},{\"@type\":\"ImageObject\",\"inLanguage\":\"en-US\",\"@id\":\"https:\\\/\\\/villa-albertine.org\\\/va\\\/events\\\/paysages-europa-piano-concert\\\/#primaryimage\",\"url\":\"https:\\\/\\\/villa-albertine.org\\\/wp-content\\\/uploads\\\/2023\\\/08\\\/https___cdn.evbuc_.com_images_199770889_75448086347_1_original.jpg\",\"contentUrl\":\"https:\\\/\\\/villa-albertine.org\\\/wp-content\\\/uploads\\\/2023\\\/08\\\/https___cdn.evbuc_.com_images_199770889_75448086347_1_original.jpg\",\"width\":800,\"height\":400},{\"@type\":\"BreadcrumbList\",\"@id\":\"https:\\\/\\\/villa-albertine.org\\\/va\\\/events\\\/paysages-europa-piano-concert\\\/#breadcrumb\",\"itemListElement\":[{\"@type\":\"ListItem\",\"position\":1,\"name\":\"Home\",\"item\":\"https:\\\/\\\/villa-albertine.org\\\/va\\\/\"},{\"@type\":\"ListItem\",\"position\":2,\"name\":\"Paysages Europa | Piano Concert\"}]},{\"@type\":\"WebSite\",\"@id\":\"https:\\\/\\\/villa-albertine.org\\\/va\\\/#website\",\"url\":\"https:\\\/\\\/villa-albertine.org\\\/va\\\/\",\"name\":\"Villa Albertine\",\"description\":\"\",\"potentialAction\":[{\"@type\":\"SearchAction\",\"target\":{\"@type\":\"EntryPoint\",\"urlTemplate\":\"https:\\\/\\\/villa-albertine.org\\\/va\\\/?s={search_term_string}\"},\"query-input\":{\"@type\":\"PropertyValueSpecification\",\"valueRequired\":true,\"valueName\":\"search_term_string\"}}],\"inLanguage\":\"en-US\"}]}<\/script>\n<!-- \/ Yoast SEO plugin. -->","yoast_head_json":{"title":"Paysages Europa | Piano Concert - Villa Albertine","robots":{"index":"index","follow":"follow","max-snippet":"max-snippet:-1","max-image-preview":"max-image-preview:large","max-video-preview":"max-video-preview:-1"},"canonical":"https:\/\/villa-albertine.org\/va\/events\/paysages-europa-piano-concert\/","og_locale":"en_US","og_type":"article","og_title":"Paysages Europa | Piano Concert - Villa Albertine","og_description":"In celebration of the 2022 French Presidency of the Council of the European Union, this evening features piano music by composers from France, Spain, Czechia, Poland and more Program Highlights include: Gabriel Faur\u00e9 &#8211;\u00a0Barcarolles No. 1 and 2 Federico Mompou &#8211;\u00a0Sc\u00e8nes d&#8217;enfants Leo\u0161 Jan\u00e1\u010dek &#8211;\u00a0Sonata 1.X.1905 (From the Street, 1 October 1905) Fr\u00e9d\u00e9ric Chopin &#8211;\u00a0Scherzo...","og_url":"https:\/\/villa-albertine.org\/va\/events\/paysages-europa-piano-concert\/","og_site_name":"Villa Albertine","article_modified_time":"2023-08-23T07:39:08+00:00","og_image":[{"width":800,"height":400,"url":"https:\/\/villa-albertine.org\/wp-content\/uploads\/2023\/08\/https___cdn.evbuc_.com_images_199770889_75448086347_1_original.jpg","type":"image\/jpeg"}],"twitter_card":"summary_large_image","twitter_misc":{"Est. reading time":"1 minute"},"schema":{"@context":"https:\/\/schema.org","@graph":[{"@type":"WebPage","@id":"https:\/\/villa-albertine.org\/va\/events\/paysages-europa-piano-concert\/","url":"https:\/\/villa-albertine.org\/va\/events\/paysages-europa-piano-concert\/","name":"Paysages Europa | Piano Concert - Villa Albertine","isPartOf":{"@id":"https:\/\/villa-albertine.org\/va\/#website"},"primaryImageOfPage":{"@id":"https:\/\/villa-albertine.org\/va\/events\/paysages-europa-piano-concert\/#primaryimage"},"image":{"@id":"https:\/\/villa-albertine.org\/va\/events\/paysages-europa-piano-concert\/#primaryimage"},"thumbnailUrl":"https:\/\/villa-albertine.org\/wp-content\/uploads\/2023\/08\/https___cdn.evbuc_.com_images_199770889_75448086347_1_original.jpg","datePublished":"2022-01-11T15:32:12+00:00","dateModified":"2023-08-23T07:39:08+00:00","breadcrumb":{"@id":"https:\/\/villa-albertine.org\/va\/events\/paysages-europa-piano-concert\/#breadcrumb"},"inLanguage":"en-US","potentialAction":[{"@type":"ReadAction","target":["https:\/\/villa-albertine.org\/va\/events\/paysages-europa-piano-concert\/"]}]},{"@type":"ImageObject","inLanguage":"en-US","@id":"https:\/\/villa-albertine.org\/va\/events\/paysages-europa-piano-concert\/#primaryimage","url":"https:\/\/villa-albertine.org\/wp-content\/uploads\/2023\/08\/https___cdn.evbuc_.com_images_199770889_75448086347_1_original.jpg","contentUrl":"https:\/\/villa-albertine.org\/wp-content\/uploads\/2023\/08\/https___cdn.evbuc_.com_images_199770889_75448086347_1_original.jpg","width":800,"height":400},{"@type":"BreadcrumbList","@id":"https:\/\/villa-albertine.org\/va\/events\/paysages-europa-piano-concert\/#breadcrumb","itemListElement":[{"@type":"ListItem","position":1,"name":"Home","item":"https:\/\/villa-albertine.org\/va\/"},{"@type":"ListItem","position":2,"name":"Paysages Europa | Piano Concert"}]},{"@type":"WebSite","@id":"https:\/\/villa-albertine.org\/va\/#website","url":"https:\/\/villa-albertine.org\/va\/","name":"Villa Albertine","description":"","potentialAction":[{"@type":"SearchAction","target":{"@type":"EntryPoint","urlTemplate":"https:\/\/villa-albertine.org\/va\/?s={search_term_string}"},"query-input":{"@type":"PropertyValueSpecification","valueRequired":true,"valueName":"search_term_string"}}],"inLanguage":"en-US"}]}},"_links":{"self":[{"href":"https:\/\/villa-albertine.org\/va\/wp-json\/wp\/v2\/app_event\/58616","targetHints":{"allow":["GET"]}}],"collection":[{"href":"https:\/\/villa-albertine.org\/va\/wp-json\/wp\/v2\/app_event"}],"about":[{"href":"https:\/\/villa-albertine.org\/va\/wp-json\/wp\/v2\/types\/app_event"}],"wp:featuredmedia":[{"embeddable":true,"href":"https:\/\/villa-albertine.org\/va\/wp-json\/wp\/v2\/media\/58614"}],"wp:attachment":[{"href":"https:\/\/villa-albertine.org\/va\/wp-json\/wp\/v2\/media?parent=58616"}],"wp:term":[{"taxonomy":"app_discipline","embeddable":true,"href":"https:\/\/villa-albertine.org\/va\/wp-json\/wp\/v2\/app_discipline?post=58616"},{"taxonomy":"app_city_tax","embeddable":true,"href":"https:\/\/villa-albertine.org\/va\/wp-json\/wp\/v2\/app_city_tax?post=58616"},{"taxonomy":"app_event_type","embeddable":true,"href":"https:\/\/villa-albertine.org\/va\/wp-json\/wp\/v2\/app_event_type?post=58616"}],"curies":[{"name":"wp","href":"https:\/\/api.w.org\/{rel}","templated":true}]}}

<p>In celebration of the 2022 French Presidency of the Council of the European Union, this evening features piano music by composers from France, Spain, Czechia, Poland and more</p>
<p>Program Highlights include:</p>
<ul>
<li>Gabriel Fauré &#8211; <em>Barcarolles No. 1 and 2</em></li>
<li>Federico Mompou &#8211; <em>Scènes d&#8217;enfants</em></li>
<li>Leoš Janáček &#8211; <em>Sonata 1.X.1905 (From the Street, 1 October 1905)</em></li>
<li>Frédéric Chopin &#8211; <em>Scherzo No. 3</em></li>
<li>Enrique Granados &#8211; <em>Selections from Escenas Románticas</em></li>
</ul>
<p>Known for her lyrical and colorful tone, pianist Ruti Abramovitch is a highly sought-after soloist, recitalist, and chamber musician. Ruti lived in Chicago for the past decade, performing at some of the city’s most notable concert halls such as Symphony Center, The Art Institute of Chicago, Preston-Bradley Hall at the Cultural Center, and Nichols Concert Hall in Evanston, IL.</p>
<p><strong>Please note that in order to attend this event, full vaccination of 3 doses, or 2 doses and a negative test of less than 36hours, will be required as well as an ID to enter the French Embassy grounds. Masks are required throughout the performance.</strong></p>

<!-- This site is optimized with the Yoast SEO plugin v27.3 - https://yoast.com/product/yoast-seo-wordpress/ -->
<title>Paysages Europa | Piano Concert - Villa Albertine</title>
<meta name="robots" content="index, follow, max-snippet:-1, max-image-preview:large, max-video-preview:-1" />
<link rel="canonical" href="https://villa-albertine.org/va/events/paysages-europa-piano-concert/" />
<meta property="og:locale" content="en_US" />
<meta property="og:type" content="article" />
<meta property="og:title" content="Paysages Europa | Piano Concert - Villa Albertine" />
<meta property="og:description" content="In celebration of the 2022 French Presidency of the Council of the European Union, this evening features piano music by composers from France, Spain, Czechia, Poland and more Program Highlights include: Gabriel Fauré &#8211; Barcarolles No. 1 and 2 Federico Mompou &#8211; Scènes d&#8217;enfants Leoš Janáček &#8211; Sonata 1.X.1905 (From the Street, 1 October 1905) Frédéric Chopin &#8211; Scherzo..." />
<meta property="og:url" content="https://villa-albertine.org/va/events/paysages-europa-piano-concert/" />
<meta property="og:site_name" content="Villa Albertine" />
<meta property="article:modified_time" content="2023-08-23T07:39:08+00:00" />
<meta property="og:image" content="https://villa-albertine.org/wp-content/uploads/2023/08/https___cdn.evbuc_.com_images_199770889_75448086347_1_original.jpg" />
	<meta property="og:image:width" content="800" />
	<meta property="og:image:height" content="400" />
	<meta property="og:image:type" content="image/jpeg" />
<meta name="twitter:card" content="summary_large_image" />
<meta name="twitter:label1" content="Est. reading time" />
	<meta name="twitter:data1" content="1 minute" />
<script type="application/ld+json" class="yoast-schema-graph">{"@context":"https:\/\/schema.org","@graph":[{"@type":"WebPage","@id":"https:\/\/villa-albertine.org\/va\/events\/paysages-europa-piano-concert\/","url":"https:\/\/villa-albertine.org\/va\/events\/paysages-europa-piano-concert\/","name":"Paysages Europa | Piano Concert - Villa Albertine","isPartOf":{"@id":"https:\/\/villa-albertine.org\/va\/#website"},"primaryImageOfPage":{"@id":"https:\/\/villa-albertine.org\/va\/events\/paysages-europa-piano-concert\/#primaryimage"},"image":{"@id":"https:\/\/villa-albertine.org\/va\/events\/paysages-europa-piano-concert\/#primaryimage"},"thumbnailUrl":"https:\/\/villa-albertine.org\/wp-content\/uploads\/2023\/08\/https___cdn.evbuc_.com_images_199770889_75448086347_1_original.jpg","datePublished":"2022-01-11T15:32:12+00:00","dateModified":"2023-08-23T07:39:08+00:00","breadcrumb":{"@id":"https:\/\/villa-albertine.org\/va\/events\/paysages-europa-piano-concert\/#breadcrumb"},"inLanguage":"en-US","potentialAction":[{"@type":"ReadAction","target":["https:\/\/villa-albertine.org\/va\/events\/paysages-europa-piano-concert\/"]}]},{"@type":"ImageObject","inLanguage":"en-US","@id":"https:\/\/villa-albertine.org\/va\/events\/paysages-europa-piano-concert\/#primaryimage","url":"https:\/\/villa-albertine.org\/wp-content\/uploads\/2023\/08\/https___cdn.evbuc_.com_images_199770889_75448086347_1_original.jpg","contentUrl":"https:\/\/villa-albertine.org\/wp-content\/uploads\/2023\/08\/https___cdn.evbuc_.com_images_199770889_75448086347_1_original.jpg","width":800,"height":400},{"@type":"BreadcrumbList","@id":"https:\/\/villa-albertine.org\/va\/events\/paysages-europa-piano-concert\/#breadcrumb","itemListElement":[{"@type":"ListItem","position":1,"name":"Home","item":"https:\/\/villa-albertine.org\/va\/"},{"@type":"ListItem","position":2,"name":"Paysages Europa | Piano Concert"}]},{"@type":"WebSite","@id":"https:\/\/villa-albertine.org\/va\/#website","url":"https:\/\/villa-albertine.org\/va\/","name":"Villa Albertine","description":"","potentialAction":[{"@type":"SearchAction","target":{"@type":"EntryPoint","urlTemplate":"https:\/\/villa-albertine.org\/va\/?s={search_term_string}"},"query-input":{"@type":"PropertyValueSpecification","valueRequired":true,"valueName":"search_term_string"}}],"inLanguage":"en-US"}]}</script>
<!-- / Yoast SEO plugin. -->

In celebration of the 2022 French Presidency of the Council of the European Union, this evening features piano music by composers from France, Spain, Czechia, Poland and more Program Highlights include: Gabriel Fauré &#8211; Barcarolles No. 1 and 2 Federico Mompou &#8211; Scènes d&#8217;enfants Leoš Janáček &#8211; Sonata 1.X.1905 (From the Street, 1 October 1905) Frédéric Chopin &#8211; Scherzo...
