{"id":58556,"date":"2021-11-18T14:45:10","date_gmt":"2021-11-18T14:45:10","guid":{"rendered":"https:\/\/villa-albertine.org\/events\/un-village-francais\/"},"modified":"2023-08-23T07:38:53","modified_gmt":"2023-08-23T07:38:53","slug":"un-village-francais","status":"publish","type":"app_event","link":"https:\/\/villa-albertine.org\/va\/events\/un-village-francais\/","title":{"rendered":"Un Village Fran\u00e7ais"},"content":{"rendered":"<p>Following the screening, there will be a feature panel with the series&#8217; creators:<\/p>\n<p>Emmanuel Dauc\u00e9, Creator and Writer<br \/>\nFr\u00e9d\u00e9ric Krivine, Creator and Writer<br \/>\nMarie Kremer, Actor<br \/>\nConstance Doll\u00e9, Actor<\/p>\n<p>In the screening&#8217;s first episode, we are taken to the onset of German occupation of France in World War II. A doctor, a businessman, a teacher, and other locals of a rural French village navigate their daily lives, impervious to the threat ahead.<\/p>\n<p>Starting at 6pm, refreshments and beverages can be purchased at La Maison Fran\u00e7aise.<\/p>\n<p>Visit this link to register: <a href=\"https:\/\/www.eventbrite.com\/e\/un-village-francais-screening-tickets-213720061457\">https:\/\/www.eventbrite.com\/e\/un-village-francais-screening-tickets-2137\u2026<\/a><\/p>\n","protected":false},"featured_media":58554,"menu_order":0,"template":"","app_discipline":[219],"app_city_tax":[226],"app_event_type":[239],"class_list":["post-58556","app_event","type-app_event","status-publish","has-post-thumbnail","hentry","app_discipline-cinema","app_city_tax-dc","app_event_type-film"],"acf":[],"yoast_head":"<!-- This site is optimized with the Yoast SEO plugin v27.3 - https:\/\/yoast.com\/product\/yoast-seo-wordpress\/ -->\n<title>Un Village Fran\u00e7ais - Villa Albertine<\/title>\n<meta name=\"robots\" content=\"index, follow, max-snippet:-1, max-image-preview:large, max-video-preview:-1\" \/>\n<link rel=\"canonical\" href=\"https:\/\/villa-albertine.org\/va\/events\/un-village-francais\/\" \/>\n<meta property=\"og:locale\" content=\"en_US\" \/>\n<meta property=\"og:type\" content=\"article\" \/>\n<meta property=\"og:title\" content=\"Un Village Fran\u00e7ais - Villa Albertine\" \/>\n<meta property=\"og:description\" content=\"Following the screening, there will be a feature panel with the series&#8217; creators: Emmanuel Dauc\u00e9, Creator and Writer Fr\u00e9d\u00e9ric Krivine, Creator and Writer Marie Kremer, Actor Constance Doll\u00e9, Actor In the screening&#8217;s first episode, we are taken to the onset of German occupation of France in World War II. A doctor, a businessman, a teacher,...\" \/>\n<meta property=\"og:url\" content=\"https:\/\/villa-albertine.org\/va\/events\/un-village-francais\/\" \/>\n<meta property=\"og:site_name\" content=\"Villa Albertine\" \/>\n<meta property=\"article:modified_time\" content=\"2023-08-23T07:38:53+00:00\" \/>\n<meta property=\"og:image\" content=\"https:\/\/villa-albertine.org\/wp-content\/uploads\/2023\/08\/Screen20Shot202021-11-2220at203.08.5620PM.png\" \/>\n\t<meta property=\"og:image:width\" content=\"1392\" \/>\n\t<meta property=\"og:image:height\" content=\"822\" \/>\n\t<meta property=\"og:image:type\" content=\"image\/png\" \/>\n<meta name=\"twitter:card\" content=\"summary_large_image\" \/>\n<script type=\"application\/ld+json\" class=\"yoast-schema-graph\">{\"@context\":\"https:\\\/\\\/schema.org\",\"@graph\":[{\"@type\":\"WebPage\",\"@id\":\"https:\\\/\\\/villa-albertine.org\\\/va\\\/events\\\/un-village-francais\\\/\",\"url\":\"https:\\\/\\\/villa-albertine.org\\\/va\\\/events\\\/un-village-francais\\\/\",\"name\":\"Un Village Fran\u00e7ais - Villa Albertine\",\"isPartOf\":{\"@id\":\"https:\\\/\\\/villa-albertine.org\\\/va\\\/#website\"},\"primaryImageOfPage\":{\"@id\":\"https:\\\/\\\/villa-albertine.org\\\/va\\\/events\\\/un-village-francais\\\/#primaryimage\"},\"image\":{\"@id\":\"https:\\\/\\\/villa-albertine.org\\\/va\\\/events\\\/un-village-francais\\\/#primaryimage\"},\"thumbnailUrl\":\"https:\\\/\\\/villa-albertine.org\\\/wp-content\\\/uploads\\\/2023\\\/08\\\/Screen20Shot202021-11-2220at203.08.5620PM.png\",\"datePublished\":\"2021-11-18T14:45:10+00:00\",\"dateModified\":\"2023-08-23T07:38:53+00:00\",\"breadcrumb\":{\"@id\":\"https:\\\/\\\/villa-albertine.org\\\/va\\\/events\\\/un-village-francais\\\/#breadcrumb\"},\"inLanguage\":\"en-US\",\"potentialAction\":[{\"@type\":\"ReadAction\",\"target\":[\"https:\\\/\\\/villa-albertine.org\\\/va\\\/events\\\/un-village-francais\\\/\"]}]},{\"@type\":\"ImageObject\",\"inLanguage\":\"en-US\",\"@id\":\"https:\\\/\\\/villa-albertine.org\\\/va\\\/events\\\/un-village-francais\\\/#primaryimage\",\"url\":\"https:\\\/\\\/villa-albertine.org\\\/wp-content\\\/uploads\\\/2023\\\/08\\\/Screen20Shot202021-11-2220at203.08.5620PM.png\",\"contentUrl\":\"https:\\\/\\\/villa-albertine.org\\\/wp-content\\\/uploads\\\/2023\\\/08\\\/Screen20Shot202021-11-2220at203.08.5620PM.png\",\"width\":1392,\"height\":822},{\"@type\":\"BreadcrumbList\",\"@id\":\"https:\\\/\\\/villa-albertine.org\\\/va\\\/events\\\/un-village-francais\\\/#breadcrumb\",\"itemListElement\":[{\"@type\":\"ListItem\",\"position\":1,\"name\":\"Home\",\"item\":\"https:\\\/\\\/villa-albertine.org\\\/va\\\/\"},{\"@type\":\"ListItem\",\"position\":2,\"name\":\"Un Village Fran\u00e7ais\"}]},{\"@type\":\"WebSite\",\"@id\":\"https:\\\/\\\/villa-albertine.org\\\/va\\\/#website\",\"url\":\"https:\\\/\\\/villa-albertine.org\\\/va\\\/\",\"name\":\"Villa Albertine\",\"description\":\"\",\"potentialAction\":[{\"@type\":\"SearchAction\",\"target\":{\"@type\":\"EntryPoint\",\"urlTemplate\":\"https:\\\/\\\/villa-albertine.org\\\/va\\\/?s={search_term_string}\"},\"query-input\":{\"@type\":\"PropertyValueSpecification\",\"valueRequired\":true,\"valueName\":\"search_term_string\"}}],\"inLanguage\":\"en-US\"}]}<\/script>\n<!-- \/ Yoast SEO plugin. -->","yoast_head_json":{"title":"Un Village Fran\u00e7ais - Villa Albertine","robots":{"index":"index","follow":"follow","max-snippet":"max-snippet:-1","max-image-preview":"max-image-preview:large","max-video-preview":"max-video-preview:-1"},"canonical":"https:\/\/villa-albertine.org\/va\/events\/un-village-francais\/","og_locale":"en_US","og_type":"article","og_title":"Un Village Fran\u00e7ais - Villa Albertine","og_description":"Following the screening, there will be a feature panel with the series&#8217; creators: Emmanuel Dauc\u00e9, Creator and Writer Fr\u00e9d\u00e9ric Krivine, Creator and Writer Marie Kremer, Actor Constance Doll\u00e9, Actor In the screening&#8217;s first episode, we are taken to the onset of German occupation of France in World War II. A doctor, a businessman, a teacher,...","og_url":"https:\/\/villa-albertine.org\/va\/events\/un-village-francais\/","og_site_name":"Villa Albertine","article_modified_time":"2023-08-23T07:38:53+00:00","og_image":[{"width":1392,"height":822,"url":"https:\/\/villa-albertine.org\/wp-content\/uploads\/2023\/08\/Screen20Shot202021-11-2220at203.08.5620PM.png","type":"image\/png"}],"twitter_card":"summary_large_image","schema":{"@context":"https:\/\/schema.org","@graph":[{"@type":"WebPage","@id":"https:\/\/villa-albertine.org\/va\/events\/un-village-francais\/","url":"https:\/\/villa-albertine.org\/va\/events\/un-village-francais\/","name":"Un Village Fran\u00e7ais - Villa Albertine","isPartOf":{"@id":"https:\/\/villa-albertine.org\/va\/#website"},"primaryImageOfPage":{"@id":"https:\/\/villa-albertine.org\/va\/events\/un-village-francais\/#primaryimage"},"image":{"@id":"https:\/\/villa-albertine.org\/va\/events\/un-village-francais\/#primaryimage"},"thumbnailUrl":"https:\/\/villa-albertine.org\/wp-content\/uploads\/2023\/08\/Screen20Shot202021-11-2220at203.08.5620PM.png","datePublished":"2021-11-18T14:45:10+00:00","dateModified":"2023-08-23T07:38:53+00:00","breadcrumb":{"@id":"https:\/\/villa-albertine.org\/va\/events\/un-village-francais\/#breadcrumb"},"inLanguage":"en-US","potentialAction":[{"@type":"ReadAction","target":["https:\/\/villa-albertine.org\/va\/events\/un-village-francais\/"]}]},{"@type":"ImageObject","inLanguage":"en-US","@id":"https:\/\/villa-albertine.org\/va\/events\/un-village-francais\/#primaryimage","url":"https:\/\/villa-albertine.org\/wp-content\/uploads\/2023\/08\/Screen20Shot202021-11-2220at203.08.5620PM.png","contentUrl":"https:\/\/villa-albertine.org\/wp-content\/uploads\/2023\/08\/Screen20Shot202021-11-2220at203.08.5620PM.png","width":1392,"height":822},{"@type":"BreadcrumbList","@id":"https:\/\/villa-albertine.org\/va\/events\/un-village-francais\/#breadcrumb","itemListElement":[{"@type":"ListItem","position":1,"name":"Home","item":"https:\/\/villa-albertine.org\/va\/"},{"@type":"ListItem","position":2,"name":"Un Village Fran\u00e7ais"}]},{"@type":"WebSite","@id":"https:\/\/villa-albertine.org\/va\/#website","url":"https:\/\/villa-albertine.org\/va\/","name":"Villa Albertine","description":"","potentialAction":[{"@type":"SearchAction","target":{"@type":"EntryPoint","urlTemplate":"https:\/\/villa-albertine.org\/va\/?s={search_term_string}"},"query-input":{"@type":"PropertyValueSpecification","valueRequired":true,"valueName":"search_term_string"}}],"inLanguage":"en-US"}]}},"_links":{"self":[{"href":"https:\/\/villa-albertine.org\/va\/wp-json\/wp\/v2\/app_event\/58556","targetHints":{"allow":["GET"]}}],"collection":[{"href":"https:\/\/villa-albertine.org\/va\/wp-json\/wp\/v2\/app_event"}],"about":[{"href":"https:\/\/villa-albertine.org\/va\/wp-json\/wp\/v2\/types\/app_event"}],"wp:featuredmedia":[{"embeddable":true,"href":"https:\/\/villa-albertine.org\/va\/wp-json\/wp\/v2\/media\/58554"}],"wp:attachment":[{"href":"https:\/\/villa-albertine.org\/va\/wp-json\/wp\/v2\/media?parent=58556"}],"wp:term":[{"taxonomy":"app_discipline","embeddable":true,"href":"https:\/\/villa-albertine.org\/va\/wp-json\/wp\/v2\/app_discipline?post=58556"},{"taxonomy":"app_city_tax","embeddable":true,"href":"https:\/\/villa-albertine.org\/va\/wp-json\/wp\/v2\/app_city_tax?post=58556"},{"taxonomy":"app_event_type","embeddable":true,"href":"https:\/\/villa-albertine.org\/va\/wp-json\/wp\/v2\/app_event_type?post=58556"}],"curies":[{"name":"wp","href":"https:\/\/api.w.org\/{rel}","templated":true}]}}

Un Village Français

<p>Following the screening, there will be a feature panel with the series&#8217; creators:</p>
<p>Emmanuel Daucé, Creator and Writer<br />
Frédéric Krivine, Creator and Writer<br />
Marie Kremer, Actor<br />
Constance Dollé, Actor</p>
<p>In the screening&#8217;s first episode, we are taken to the onset of German occupation of France in World War II. A doctor, a businessman, a teacher, and other locals of a rural French village navigate their daily lives, impervious to the threat ahead.</p>
<p>Starting at 6pm, refreshments and beverages can be purchased at La Maison Française.</p>
<p>Visit this link to register: <a href="https://www.eventbrite.com/e/un-village-francais-screening-tickets-213720061457">https://www.eventbrite.com/e/un-village-francais-screening-tickets-2137…</a></p>

<!-- This site is optimized with the Yoast SEO plugin v27.3 - https://yoast.com/product/yoast-seo-wordpress/ -->
<title>Un Village Français - Villa Albertine</title>
<meta name="robots" content="index, follow, max-snippet:-1, max-image-preview:large, max-video-preview:-1" />
<link rel="canonical" href="https://villa-albertine.org/va/events/un-village-francais/" />
<meta property="og:locale" content="en_US" />
<meta property="og:type" content="article" />
<meta property="og:title" content="Un Village Français - Villa Albertine" />
<meta property="og:description" content="Following the screening, there will be a feature panel with the series&#8217; creators: Emmanuel Daucé, Creator and Writer Frédéric Krivine, Creator and Writer Marie Kremer, Actor Constance Dollé, Actor In the screening&#8217;s first episode, we are taken to the onset of German occupation of France in World War II. A doctor, a businessman, a teacher,..." />
<meta property="og:url" content="https://villa-albertine.org/va/events/un-village-francais/" />
<meta property="og:site_name" content="Villa Albertine" />
<meta property="article:modified_time" content="2023-08-23T07:38:53+00:00" />
<meta property="og:image" content="https://villa-albertine.org/wp-content/uploads/2023/08/Screen20Shot202021-11-2220at203.08.5620PM.png" />
	<meta property="og:image:width" content="1392" />
	<meta property="og:image:height" content="822" />
	<meta property="og:image:type" content="image/png" />
<meta name="twitter:card" content="summary_large_image" />
<script type="application/ld+json" class="yoast-schema-graph">{"@context":"https:\/\/schema.org","@graph":[{"@type":"WebPage","@id":"https:\/\/villa-albertine.org\/va\/events\/un-village-francais\/","url":"https:\/\/villa-albertine.org\/va\/events\/un-village-francais\/","name":"Un Village Français - Villa Albertine","isPartOf":{"@id":"https:\/\/villa-albertine.org\/va\/#website"},"primaryImageOfPage":{"@id":"https:\/\/villa-albertine.org\/va\/events\/un-village-francais\/#primaryimage"},"image":{"@id":"https:\/\/villa-albertine.org\/va\/events\/un-village-francais\/#primaryimage"},"thumbnailUrl":"https:\/\/villa-albertine.org\/wp-content\/uploads\/2023\/08\/Screen20Shot202021-11-2220at203.08.5620PM.png","datePublished":"2021-11-18T14:45:10+00:00","dateModified":"2023-08-23T07:38:53+00:00","breadcrumb":{"@id":"https:\/\/villa-albertine.org\/va\/events\/un-village-francais\/#breadcrumb"},"inLanguage":"en-US","potentialAction":[{"@type":"ReadAction","target":["https:\/\/villa-albertine.org\/va\/events\/un-village-francais\/"]}]},{"@type":"ImageObject","inLanguage":"en-US","@id":"https:\/\/villa-albertine.org\/va\/events\/un-village-francais\/#primaryimage","url":"https:\/\/villa-albertine.org\/wp-content\/uploads\/2023\/08\/Screen20Shot202021-11-2220at203.08.5620PM.png","contentUrl":"https:\/\/villa-albertine.org\/wp-content\/uploads\/2023\/08\/Screen20Shot202021-11-2220at203.08.5620PM.png","width":1392,"height":822},{"@type":"BreadcrumbList","@id":"https:\/\/villa-albertine.org\/va\/events\/un-village-francais\/#breadcrumb","itemListElement":[{"@type":"ListItem","position":1,"name":"Home","item":"https:\/\/villa-albertine.org\/va\/"},{"@type":"ListItem","position":2,"name":"Un Village Français"}]},{"@type":"WebSite","@id":"https:\/\/villa-albertine.org\/va\/#website","url":"https:\/\/villa-albertine.org\/va\/","name":"Villa Albertine","description":"","potentialAction":[{"@type":"SearchAction","target":{"@type":"EntryPoint","urlTemplate":"https:\/\/villa-albertine.org\/va\/?s={search_term_string}"},"query-input":{"@type":"PropertyValueSpecification","valueRequired":true,"valueName":"search_term_string"}}],"inLanguage":"en-US"}]}</script>
<!-- / Yoast SEO plugin. -->

Un Village Français - Villa Albertine

Following the screening, there will be a feature panel with the series&#8217; creators: Emmanuel Daucé, Creator and Writer Frédéric Krivine, Creator and Writer Marie Kremer, Actor Constance Dollé, Actor In the screening&#8217;s first episode, we are taken to the onset of German occupation of France in World War II. A doctor, a businessman, a teacher,...
