{"id":58502,"date":"2021-11-12T22:18:29","date_gmt":"2021-11-12T22:18:29","guid":{"rendered":"https:\/\/villa-albertine.org\/events\/2022-africa-dance-biennial\/"},"modified":"2023-08-23T07:38:48","modified_gmt":"2023-08-23T07:38:48","slug":"2022-africa-dance-biennial","status":"publish","type":"app_event","link":"https:\/\/villa-albertine.org\/va\/events\/2022-africa-dance-biennial\/","title":{"rendered":"2022 Africa Dance Biennial"},"content":{"rendered":"<p>After two postponements, the Biennial is now ready to welcome and share with its audience a program that reflects the creative dynamics of dance on the African continent.\u00a0<\/p>\n<p>For 6 days, Marrakech will live to the rhythm of a rich program of master classes, conferences, film screenings on the history of African dance and choreographic performances.<\/p>\n<p>The biennial will be held in person and only part of the program will be online on the Afropolis platform.<\/p>\n<p><strong>It features works by:\u00a0<\/strong><\/p>\n<p>Fatou Cisse (S\u00e9n\u00e9gal),\u00a0Performance D I<\/p>\n<p>Amala Dianor, Naomi Fall, Ladji Kon\u00e9 &amp; Alioune Diagne (S\u00e9n\u00e9gal, Burkina Faso, Mali),\u00a0Siguifin I<\/p>\n<p>Gaby Saranouffi (Madagascar), #Moi I<\/p>\n<p>Qudus Onikeku (Nig\u00e9ria),\u00a0Spirit Child I<\/p>\n<p>H\u00e9la Fattoumi et \u00c9ric Lamoureux (France, Tunisie, Maroc, Burkina Faso),\u00a0Akzak I<\/p>\n<p>Meryem Jazouli\u00a0(Maroc),\u00a0Folkah I<\/p>\n<p>Taoufiq Izeddiou (Maroc),\u00a0Bot\u00e9ro en Orient I<\/p>\n<p>Khalid Benghrib (Maroc),\u00a0L\u2019haal I<\/p>\n<p>Youness Atbane (Maroc),\u00a0Untitled 14 km<\/p>\n<p>The focus on emerging choreographers features:<\/p>\n<p>Agathe Djokam (Cameroun), \u00c0 qui le tour<\/p>\n<p>Bibata Ibrahim Maiga (Mali), Esprit bavard<\/p>\n<p>Kevin Charlemagne Kabore (Burkina Faso), Corps en mutation<\/p>\n<p>Chourouk Al Mahati, Moad Haddadi et Mohamed Lamqayssi (Maroc), Jour J<\/p>\n<p>Cie La Mer Noire (S\u00e9n\u00e9gal), Lowela<\/p>\n<p>Esther Essien (Nig\u00e9ria), Just me<\/p>\n<p>Gwen Rakotovao (Madagascar), Fitiavana<\/p>\n<p>Hamdi Dridi (Tunisie), I listen (you) see<\/p>\n<p>Jeannot Kumbonyeki (R\u00e9publique d\u00e9mocratique du Congo), Danse de la rue 19<\/p>\n<p>Manal Tass (Maroc), Koboul<\/p>\n<p>Marcel Gbeffa &amp; Sarah Trouche (B\u00e9nin), Dide<\/p>\n<p>Mugisha Frank (Uganda\/Rwanda), Royalty<\/p>\n<p>Nagham Salah (\u00c9gypte\/Soudan), Rejection<\/p>\n<p>Roger Sarr (S\u00e9n\u00e9gal), Au-del\u00e0 d\u2019une apparence<\/p>\n<p>Cie Tch\u00e9-Za (Comores), L\u2019expat<\/p>\n<p>Salma Salem (\u00c9gypte), Anchoring<\/p>\n<p>Souleymane Ladji Kone (Burkina Faso), Ambidextre<\/p>\n<p>Thabo Kobeli (Afrique du Sud), In-between<\/p>\n<p>Westsyde lifestyle (Nig\u00e9ria), West kulture<\/p>\n<p>Zora Snake (Cameroun), Le d\u00e9part<\/p>\n<p><a href=\"https:\/\/www.institutfrancais.com\/fr\/zoom\/la-biennale-de-la-danse-en-afrique-a-marrakech\">Learn more<\/a><\/p>\n<p>\u00a0<\/p>\n","protected":false},"featured_media":58500,"menu_order":0,"template":"","app_discipline":[227],"app_city_tax":[221,214,223,222,220,216,224,217,225,226],"app_event_type":[237],"class_list":["post-58502","app_event","type-app_event","status-publish","has-post-thumbnail","hentry","app_discipline-performing-arts","app_city_tax-atl","app_city_tax-bos","app_city_tax-chi","app_city_tax-hou","app_city_tax-la","app_city_tax-mia","app_city_tax-nola","app_city_tax-nyc","app_city_tax-sf","app_city_tax-dc","app_event_type-festival"],"acf":[],"yoast_head":"<!-- This site is optimized with the Yoast SEO plugin v27.3 - https:\/\/yoast.com\/product\/yoast-seo-wordpress\/ -->\n<title>2022 Africa Dance Biennial - Villa Albertine<\/title>\n<meta name=\"robots\" content=\"index, follow, max-snippet:-1, max-image-preview:large, max-video-preview:-1\" \/>\n<link rel=\"canonical\" href=\"https:\/\/villa-albertine.org\/va\/events\/2022-africa-dance-biennial\/\" \/>\n<meta property=\"og:locale\" content=\"en_US\" \/>\n<meta property=\"og:type\" content=\"article\" \/>\n<meta property=\"og:title\" content=\"2022 Africa Dance Biennial - Villa Albertine\" \/>\n<meta property=\"og:description\" content=\"After two postponements, the Biennial is now ready to welcome and share with its audience a program that reflects the creative dynamics of dance on the African continent.\u00a0 For 6 days, Marrakech will live to the rhythm of a rich program of master classes, conferences, film screenings on the history of African dance and choreographic...\" \/>\n<meta property=\"og:url\" content=\"https:\/\/villa-albertine.org\/va\/events\/2022-africa-dance-biennial\/\" \/>\n<meta property=\"og:site_name\" content=\"Villa Albertine\" \/>\n<meta property=\"article:modified_time\" content=\"2023-08-23T07:38:48+00:00\" \/>\n<meta property=\"og:image\" content=\"https:\/\/villa-albertine.org\/wp-content\/uploads\/2023\/08\/com-web-biennale-danse-marrakech-sans-date.jpg\" \/>\n\t<meta property=\"og:image:width\" content=\"925\" \/>\n\t<meta property=\"og:image:height\" content=\"460\" \/>\n\t<meta property=\"og:image:type\" content=\"image\/jpeg\" \/>\n<meta name=\"twitter:card\" content=\"summary_large_image\" \/>\n<meta name=\"twitter:label1\" content=\"Est. reading time\" \/>\n\t<meta name=\"twitter:data1\" content=\"1 minute\" \/>\n<script type=\"application\/ld+json\" class=\"yoast-schema-graph\">{\"@context\":\"https:\\\/\\\/schema.org\",\"@graph\":[{\"@type\":\"WebPage\",\"@id\":\"https:\\\/\\\/villa-albertine.org\\\/va\\\/events\\\/2022-africa-dance-biennial\\\/\",\"url\":\"https:\\\/\\\/villa-albertine.org\\\/va\\\/events\\\/2022-africa-dance-biennial\\\/\",\"name\":\"2022 Africa Dance Biennial - Villa Albertine\",\"isPartOf\":{\"@id\":\"https:\\\/\\\/villa-albertine.org\\\/va\\\/#website\"},\"primaryImageOfPage\":{\"@id\":\"https:\\\/\\\/villa-albertine.org\\\/va\\\/events\\\/2022-africa-dance-biennial\\\/#primaryimage\"},\"image\":{\"@id\":\"https:\\\/\\\/villa-albertine.org\\\/va\\\/events\\\/2022-africa-dance-biennial\\\/#primaryimage\"},\"thumbnailUrl\":\"https:\\\/\\\/villa-albertine.org\\\/wp-content\\\/uploads\\\/2023\\\/08\\\/com-web-biennale-danse-marrakech-sans-date.jpg\",\"datePublished\":\"2021-11-12T22:18:29+00:00\",\"dateModified\":\"2023-08-23T07:38:48+00:00\",\"breadcrumb\":{\"@id\":\"https:\\\/\\\/villa-albertine.org\\\/va\\\/events\\\/2022-africa-dance-biennial\\\/#breadcrumb\"},\"inLanguage\":\"en-US\",\"potentialAction\":[{\"@type\":\"ReadAction\",\"target\":[\"https:\\\/\\\/villa-albertine.org\\\/va\\\/events\\\/2022-africa-dance-biennial\\\/\"]}]},{\"@type\":\"ImageObject\",\"inLanguage\":\"en-US\",\"@id\":\"https:\\\/\\\/villa-albertine.org\\\/va\\\/events\\\/2022-africa-dance-biennial\\\/#primaryimage\",\"url\":\"https:\\\/\\\/villa-albertine.org\\\/wp-content\\\/uploads\\\/2023\\\/08\\\/com-web-biennale-danse-marrakech-sans-date.jpg\",\"contentUrl\":\"https:\\\/\\\/villa-albertine.org\\\/wp-content\\\/uploads\\\/2023\\\/08\\\/com-web-biennale-danse-marrakech-sans-date.jpg\",\"width\":925,\"height\":460},{\"@type\":\"BreadcrumbList\",\"@id\":\"https:\\\/\\\/villa-albertine.org\\\/va\\\/events\\\/2022-africa-dance-biennial\\\/#breadcrumb\",\"itemListElement\":[{\"@type\":\"ListItem\",\"position\":1,\"name\":\"Home\",\"item\":\"https:\\\/\\\/villa-albertine.org\\\/va\\\/\"},{\"@type\":\"ListItem\",\"position\":2,\"name\":\"2022 Africa Dance Biennial\"}]},{\"@type\":\"WebSite\",\"@id\":\"https:\\\/\\\/villa-albertine.org\\\/va\\\/#website\",\"url\":\"https:\\\/\\\/villa-albertine.org\\\/va\\\/\",\"name\":\"Villa Albertine\",\"description\":\"\",\"potentialAction\":[{\"@type\":\"SearchAction\",\"target\":{\"@type\":\"EntryPoint\",\"urlTemplate\":\"https:\\\/\\\/villa-albertine.org\\\/va\\\/?s={search_term_string}\"},\"query-input\":{\"@type\":\"PropertyValueSpecification\",\"valueRequired\":true,\"valueName\":\"search_term_string\"}}],\"inLanguage\":\"en-US\"}]}<\/script>\n<!-- \/ Yoast SEO plugin. -->","yoast_head_json":{"title":"2022 Africa Dance Biennial - Villa Albertine","robots":{"index":"index","follow":"follow","max-snippet":"max-snippet:-1","max-image-preview":"max-image-preview:large","max-video-preview":"max-video-preview:-1"},"canonical":"https:\/\/villa-albertine.org\/va\/events\/2022-africa-dance-biennial\/","og_locale":"en_US","og_type":"article","og_title":"2022 Africa Dance Biennial - Villa Albertine","og_description":"After two postponements, the Biennial is now ready to welcome and share with its audience a program that reflects the creative dynamics of dance on the African continent.\u00a0 For 6 days, Marrakech will live to the rhythm of a rich program of master classes, conferences, film screenings on the history of African dance and choreographic...","og_url":"https:\/\/villa-albertine.org\/va\/events\/2022-africa-dance-biennial\/","og_site_name":"Villa Albertine","article_modified_time":"2023-08-23T07:38:48+00:00","og_image":[{"width":925,"height":460,"url":"https:\/\/villa-albertine.org\/wp-content\/uploads\/2023\/08\/com-web-biennale-danse-marrakech-sans-date.jpg","type":"image\/jpeg"}],"twitter_card":"summary_large_image","twitter_misc":{"Est. reading time":"1 minute"},"schema":{"@context":"https:\/\/schema.org","@graph":[{"@type":"WebPage","@id":"https:\/\/villa-albertine.org\/va\/events\/2022-africa-dance-biennial\/","url":"https:\/\/villa-albertine.org\/va\/events\/2022-africa-dance-biennial\/","name":"2022 Africa Dance Biennial - Villa Albertine","isPartOf":{"@id":"https:\/\/villa-albertine.org\/va\/#website"},"primaryImageOfPage":{"@id":"https:\/\/villa-albertine.org\/va\/events\/2022-africa-dance-biennial\/#primaryimage"},"image":{"@id":"https:\/\/villa-albertine.org\/va\/events\/2022-africa-dance-biennial\/#primaryimage"},"thumbnailUrl":"https:\/\/villa-albertine.org\/wp-content\/uploads\/2023\/08\/com-web-biennale-danse-marrakech-sans-date.jpg","datePublished":"2021-11-12T22:18:29+00:00","dateModified":"2023-08-23T07:38:48+00:00","breadcrumb":{"@id":"https:\/\/villa-albertine.org\/va\/events\/2022-africa-dance-biennial\/#breadcrumb"},"inLanguage":"en-US","potentialAction":[{"@type":"ReadAction","target":["https:\/\/villa-albertine.org\/va\/events\/2022-africa-dance-biennial\/"]}]},{"@type":"ImageObject","inLanguage":"en-US","@id":"https:\/\/villa-albertine.org\/va\/events\/2022-africa-dance-biennial\/#primaryimage","url":"https:\/\/villa-albertine.org\/wp-content\/uploads\/2023\/08\/com-web-biennale-danse-marrakech-sans-date.jpg","contentUrl":"https:\/\/villa-albertine.org\/wp-content\/uploads\/2023\/08\/com-web-biennale-danse-marrakech-sans-date.jpg","width":925,"height":460},{"@type":"BreadcrumbList","@id":"https:\/\/villa-albertine.org\/va\/events\/2022-africa-dance-biennial\/#breadcrumb","itemListElement":[{"@type":"ListItem","position":1,"name":"Home","item":"https:\/\/villa-albertine.org\/va\/"},{"@type":"ListItem","position":2,"name":"2022 Africa Dance Biennial"}]},{"@type":"WebSite","@id":"https:\/\/villa-albertine.org\/va\/#website","url":"https:\/\/villa-albertine.org\/va\/","name":"Villa Albertine","description":"","potentialAction":[{"@type":"SearchAction","target":{"@type":"EntryPoint","urlTemplate":"https:\/\/villa-albertine.org\/va\/?s={search_term_string}"},"query-input":{"@type":"PropertyValueSpecification","valueRequired":true,"valueName":"search_term_string"}}],"inLanguage":"en-US"}]}},"_links":{"self":[{"href":"https:\/\/villa-albertine.org\/va\/wp-json\/wp\/v2\/app_event\/58502","targetHints":{"allow":["GET"]}}],"collection":[{"href":"https:\/\/villa-albertine.org\/va\/wp-json\/wp\/v2\/app_event"}],"about":[{"href":"https:\/\/villa-albertine.org\/va\/wp-json\/wp\/v2\/types\/app_event"}],"wp:featuredmedia":[{"embeddable":true,"href":"https:\/\/villa-albertine.org\/va\/wp-json\/wp\/v2\/media\/58500"}],"wp:attachment":[{"href":"https:\/\/villa-albertine.org\/va\/wp-json\/wp\/v2\/media?parent=58502"}],"wp:term":[{"taxonomy":"app_discipline","embeddable":true,"href":"https:\/\/villa-albertine.org\/va\/wp-json\/wp\/v2\/app_discipline?post=58502"},{"taxonomy":"app_city_tax","embeddable":true,"href":"https:\/\/villa-albertine.org\/va\/wp-json\/wp\/v2\/app_city_tax?post=58502"},{"taxonomy":"app_event_type","embeddable":true,"href":"https:\/\/villa-albertine.org\/va\/wp-json\/wp\/v2\/app_event_type?post=58502"}],"curies":[{"name":"wp","href":"https:\/\/api.w.org\/{rel}","templated":true}]}}

<p>After two postponements, the Biennial is now ready to welcome and share with its audience a program that reflects the creative dynamics of dance on the African continent. </p>
<p>For 6 days, Marrakech will live to the rhythm of a rich program of master classes, conferences, film screenings on the history of African dance and choreographic performances.</p>
<p>The biennial will be held in person and only part of the program will be online on the Afropolis platform.</p>
<p><strong>It features works by: </strong></p>
<p>Fatou Cisse (Sénégal), Performance D I</p>
<p>Amala Dianor, Naomi Fall, Ladji Koné &amp; Alioune Diagne (Sénégal, Burkina Faso, Mali), Siguifin I</p>
<p>Gaby Saranouffi (Madagascar), #Moi I</p>
<p>Qudus Onikeku (Nigéria), Spirit Child I</p>
<p>Héla Fattoumi et Éric Lamoureux (France, Tunisie, Maroc, Burkina Faso), Akzak I</p>
<p>Meryem Jazouli (Maroc), Folkah I</p>
<p>Taoufiq Izeddiou (Maroc), Botéro en Orient I</p>
<p>Khalid Benghrib (Maroc), L’haal I</p>
<p>Youness Atbane (Maroc), Untitled 14 km</p>
<p>The focus on emerging choreographers features:</p>
<p>Agathe Djokam (Cameroun), À qui le tour</p>
<p>Bibata Ibrahim Maiga (Mali), Esprit bavard</p>
<p>Kevin Charlemagne Kabore (Burkina Faso), Corps en mutation</p>
<p>Chourouk Al Mahati, Moad Haddadi et Mohamed Lamqayssi (Maroc), Jour J</p>
<p>Cie La Mer Noire (Sénégal), Lowela</p>
<p>Esther Essien (Nigéria), Just me</p>
<p>Gwen Rakotovao (Madagascar), Fitiavana</p>
<p>Hamdi Dridi (Tunisie), I listen (you) see</p>
<p>Jeannot Kumbonyeki (République démocratique du Congo), Danse de la rue 19</p>
<p>Manal Tass (Maroc), Koboul</p>
<p>Marcel Gbeffa &amp; Sarah Trouche (Bénin), Dide</p>
<p>Mugisha Frank (Uganda/Rwanda), Royalty</p>
<p>Nagham Salah (Égypte/Soudan), Rejection</p>
<p>Roger Sarr (Sénégal), Au-delà d’une apparence</p>
<p>Cie Tché-Za (Comores), L’expat</p>
<p>Salma Salem (Égypte), Anchoring</p>
<p>Souleymane Ladji Kone (Burkina Faso), Ambidextre</p>
<p>Thabo Kobeli (Afrique du Sud), In-between</p>
<p>Westsyde lifestyle (Nigéria), West kulture</p>
<p>Zora Snake (Cameroun), Le départ</p>
<p><a href="https://www.institutfrancais.com/fr/zoom/la-biennale-de-la-danse-en-afrique-a-marrakech">Learn more</a></p>
<p> </p>
