{"id":58415,"date":"2021-10-14T15:44:34","date_gmt":"2021-10-14T15:44:34","guid":{"rendered":"https:\/\/villa-albertine.org\/events\/french-essentials-film-selection-curated-justice-g-breyer\/"},"modified":"2023-08-23T07:38:33","modified_gmt":"2023-08-23T07:38:33","slug":"french-essentials-film-selection-curated-justice-g-breyer","status":"publish","type":"app_event","link":"https:\/\/villa-albertine.org\/va\/events\/french-essentials-film-selection-curated-justice-g-breyer\/","title":{"rendered":"French Essentials, a Film Selection Curated by Justice G. Breyer"},"content":{"rendered":"<p><em><strong>French Essentials, a selection curated by Justice G. Breyer\u00a0<\/strong><\/em><\/p>\n<p>\u00a0<\/p>\n<p><em><strong>September 28 &#8211; Children of Paradise, directed by Marcel Carn\u00e9 and written by Jacques Pr\u00e9vert, 1945,\u00a0190\u00a0min, France<\/strong><\/em><\/p>\n<p>Poetic realism reached sublime heights with\u00a0<em>Children of Paradise,<\/em>\u00a0widely considered one of the greatest French films of all time. This nimble depiction of nineteenth-century Paris\u2019s theatrical demimonde, filmed during World War II, follows a mysterious woman (Arletty) loved by four different men (all based on historical figures): an actor, a criminal, a count, and, most poignantly, a mime (Jean-Louis Barrault, in a longing-suffused performance for the ages). With sensitivity and dramatic \u00e9lan, director Marcel Carn\u00e9 and screenwriter Jacques Pr\u00e9vert resurrect a world teeming with hucksters and aristocrats, thieves and courtesans, pimps and seers. And thanks to a major new restoration, this iconic classic looks and sounds richer and more detailed than ever.<\/p>\n<p><em><strong>October 12 &#8211; La Grande Illusion, directed by Jean Renoir, 1937, 114\u00a0min, France\u00a0<\/strong><\/em><\/p>\n<p>One of the very first prison escape movies,\u00a0<em>La\u00a0Grande Illusion<\/em>\u00a0is hailed as one of the greatest films ever made. Jean Renoir&#8217;s antiwar masterpiece stars Jean Gabin and Pierre Fresnay as French soldiers held in a World War I German prison camp, and Erich von Stroheim as the unforgettable Captain von Rauffenstein.<\/p>\n<p><strong><em>October 26 &#8211; Rendez-vous de Juillet,\u00a0directed by Jacques Becker, 1949, 112 min, France<\/em><\/strong><\/p>\n<p>Teenager, Lucien aspires to become a filmmaker, and to that end organizes his friends into a film unit. The young cineastes hope to make a journey into Africa, there to film an uncompromisingly realistic documentary. Amusingly, Lucien and his friends are shown to be rather ill-equipped for real life, shuttling as they do between theatre classes, jazz bars, and coffee houses.<\/p>\n<p><strong><em>November 09 &#8211; Jules and Jim,\u00a0directed by Fran\u00e7ois Truffaut, 1962, 115 min, France<\/em><\/strong><\/p>\n<p>Paris, in the 1900s: Jules, German, and Jim, French, two artist friends, are in love with the same woman, Catherine. It is Jules who marries Catherine. They are separated by war. They meet again in 1918. Catherine doesn&#8217;t love Jules anymore and falls in love with Jim. The film is based on Henri-Pierre Roch\u00e9&#8217;s 1953 semi-autobiographical novel describing his relationship with young writer Franz Hessel and Helen Grund, whom Hessel married. Truffaut came across the book in the mid-1950s while browsing through some secondhand books at a shop along the Seine in Paris.\u00a0<\/p>\n","protected":false},"featured_media":58412,"menu_order":0,"template":"","app_discipline":[219],"app_city_tax":[226],"app_event_type":[239],"class_list":["post-58415","app_event","type-app_event","status-publish","has-post-thumbnail","hentry","app_discipline-cinema","app_city_tax-dc","app_event_type-film"],"acf":[],"yoast_head":"<!-- This site is optimized with the Yoast SEO plugin v27.3 - https:\/\/yoast.com\/product\/yoast-seo-wordpress\/ -->\n<title>French Essentials, a Film Selection Curated by Justice G. Breyer - Villa Albertine<\/title>\n<meta name=\"robots\" content=\"index, follow, max-snippet:-1, max-image-preview:large, max-video-preview:-1\" \/>\n<link rel=\"canonical\" href=\"https:\/\/villa-albertine.org\/va\/events\/french-essentials-film-selection-curated-justice-g-breyer\/\" \/>\n<meta property=\"og:locale\" content=\"en_US\" \/>\n<meta property=\"og:type\" content=\"article\" \/>\n<meta property=\"og:title\" content=\"French Essentials, a Film Selection Curated by Justice G. Breyer - Villa Albertine\" \/>\n<meta property=\"og:description\" content=\"French Essentials, a selection curated by Justice G. Breyer\u00a0 \u00a0 September 28 &#8211; Children of Paradise, directed by Marcel Carn\u00e9 and written by Jacques Pr\u00e9vert, 1945,\u00a0190\u00a0min, France Poetic realism reached sublime heights with\u00a0Children of Paradise,\u00a0widely considered one of the greatest French films of all time. This nimble depiction of nineteenth-century Paris\u2019s theatrical demimonde, filmed during...\" \/>\n<meta property=\"og:url\" content=\"https:\/\/villa-albertine.org\/va\/events\/french-essentials-film-selection-curated-justice-g-breyer\/\" \/>\n<meta property=\"og:site_name\" content=\"Villa Albertine\" \/>\n<meta property=\"article:modified_time\" content=\"2023-08-23T07:38:33+00:00\" \/>\n<meta property=\"og:image\" content=\"https:\/\/villa-albertine.org\/wp-content\/uploads\/2023\/08\/jules-et-jim-bridge-1108x0-c-default.jpg\" \/>\n\t<meta property=\"og:image:width\" content=\"1108\" \/>\n\t<meta property=\"og:image:height\" content=\"831\" \/>\n\t<meta property=\"og:image:type\" content=\"image\/jpeg\" \/>\n<meta name=\"twitter:card\" content=\"summary_large_image\" \/>\n<meta name=\"twitter:label1\" content=\"Est. reading time\" \/>\n\t<meta name=\"twitter:data1\" content=\"2 minutes\" \/>\n<script type=\"application\/ld+json\" class=\"yoast-schema-graph\">{\"@context\":\"https:\\\/\\\/schema.org\",\"@graph\":[{\"@type\":\"WebPage\",\"@id\":\"https:\\\/\\\/villa-albertine.org\\\/va\\\/events\\\/french-essentials-film-selection-curated-justice-g-breyer\\\/\",\"url\":\"https:\\\/\\\/villa-albertine.org\\\/va\\\/events\\\/french-essentials-film-selection-curated-justice-g-breyer\\\/\",\"name\":\"French Essentials, a Film Selection Curated by Justice G. Breyer - Villa Albertine\",\"isPartOf\":{\"@id\":\"https:\\\/\\\/villa-albertine.org\\\/va\\\/#website\"},\"primaryImageOfPage\":{\"@id\":\"https:\\\/\\\/villa-albertine.org\\\/va\\\/events\\\/french-essentials-film-selection-curated-justice-g-breyer\\\/#primaryimage\"},\"image\":{\"@id\":\"https:\\\/\\\/villa-albertine.org\\\/va\\\/events\\\/french-essentials-film-selection-curated-justice-g-breyer\\\/#primaryimage\"},\"thumbnailUrl\":\"https:\\\/\\\/villa-albertine.org\\\/wp-content\\\/uploads\\\/2023\\\/08\\\/jules-et-jim-bridge-1108x0-c-default.jpg\",\"datePublished\":\"2021-10-14T15:44:34+00:00\",\"dateModified\":\"2023-08-23T07:38:33+00:00\",\"breadcrumb\":{\"@id\":\"https:\\\/\\\/villa-albertine.org\\\/va\\\/events\\\/french-essentials-film-selection-curated-justice-g-breyer\\\/#breadcrumb\"},\"inLanguage\":\"en-US\",\"potentialAction\":[{\"@type\":\"ReadAction\",\"target\":[\"https:\\\/\\\/villa-albertine.org\\\/va\\\/events\\\/french-essentials-film-selection-curated-justice-g-breyer\\\/\"]}]},{\"@type\":\"ImageObject\",\"inLanguage\":\"en-US\",\"@id\":\"https:\\\/\\\/villa-albertine.org\\\/va\\\/events\\\/french-essentials-film-selection-curated-justice-g-breyer\\\/#primaryimage\",\"url\":\"https:\\\/\\\/villa-albertine.org\\\/wp-content\\\/uploads\\\/2023\\\/08\\\/jules-et-jim-bridge-1108x0-c-default.jpg\",\"contentUrl\":\"https:\\\/\\\/villa-albertine.org\\\/wp-content\\\/uploads\\\/2023\\\/08\\\/jules-et-jim-bridge-1108x0-c-default.jpg\",\"width\":1108,\"height\":831},{\"@type\":\"BreadcrumbList\",\"@id\":\"https:\\\/\\\/villa-albertine.org\\\/va\\\/events\\\/french-essentials-film-selection-curated-justice-g-breyer\\\/#breadcrumb\",\"itemListElement\":[{\"@type\":\"ListItem\",\"position\":1,\"name\":\"Home\",\"item\":\"https:\\\/\\\/villa-albertine.org\\\/va\\\/\"},{\"@type\":\"ListItem\",\"position\":2,\"name\":\"French Essentials, a Film Selection Curated by Justice G. Breyer\"}]},{\"@type\":\"WebSite\",\"@id\":\"https:\\\/\\\/villa-albertine.org\\\/va\\\/#website\",\"url\":\"https:\\\/\\\/villa-albertine.org\\\/va\\\/\",\"name\":\"Villa Albertine\",\"description\":\"\",\"potentialAction\":[{\"@type\":\"SearchAction\",\"target\":{\"@type\":\"EntryPoint\",\"urlTemplate\":\"https:\\\/\\\/villa-albertine.org\\\/va\\\/?s={search_term_string}\"},\"query-input\":{\"@type\":\"PropertyValueSpecification\",\"valueRequired\":true,\"valueName\":\"search_term_string\"}}],\"inLanguage\":\"en-US\"}]}<\/script>\n<!-- \/ Yoast SEO plugin. -->","yoast_head_json":{"title":"French Essentials, a Film Selection Curated by Justice G. Breyer - Villa Albertine","robots":{"index":"index","follow":"follow","max-snippet":"max-snippet:-1","max-image-preview":"max-image-preview:large","max-video-preview":"max-video-preview:-1"},"canonical":"https:\/\/villa-albertine.org\/va\/events\/french-essentials-film-selection-curated-justice-g-breyer\/","og_locale":"en_US","og_type":"article","og_title":"French Essentials, a Film Selection Curated by Justice G. Breyer - Villa Albertine","og_description":"French Essentials, a selection curated by Justice G. Breyer\u00a0 \u00a0 September 28 &#8211; Children of Paradise, directed by Marcel Carn\u00e9 and written by Jacques Pr\u00e9vert, 1945,\u00a0190\u00a0min, France Poetic realism reached sublime heights with\u00a0Children of Paradise,\u00a0widely considered one of the greatest French films of all time. This nimble depiction of nineteenth-century Paris\u2019s theatrical demimonde, filmed during...","og_url":"https:\/\/villa-albertine.org\/va\/events\/french-essentials-film-selection-curated-justice-g-breyer\/","og_site_name":"Villa Albertine","article_modified_time":"2023-08-23T07:38:33+00:00","og_image":[{"width":1108,"height":831,"url":"https:\/\/villa-albertine.org\/wp-content\/uploads\/2023\/08\/jules-et-jim-bridge-1108x0-c-default.jpg","type":"image\/jpeg"}],"twitter_card":"summary_large_image","twitter_misc":{"Est. reading time":"2 minutes"},"schema":{"@context":"https:\/\/schema.org","@graph":[{"@type":"WebPage","@id":"https:\/\/villa-albertine.org\/va\/events\/french-essentials-film-selection-curated-justice-g-breyer\/","url":"https:\/\/villa-albertine.org\/va\/events\/french-essentials-film-selection-curated-justice-g-breyer\/","name":"French Essentials, a Film Selection Curated by Justice G. Breyer - Villa Albertine","isPartOf":{"@id":"https:\/\/villa-albertine.org\/va\/#website"},"primaryImageOfPage":{"@id":"https:\/\/villa-albertine.org\/va\/events\/french-essentials-film-selection-curated-justice-g-breyer\/#primaryimage"},"image":{"@id":"https:\/\/villa-albertine.org\/va\/events\/french-essentials-film-selection-curated-justice-g-breyer\/#primaryimage"},"thumbnailUrl":"https:\/\/villa-albertine.org\/wp-content\/uploads\/2023\/08\/jules-et-jim-bridge-1108x0-c-default.jpg","datePublished":"2021-10-14T15:44:34+00:00","dateModified":"2023-08-23T07:38:33+00:00","breadcrumb":{"@id":"https:\/\/villa-albertine.org\/va\/events\/french-essentials-film-selection-curated-justice-g-breyer\/#breadcrumb"},"inLanguage":"en-US","potentialAction":[{"@type":"ReadAction","target":["https:\/\/villa-albertine.org\/va\/events\/french-essentials-film-selection-curated-justice-g-breyer\/"]}]},{"@type":"ImageObject","inLanguage":"en-US","@id":"https:\/\/villa-albertine.org\/va\/events\/french-essentials-film-selection-curated-justice-g-breyer\/#primaryimage","url":"https:\/\/villa-albertine.org\/wp-content\/uploads\/2023\/08\/jules-et-jim-bridge-1108x0-c-default.jpg","contentUrl":"https:\/\/villa-albertine.org\/wp-content\/uploads\/2023\/08\/jules-et-jim-bridge-1108x0-c-default.jpg","width":1108,"height":831},{"@type":"BreadcrumbList","@id":"https:\/\/villa-albertine.org\/va\/events\/french-essentials-film-selection-curated-justice-g-breyer\/#breadcrumb","itemListElement":[{"@type":"ListItem","position":1,"name":"Home","item":"https:\/\/villa-albertine.org\/va\/"},{"@type":"ListItem","position":2,"name":"French Essentials, a Film Selection Curated by Justice G. Breyer"}]},{"@type":"WebSite","@id":"https:\/\/villa-albertine.org\/va\/#website","url":"https:\/\/villa-albertine.org\/va\/","name":"Villa Albertine","description":"","potentialAction":[{"@type":"SearchAction","target":{"@type":"EntryPoint","urlTemplate":"https:\/\/villa-albertine.org\/va\/?s={search_term_string}"},"query-input":{"@type":"PropertyValueSpecification","valueRequired":true,"valueName":"search_term_string"}}],"inLanguage":"en-US"}]}},"_links":{"self":[{"href":"https:\/\/villa-albertine.org\/va\/wp-json\/wp\/v2\/app_event\/58415","targetHints":{"allow":["GET"]}}],"collection":[{"href":"https:\/\/villa-albertine.org\/va\/wp-json\/wp\/v2\/app_event"}],"about":[{"href":"https:\/\/villa-albertine.org\/va\/wp-json\/wp\/v2\/types\/app_event"}],"wp:featuredmedia":[{"embeddable":true,"href":"https:\/\/villa-albertine.org\/va\/wp-json\/wp\/v2\/media\/58412"}],"wp:attachment":[{"href":"https:\/\/villa-albertine.org\/va\/wp-json\/wp\/v2\/media?parent=58415"}],"wp:term":[{"taxonomy":"app_discipline","embeddable":true,"href":"https:\/\/villa-albertine.org\/va\/wp-json\/wp\/v2\/app_discipline?post=58415"},{"taxonomy":"app_city_tax","embeddable":true,"href":"https:\/\/villa-albertine.org\/va\/wp-json\/wp\/v2\/app_city_tax?post=58415"},{"taxonomy":"app_event_type","embeddable":true,"href":"https:\/\/villa-albertine.org\/va\/wp-json\/wp\/v2\/app_event_type?post=58415"}],"curies":[{"name":"wp","href":"https:\/\/api.w.org\/{rel}","templated":true}]}}

<p><em><strong>French Essentials, a selection curated by Justice G. Breyer </strong></em></p>
<p> </p>
<p><em><strong>September 28 &#8211; Children of Paradise, directed by Marcel Carné and written by Jacques Prévert, 1945, 190 min, France</strong></em></p>
<p>Poetic realism reached sublime heights with <em>Children of Paradise,</em> widely considered one of the greatest French films of all time. This nimble depiction of nineteenth-century Paris’s theatrical demimonde, filmed during World War II, follows a mysterious woman (Arletty) loved by four different men (all based on historical figures): an actor, a criminal, a count, and, most poignantly, a mime (Jean-Louis Barrault, in a longing-suffused performance for the ages). With sensitivity and dramatic élan, director Marcel Carné and screenwriter Jacques Prévert resurrect a world teeming with hucksters and aristocrats, thieves and courtesans, pimps and seers. And thanks to a major new restoration, this iconic classic looks and sounds richer and more detailed than ever.</p>
<p><em><strong>October 12 &#8211; La Grande Illusion, directed by Jean Renoir, 1937, 114 min, France </strong></em></p>
<p>One of the very first prison escape movies, <em>La Grande Illusion</em> is hailed as one of the greatest films ever made. Jean Renoir&#8217;s antiwar masterpiece stars Jean Gabin and Pierre Fresnay as French soldiers held in a World War I German prison camp, and Erich von Stroheim as the unforgettable Captain von Rauffenstein.</p>
<p><strong><em>October 26 &#8211; Rendez-vous de Juillet, directed by Jacques Becker, 1949, 112 min, France</em></strong></p>
<p>Teenager, Lucien aspires to become a filmmaker, and to that end organizes his friends into a film unit. The young cineastes hope to make a journey into Africa, there to film an uncompromisingly realistic documentary. Amusingly, Lucien and his friends are shown to be rather ill-equipped for real life, shuttling as they do between theatre classes, jazz bars, and coffee houses.</p>
<p><strong><em>November 09 &#8211; Jules and Jim, directed by François Truffaut, 1962, 115 min, France</em></strong></p>
<p>Paris, in the 1900s: Jules, German, and Jim, French, two artist friends, are in love with the same woman, Catherine. It is Jules who marries Catherine. They are separated by war. They meet again in 1918. Catherine doesn&#8217;t love Jules anymore and falls in love with Jim. The film is based on Henri-Pierre Roché&#8217;s 1953 semi-autobiographical novel describing his relationship with young writer Franz Hessel and Helen Grund, whom Hessel married. Truffaut came across the book in the mid-1950s while browsing through some secondhand books at a shop along the Seine in Paris. </p>

<!-- This site is optimized with the Yoast SEO plugin v27.3 - https://yoast.com/product/yoast-seo-wordpress/ -->
<title>French Essentials, a Film Selection Curated by Justice G. Breyer - Villa Albertine</title>
<meta name="robots" content="index, follow, max-snippet:-1, max-image-preview:large, max-video-preview:-1" />
<link rel="canonical" href="https://villa-albertine.org/va/events/french-essentials-film-selection-curated-justice-g-breyer/" />
<meta property="og:locale" content="en_US" />
<meta property="og:type" content="article" />
<meta property="og:title" content="French Essentials, a Film Selection Curated by Justice G. Breyer - Villa Albertine" />
<meta property="og:description" content="French Essentials, a selection curated by Justice G. Breyer    September 28 &#8211; Children of Paradise, directed by Marcel Carné and written by Jacques Prévert, 1945, 190 min, France Poetic realism reached sublime heights with Children of Paradise, widely considered one of the greatest French films of all time. This nimble depiction of nineteenth-century Paris’s theatrical demimonde, filmed during..." />
<meta property="og:url" content="https://villa-albertine.org/va/events/french-essentials-film-selection-curated-justice-g-breyer/" />
<meta property="og:site_name" content="Villa Albertine" />
<meta property="article:modified_time" content="2023-08-23T07:38:33+00:00" />
<meta property="og:image" content="https://villa-albertine.org/wp-content/uploads/2023/08/jules-et-jim-bridge-1108x0-c-default.jpg" />
	<meta property="og:image:width" content="1108" />
	<meta property="og:image:height" content="831" />
	<meta property="og:image:type" content="image/jpeg" />
<meta name="twitter:card" content="summary_large_image" />
<meta name="twitter:label1" content="Est. reading time" />
	<meta name="twitter:data1" content="2 minutes" />
<script type="application/ld+json" class="yoast-schema-graph">{"@context":"https:\/\/schema.org","@graph":[{"@type":"WebPage","@id":"https:\/\/villa-albertine.org\/va\/events\/french-essentials-film-selection-curated-justice-g-breyer\/","url":"https:\/\/villa-albertine.org\/va\/events\/french-essentials-film-selection-curated-justice-g-breyer\/","name":"French Essentials, a Film Selection Curated by Justice G. Breyer - Villa Albertine","isPartOf":{"@id":"https:\/\/villa-albertine.org\/va\/#website"},"primaryImageOfPage":{"@id":"https:\/\/villa-albertine.org\/va\/events\/french-essentials-film-selection-curated-justice-g-breyer\/#primaryimage"},"image":{"@id":"https:\/\/villa-albertine.org\/va\/events\/french-essentials-film-selection-curated-justice-g-breyer\/#primaryimage"},"thumbnailUrl":"https:\/\/villa-albertine.org\/wp-content\/uploads\/2023\/08\/jules-et-jim-bridge-1108x0-c-default.jpg","datePublished":"2021-10-14T15:44:34+00:00","dateModified":"2023-08-23T07:38:33+00:00","breadcrumb":{"@id":"https:\/\/villa-albertine.org\/va\/events\/french-essentials-film-selection-curated-justice-g-breyer\/#breadcrumb"},"inLanguage":"en-US","potentialAction":[{"@type":"ReadAction","target":["https:\/\/villa-albertine.org\/va\/events\/french-essentials-film-selection-curated-justice-g-breyer\/"]}]},{"@type":"ImageObject","inLanguage":"en-US","@id":"https:\/\/villa-albertine.org\/va\/events\/french-essentials-film-selection-curated-justice-g-breyer\/#primaryimage","url":"https:\/\/villa-albertine.org\/wp-content\/uploads\/2023\/08\/jules-et-jim-bridge-1108x0-c-default.jpg","contentUrl":"https:\/\/villa-albertine.org\/wp-content\/uploads\/2023\/08\/jules-et-jim-bridge-1108x0-c-default.jpg","width":1108,"height":831},{"@type":"BreadcrumbList","@id":"https:\/\/villa-albertine.org\/va\/events\/french-essentials-film-selection-curated-justice-g-breyer\/#breadcrumb","itemListElement":[{"@type":"ListItem","position":1,"name":"Home","item":"https:\/\/villa-albertine.org\/va\/"},{"@type":"ListItem","position":2,"name":"French Essentials, a Film Selection Curated by Justice G. Breyer"}]},{"@type":"WebSite","@id":"https:\/\/villa-albertine.org\/va\/#website","url":"https:\/\/villa-albertine.org\/va\/","name":"Villa Albertine","description":"","potentialAction":[{"@type":"SearchAction","target":{"@type":"EntryPoint","urlTemplate":"https:\/\/villa-albertine.org\/va\/?s={search_term_string}"},"query-input":{"@type":"PropertyValueSpecification","valueRequired":true,"valueName":"search_term_string"}}],"inLanguage":"en-US"}]}</script>
<!-- / Yoast SEO plugin. -->

French Essentials, a selection curated by Justice G. Breyer    September 28 &#8211; Children of Paradise, directed by Marcel Carné and written by Jacques Prévert, 1945, 190 min, France Poetic realism reached sublime heights with Children of Paradise, widely considered one of the greatest French films of all time. This nimble depiction of nineteenth-century Paris’s theatrical demimonde, filmed during...
