{"id":58393,"date":"2021-10-15T16:56:08","date_gmt":"2021-10-15T16:56:08","guid":{"rendered":"https:\/\/villa-albertine.org\/events\/city-immortals-festival\/"},"modified":"2023-08-23T07:38:30","modified_gmt":"2023-08-23T07:38:30","slug":"city-immortals-festival","status":"publish","type":"app_event","link":"https:\/\/villa-albertine.org\/va\/events\/city-immortals-festival\/","title":{"rendered":"City of Immortals Festival"},"content":{"rendered":"<p>The Th\u00e9\u00e2tre Raymond Kabbaz (TRK) proudly presents the <a href=\"https:\/\/www.theatreraymondkabbaz.com\/upcoming-events-1\/2021\/11\/6\/city-of-immortals\"><u>City of Immortals<\/u><\/a>, a French interpretation of D\u00eda de los Muertos, celebrating life and the immortality of the arts. This new festival recalls the great artists buried in Paris\u2019s P\u00e8re-Lachaise cemetery, whose souls are still alive and mingling in the afterlife.<\/p>\n<p>Adapted from Carolyn Campbell\u2019s bestselling book <em>City of Immortals<\/em>, the festival pays tribute to the enduring masterworks of celebrated artists spanning the centuries and joined together in the afterlife\u2014on-stage at Th\u00e9\u00e2tre Raymond Kabbaz. Through photos, literature, music, dance, film, art, books, and food, the eclectic festival pays homage to Fr\u00e9d\u00e9ric Chopin, \u00c9dith Piaf, St\u00e9phane Grappelli, Colette, Jim Morrison, and many more names who long ago found fame through their artistic achievements and whose works live on today.<\/p>\n<p>This event is a day-long festival that includes a screening of <a href=\"https:\/\/icarusfilms.com\/if-fore\"><em><u>Forever<\/u><\/em><\/a> by Heddy Honigmann (in French with English subtitles), a multi-artist performance including dance, literature, art, a photography exhibition, food and wine, and more!<\/p>\n<p>\u00a0<\/p>\n<p>\u00a0<\/p>\n<p><strong>Festival Schedule:<\/strong><\/p>\n<p>\u00a0<\/p>\n<p><strong>3:00 pm \u2013 10:00 pm: Photography exhibition<\/strong> by Carolyn Campbell<\/p>\n<p><strong>4:00 pm: Film screening <\/strong>of the documentary film <em>Forever<\/em> by Heddy Honigmann\u00a0<\/p>\n<ul>\n<li>Through a leisurely tour of the world-famous P\u00e8re-Lachaise cemetery in Paris, the final resting place for legendary writers, composers, painters, and other artists from around the world, <em>Forever<\/em> provides an unusually poignant, emotionally powerful meditation and questioning on relations between the living and the dead, and the immortal power of art. Immortality exists through the arts.<\/li>\n<\/ul>\n<p><strong>5:30 pm: Illustrated presentation and Q&amp;A<\/strong> with Carolyn Campbell following the screening<\/p>\n<p><strong>6:45 pm \u2013 7:15 pm: Book signing<\/strong>\u00a0with author of <em>City of Immortals, <\/em>Carolyn Campbell<\/p>\n<p><strong>7:30 pm \u2013 9:30 pm: <em>City of Immortals<\/em> performances<\/strong> of the works of P\u00e8re-Lachaise artists preceded by illustrated conversation<\/p>\n<p><strong>9:30 pm \u2013 10:00 pm: Book signing\u00a0<\/strong><\/p>\n<p>\u00a0<\/p>\n<p><strong>Buy Tickets: <\/strong><a href=\"https:\/\/trkcityofimmortals.eventive.org\/welcome\"><strong><u>https:\/\/trkcityofimmortals.eventive.org\/welcome<\/u><\/strong><\/a><strong>\u00a0<\/strong><\/p>\n<p>\u00a0<\/p>\n<p>Options:\u00a0<\/p>\n<p>$15 Movie Pass, 3:00 pm \u2013 7:15 pm<\/p>\n<ul>\n<li>Includes screening of Forever by Heddy Honigmann, followed by illustrated conversation with Carolyn Campbell, <em>City of Immortals<\/em> book signing, and access to the <em>City of Immortals<\/em> photography exhibition.\u00a0<\/li>\n<\/ul>\n<p>$25 Performance Pass, 6:00 pm \u2013 10:00 pm\u00a0<\/p>\n<ul>\n<li>Includes <em>City of Immortals<\/em> performances preceded by illustrated conversation with Carolyn Campbell, <em>City of Immortals<\/em> book signing, and access to the\u00a0<em>City of Immortals<\/em> photography exhibition.<\/li>\n<\/ul>\n<p>\u00a0$35 All Access Pass, 3:00 pm \u2013 10:00 pm<\/p>\n<ul>\n<li>Includes All of the Above<\/li>\n<\/ul>\n","protected":false},"featured_media":58391,"menu_order":0,"template":"","app_discipline":[227],"app_city_tax":[220],"app_event_type":[237],"class_list":["post-58393","app_event","type-app_event","status-publish","has-post-thumbnail","hentry","app_discipline-performing-arts","app_city_tax-la","app_event_type-festival"],"acf":[],"yoast_head":"<!-- This site is optimized with the Yoast SEO plugin v27.3 - https:\/\/yoast.com\/product\/yoast-seo-wordpress\/ -->\n<title>City of Immortals Festival - Villa Albertine<\/title>\n<meta name=\"robots\" content=\"index, follow, max-snippet:-1, max-image-preview:large, max-video-preview:-1\" \/>\n<link rel=\"canonical\" href=\"https:\/\/villa-albertine.org\/va\/events\/city-immortals-festival\/\" \/>\n<meta property=\"og:locale\" content=\"en_US\" \/>\n<meta property=\"og:type\" content=\"article\" \/>\n<meta property=\"og:title\" content=\"City of Immortals Festival - Villa Albertine\" \/>\n<meta property=\"og:description\" content=\"The Th\u00e9\u00e2tre Raymond Kabbaz (TRK) proudly presents the City of Immortals, a French interpretation of D\u00eda de los Muertos, celebrating life and the immortality of the arts. This new festival recalls the great artists buried in Paris\u2019s P\u00e8re-Lachaise cemetery, whose souls are still alive and mingling in the afterlife. Adapted from Carolyn Campbell\u2019s bestselling book...\" \/>\n<meta property=\"og:url\" content=\"https:\/\/villa-albertine.org\/va\/events\/city-immortals-festival\/\" \/>\n<meta property=\"og:site_name\" content=\"Villa Albertine\" \/>\n<meta property=\"article:modified_time\" content=\"2023-08-23T07:38:30+00:00\" \/>\n<meta property=\"og:image\" content=\"https:\/\/villa-albertine.org\/wp-content\/uploads\/2023\/08\/city20of20immortals.jpg\" \/>\n\t<meta property=\"og:image:width\" content=\"1392\" \/>\n\t<meta property=\"og:image:height\" content=\"683\" \/>\n\t<meta property=\"og:image:type\" content=\"image\/jpeg\" \/>\n<meta name=\"twitter:card\" content=\"summary_large_image\" \/>\n<meta name=\"twitter:label1\" content=\"Est. reading time\" \/>\n\t<meta name=\"twitter:data1\" content=\"2 minutes\" \/>\n<script type=\"application\/ld+json\" class=\"yoast-schema-graph\">{\"@context\":\"https:\\\/\\\/schema.org\",\"@graph\":[{\"@type\":\"WebPage\",\"@id\":\"https:\\\/\\\/villa-albertine.org\\\/va\\\/events\\\/city-immortals-festival\\\/\",\"url\":\"https:\\\/\\\/villa-albertine.org\\\/va\\\/events\\\/city-immortals-festival\\\/\",\"name\":\"City of Immortals Festival - Villa Albertine\",\"isPartOf\":{\"@id\":\"https:\\\/\\\/villa-albertine.org\\\/va\\\/#website\"},\"primaryImageOfPage\":{\"@id\":\"https:\\\/\\\/villa-albertine.org\\\/va\\\/events\\\/city-immortals-festival\\\/#primaryimage\"},\"image\":{\"@id\":\"https:\\\/\\\/villa-albertine.org\\\/va\\\/events\\\/city-immortals-festival\\\/#primaryimage\"},\"thumbnailUrl\":\"https:\\\/\\\/villa-albertine.org\\\/wp-content\\\/uploads\\\/2023\\\/08\\\/city20of20immortals.jpg\",\"datePublished\":\"2021-10-15T16:56:08+00:00\",\"dateModified\":\"2023-08-23T07:38:30+00:00\",\"breadcrumb\":{\"@id\":\"https:\\\/\\\/villa-albertine.org\\\/va\\\/events\\\/city-immortals-festival\\\/#breadcrumb\"},\"inLanguage\":\"en-US\",\"potentialAction\":[{\"@type\":\"ReadAction\",\"target\":[\"https:\\\/\\\/villa-albertine.org\\\/va\\\/events\\\/city-immortals-festival\\\/\"]}]},{\"@type\":\"ImageObject\",\"inLanguage\":\"en-US\",\"@id\":\"https:\\\/\\\/villa-albertine.org\\\/va\\\/events\\\/city-immortals-festival\\\/#primaryimage\",\"url\":\"https:\\\/\\\/villa-albertine.org\\\/wp-content\\\/uploads\\\/2023\\\/08\\\/city20of20immortals.jpg\",\"contentUrl\":\"https:\\\/\\\/villa-albertine.org\\\/wp-content\\\/uploads\\\/2023\\\/08\\\/city20of20immortals.jpg\",\"width\":1392,\"height\":683},{\"@type\":\"BreadcrumbList\",\"@id\":\"https:\\\/\\\/villa-albertine.org\\\/va\\\/events\\\/city-immortals-festival\\\/#breadcrumb\",\"itemListElement\":[{\"@type\":\"ListItem\",\"position\":1,\"name\":\"Home\",\"item\":\"https:\\\/\\\/villa-albertine.org\\\/va\\\/\"},{\"@type\":\"ListItem\",\"position\":2,\"name\":\"City of Immortals Festival\"}]},{\"@type\":\"WebSite\",\"@id\":\"https:\\\/\\\/villa-albertine.org\\\/va\\\/#website\",\"url\":\"https:\\\/\\\/villa-albertine.org\\\/va\\\/\",\"name\":\"Villa Albertine\",\"description\":\"\",\"potentialAction\":[{\"@type\":\"SearchAction\",\"target\":{\"@type\":\"EntryPoint\",\"urlTemplate\":\"https:\\\/\\\/villa-albertine.org\\\/va\\\/?s={search_term_string}\"},\"query-input\":{\"@type\":\"PropertyValueSpecification\",\"valueRequired\":true,\"valueName\":\"search_term_string\"}}],\"inLanguage\":\"en-US\"}]}<\/script>\n<!-- \/ Yoast SEO plugin. -->","yoast_head_json":{"title":"City of Immortals Festival - Villa Albertine","robots":{"index":"index","follow":"follow","max-snippet":"max-snippet:-1","max-image-preview":"max-image-preview:large","max-video-preview":"max-video-preview:-1"},"canonical":"https:\/\/villa-albertine.org\/va\/events\/city-immortals-festival\/","og_locale":"en_US","og_type":"article","og_title":"City of Immortals Festival - Villa Albertine","og_description":"The Th\u00e9\u00e2tre Raymond Kabbaz (TRK) proudly presents the City of Immortals, a French interpretation of D\u00eda de los Muertos, celebrating life and the immortality of the arts. This new festival recalls the great artists buried in Paris\u2019s P\u00e8re-Lachaise cemetery, whose souls are still alive and mingling in the afterlife. Adapted from Carolyn Campbell\u2019s bestselling book...","og_url":"https:\/\/villa-albertine.org\/va\/events\/city-immortals-festival\/","og_site_name":"Villa Albertine","article_modified_time":"2023-08-23T07:38:30+00:00","og_image":[{"width":1392,"height":683,"url":"https:\/\/villa-albertine.org\/wp-content\/uploads\/2023\/08\/city20of20immortals.jpg","type":"image\/jpeg"}],"twitter_card":"summary_large_image","twitter_misc":{"Est. reading time":"2 minutes"},"schema":{"@context":"https:\/\/schema.org","@graph":[{"@type":"WebPage","@id":"https:\/\/villa-albertine.org\/va\/events\/city-immortals-festival\/","url":"https:\/\/villa-albertine.org\/va\/events\/city-immortals-festival\/","name":"City of Immortals Festival - Villa Albertine","isPartOf":{"@id":"https:\/\/villa-albertine.org\/va\/#website"},"primaryImageOfPage":{"@id":"https:\/\/villa-albertine.org\/va\/events\/city-immortals-festival\/#primaryimage"},"image":{"@id":"https:\/\/villa-albertine.org\/va\/events\/city-immortals-festival\/#primaryimage"},"thumbnailUrl":"https:\/\/villa-albertine.org\/wp-content\/uploads\/2023\/08\/city20of20immortals.jpg","datePublished":"2021-10-15T16:56:08+00:00","dateModified":"2023-08-23T07:38:30+00:00","breadcrumb":{"@id":"https:\/\/villa-albertine.org\/va\/events\/city-immortals-festival\/#breadcrumb"},"inLanguage":"en-US","potentialAction":[{"@type":"ReadAction","target":["https:\/\/villa-albertine.org\/va\/events\/city-immortals-festival\/"]}]},{"@type":"ImageObject","inLanguage":"en-US","@id":"https:\/\/villa-albertine.org\/va\/events\/city-immortals-festival\/#primaryimage","url":"https:\/\/villa-albertine.org\/wp-content\/uploads\/2023\/08\/city20of20immortals.jpg","contentUrl":"https:\/\/villa-albertine.org\/wp-content\/uploads\/2023\/08\/city20of20immortals.jpg","width":1392,"height":683},{"@type":"BreadcrumbList","@id":"https:\/\/villa-albertine.org\/va\/events\/city-immortals-festival\/#breadcrumb","itemListElement":[{"@type":"ListItem","position":1,"name":"Home","item":"https:\/\/villa-albertine.org\/va\/"},{"@type":"ListItem","position":2,"name":"City of Immortals Festival"}]},{"@type":"WebSite","@id":"https:\/\/villa-albertine.org\/va\/#website","url":"https:\/\/villa-albertine.org\/va\/","name":"Villa Albertine","description":"","potentialAction":[{"@type":"SearchAction","target":{"@type":"EntryPoint","urlTemplate":"https:\/\/villa-albertine.org\/va\/?s={search_term_string}"},"query-input":{"@type":"PropertyValueSpecification","valueRequired":true,"valueName":"search_term_string"}}],"inLanguage":"en-US"}]}},"_links":{"self":[{"href":"https:\/\/villa-albertine.org\/va\/wp-json\/wp\/v2\/app_event\/58393","targetHints":{"allow":["GET"]}}],"collection":[{"href":"https:\/\/villa-albertine.org\/va\/wp-json\/wp\/v2\/app_event"}],"about":[{"href":"https:\/\/villa-albertine.org\/va\/wp-json\/wp\/v2\/types\/app_event"}],"wp:featuredmedia":[{"embeddable":true,"href":"https:\/\/villa-albertine.org\/va\/wp-json\/wp\/v2\/media\/58391"}],"wp:attachment":[{"href":"https:\/\/villa-albertine.org\/va\/wp-json\/wp\/v2\/media?parent=58393"}],"wp:term":[{"taxonomy":"app_discipline","embeddable":true,"href":"https:\/\/villa-albertine.org\/va\/wp-json\/wp\/v2\/app_discipline?post=58393"},{"taxonomy":"app_city_tax","embeddable":true,"href":"https:\/\/villa-albertine.org\/va\/wp-json\/wp\/v2\/app_city_tax?post=58393"},{"taxonomy":"app_event_type","embeddable":true,"href":"https:\/\/villa-albertine.org\/va\/wp-json\/wp\/v2\/app_event_type?post=58393"}],"curies":[{"name":"wp","href":"https:\/\/api.w.org\/{rel}","templated":true}]}}

<p>The Théâtre Raymond Kabbaz (TRK) proudly presents the <a href="https://www.theatreraymondkabbaz.com/upcoming-events-1/2021/11/6/city-of-immortals"><u>City of Immortals</u></a>, a French interpretation of Día de los Muertos, celebrating life and the immortality of the arts. This new festival recalls the great artists buried in Paris’s Père-Lachaise cemetery, whose souls are still alive and mingling in the afterlife.</p>
<p>Adapted from Carolyn Campbell’s bestselling book <em>City of Immortals</em>, the festival pays tribute to the enduring masterworks of celebrated artists spanning the centuries and joined together in the afterlife—on-stage at Théâtre Raymond Kabbaz. Through photos, literature, music, dance, film, art, books, and food, the eclectic festival pays homage to Frédéric Chopin, Édith Piaf, Stéphane Grappelli, Colette, Jim Morrison, and many more names who long ago found fame through their artistic achievements and whose works live on today.</p>
<p>This event is a day-long festival that includes a screening of <a href="https://icarusfilms.com/if-fore"><em><u>Forever</u></em></a> by Heddy Honigmann (in French with English subtitles), a multi-artist performance including dance, literature, art, a photography exhibition, food and wine, and more!</p>
<p> </p>
<p> </p>
<p><strong>Festival Schedule:</strong></p>
<p> </p>
<p><strong>3:00 pm – 10:00 pm: Photography exhibition</strong> by Carolyn Campbell</p>
<p><strong>4:00 pm: Film screening </strong>of the documentary film <em>Forever</em> by Heddy Honigmann </p>
<ul>
<li>Through a leisurely tour of the world-famous Père-Lachaise cemetery in Paris, the final resting place for legendary writers, composers, painters, and other artists from around the world, <em>Forever</em> provides an unusually poignant, emotionally powerful meditation and questioning on relations between the living and the dead, and the immortal power of art. Immortality exists through the arts.</li>
</ul>
<p><strong>5:30 pm: Illustrated presentation and Q&amp;A</strong> with Carolyn Campbell following the screening</p>
<p><strong>6:45 pm – 7:15 pm: Book signing</strong> with author of <em>City of Immortals, </em>Carolyn Campbell</p>
<p><strong>7:30 pm – 9:30 pm: <em>City of Immortals</em> performances</strong> of the works of Père-Lachaise artists preceded by illustrated conversation</p>
<p><strong>9:30 pm – 10:00 pm: Book signing </strong></p>
<p> </p>
<p><strong>Buy Tickets: </strong><a href="https://trkcityofimmortals.eventive.org/welcome"><strong><u>https://trkcityofimmortals.eventive.org/welcome</u></strong></a><strong> </strong></p>
<p> </p>
<p>Options: </p>
<p>$15 Movie Pass, 3:00 pm – 7:15 pm</p>
<ul>
<li>Includes screening of Forever by Heddy Honigmann, followed by illustrated conversation with Carolyn Campbell, <em>City of Immortals</em> book signing, and access to the <em>City of Immortals</em> photography exhibition. </li>
</ul>
<p>$25 Performance Pass, 6:00 pm – 10:00 pm </p>
<ul>
<li>Includes <em>City of Immortals</em> performances preceded by illustrated conversation with Carolyn Campbell, <em>City of Immortals</em> book signing, and access to the <em>City of Immortals</em> photography exhibition.</li>
</ul>
<p> $35 All Access Pass, 3:00 pm – 10:00 pm</p>
<ul>
<li>Includes All of the Above</li>
</ul>

<!-- This site is optimized with the Yoast SEO plugin v27.3 - https://yoast.com/product/yoast-seo-wordpress/ -->
<title>City of Immortals Festival - Villa Albertine</title>
<meta name="robots" content="index, follow, max-snippet:-1, max-image-preview:large, max-video-preview:-1" />
<link rel="canonical" href="https://villa-albertine.org/va/events/city-immortals-festival/" />
<meta property="og:locale" content="en_US" />
<meta property="og:type" content="article" />
<meta property="og:title" content="City of Immortals Festival - Villa Albertine" />
<meta property="og:description" content="The Théâtre Raymond Kabbaz (TRK) proudly presents the City of Immortals, a French interpretation of Día de los Muertos, celebrating life and the immortality of the arts. This new festival recalls the great artists buried in Paris’s Père-Lachaise cemetery, whose souls are still alive and mingling in the afterlife. Adapted from Carolyn Campbell’s bestselling book..." />
<meta property="og:url" content="https://villa-albertine.org/va/events/city-immortals-festival/" />
<meta property="og:site_name" content="Villa Albertine" />
<meta property="article:modified_time" content="2023-08-23T07:38:30+00:00" />
<meta property="og:image" content="https://villa-albertine.org/wp-content/uploads/2023/08/city20of20immortals.jpg" />
	<meta property="og:image:width" content="1392" />
	<meta property="og:image:height" content="683" />
	<meta property="og:image:type" content="image/jpeg" />
<meta name="twitter:card" content="summary_large_image" />
<meta name="twitter:label1" content="Est. reading time" />
	<meta name="twitter:data1" content="2 minutes" />
<script type="application/ld+json" class="yoast-schema-graph">{"@context":"https:\/\/schema.org","@graph":[{"@type":"WebPage","@id":"https:\/\/villa-albertine.org\/va\/events\/city-immortals-festival\/","url":"https:\/\/villa-albertine.org\/va\/events\/city-immortals-festival\/","name":"City of Immortals Festival - Villa Albertine","isPartOf":{"@id":"https:\/\/villa-albertine.org\/va\/#website"},"primaryImageOfPage":{"@id":"https:\/\/villa-albertine.org\/va\/events\/city-immortals-festival\/#primaryimage"},"image":{"@id":"https:\/\/villa-albertine.org\/va\/events\/city-immortals-festival\/#primaryimage"},"thumbnailUrl":"https:\/\/villa-albertine.org\/wp-content\/uploads\/2023\/08\/city20of20immortals.jpg","datePublished":"2021-10-15T16:56:08+00:00","dateModified":"2023-08-23T07:38:30+00:00","breadcrumb":{"@id":"https:\/\/villa-albertine.org\/va\/events\/city-immortals-festival\/#breadcrumb"},"inLanguage":"en-US","potentialAction":[{"@type":"ReadAction","target":["https:\/\/villa-albertine.org\/va\/events\/city-immortals-festival\/"]}]},{"@type":"ImageObject","inLanguage":"en-US","@id":"https:\/\/villa-albertine.org\/va\/events\/city-immortals-festival\/#primaryimage","url":"https:\/\/villa-albertine.org\/wp-content\/uploads\/2023\/08\/city20of20immortals.jpg","contentUrl":"https:\/\/villa-albertine.org\/wp-content\/uploads\/2023\/08\/city20of20immortals.jpg","width":1392,"height":683},{"@type":"BreadcrumbList","@id":"https:\/\/villa-albertine.org\/va\/events\/city-immortals-festival\/#breadcrumb","itemListElement":[{"@type":"ListItem","position":1,"name":"Home","item":"https:\/\/villa-albertine.org\/va\/"},{"@type":"ListItem","position":2,"name":"City of Immortals Festival"}]},{"@type":"WebSite","@id":"https:\/\/villa-albertine.org\/va\/#website","url":"https:\/\/villa-albertine.org\/va\/","name":"Villa Albertine","description":"","potentialAction":[{"@type":"SearchAction","target":{"@type":"EntryPoint","urlTemplate":"https:\/\/villa-albertine.org\/va\/?s={search_term_string}"},"query-input":{"@type":"PropertyValueSpecification","valueRequired":true,"valueName":"search_term_string"}}],"inLanguage":"en-US"}]}</script>
<!-- / Yoast SEO plugin. -->

The Théâtre Raymond Kabbaz (TRK) proudly presents the City of Immortals, a French interpretation of Día de los Muertos, celebrating life and the immortality of the arts. This new festival recalls the great artists buried in Paris’s Père-Lachaise cemetery, whose souls are still alive and mingling in the afterlife. Adapted from Carolyn Campbell’s bestselling book...
