{"id":580814,"date":"2024-04-22T19:32:55","date_gmt":"2024-04-22T19:32:55","guid":{"rendered":"https:\/\/villa-albertine.org\/?post_type=app_event&#038;p=580814"},"modified":"2024-06-13T17:04:31","modified_gmt":"2024-06-13T17:04:31","slug":"the-odyssey","status":"publish","type":"app_event","link":"https:\/\/villa-albertine.org\/va\/events\/the-odyssey\/","title":{"rendered":"The Odyssey (L&#8217;Odyss\u00e9e)"},"content":{"rendered":"\n<p><strong>The Odyssey (L&#8217;Odyss\u00e9e)<\/strong><br>Directed by J\u00e9r\u00f4me Salle<br>With Lambert Willson, Audrey Tautou, Pierre Niney, Laurent Lucas, and Benjamin Lavernhe \u00a0<br>2016, Drama-Biopic, Rated PG, 2h02, France-Belgium\u00a0\u00a0<\/p>\n\n\n\n<p>Summer 1946. The Cousteau family\u2014Jacques, his wife Simone, and their two children Philippe and Jean-Michel\u2014reside in their beautiful house by the Mediterranean Sea. By day they dive, exploring the depths of the ocean, while by night they watch the stars. It&#8217;s paradise on Earth. But Jacques is never content. He longs to explore the world beneath the sea and believes in the virtues of progress. With his invention, the Aqualung, his recently acquired vessel, the Calypso, and a crew of free-spirited adventurers led by his wife, Jacques is ready to delve where no man has been before&#8230;<\/p>\n\n\n\n<p>Film in French and English with English subtitles.&nbsp;<br>Free and open to the public. Registration is recommended but not required.<\/p>\n\n\n\n<p><em>Presented in partnership with the <a href=\"https:\/\/washingtonsqpark.org\/\">Washington Square Park Conservancy<\/a>.<\/em>&nbsp;<\/p>\n\n\n\n<figure class=\"wp-block-embed is-type-video is-provider-youtube wp-block-embed-youtube wp-embed-aspect-16-9 wp-has-aspect-ratio\"><div class=\"wp-block-embed__wrapper\">\n<iframe loading=\"lazy\" title=\"The Odyssey \/ L&#039;Odyss\u00e9e (2016) - Trailer (English Subs)\" width=\"500\" height=\"281\" src=\"https:\/\/www.youtube.com\/embed\/9kucr-QxZzc?feature=oembed\" frameborder=\"0\" allow=\"accelerometer; autoplay; clipboard-write; encrypted-media; gyroscope; picture-in-picture; web-share\" referrerpolicy=\"strict-origin-when-cross-origin\" allowfullscreen><\/iframe>\n<\/div><\/figure>\n\n\n\n<p><br><a href=\"https:\/\/villa-albertine.org\/events\/filmsonthegreen2024\/\">Films on the Green<\/a> is back for its 16th edition, presenting a lineup of free screenings across New York City parks from May 31 to September 6, 2024. This year, we&#8217;re exploring the thrilling intersection of sports and cinema, showcasing 11 captivating films that embody the spirit of athleticism, competition, and triumph. From soccer to swimming and tennis to cycling, join us for an unforgettable summer of cinematic excitement under the stars!<\/p>\n\n\n\n<p><\/p>\n\n\n\n<p><strong>#FilmsOnTheGreen<\/strong><br><em>Follow the festival on social media for event updates and up-to-the-minute weather cancellations.<\/em><\/p>\n","protected":false},"featured_media":581431,"menu_order":0,"template":"","app_discipline":[219],"app_city_tax":[217],"app_event_type":[239],"class_list":["post-580814","app_event","type-app_event","status-publish","has-post-thumbnail","hentry","app_discipline-cinema","app_city_tax-nyc","app_event_type-film"],"acf":[],"yoast_head":"<!-- This site is optimized with the Yoast SEO plugin v27.3 - https:\/\/yoast.com\/product\/yoast-seo-wordpress\/ -->\n<title>The Odyssey (L&#039;Odyss\u00e9e) - Villa Albertine<\/title>\n<meta name=\"robots\" content=\"index, follow, max-snippet:-1, max-image-preview:large, max-video-preview:-1\" \/>\n<link rel=\"canonical\" href=\"https:\/\/villa-albertine.org\/va\/events\/the-odyssey\/\" \/>\n<meta property=\"og:locale\" content=\"en_US\" \/>\n<meta property=\"og:type\" content=\"article\" \/>\n<meta property=\"og:title\" content=\"The Odyssey (L&#039;Odyss\u00e9e) - Villa Albertine\" \/>\n<meta property=\"og:description\" content=\"The Odyssey (L&#8217;Odyss\u00e9e)Directed by J\u00e9r\u00f4me SalleWith Lambert Willson, Audrey Tautou, Pierre Niney, Laurent Lucas, and Benjamin Lavernhe \u00a02016, Drama-Biopic, Rated PG, 2h02, France-Belgium\u00a0\u00a0 Summer 1946. The Cousteau family\u2014Jacques, his wife Simone, and their two children Philippe and Jean-Michel\u2014reside in their beautiful house by the Mediterranean Sea. By day they dive, exploring the depths of the...\" \/>\n<meta property=\"og:url\" content=\"https:\/\/villa-albertine.org\/va\/events\/the-odyssey\/\" \/>\n<meta property=\"og:site_name\" content=\"Villa Albertine\" \/>\n<meta property=\"article:modified_time\" content=\"2024-06-13T17:04:31+00:00\" \/>\n<meta property=\"og:image\" content=\"https:\/\/villa-albertine.org\/wp-content\/uploads\/2024\/04\/theodyssey4-1600x900-c-default.jpg\" \/>\n\t<meta property=\"og:image:width\" content=\"1600\" \/>\n\t<meta property=\"og:image:height\" content=\"900\" \/>\n\t<meta property=\"og:image:type\" content=\"image\/jpeg\" \/>\n<meta name=\"twitter:card\" content=\"summary_large_image\" \/>\n<meta name=\"twitter:label1\" content=\"Est. reading time\" \/>\n\t<meta name=\"twitter:data1\" content=\"1 minute\" \/>\n<script type=\"application\/ld+json\" class=\"yoast-schema-graph\">{\"@context\":\"https:\\\/\\\/schema.org\",\"@graph\":[{\"@type\":\"WebPage\",\"@id\":\"https:\\\/\\\/villa-albertine.org\\\/va\\\/events\\\/the-odyssey\\\/\",\"url\":\"https:\\\/\\\/villa-albertine.org\\\/va\\\/events\\\/the-odyssey\\\/\",\"name\":\"The Odyssey (L'Odyss\u00e9e) - Villa Albertine\",\"isPartOf\":{\"@id\":\"https:\\\/\\\/villa-albertine.org\\\/va\\\/#website\"},\"primaryImageOfPage\":{\"@id\":\"https:\\\/\\\/villa-albertine.org\\\/va\\\/events\\\/the-odyssey\\\/#primaryimage\"},\"image\":{\"@id\":\"https:\\\/\\\/villa-albertine.org\\\/va\\\/events\\\/the-odyssey\\\/#primaryimage\"},\"thumbnailUrl\":\"https:\\\/\\\/villa-albertine.org\\\/wp-content\\\/uploads\\\/2024\\\/04\\\/theodyssey4-1600x900-c-default.jpg\",\"datePublished\":\"2024-04-22T19:32:55+00:00\",\"dateModified\":\"2024-06-13T17:04:31+00:00\",\"breadcrumb\":{\"@id\":\"https:\\\/\\\/villa-albertine.org\\\/va\\\/events\\\/the-odyssey\\\/#breadcrumb\"},\"inLanguage\":\"en-US\",\"potentialAction\":[{\"@type\":\"ReadAction\",\"target\":[\"https:\\\/\\\/villa-albertine.org\\\/va\\\/events\\\/the-odyssey\\\/\"]}]},{\"@type\":\"ImageObject\",\"inLanguage\":\"en-US\",\"@id\":\"https:\\\/\\\/villa-albertine.org\\\/va\\\/events\\\/the-odyssey\\\/#primaryimage\",\"url\":\"https:\\\/\\\/villa-albertine.org\\\/wp-content\\\/uploads\\\/2024\\\/04\\\/theodyssey4-1600x900-c-default.jpg\",\"contentUrl\":\"https:\\\/\\\/villa-albertine.org\\\/wp-content\\\/uploads\\\/2024\\\/04\\\/theodyssey4-1600x900-c-default.jpg\",\"width\":1600,\"height\":900,\"caption\":\"The Odyssey \u00a9 Samuel Goldwyn Films\"},{\"@type\":\"BreadcrumbList\",\"@id\":\"https:\\\/\\\/villa-albertine.org\\\/va\\\/events\\\/the-odyssey\\\/#breadcrumb\",\"itemListElement\":[{\"@type\":\"ListItem\",\"position\":1,\"name\":\"Home\",\"item\":\"https:\\\/\\\/villa-albertine.org\\\/va\\\/\"},{\"@type\":\"ListItem\",\"position\":2,\"name\":\"The Odyssey (L&#8217;Odyss\u00e9e)\"}]},{\"@type\":\"WebSite\",\"@id\":\"https:\\\/\\\/villa-albertine.org\\\/va\\\/#website\",\"url\":\"https:\\\/\\\/villa-albertine.org\\\/va\\\/\",\"name\":\"Villa Albertine\",\"description\":\"\",\"potentialAction\":[{\"@type\":\"SearchAction\",\"target\":{\"@type\":\"EntryPoint\",\"urlTemplate\":\"https:\\\/\\\/villa-albertine.org\\\/va\\\/?s={search_term_string}\"},\"query-input\":{\"@type\":\"PropertyValueSpecification\",\"valueRequired\":true,\"valueName\":\"search_term_string\"}}],\"inLanguage\":\"en-US\"}]}<\/script>\n<!-- \/ Yoast SEO plugin. -->","yoast_head_json":{"title":"The Odyssey (L'Odyss\u00e9e) - Villa Albertine","robots":{"index":"index","follow":"follow","max-snippet":"max-snippet:-1","max-image-preview":"max-image-preview:large","max-video-preview":"max-video-preview:-1"},"canonical":"https:\/\/villa-albertine.org\/va\/events\/the-odyssey\/","og_locale":"en_US","og_type":"article","og_title":"The Odyssey (L'Odyss\u00e9e) - Villa Albertine","og_description":"The Odyssey (L&#8217;Odyss\u00e9e)Directed by J\u00e9r\u00f4me SalleWith Lambert Willson, Audrey Tautou, Pierre Niney, Laurent Lucas, and Benjamin Lavernhe \u00a02016, Drama-Biopic, Rated PG, 2h02, France-Belgium\u00a0\u00a0 Summer 1946. The Cousteau family\u2014Jacques, his wife Simone, and their two children Philippe and Jean-Michel\u2014reside in their beautiful house by the Mediterranean Sea. By day they dive, exploring the depths of the...","og_url":"https:\/\/villa-albertine.org\/va\/events\/the-odyssey\/","og_site_name":"Villa Albertine","article_modified_time":"2024-06-13T17:04:31+00:00","og_image":[{"width":1600,"height":900,"url":"https:\/\/villa-albertine.org\/wp-content\/uploads\/2024\/04\/theodyssey4-1600x900-c-default.jpg","type":"image\/jpeg"}],"twitter_card":"summary_large_image","twitter_misc":{"Est. reading time":"1 minute"},"schema":{"@context":"https:\/\/schema.org","@graph":[{"@type":"WebPage","@id":"https:\/\/villa-albertine.org\/va\/events\/the-odyssey\/","url":"https:\/\/villa-albertine.org\/va\/events\/the-odyssey\/","name":"The Odyssey (L'Odyss\u00e9e) - Villa Albertine","isPartOf":{"@id":"https:\/\/villa-albertine.org\/va\/#website"},"primaryImageOfPage":{"@id":"https:\/\/villa-albertine.org\/va\/events\/the-odyssey\/#primaryimage"},"image":{"@id":"https:\/\/villa-albertine.org\/va\/events\/the-odyssey\/#primaryimage"},"thumbnailUrl":"https:\/\/villa-albertine.org\/wp-content\/uploads\/2024\/04\/theodyssey4-1600x900-c-default.jpg","datePublished":"2024-04-22T19:32:55+00:00","dateModified":"2024-06-13T17:04:31+00:00","breadcrumb":{"@id":"https:\/\/villa-albertine.org\/va\/events\/the-odyssey\/#breadcrumb"},"inLanguage":"en-US","potentialAction":[{"@type":"ReadAction","target":["https:\/\/villa-albertine.org\/va\/events\/the-odyssey\/"]}]},{"@type":"ImageObject","inLanguage":"en-US","@id":"https:\/\/villa-albertine.org\/va\/events\/the-odyssey\/#primaryimage","url":"https:\/\/villa-albertine.org\/wp-content\/uploads\/2024\/04\/theodyssey4-1600x900-c-default.jpg","contentUrl":"https:\/\/villa-albertine.org\/wp-content\/uploads\/2024\/04\/theodyssey4-1600x900-c-default.jpg","width":1600,"height":900,"caption":"The Odyssey \u00a9 Samuel Goldwyn Films"},{"@type":"BreadcrumbList","@id":"https:\/\/villa-albertine.org\/va\/events\/the-odyssey\/#breadcrumb","itemListElement":[{"@type":"ListItem","position":1,"name":"Home","item":"https:\/\/villa-albertine.org\/va\/"},{"@type":"ListItem","position":2,"name":"The Odyssey (L&#8217;Odyss\u00e9e)"}]},{"@type":"WebSite","@id":"https:\/\/villa-albertine.org\/va\/#website","url":"https:\/\/villa-albertine.org\/va\/","name":"Villa Albertine","description":"","potentialAction":[{"@type":"SearchAction","target":{"@type":"EntryPoint","urlTemplate":"https:\/\/villa-albertine.org\/va\/?s={search_term_string}"},"query-input":{"@type":"PropertyValueSpecification","valueRequired":true,"valueName":"search_term_string"}}],"inLanguage":"en-US"}]}},"_links":{"self":[{"href":"https:\/\/villa-albertine.org\/va\/wp-json\/wp\/v2\/app_event\/580814","targetHints":{"allow":["GET"]}}],"collection":[{"href":"https:\/\/villa-albertine.org\/va\/wp-json\/wp\/v2\/app_event"}],"about":[{"href":"https:\/\/villa-albertine.org\/va\/wp-json\/wp\/v2\/types\/app_event"}],"wp:featuredmedia":[{"embeddable":true,"href":"https:\/\/villa-albertine.org\/va\/wp-json\/wp\/v2\/media\/581431"}],"wp:attachment":[{"href":"https:\/\/villa-albertine.org\/va\/wp-json\/wp\/v2\/media?parent=580814"}],"wp:term":[{"taxonomy":"app_discipline","embeddable":true,"href":"https:\/\/villa-albertine.org\/va\/wp-json\/wp\/v2\/app_discipline?post=580814"},{"taxonomy":"app_city_tax","embeddable":true,"href":"https:\/\/villa-albertine.org\/va\/wp-json\/wp\/v2\/app_city_tax?post=580814"},{"taxonomy":"app_event_type","embeddable":true,"href":"https:\/\/villa-albertine.org\/va\/wp-json\/wp\/v2\/app_event_type?post=580814"}],"curies":[{"name":"wp","href":"https:\/\/api.w.org\/{rel}","templated":true}]}}

The Odyssey (L&#8217;Odyssée)

<p><strong>The Odyssey (L&#8217;Odyssée)</strong><br>Directed by Jérôme Salle<br>With Lambert Willson, Audrey Tautou, Pierre Niney, Laurent Lucas, and Benjamin Lavernhe  <br>2016, Drama-Biopic, Rated PG, 2h02, France-Belgium  </p>



<p>Summer 1946. The Cousteau family—Jacques, his wife Simone, and their two children Philippe and Jean-Michel—reside in their beautiful house by the Mediterranean Sea. By day they dive, exploring the depths of the ocean, while by night they watch the stars. It&#8217;s paradise on Earth. But Jacques is never content. He longs to explore the world beneath the sea and believes in the virtues of progress. With his invention, the Aqualung, his recently acquired vessel, the Calypso, and a crew of free-spirited adventurers led by his wife, Jacques is ready to delve where no man has been before&#8230;</p>



<p>Film in French and English with English subtitles.&nbsp;<br>Free and open to the public. Registration is recommended but not required.</p>



<p><em>Presented in partnership with the <a href="https://washingtonsqpark.org/">Washington Square Park Conservancy</a>.</em>&nbsp;</p>



<figure class="wp-block-embed is-type-video is-provider-youtube wp-block-embed-youtube wp-embed-aspect-16-9 wp-has-aspect-ratio"><div class="wp-block-embed__wrapper">
<iframe loading="lazy" title="The Odyssey / L&#039;Odyssée (2016) - Trailer (English Subs)" width="500" height="281" src="https://www.youtube.com/embed/9kucr-QxZzc?feature=oembed" frameborder="0" allow="accelerometer; autoplay; clipboard-write; encrypted-media; gyroscope; picture-in-picture; web-share" referrerpolicy="strict-origin-when-cross-origin" allowfullscreen></iframe>
</div></figure>



<p><br><a href="https://villa-albertine.org/events/filmsonthegreen2024/">Films on the Green</a> is back for its 16th edition, presenting a lineup of free screenings across New York City parks from May 31 to September 6, 2024. This year, we&#8217;re exploring the thrilling intersection of sports and cinema, showcasing 11 captivating films that embody the spirit of athleticism, competition, and triumph. From soccer to swimming and tennis to cycling, join us for an unforgettable summer of cinematic excitement under the stars!</p>



<p></p>



<p><strong>#FilmsOnTheGreen</strong><br><em>Follow the festival on social media for event updates and up-to-the-minute weather cancellations.</em></p>

<!-- This site is optimized with the Yoast SEO plugin v27.3 - https://yoast.com/product/yoast-seo-wordpress/ -->
<title>The Odyssey (L&#039;Odyssée) - Villa Albertine</title>
<meta name="robots" content="index, follow, max-snippet:-1, max-image-preview:large, max-video-preview:-1" />
<link rel="canonical" href="https://villa-albertine.org/va/events/the-odyssey/" />
<meta property="og:locale" content="en_US" />
<meta property="og:type" content="article" />
<meta property="og:title" content="The Odyssey (L&#039;Odyssée) - Villa Albertine" />
<meta property="og:description" content="The Odyssey (L&#8217;Odyssée)Directed by Jérôme SalleWith Lambert Willson, Audrey Tautou, Pierre Niney, Laurent Lucas, and Benjamin Lavernhe  2016, Drama-Biopic, Rated PG, 2h02, France-Belgium   Summer 1946. The Cousteau family—Jacques, his wife Simone, and their two children Philippe and Jean-Michel—reside in their beautiful house by the Mediterranean Sea. By day they dive, exploring the depths of the..." />
<meta property="og:url" content="https://villa-albertine.org/va/events/the-odyssey/" />
<meta property="og:site_name" content="Villa Albertine" />
<meta property="article:modified_time" content="2024-06-13T17:04:31+00:00" />
<meta property="og:image" content="https://villa-albertine.org/wp-content/uploads/2024/04/theodyssey4-1600x900-c-default.jpg" />
	<meta property="og:image:width" content="1600" />
	<meta property="og:image:height" content="900" />
	<meta property="og:image:type" content="image/jpeg" />
<meta name="twitter:card" content="summary_large_image" />
<meta name="twitter:label1" content="Est. reading time" />
	<meta name="twitter:data1" content="1 minute" />
<script type="application/ld+json" class="yoast-schema-graph">{"@context":"https:\/\/schema.org","@graph":[{"@type":"WebPage","@id":"https:\/\/villa-albertine.org\/va\/events\/the-odyssey\/","url":"https:\/\/villa-albertine.org\/va\/events\/the-odyssey\/","name":"The Odyssey (L'Odyssée) - Villa Albertine","isPartOf":{"@id":"https:\/\/villa-albertine.org\/va\/#website"},"primaryImageOfPage":{"@id":"https:\/\/villa-albertine.org\/va\/events\/the-odyssey\/#primaryimage"},"image":{"@id":"https:\/\/villa-albertine.org\/va\/events\/the-odyssey\/#primaryimage"},"thumbnailUrl":"https:\/\/villa-albertine.org\/wp-content\/uploads\/2024\/04\/theodyssey4-1600x900-c-default.jpg","datePublished":"2024-04-22T19:32:55+00:00","dateModified":"2024-06-13T17:04:31+00:00","breadcrumb":{"@id":"https:\/\/villa-albertine.org\/va\/events\/the-odyssey\/#breadcrumb"},"inLanguage":"en-US","potentialAction":[{"@type":"ReadAction","target":["https:\/\/villa-albertine.org\/va\/events\/the-odyssey\/"]}]},{"@type":"ImageObject","inLanguage":"en-US","@id":"https:\/\/villa-albertine.org\/va\/events\/the-odyssey\/#primaryimage","url":"https:\/\/villa-albertine.org\/wp-content\/uploads\/2024\/04\/theodyssey4-1600x900-c-default.jpg","contentUrl":"https:\/\/villa-albertine.org\/wp-content\/uploads\/2024\/04\/theodyssey4-1600x900-c-default.jpg","width":1600,"height":900,"caption":"The Odyssey © Samuel Goldwyn Films"},{"@type":"BreadcrumbList","@id":"https:\/\/villa-albertine.org\/va\/events\/the-odyssey\/#breadcrumb","itemListElement":[{"@type":"ListItem","position":1,"name":"Home","item":"https:\/\/villa-albertine.org\/va\/"},{"@type":"ListItem","position":2,"name":"The Odyssey (L&#8217;Odyssée)"}]},{"@type":"WebSite","@id":"https:\/\/villa-albertine.org\/va\/#website","url":"https:\/\/villa-albertine.org\/va\/","name":"Villa Albertine","description":"","potentialAction":[{"@type":"SearchAction","target":{"@type":"EntryPoint","urlTemplate":"https:\/\/villa-albertine.org\/va\/?s={search_term_string}"},"query-input":{"@type":"PropertyValueSpecification","valueRequired":true,"valueName":"search_term_string"}}],"inLanguage":"en-US"}]}</script>
<!-- / Yoast SEO plugin. -->

The Odyssey (L'Odyssée) - Villa Albertine

The Odyssey (L&#8217;Odyssée)Directed by Jérôme SalleWith Lambert Willson, Audrey Tautou, Pierre Niney, Laurent Lucas, and Benjamin Lavernhe  2016, Drama-Biopic, Rated PG, 2h02, France-Belgium   Summer 1946. The Cousteau family—Jacques, his wife Simone, and their two children Philippe and Jean-Michel—reside in their beautiful house by the Mediterranean Sea. By day they dive, exploring the depths of the...
