{"id":559048,"date":"2024-04-08T22:38:37","date_gmt":"2024-04-08T22:38:37","guid":{"rendered":"https:\/\/villa-albertine.org\/?post_type=app_event&#038;p=559048"},"modified":"2024-04-10T15:49:51","modified_gmt":"2024-04-10T15:49:51","slug":"alice-diop-on-connecting-black-poets-across-europe-and-america","status":"publish","type":"app_event","link":"https:\/\/villa-albertine.org\/va\/events\/alice-diop-on-connecting-black-poets-across-europe-and-america\/","title":{"rendered":"Alice Diop on Connecting Black Poets Across Europe and America"},"content":{"rendered":"\n<p>In conversation with writer and curator Omar Berrada, Alice Diop, the award-winning director of <em>Saint Omer<\/em>, will discuss bringing together celebrated Black poets from Europe with American literary figures to collectively reflect on their identities during her Carte Blanche event at the Festival d&#8217;Automne in Paris last fall. <\/p>\n\n\n\n<p>Diop explored the works of Black American poets during her Villa Albertine residency in New York in 2022. Inspiring her own personal and political journey, the poems of&nbsp;Robin Coste Lewis, Audre Lorde, June Jordan, Claudia Rankine, and many more, became an essential part of her research and the development of her current film project.&nbsp;<\/p>\n\n\n\n<p>Click<em> <\/em><a href=\"https:\/\/vip.villa-albertine.org\/_m9kod\" data-type=\"link\" data-id=\"https:\/\/vip.villa-albertine.org\/_m9kod\">here<\/a> to register.<\/p>\n\n\n\n<p><\/p>\n\n\n\n<h3 class=\"wp-block-heading\">Panelists<\/h3>\n\n\n\n<p><strong>Alice Diop<\/strong>, Filmmaker<\/p>\n\n\n\n<p>After receiving a Master&#8217;s degree in History from the Panth\u00e9on-Sorbonne University and a Dipl\u00f4mes d\u2019\u00e9tudes sup\u00e9rieures sp\u00e9cialis\u00e9es (D.E.S.S.) in Visual Sociology, Alice Diop attended the documentary film workshop at La F\u00e9mis. Since 2005, she has been making documentaries selected by international festivals (Cin\u00e9ma du R\u00e9el, BFI London, Karlovy Vary, Viennale). In 2017, she won a C\u00e9sar for Best Short Film and the Grand Prix at the Brive Film Festival for <em>Vers la tendresse<\/em>. That same year, she won first prize in the French competition at the Cin\u00e9ma du R\u00e9el Festival with her documentary, <em>La Permanence<\/em>. <\/p>\n\n\n\n<p>In 2011, she won the Prix des Biblioth\u00e8ques with her first feature-length documentary, <em>La Mort de Danton<\/em>. Her most recent documentary, <em>Nous<\/em>, was selected for the Encounters section at the 2021 Berlinale, where she was honored with the Best Documentary and Encounters Awards. Her first feature-length fictional film, <em>Saint Omer<\/em>, selected in competition at the 2022 Venice International Film Festival, received the Silver Lion \u2013 Grand Jury Prize and the Lion of the Future \u201cLuigi De Laurentiis\u201d Award for Best Debut Film as well as a dozen other prizes at numerous international festivals. <em>Saint Omer<\/em> was France&#8217;s official entry for the 2022 Academy Awards\u00ae.<\/p>\n\n\n\n<p><\/p>\n\n\n\n<p><strong>Omar Berrada<\/strong>, Writer, Curator, and Translator<\/p>\n\n\n\n<p>Omar Berrada is a writer, curator, and translator whose work focuses on the politics of translation and intergenerational transmission. He is the author of the poetry collection, <em>Clonal Hum<\/em> (2020), and the editor or co-editor of several books, including <em>The Africans<\/em>, on racial dynamics in North Africa (2016); <em>La Septi\u00e8me Porte<\/em>, a retrospective history of Moroccan cinema by Ahmed Bouanani (2020); and <em>Another Room to Live In: 15 Contemporary Arab Poets <\/em>(2024).<\/p>\n","protected":false},"featured_media":563933,"menu_order":0,"template":"","app_discipline":[219],"app_city_tax":[217],"app_event_type":[241],"class_list":["post-559048","app_event","type-app_event","status-publish","has-post-thumbnail","hentry","app_discipline-cinema","app_city_tax-nyc","app_event_type-talk"],"acf":[],"yoast_head":"<!-- This site is optimized with the Yoast SEO plugin v27.3 - https:\/\/yoast.com\/product\/yoast-seo-wordpress\/ -->\n<title>Alice Diop on Connecting Black Poets Across Europe and America - Villa Albertine<\/title>\n<meta name=\"robots\" content=\"index, follow, max-snippet:-1, max-image-preview:large, max-video-preview:-1\" \/>\n<link rel=\"canonical\" href=\"https:\/\/villa-albertine.org\/va\/events\/alice-diop-on-connecting-black-poets-across-europe-and-america\/\" \/>\n<meta property=\"og:locale\" content=\"en_US\" \/>\n<meta property=\"og:type\" content=\"article\" \/>\n<meta property=\"og:title\" content=\"Alice Diop on Connecting Black Poets Across Europe and America - Villa Albertine\" \/>\n<meta property=\"og:description\" content=\"In conversation with writer and curator Omar Berrada, Alice Diop, the award-winning director of Saint Omer, will discuss bringing together celebrated Black poets from Europe with American literary figures to collectively reflect on their identities during her Carte Blanche event at the Festival d&#8217;Automne in Paris last fall. Diop explored the works of Black American...\" \/>\n<meta property=\"og:url\" content=\"https:\/\/villa-albertine.org\/va\/events\/alice-diop-on-connecting-black-poets-across-europe-and-america\/\" \/>\n<meta property=\"og:site_name\" content=\"Villa Albertine\" \/>\n<meta property=\"article:modified_time\" content=\"2024-04-10T15:49:51+00:00\" \/>\n<meta property=\"og:image\" content=\"https:\/\/villa-albertine.org\/wp-content\/uploads\/2024\/04\/Alice-Diop-Aurelie-Lamachere-1-1-1-scaled-e1712682073152.jpeg\" \/>\n\t<meta property=\"og:image:width\" content=\"1705\" \/>\n\t<meta property=\"og:image:height\" content=\"1224\" \/>\n\t<meta property=\"og:image:type\" content=\"image\/jpeg\" \/>\n<meta name=\"twitter:card\" content=\"summary_large_image\" \/>\n<meta name=\"twitter:label1\" content=\"Est. reading time\" \/>\n\t<meta name=\"twitter:data1\" content=\"2 minutes\" \/>\n<script type=\"application\/ld+json\" class=\"yoast-schema-graph\">{\"@context\":\"https:\\\/\\\/schema.org\",\"@graph\":[{\"@type\":\"WebPage\",\"@id\":\"https:\\\/\\\/villa-albertine.org\\\/va\\\/events\\\/alice-diop-on-connecting-black-poets-across-europe-and-america\\\/\",\"url\":\"https:\\\/\\\/villa-albertine.org\\\/va\\\/events\\\/alice-diop-on-connecting-black-poets-across-europe-and-america\\\/\",\"name\":\"Alice Diop on Connecting Black Poets Across Europe and America - Villa Albertine\",\"isPartOf\":{\"@id\":\"https:\\\/\\\/villa-albertine.org\\\/va\\\/#website\"},\"primaryImageOfPage\":{\"@id\":\"https:\\\/\\\/villa-albertine.org\\\/va\\\/events\\\/alice-diop-on-connecting-black-poets-across-europe-and-america\\\/#primaryimage\"},\"image\":{\"@id\":\"https:\\\/\\\/villa-albertine.org\\\/va\\\/events\\\/alice-diop-on-connecting-black-poets-across-europe-and-america\\\/#primaryimage\"},\"thumbnailUrl\":\"https:\\\/\\\/villa-albertine.org\\\/wp-content\\\/uploads\\\/2024\\\/04\\\/Alice-Diop-Aurelie-Lamachere-1-1-1-scaled-e1712682073152.jpeg\",\"datePublished\":\"2024-04-08T22:38:37+00:00\",\"dateModified\":\"2024-04-10T15:49:51+00:00\",\"breadcrumb\":{\"@id\":\"https:\\\/\\\/villa-albertine.org\\\/va\\\/events\\\/alice-diop-on-connecting-black-poets-across-europe-and-america\\\/#breadcrumb\"},\"inLanguage\":\"en-US\",\"potentialAction\":[{\"@type\":\"ReadAction\",\"target\":[\"https:\\\/\\\/villa-albertine.org\\\/va\\\/events\\\/alice-diop-on-connecting-black-poets-across-europe-and-america\\\/\"]}]},{\"@type\":\"ImageObject\",\"inLanguage\":\"en-US\",\"@id\":\"https:\\\/\\\/villa-albertine.org\\\/va\\\/events\\\/alice-diop-on-connecting-black-poets-across-europe-and-america\\\/#primaryimage\",\"url\":\"https:\\\/\\\/villa-albertine.org\\\/wp-content\\\/uploads\\\/2024\\\/04\\\/Alice-Diop-Aurelie-Lamachere-1-1-1-scaled-e1712682073152.jpeg\",\"contentUrl\":\"https:\\\/\\\/villa-albertine.org\\\/wp-content\\\/uploads\\\/2024\\\/04\\\/Alice-Diop-Aurelie-Lamachere-1-1-1-scaled-e1712682073152.jpeg\",\"width\":1705,\"height\":1224},{\"@type\":\"BreadcrumbList\",\"@id\":\"https:\\\/\\\/villa-albertine.org\\\/va\\\/events\\\/alice-diop-on-connecting-black-poets-across-europe-and-america\\\/#breadcrumb\",\"itemListElement\":[{\"@type\":\"ListItem\",\"position\":1,\"name\":\"Home\",\"item\":\"https:\\\/\\\/villa-albertine.org\\\/va\\\/\"},{\"@type\":\"ListItem\",\"position\":2,\"name\":\"Alice Diop on Connecting Black Poets Across Europe and America\"}]},{\"@type\":\"WebSite\",\"@id\":\"https:\\\/\\\/villa-albertine.org\\\/va\\\/#website\",\"url\":\"https:\\\/\\\/villa-albertine.org\\\/va\\\/\",\"name\":\"Villa Albertine\",\"description\":\"\",\"potentialAction\":[{\"@type\":\"SearchAction\",\"target\":{\"@type\":\"EntryPoint\",\"urlTemplate\":\"https:\\\/\\\/villa-albertine.org\\\/va\\\/?s={search_term_string}\"},\"query-input\":{\"@type\":\"PropertyValueSpecification\",\"valueRequired\":true,\"valueName\":\"search_term_string\"}}],\"inLanguage\":\"en-US\"}]}<\/script>\n<!-- \/ Yoast SEO plugin. -->","yoast_head_json":{"title":"Alice Diop on Connecting Black Poets Across Europe and America - Villa Albertine","robots":{"index":"index","follow":"follow","max-snippet":"max-snippet:-1","max-image-preview":"max-image-preview:large","max-video-preview":"max-video-preview:-1"},"canonical":"https:\/\/villa-albertine.org\/va\/events\/alice-diop-on-connecting-black-poets-across-europe-and-america\/","og_locale":"en_US","og_type":"article","og_title":"Alice Diop on Connecting Black Poets Across Europe and America - Villa Albertine","og_description":"In conversation with writer and curator Omar Berrada, Alice Diop, the award-winning director of Saint Omer, will discuss bringing together celebrated Black poets from Europe with American literary figures to collectively reflect on their identities during her Carte Blanche event at the Festival d&#8217;Automne in Paris last fall. Diop explored the works of Black American...","og_url":"https:\/\/villa-albertine.org\/va\/events\/alice-diop-on-connecting-black-poets-across-europe-and-america\/","og_site_name":"Villa Albertine","article_modified_time":"2024-04-10T15:49:51+00:00","og_image":[{"width":1705,"height":1224,"url":"https:\/\/villa-albertine.org\/wp-content\/uploads\/2024\/04\/Alice-Diop-Aurelie-Lamachere-1-1-1-scaled-e1712682073152.jpeg","type":"image\/jpeg"}],"twitter_card":"summary_large_image","twitter_misc":{"Est. reading time":"2 minutes"},"schema":{"@context":"https:\/\/schema.org","@graph":[{"@type":"WebPage","@id":"https:\/\/villa-albertine.org\/va\/events\/alice-diop-on-connecting-black-poets-across-europe-and-america\/","url":"https:\/\/villa-albertine.org\/va\/events\/alice-diop-on-connecting-black-poets-across-europe-and-america\/","name":"Alice Diop on Connecting Black Poets Across Europe and America - Villa Albertine","isPartOf":{"@id":"https:\/\/villa-albertine.org\/va\/#website"},"primaryImageOfPage":{"@id":"https:\/\/villa-albertine.org\/va\/events\/alice-diop-on-connecting-black-poets-across-europe-and-america\/#primaryimage"},"image":{"@id":"https:\/\/villa-albertine.org\/va\/events\/alice-diop-on-connecting-black-poets-across-europe-and-america\/#primaryimage"},"thumbnailUrl":"https:\/\/villa-albertine.org\/wp-content\/uploads\/2024\/04\/Alice-Diop-Aurelie-Lamachere-1-1-1-scaled-e1712682073152.jpeg","datePublished":"2024-04-08T22:38:37+00:00","dateModified":"2024-04-10T15:49:51+00:00","breadcrumb":{"@id":"https:\/\/villa-albertine.org\/va\/events\/alice-diop-on-connecting-black-poets-across-europe-and-america\/#breadcrumb"},"inLanguage":"en-US","potentialAction":[{"@type":"ReadAction","target":["https:\/\/villa-albertine.org\/va\/events\/alice-diop-on-connecting-black-poets-across-europe-and-america\/"]}]},{"@type":"ImageObject","inLanguage":"en-US","@id":"https:\/\/villa-albertine.org\/va\/events\/alice-diop-on-connecting-black-poets-across-europe-and-america\/#primaryimage","url":"https:\/\/villa-albertine.org\/wp-content\/uploads\/2024\/04\/Alice-Diop-Aurelie-Lamachere-1-1-1-scaled-e1712682073152.jpeg","contentUrl":"https:\/\/villa-albertine.org\/wp-content\/uploads\/2024\/04\/Alice-Diop-Aurelie-Lamachere-1-1-1-scaled-e1712682073152.jpeg","width":1705,"height":1224},{"@type":"BreadcrumbList","@id":"https:\/\/villa-albertine.org\/va\/events\/alice-diop-on-connecting-black-poets-across-europe-and-america\/#breadcrumb","itemListElement":[{"@type":"ListItem","position":1,"name":"Home","item":"https:\/\/villa-albertine.org\/va\/"},{"@type":"ListItem","position":2,"name":"Alice Diop on Connecting Black Poets Across Europe and America"}]},{"@type":"WebSite","@id":"https:\/\/villa-albertine.org\/va\/#website","url":"https:\/\/villa-albertine.org\/va\/","name":"Villa Albertine","description":"","potentialAction":[{"@type":"SearchAction","target":{"@type":"EntryPoint","urlTemplate":"https:\/\/villa-albertine.org\/va\/?s={search_term_string}"},"query-input":{"@type":"PropertyValueSpecification","valueRequired":true,"valueName":"search_term_string"}}],"inLanguage":"en-US"}]}},"_links":{"self":[{"href":"https:\/\/villa-albertine.org\/va\/wp-json\/wp\/v2\/app_event\/559048","targetHints":{"allow":["GET"]}}],"collection":[{"href":"https:\/\/villa-albertine.org\/va\/wp-json\/wp\/v2\/app_event"}],"about":[{"href":"https:\/\/villa-albertine.org\/va\/wp-json\/wp\/v2\/types\/app_event"}],"wp:featuredmedia":[{"embeddable":true,"href":"https:\/\/villa-albertine.org\/va\/wp-json\/wp\/v2\/media\/563933"}],"wp:attachment":[{"href":"https:\/\/villa-albertine.org\/va\/wp-json\/wp\/v2\/media?parent=559048"}],"wp:term":[{"taxonomy":"app_discipline","embeddable":true,"href":"https:\/\/villa-albertine.org\/va\/wp-json\/wp\/v2\/app_discipline?post=559048"},{"taxonomy":"app_city_tax","embeddable":true,"href":"https:\/\/villa-albertine.org\/va\/wp-json\/wp\/v2\/app_city_tax?post=559048"},{"taxonomy":"app_event_type","embeddable":true,"href":"https:\/\/villa-albertine.org\/va\/wp-json\/wp\/v2\/app_event_type?post=559048"}],"curies":[{"name":"wp","href":"https:\/\/api.w.org\/{rel}","templated":true}]}}

<p>In conversation with writer and curator Omar Berrada, Alice Diop, the award-winning director of <em>Saint Omer</em>, will discuss bringing together celebrated Black poets from Europe with American literary figures to collectively reflect on their identities during her Carte Blanche event at the Festival d&#8217;Automne in Paris last fall. </p>



<p>Diop explored the works of Black American poets during her Villa Albertine residency in New York in 2022. Inspiring her own personal and political journey, the poems of&nbsp;Robin Coste Lewis, Audre Lorde, June Jordan, Claudia Rankine, and many more, became an essential part of her research and the development of her current film project.&nbsp;</p>



<p>Click<em> </em><a href="https://vip.villa-albertine.org/_m9kod" data-type="link" data-id="https://vip.villa-albertine.org/_m9kod">here</a> to register.</p>



<p></p>



<h3 class="wp-block-heading">Panelists</h3>



<p><strong>Alice Diop</strong>, Filmmaker</p>



<p>After receiving a Master&#8217;s degree in History from the Panthéon-Sorbonne University and a Diplômes d’études supérieures spécialisées (D.E.S.S.) in Visual Sociology, Alice Diop attended the documentary film workshop at La Fémis. Since 2005, she has been making documentaries selected by international festivals (Cinéma du Réel, BFI London, Karlovy Vary, Viennale). In 2017, she won a César for Best Short Film and the Grand Prix at the Brive Film Festival for <em>Vers la tendresse</em>. That same year, she won first prize in the French competition at the Cinéma du Réel Festival with her documentary, <em>La Permanence</em>. </p>



<p>In 2011, she won the Prix des Bibliothèques with her first feature-length documentary, <em>La Mort de Danton</em>. Her most recent documentary, <em>Nous</em>, was selected for the Encounters section at the 2021 Berlinale, where she was honored with the Best Documentary and Encounters Awards. Her first feature-length fictional film, <em>Saint Omer</em>, selected in competition at the 2022 Venice International Film Festival, received the Silver Lion – Grand Jury Prize and the Lion of the Future “Luigi De Laurentiis” Award for Best Debut Film as well as a dozen other prizes at numerous international festivals. <em>Saint Omer</em> was France&#8217;s official entry for the 2022 Academy Awards®.</p>



<p></p>



<p><strong>Omar Berrada</strong>, Writer, Curator, and Translator</p>



<p>Omar Berrada is a writer, curator, and translator whose work focuses on the politics of translation and intergenerational transmission. He is the author of the poetry collection, <em>Clonal Hum</em> (2020), and the editor or co-editor of several books, including <em>The Africans</em>, on racial dynamics in North Africa (2016); <em>La Septième Porte</em>, a retrospective history of Moroccan cinema by Ahmed Bouanani (2020); and <em>Another Room to Live In: 15 Contemporary Arab Poets </em>(2024).</p>
