{"id":554499,"date":"2024-04-05T15:50:05","date_gmt":"2024-04-05T15:50:05","guid":{"rendered":"https:\/\/villa-albertine.org\/?post_type=app_event&#038;p=554499"},"modified":"2024-04-08T14:05:19","modified_gmt":"2024-04-08T14:05:19","slug":"raphael-imbert-reverence-collective-perform-at-gallery-992","status":"publish","type":"app_event","link":"https:\/\/villa-albertine.org\/va\/events\/raphael-imbert-reverence-collective-perform-at-gallery-992\/","title":{"rendered":"Rapha\u00ebl Imbert &amp; Reverence Collective Perform at Gallery 992"},"content":{"rendered":"\n<p><strong>On Sunday, April 28, French jazz saxophonist Rapha\u00ebl Imbert will play with Atlanta-based genre-bending music collective Reverence for a performance that you won&#8217;t want to miss at experimental artists hub, Gallery 992! <\/strong><\/p>\n\n\n\n<p>The collaboration between Rapha\u00ebl Imbert and Reverence began in May 2023 with the project <em>Music is My Field<\/em>, a field project by Rapha\u00ebl Imbert exploring the musical styles of the Southeast and Appalachia. <a href=\"https:\/\/villa-albertine.org\/events\/music-my-field-raphael-imbert\/\">Learn more about <em>Music is My Field<\/em><\/a><em>. <\/em>In April and May 2024, Imbert is returning to Atlanta and the Southeast to finish the film.<\/p>\n\n\n\n<p>In November 2023, Kebbi Williams&#8211;Reverence frontman and Grammy award-winning tenor saxophonist&#8211;was invited to perform with Rapha\u00ebl Imbert during JEST Festival in Marseille, France. <a href=\"https:\/\/www.lejest.fr\/artistes\/kebbi-williams-meets-raphael-imbert-co\">Learn more about their performance at JEST.<\/a> <\/p>\n\n\n\n<p>Reverence and Rapha\u00ebl Imbert will also perform with musicians from Marseille&#8217;s Conservatoire Pierre Barbizet in July 2024 as part of the Jazz des Cinq Continents festival in Marseille, France. <a href=\"https:\/\/www.marseillejazz.com\/en\/cpt_programmation\/music-is-my-field\/\">Learn more about their upcoming performance at Jazz des Cinq Continents.<\/a><\/p>\n\n\n\n<p><strong>Rapha\u00ebl Imbert<\/strong><em>\u00a0is a self-taught jazz saxophonist, conductor, and composer.<\/em> <em>One of his favorite areas of research, which he continues to pursue, is the spiritual in jazz. The founding act of Rapha\u00ebl Imbert&#8217;s artistic approach dates back to 1999, with the creation of a nine musicians orchestra, La Compagnie Nine Spirit.\u00a0In 2010, Rapha\u00ebl Imbert joined the Improtech program, in conjunction with IRCAM and EHESS, and travelled to the United States to study the links between traditional folk music, orality and improvisation, new media and the digital revolution. He has worked with musicians such as Archie Shepp, Daniel Humair, Yaron Herman, Anne Paceo, the Manfred Quartet, the Chemirani Trio, Arnaud Thorette and Johan Farjot&#8217;s Ensemble Contraste, Johan Farjot, Karol Beffa, Hugh Coltman, Laurent de Wilde, and more. Rapha\u00ebl Imbert&#8217;s discography includes &#8220;Newtopia Project: Suite \u00c9l\u00e9giaque&#8221; (2006), &#8220;Bach &#8211; Coltrane&#8221; (2008), &#8220;New York Project&#8221; (2009), &#8220;Live au Tracteur&#8221;(2011), &#8220;Heavens &#8211; Amadeus &amp; The Duke&#8221; (2013), &#8220;Janus&#8221; (2013), &#8220;The Appalachians&#8221; (2014).<\/em><\/p>\n\n\n\n<p><strong>Reverence<\/strong><em> is a multi-faceted collective based in Atlanta, GA that specializes in creating improvised soundscapes that blur the lines of genre; a classification dubbed couture sounds. The combined resume of collaborations from the collective include work with the likes of Russell Gumm, Chris Dave, Kamaal Williams, Roy Ayers, Outkast, Tedeschi Trucks Band, Little Tybee, Arrested Development, Miguel Atwood-Ferguson, and many more. Reverence collective includes TJ Merritt (bass), Chris Marks (guitar), Dallas Dawson (drums), Kebbi Williams (saxophone, flute), Brandon Stephens (bass), Quinn Mason (saxophone, moog), and CJ Brinson (drums). <\/em><a href=\"https:\/\/www.reverence.band\/\">Learn more about Reverence.<\/a><\/p>\n","protected":false},"featured_media":554526,"menu_order":0,"template":"","app_discipline":[230],"app_city_tax":[221],"app_event_type":[238],"class_list":["post-554499","app_event","type-app_event","status-publish","has-post-thumbnail","hentry","app_discipline-music","app_city_tax-atl","app_event_type-concert"],"acf":[],"yoast_head":"<!-- This site is optimized with the Yoast SEO plugin v27.3 - https:\/\/yoast.com\/product\/yoast-seo-wordpress\/ -->\n<title>Rapha\u00ebl Imbert &amp; Reverence Collective Perform at Gallery 992 - Villa Albertine<\/title>\n<meta name=\"robots\" content=\"index, follow, max-snippet:-1, max-image-preview:large, max-video-preview:-1\" \/>\n<link rel=\"canonical\" href=\"https:\/\/villa-albertine.org\/va\/events\/raphael-imbert-reverence-collective-perform-at-gallery-992\/\" \/>\n<meta property=\"og:locale\" content=\"en_US\" \/>\n<meta property=\"og:type\" content=\"article\" \/>\n<meta property=\"og:title\" content=\"Rapha\u00ebl Imbert &amp; Reverence Collective Perform at Gallery 992 - Villa Albertine\" \/>\n<meta property=\"og:description\" content=\"On Sunday, April 28, French jazz saxophonist Rapha\u00ebl Imbert will play with Atlanta-based genre-bending music collective Reverence for a performance that you won&#8217;t want to miss at experimental artists hub, Gallery 992! The collaboration between Rapha\u00ebl Imbert and Reverence began in May 2023 with the project Music is My Field, a field project by Rapha\u00ebl...\" \/>\n<meta property=\"og:url\" content=\"https:\/\/villa-albertine.org\/va\/events\/raphael-imbert-reverence-collective-perform-at-gallery-992\/\" \/>\n<meta property=\"og:site_name\" content=\"Villa Albertine\" \/>\n<meta property=\"article:modified_time\" content=\"2024-04-08T14:05:19+00:00\" \/>\n<meta property=\"og:image\" content=\"https:\/\/villa-albertine.org\/wp-content\/uploads\/2024\/04\/imbert-x-reverence.png\" \/>\n\t<meta property=\"og:image:width\" content=\"900\" \/>\n\t<meta property=\"og:image:height\" content=\"505\" \/>\n\t<meta property=\"og:image:type\" content=\"image\/png\" \/>\n<meta name=\"twitter:card\" content=\"summary_large_image\" \/>\n<meta name=\"twitter:label1\" content=\"Est. reading time\" \/>\n\t<meta name=\"twitter:data1\" content=\"2 minutes\" \/>\n<script type=\"application\/ld+json\" class=\"yoast-schema-graph\">{\"@context\":\"https:\\\/\\\/schema.org\",\"@graph\":[{\"@type\":\"WebPage\",\"@id\":\"https:\\\/\\\/villa-albertine.org\\\/va\\\/events\\\/raphael-imbert-reverence-collective-perform-at-gallery-992\\\/\",\"url\":\"https:\\\/\\\/villa-albertine.org\\\/va\\\/events\\\/raphael-imbert-reverence-collective-perform-at-gallery-992\\\/\",\"name\":\"Rapha\u00ebl Imbert &amp; Reverence Collective Perform at Gallery 992 - Villa Albertine\",\"isPartOf\":{\"@id\":\"https:\\\/\\\/villa-albertine.org\\\/va\\\/#website\"},\"primaryImageOfPage\":{\"@id\":\"https:\\\/\\\/villa-albertine.org\\\/va\\\/events\\\/raphael-imbert-reverence-collective-perform-at-gallery-992\\\/#primaryimage\"},\"image\":{\"@id\":\"https:\\\/\\\/villa-albertine.org\\\/va\\\/events\\\/raphael-imbert-reverence-collective-perform-at-gallery-992\\\/#primaryimage\"},\"thumbnailUrl\":\"https:\\\/\\\/villa-albertine.org\\\/wp-content\\\/uploads\\\/2024\\\/04\\\/imbert-x-reverence.png\",\"datePublished\":\"2024-04-05T15:50:05+00:00\",\"dateModified\":\"2024-04-08T14:05:19+00:00\",\"breadcrumb\":{\"@id\":\"https:\\\/\\\/villa-albertine.org\\\/va\\\/events\\\/raphael-imbert-reverence-collective-perform-at-gallery-992\\\/#breadcrumb\"},\"inLanguage\":\"en-US\",\"potentialAction\":[{\"@type\":\"ReadAction\",\"target\":[\"https:\\\/\\\/villa-albertine.org\\\/va\\\/events\\\/raphael-imbert-reverence-collective-perform-at-gallery-992\\\/\"]}]},{\"@type\":\"ImageObject\",\"inLanguage\":\"en-US\",\"@id\":\"https:\\\/\\\/villa-albertine.org\\\/va\\\/events\\\/raphael-imbert-reverence-collective-perform-at-gallery-992\\\/#primaryimage\",\"url\":\"https:\\\/\\\/villa-albertine.org\\\/wp-content\\\/uploads\\\/2024\\\/04\\\/imbert-x-reverence.png\",\"contentUrl\":\"https:\\\/\\\/villa-albertine.org\\\/wp-content\\\/uploads\\\/2024\\\/04\\\/imbert-x-reverence.png\",\"width\":900,\"height\":505},{\"@type\":\"BreadcrumbList\",\"@id\":\"https:\\\/\\\/villa-albertine.org\\\/va\\\/events\\\/raphael-imbert-reverence-collective-perform-at-gallery-992\\\/#breadcrumb\",\"itemListElement\":[{\"@type\":\"ListItem\",\"position\":1,\"name\":\"Home\",\"item\":\"https:\\\/\\\/villa-albertine.org\\\/va\\\/\"},{\"@type\":\"ListItem\",\"position\":2,\"name\":\"Rapha\u00ebl Imbert &amp; Reverence Collective Perform at Gallery 992\"}]},{\"@type\":\"WebSite\",\"@id\":\"https:\\\/\\\/villa-albertine.org\\\/va\\\/#website\",\"url\":\"https:\\\/\\\/villa-albertine.org\\\/va\\\/\",\"name\":\"Villa Albertine\",\"description\":\"\",\"potentialAction\":[{\"@type\":\"SearchAction\",\"target\":{\"@type\":\"EntryPoint\",\"urlTemplate\":\"https:\\\/\\\/villa-albertine.org\\\/va\\\/?s={search_term_string}\"},\"query-input\":{\"@type\":\"PropertyValueSpecification\",\"valueRequired\":true,\"valueName\":\"search_term_string\"}}],\"inLanguage\":\"en-US\"}]}<\/script>\n<!-- \/ Yoast SEO plugin. -->","yoast_head_json":{"title":"Rapha\u00ebl Imbert &amp; Reverence Collective Perform at Gallery 992 - Villa Albertine","robots":{"index":"index","follow":"follow","max-snippet":"max-snippet:-1","max-image-preview":"max-image-preview:large","max-video-preview":"max-video-preview:-1"},"canonical":"https:\/\/villa-albertine.org\/va\/events\/raphael-imbert-reverence-collective-perform-at-gallery-992\/","og_locale":"en_US","og_type":"article","og_title":"Rapha\u00ebl Imbert &amp; Reverence Collective Perform at Gallery 992 - Villa Albertine","og_description":"On Sunday, April 28, French jazz saxophonist Rapha\u00ebl Imbert will play with Atlanta-based genre-bending music collective Reverence for a performance that you won&#8217;t want to miss at experimental artists hub, Gallery 992! The collaboration between Rapha\u00ebl Imbert and Reverence began in May 2023 with the project Music is My Field, a field project by Rapha\u00ebl...","og_url":"https:\/\/villa-albertine.org\/va\/events\/raphael-imbert-reverence-collective-perform-at-gallery-992\/","og_site_name":"Villa Albertine","article_modified_time":"2024-04-08T14:05:19+00:00","og_image":[{"width":900,"height":505,"url":"https:\/\/villa-albertine.org\/wp-content\/uploads\/2024\/04\/imbert-x-reverence.png","type":"image\/png"}],"twitter_card":"summary_large_image","twitter_misc":{"Est. reading time":"2 minutes"},"schema":{"@context":"https:\/\/schema.org","@graph":[{"@type":"WebPage","@id":"https:\/\/villa-albertine.org\/va\/events\/raphael-imbert-reverence-collective-perform-at-gallery-992\/","url":"https:\/\/villa-albertine.org\/va\/events\/raphael-imbert-reverence-collective-perform-at-gallery-992\/","name":"Rapha\u00ebl Imbert &amp; Reverence Collective Perform at Gallery 992 - Villa Albertine","isPartOf":{"@id":"https:\/\/villa-albertine.org\/va\/#website"},"primaryImageOfPage":{"@id":"https:\/\/villa-albertine.org\/va\/events\/raphael-imbert-reverence-collective-perform-at-gallery-992\/#primaryimage"},"image":{"@id":"https:\/\/villa-albertine.org\/va\/events\/raphael-imbert-reverence-collective-perform-at-gallery-992\/#primaryimage"},"thumbnailUrl":"https:\/\/villa-albertine.org\/wp-content\/uploads\/2024\/04\/imbert-x-reverence.png","datePublished":"2024-04-05T15:50:05+00:00","dateModified":"2024-04-08T14:05:19+00:00","breadcrumb":{"@id":"https:\/\/villa-albertine.org\/va\/events\/raphael-imbert-reverence-collective-perform-at-gallery-992\/#breadcrumb"},"inLanguage":"en-US","potentialAction":[{"@type":"ReadAction","target":["https:\/\/villa-albertine.org\/va\/events\/raphael-imbert-reverence-collective-perform-at-gallery-992\/"]}]},{"@type":"ImageObject","inLanguage":"en-US","@id":"https:\/\/villa-albertine.org\/va\/events\/raphael-imbert-reverence-collective-perform-at-gallery-992\/#primaryimage","url":"https:\/\/villa-albertine.org\/wp-content\/uploads\/2024\/04\/imbert-x-reverence.png","contentUrl":"https:\/\/villa-albertine.org\/wp-content\/uploads\/2024\/04\/imbert-x-reverence.png","width":900,"height":505},{"@type":"BreadcrumbList","@id":"https:\/\/villa-albertine.org\/va\/events\/raphael-imbert-reverence-collective-perform-at-gallery-992\/#breadcrumb","itemListElement":[{"@type":"ListItem","position":1,"name":"Home","item":"https:\/\/villa-albertine.org\/va\/"},{"@type":"ListItem","position":2,"name":"Rapha\u00ebl Imbert &amp; Reverence Collective Perform at Gallery 992"}]},{"@type":"WebSite","@id":"https:\/\/villa-albertine.org\/va\/#website","url":"https:\/\/villa-albertine.org\/va\/","name":"Villa Albertine","description":"","potentialAction":[{"@type":"SearchAction","target":{"@type":"EntryPoint","urlTemplate":"https:\/\/villa-albertine.org\/va\/?s={search_term_string}"},"query-input":{"@type":"PropertyValueSpecification","valueRequired":true,"valueName":"search_term_string"}}],"inLanguage":"en-US"}]}},"_links":{"self":[{"href":"https:\/\/villa-albertine.org\/va\/wp-json\/wp\/v2\/app_event\/554499","targetHints":{"allow":["GET"]}}],"collection":[{"href":"https:\/\/villa-albertine.org\/va\/wp-json\/wp\/v2\/app_event"}],"about":[{"href":"https:\/\/villa-albertine.org\/va\/wp-json\/wp\/v2\/types\/app_event"}],"wp:featuredmedia":[{"embeddable":true,"href":"https:\/\/villa-albertine.org\/va\/wp-json\/wp\/v2\/media\/554526"}],"wp:attachment":[{"href":"https:\/\/villa-albertine.org\/va\/wp-json\/wp\/v2\/media?parent=554499"}],"wp:term":[{"taxonomy":"app_discipline","embeddable":true,"href":"https:\/\/villa-albertine.org\/va\/wp-json\/wp\/v2\/app_discipline?post=554499"},{"taxonomy":"app_city_tax","embeddable":true,"href":"https:\/\/villa-albertine.org\/va\/wp-json\/wp\/v2\/app_city_tax?post=554499"},{"taxonomy":"app_event_type","embeddable":true,"href":"https:\/\/villa-albertine.org\/va\/wp-json\/wp\/v2\/app_event_type?post=554499"}],"curies":[{"name":"wp","href":"https:\/\/api.w.org\/{rel}","templated":true}]}}

Raphaël Imbert &amp; Reverence Collective Perform at Gallery 992

<p><strong>On Sunday, April 28, French jazz saxophonist Raphaël Imbert will play with Atlanta-based genre-bending music collective Reverence for a performance that you won&#8217;t want to miss at experimental artists hub, Gallery 992! </strong></p>



<p>The collaboration between Raphaël Imbert and Reverence began in May 2023 with the project <em>Music is My Field</em>, a field project by Raphaël Imbert exploring the musical styles of the Southeast and Appalachia. <a href="https://villa-albertine.org/events/music-my-field-raphael-imbert/">Learn more about <em>Music is My Field</em></a><em>. </em>In April and May 2024, Imbert is returning to Atlanta and the Southeast to finish the film.</p>



<p>In November 2023, Kebbi Williams&#8211;Reverence frontman and Grammy award-winning tenor saxophonist&#8211;was invited to perform with Raphaël Imbert during JEST Festival in Marseille, France. <a href="https://www.lejest.fr/artistes/kebbi-williams-meets-raphael-imbert-co">Learn more about their performance at JEST.</a> </p>



<p>Reverence and Raphaël Imbert will also perform with musicians from Marseille&#8217;s Conservatoire Pierre Barbizet in July 2024 as part of the Jazz des Cinq Continents festival in Marseille, France. <a href="https://www.marseillejazz.com/en/cpt_programmation/music-is-my-field/">Learn more about their upcoming performance at Jazz des Cinq Continents.</a></p>



<p><strong>Raphaël Imbert</strong><em> is a self-taught jazz saxophonist, conductor, and composer.</em> <em>One of his favorite areas of research, which he continues to pursue, is the spiritual in jazz. The founding act of Raphaël Imbert&#8217;s artistic approach dates back to 1999, with the creation of a nine musicians orchestra, La Compagnie Nine Spirit. In 2010, Raphaël Imbert joined the Improtech program, in conjunction with IRCAM and EHESS, and travelled to the United States to study the links between traditional folk music, orality and improvisation, new media and the digital revolution. He has worked with musicians such as Archie Shepp, Daniel Humair, Yaron Herman, Anne Paceo, the Manfred Quartet, the Chemirani Trio, Arnaud Thorette and Johan Farjot&#8217;s Ensemble Contraste, Johan Farjot, Karol Beffa, Hugh Coltman, Laurent de Wilde, and more. Raphaël Imbert&#8217;s discography includes &#8220;Newtopia Project: Suite Élégiaque&#8221; (2006), &#8220;Bach &#8211; Coltrane&#8221; (2008), &#8220;New York Project&#8221; (2009), &#8220;Live au Tracteur&#8221;(2011), &#8220;Heavens &#8211; Amadeus &amp; The Duke&#8221; (2013), &#8220;Janus&#8221; (2013), &#8220;The Appalachians&#8221; (2014).</em></p>



<p><strong>Reverence</strong><em> is a multi-faceted collective based in Atlanta, GA that specializes in creating improvised soundscapes that blur the lines of genre; a classification dubbed couture sounds. The combined resume of collaborations from the collective include work with the likes of Russell Gumm, Chris Dave, Kamaal Williams, Roy Ayers, Outkast, Tedeschi Trucks Band, Little Tybee, Arrested Development, Miguel Atwood-Ferguson, and many more. Reverence collective includes TJ Merritt (bass), Chris Marks (guitar), Dallas Dawson (drums), Kebbi Williams (saxophone, flute), Brandon Stephens (bass), Quinn Mason (saxophone, moog), and CJ Brinson (drums). </em><a href="https://www.reverence.band/">Learn more about Reverence.</a></p>

<!-- This site is optimized with the Yoast SEO plugin v27.3 - https://yoast.com/product/yoast-seo-wordpress/ -->
<title>Raphaël Imbert &amp; Reverence Collective Perform at Gallery 992 - Villa Albertine</title>
<meta name="robots" content="index, follow, max-snippet:-1, max-image-preview:large, max-video-preview:-1" />
<link rel="canonical" href="https://villa-albertine.org/va/events/raphael-imbert-reverence-collective-perform-at-gallery-992/" />
<meta property="og:locale" content="en_US" />
<meta property="og:type" content="article" />
<meta property="og:title" content="Raphaël Imbert &amp; Reverence Collective Perform at Gallery 992 - Villa Albertine" />
<meta property="og:description" content="On Sunday, April 28, French jazz saxophonist Raphaël Imbert will play with Atlanta-based genre-bending music collective Reverence for a performance that you won&#8217;t want to miss at experimental artists hub, Gallery 992! The collaboration between Raphaël Imbert and Reverence began in May 2023 with the project Music is My Field, a field project by Raphaël..." />
<meta property="og:url" content="https://villa-albertine.org/va/events/raphael-imbert-reverence-collective-perform-at-gallery-992/" />
<meta property="og:site_name" content="Villa Albertine" />
<meta property="article:modified_time" content="2024-04-08T14:05:19+00:00" />
<meta property="og:image" content="https://villa-albertine.org/wp-content/uploads/2024/04/imbert-x-reverence.png" />
	<meta property="og:image:width" content="900" />
	<meta property="og:image:height" content="505" />
	<meta property="og:image:type" content="image/png" />
<meta name="twitter:card" content="summary_large_image" />
<meta name="twitter:label1" content="Est. reading time" />
	<meta name="twitter:data1" content="2 minutes" />
<script type="application/ld+json" class="yoast-schema-graph">{"@context":"https:\/\/schema.org","@graph":[{"@type":"WebPage","@id":"https:\/\/villa-albertine.org\/va\/events\/raphael-imbert-reverence-collective-perform-at-gallery-992\/","url":"https:\/\/villa-albertine.org\/va\/events\/raphael-imbert-reverence-collective-perform-at-gallery-992\/","name":"Raphaël Imbert &amp; Reverence Collective Perform at Gallery 992 - Villa Albertine","isPartOf":{"@id":"https:\/\/villa-albertine.org\/va\/#website"},"primaryImageOfPage":{"@id":"https:\/\/villa-albertine.org\/va\/events\/raphael-imbert-reverence-collective-perform-at-gallery-992\/#primaryimage"},"image":{"@id":"https:\/\/villa-albertine.org\/va\/events\/raphael-imbert-reverence-collective-perform-at-gallery-992\/#primaryimage"},"thumbnailUrl":"https:\/\/villa-albertine.org\/wp-content\/uploads\/2024\/04\/imbert-x-reverence.png","datePublished":"2024-04-05T15:50:05+00:00","dateModified":"2024-04-08T14:05:19+00:00","breadcrumb":{"@id":"https:\/\/villa-albertine.org\/va\/events\/raphael-imbert-reverence-collective-perform-at-gallery-992\/#breadcrumb"},"inLanguage":"en-US","potentialAction":[{"@type":"ReadAction","target":["https:\/\/villa-albertine.org\/va\/events\/raphael-imbert-reverence-collective-perform-at-gallery-992\/"]}]},{"@type":"ImageObject","inLanguage":"en-US","@id":"https:\/\/villa-albertine.org\/va\/events\/raphael-imbert-reverence-collective-perform-at-gallery-992\/#primaryimage","url":"https:\/\/villa-albertine.org\/wp-content\/uploads\/2024\/04\/imbert-x-reverence.png","contentUrl":"https:\/\/villa-albertine.org\/wp-content\/uploads\/2024\/04\/imbert-x-reverence.png","width":900,"height":505},{"@type":"BreadcrumbList","@id":"https:\/\/villa-albertine.org\/va\/events\/raphael-imbert-reverence-collective-perform-at-gallery-992\/#breadcrumb","itemListElement":[{"@type":"ListItem","position":1,"name":"Home","item":"https:\/\/villa-albertine.org\/va\/"},{"@type":"ListItem","position":2,"name":"Raphaël Imbert &amp; Reverence Collective Perform at Gallery 992"}]},{"@type":"WebSite","@id":"https:\/\/villa-albertine.org\/va\/#website","url":"https:\/\/villa-albertine.org\/va\/","name":"Villa Albertine","description":"","potentialAction":[{"@type":"SearchAction","target":{"@type":"EntryPoint","urlTemplate":"https:\/\/villa-albertine.org\/va\/?s={search_term_string}"},"query-input":{"@type":"PropertyValueSpecification","valueRequired":true,"valueName":"search_term_string"}}],"inLanguage":"en-US"}]}</script>
<!-- / Yoast SEO plugin. -->

Raphaël Imbert &amp; Reverence Collective Perform at Gallery 992 - Villa Albertine

On Sunday, April 28, French jazz saxophonist Raphaël Imbert will play with Atlanta-based genre-bending music collective Reverence for a performance that you won&#8217;t want to miss at experimental artists hub, Gallery 992! The collaboration between Raphaël Imbert and Reverence began in May 2023 with the project Music is My Field, a field project by Raphaël...
