{"id":524375,"date":"2024-03-14T21:43:10","date_gmt":"2024-03-14T21:43:10","guid":{"rendered":"https:\/\/villa-albertine.org\/?post_type=app_event&#038;p=524375"},"modified":"2024-03-27T17:27:23","modified_gmt":"2024-03-27T17:27:23","slug":"2nd-annual-ps-58-francophone-film-festival","status":"publish","type":"app_event","link":"https:\/\/villa-albertine.org\/va\/events\/2nd-annual-ps-58-francophone-film-festival\/","title":{"rendered":"The Second Annual PS 58 Francophone Film Festival"},"content":{"rendered":"\n<p>On Saturday, March 23, in celebration of &#8220;La Francophonie&#8221; (the French-speaking world), the French-English Dual-Language Program Liaison Committee of PS 58 &#8211; The Carroll School proudly presents its second annual event featuring a day of complimentary screenings of French films, highlighting diverse and culturally enriching cinema from around the French-speaking world.<\/p>\n\n\n\n<figure class=\"wp-block-image size-large\"><img loading=\"lazy\" decoding=\"async\" width=\"1280\" height=\"720\" src=\"https:\/\/villa-albertine.org\/wp-content\/uploads\/2024\/03\/337266179_1454102621662562_1566518582275911821_n-edited.jpg\" alt=\"\" class=\"wp-image-524518\" srcset=\"https:\/\/villa-albertine.org\/wp-content\/uploads\/2024\/03\/337266179_1454102621662562_1566518582275911821_n-edited.jpg 1280w, https:\/\/villa-albertine.org\/wp-content\/uploads\/2024\/03\/337266179_1454102621662562_1566518582275911821_n-edited-300x169.jpg 300w, https:\/\/villa-albertine.org\/wp-content\/uploads\/2024\/03\/337266179_1454102621662562_1566518582275911821_n-edited-1024x576.jpg 1024w, https:\/\/villa-albertine.org\/wp-content\/uploads\/2024\/03\/337266179_1454102621662562_1566518582275911821_n-edited-768x432.jpg 768w\" sizes=\"auto, (max-width: 1280px) 100vw, 1280px\" \/><figcaption class=\"wp-element-caption\"><p>The first edition of the PS 58 Francophone Film Festival in March 2023.<\/p><\/figcaption><\/figure>\n\n\n\n<p>This year, PS 58 &#8211; The Carroll Garden School presents seven short and feature length films\u00a0thanks to Villa Albertine, Institut Fran\u00e7ais, and the Quebec Government Office in New York.\u00a0<\/p>\n\n\n\n<hr class=\"wp-block-separator has-alpha-channel-opacity\"\/>\n\n\n\n<p class=\"has-large-font-size\">Schedule<\/p>\n\n\n\n<p><strong>Breakfast Session l\u00a08:30am &#8211; 11:00am<\/strong><\/p>\n\n\n\n<p><em>Bonjour le monde !<\/em> by Anne-Lise Koelher and Eric Serre, France, 1h01, 2019 (recommended for ages 4+).<\/p>\n\n\n\n<p>Crafts: Recreate the festival&#8217;s mascot with papier-m\u00e2ch\u00e9. <\/p>\n\n\n\n<p><em>Akissi, un dr\u00f4le de petit fr\u00e8re<\/em> by Alexandre Coste, Ivory Coast-France, 26 min, 2022 (recommended for ages 4+). Based on the original graphic novel by Marguerite Abouet and Mathieu Sapin.<\/p>\n\n\n\n<p><\/p>\n\n\n\n<p><strong>Lunch Session <strong>l<\/strong> 11:30am &#8211; 2:30pm<\/strong><\/p>\n\n\n\n<p><em>Louise et la l\u00e9gende du serpent \u00e0 plumes<strong> <\/strong><\/em>by Hefang Wei, France-Mexico, 27 min, 2021 (recommended for ages 5+).<\/p>\n\n\n\n<p>Fun Quiz: Test your knowledge about music in French-speaking countries and hear all about local pronunciation and vocabulary.<\/p>\n\n\n\n<p><em>Le Pharaon, le Sauvage et la Princesse<\/em> by Michel Ocelot, Belgium-France-Egypt, 1h23, 2022 (recommended for ages 6+). <\/p>\n\n\n\n<p><\/p>\n\n\n\n<p><strong>Snack Session <strong><strong>l<\/strong> <\/strong>3:00 pm &#8211; 6:00 pm<\/strong><\/p>\n\n\n\n<p><em>\u00c0 quoi tu r\u00eaves, L\u00e9on<strong> <\/strong><\/em>by Roger Gari\u00e9py, Canada, 8 min, 2022 (recommended for ages 6+).<\/p>\n\n\n\n<p><em>Vanille <\/em>by Guillaume Lorin, France-Guadeloupe, 31 min, 2020 (recommended for ages 6+). <\/p>\n\n\n\n<p>You are up! Award Acceptance Speech: Now is the time to practice your award acceptance speech in front of a real audience. <\/p>\n\n\n\n<p><em>Coco Ferme<\/em> by S\u00e9bastien Gagn\u00e9, Qu\u00e9bec, 1h27, 2023 (recommended for ages 8+). <\/p>\n","protected":false},"featured_media":0,"menu_order":0,"template":"","app_discipline":[219],"app_city_tax":[217],"app_event_type":[239],"class_list":["post-524375","app_event","type-app_event","status-publish","hentry","app_discipline-cinema","app_city_tax-nyc","app_event_type-film"],"acf":[],"yoast_head":"<!-- This site is optimized with the Yoast SEO plugin v27.3 - https:\/\/yoast.com\/product\/yoast-seo-wordpress\/ -->\n<title>The Second Annual PS 58 Francophone Film Festival - Villa Albertine<\/title>\n<meta name=\"robots\" content=\"index, follow, max-snippet:-1, max-image-preview:large, max-video-preview:-1\" \/>\n<link rel=\"canonical\" href=\"https:\/\/villa-albertine.org\/va\/events\/2nd-annual-ps-58-francophone-film-festival\/\" \/>\n<meta property=\"og:locale\" content=\"en_US\" \/>\n<meta property=\"og:type\" content=\"article\" \/>\n<meta property=\"og:title\" content=\"The Second Annual PS 58 Francophone Film Festival - Villa Albertine\" \/>\n<meta property=\"og:description\" content=\"On Saturday, March 23, in celebration of &#8220;La Francophonie&#8221; (the French-speaking world), the French-English Dual-Language Program Liaison Committee of PS 58 &#8211; The Carroll School proudly presents its second annual event featuring a day of complimentary screenings of French films, highlighting diverse and culturally enriching cinema from around the French-speaking world. This year, PS 58...\" \/>\n<meta property=\"og:url\" content=\"https:\/\/villa-albertine.org\/va\/events\/2nd-annual-ps-58-francophone-film-festival\/\" \/>\n<meta property=\"og:site_name\" content=\"Villa Albertine\" \/>\n<meta property=\"article:modified_time\" content=\"2024-03-27T17:27:23+00:00\" \/>\n<meta property=\"og:image\" content=\"https:\/\/villa-albertine.org\/wp-content\/uploads\/2024\/03\/Image-Bonjour-le-monde-10.jpg\" \/>\n\t<meta property=\"og:image:width\" content=\"2000\" \/>\n\t<meta property=\"og:image:height\" content=\"1102\" \/>\n\t<meta property=\"og:image:type\" content=\"image\/jpeg\" \/>\n<meta name=\"twitter:card\" content=\"summary_large_image\" \/>\n<meta name=\"twitter:label1\" content=\"Est. reading time\" \/>\n\t<meta name=\"twitter:data1\" content=\"1 minute\" \/>\n<script type=\"application\/ld+json\" class=\"yoast-schema-graph\">{\"@context\":\"https:\\\/\\\/schema.org\",\"@graph\":[{\"@type\":\"WebPage\",\"@id\":\"https:\\\/\\\/villa-albertine.org\\\/va\\\/events\\\/2nd-annual-ps-58-francophone-film-festival\\\/\",\"url\":\"https:\\\/\\\/villa-albertine.org\\\/va\\\/events\\\/2nd-annual-ps-58-francophone-film-festival\\\/\",\"name\":\"The Second Annual PS 58 Francophone Film Festival - Villa Albertine\",\"isPartOf\":{\"@id\":\"https:\\\/\\\/villa-albertine.org\\\/va\\\/#website\"},\"primaryImageOfPage\":{\"@id\":\"https:\\\/\\\/villa-albertine.org\\\/va\\\/events\\\/2nd-annual-ps-58-francophone-film-festival\\\/#primaryimage\"},\"image\":{\"@id\":\"https:\\\/\\\/villa-albertine.org\\\/va\\\/events\\\/2nd-annual-ps-58-francophone-film-festival\\\/#primaryimage\"},\"thumbnailUrl\":\"https:\\\/\\\/villa-albertine.org\\\/wp-content\\\/uploads\\\/2024\\\/03\\\/337266179_1454102621662562_1566518582275911821_n-edited.jpg\",\"datePublished\":\"2024-03-14T21:43:10+00:00\",\"dateModified\":\"2024-03-27T17:27:23+00:00\",\"breadcrumb\":{\"@id\":\"https:\\\/\\\/villa-albertine.org\\\/va\\\/events\\\/2nd-annual-ps-58-francophone-film-festival\\\/#breadcrumb\"},\"inLanguage\":\"en-US\",\"potentialAction\":[{\"@type\":\"ReadAction\",\"target\":[\"https:\\\/\\\/villa-albertine.org\\\/va\\\/events\\\/2nd-annual-ps-58-francophone-film-festival\\\/\"]}]},{\"@type\":\"ImageObject\",\"inLanguage\":\"en-US\",\"@id\":\"https:\\\/\\\/villa-albertine.org\\\/va\\\/events\\\/2nd-annual-ps-58-francophone-film-festival\\\/#primaryimage\",\"url\":\"https:\\\/\\\/villa-albertine.org\\\/wp-content\\\/uploads\\\/2024\\\/03\\\/337266179_1454102621662562_1566518582275911821_n-edited.jpg\",\"contentUrl\":\"https:\\\/\\\/villa-albertine.org\\\/wp-content\\\/uploads\\\/2024\\\/03\\\/337266179_1454102621662562_1566518582275911821_n-edited.jpg\"},{\"@type\":\"BreadcrumbList\",\"@id\":\"https:\\\/\\\/villa-albertine.org\\\/va\\\/events\\\/2nd-annual-ps-58-francophone-film-festival\\\/#breadcrumb\",\"itemListElement\":[{\"@type\":\"ListItem\",\"position\":1,\"name\":\"Home\",\"item\":\"https:\\\/\\\/villa-albertine.org\\\/va\\\/\"},{\"@type\":\"ListItem\",\"position\":2,\"name\":\"The Second Annual PS 58 Francophone Film Festival\"}]},{\"@type\":\"WebSite\",\"@id\":\"https:\\\/\\\/villa-albertine.org\\\/va\\\/#website\",\"url\":\"https:\\\/\\\/villa-albertine.org\\\/va\\\/\",\"name\":\"Villa Albertine\",\"description\":\"\",\"potentialAction\":[{\"@type\":\"SearchAction\",\"target\":{\"@type\":\"EntryPoint\",\"urlTemplate\":\"https:\\\/\\\/villa-albertine.org\\\/va\\\/?s={search_term_string}\"},\"query-input\":{\"@type\":\"PropertyValueSpecification\",\"valueRequired\":true,\"valueName\":\"search_term_string\"}}],\"inLanguage\":\"en-US\"}]}<\/script>\n<!-- \/ Yoast SEO plugin. -->","yoast_head_json":{"title":"The Second Annual PS 58 Francophone Film Festival - Villa Albertine","robots":{"index":"index","follow":"follow","max-snippet":"max-snippet:-1","max-image-preview":"max-image-preview:large","max-video-preview":"max-video-preview:-1"},"canonical":"https:\/\/villa-albertine.org\/va\/events\/2nd-annual-ps-58-francophone-film-festival\/","og_locale":"en_US","og_type":"article","og_title":"The Second Annual PS 58 Francophone Film Festival - Villa Albertine","og_description":"On Saturday, March 23, in celebration of &#8220;La Francophonie&#8221; (the French-speaking world), the French-English Dual-Language Program Liaison Committee of PS 58 &#8211; The Carroll School proudly presents its second annual event featuring a day of complimentary screenings of French films, highlighting diverse and culturally enriching cinema from around the French-speaking world. This year, PS 58...","og_url":"https:\/\/villa-albertine.org\/va\/events\/2nd-annual-ps-58-francophone-film-festival\/","og_site_name":"Villa Albertine","article_modified_time":"2024-03-27T17:27:23+00:00","og_image":[{"width":2000,"height":1102,"url":"https:\/\/villa-albertine.org\/wp-content\/uploads\/2024\/03\/Image-Bonjour-le-monde-10.jpg","type":"image\/jpeg"}],"twitter_card":"summary_large_image","twitter_misc":{"Est. reading time":"1 minute"},"schema":{"@context":"https:\/\/schema.org","@graph":[{"@type":"WebPage","@id":"https:\/\/villa-albertine.org\/va\/events\/2nd-annual-ps-58-francophone-film-festival\/","url":"https:\/\/villa-albertine.org\/va\/events\/2nd-annual-ps-58-francophone-film-festival\/","name":"The Second Annual PS 58 Francophone Film Festival - Villa Albertine","isPartOf":{"@id":"https:\/\/villa-albertine.org\/va\/#website"},"primaryImageOfPage":{"@id":"https:\/\/villa-albertine.org\/va\/events\/2nd-annual-ps-58-francophone-film-festival\/#primaryimage"},"image":{"@id":"https:\/\/villa-albertine.org\/va\/events\/2nd-annual-ps-58-francophone-film-festival\/#primaryimage"},"thumbnailUrl":"https:\/\/villa-albertine.org\/wp-content\/uploads\/2024\/03\/337266179_1454102621662562_1566518582275911821_n-edited.jpg","datePublished":"2024-03-14T21:43:10+00:00","dateModified":"2024-03-27T17:27:23+00:00","breadcrumb":{"@id":"https:\/\/villa-albertine.org\/va\/events\/2nd-annual-ps-58-francophone-film-festival\/#breadcrumb"},"inLanguage":"en-US","potentialAction":[{"@type":"ReadAction","target":["https:\/\/villa-albertine.org\/va\/events\/2nd-annual-ps-58-francophone-film-festival\/"]}]},{"@type":"ImageObject","inLanguage":"en-US","@id":"https:\/\/villa-albertine.org\/va\/events\/2nd-annual-ps-58-francophone-film-festival\/#primaryimage","url":"https:\/\/villa-albertine.org\/wp-content\/uploads\/2024\/03\/337266179_1454102621662562_1566518582275911821_n-edited.jpg","contentUrl":"https:\/\/villa-albertine.org\/wp-content\/uploads\/2024\/03\/337266179_1454102621662562_1566518582275911821_n-edited.jpg"},{"@type":"BreadcrumbList","@id":"https:\/\/villa-albertine.org\/va\/events\/2nd-annual-ps-58-francophone-film-festival\/#breadcrumb","itemListElement":[{"@type":"ListItem","position":1,"name":"Home","item":"https:\/\/villa-albertine.org\/va\/"},{"@type":"ListItem","position":2,"name":"The Second Annual PS 58 Francophone Film Festival"}]},{"@type":"WebSite","@id":"https:\/\/villa-albertine.org\/va\/#website","url":"https:\/\/villa-albertine.org\/va\/","name":"Villa Albertine","description":"","potentialAction":[{"@type":"SearchAction","target":{"@type":"EntryPoint","urlTemplate":"https:\/\/villa-albertine.org\/va\/?s={search_term_string}"},"query-input":{"@type":"PropertyValueSpecification","valueRequired":true,"valueName":"search_term_string"}}],"inLanguage":"en-US"}]}},"_links":{"self":[{"href":"https:\/\/villa-albertine.org\/va\/wp-json\/wp\/v2\/app_event\/524375","targetHints":{"allow":["GET"]}}],"collection":[{"href":"https:\/\/villa-albertine.org\/va\/wp-json\/wp\/v2\/app_event"}],"about":[{"href":"https:\/\/villa-albertine.org\/va\/wp-json\/wp\/v2\/types\/app_event"}],"wp:attachment":[{"href":"https:\/\/villa-albertine.org\/va\/wp-json\/wp\/v2\/media?parent=524375"}],"wp:term":[{"taxonomy":"app_discipline","embeddable":true,"href":"https:\/\/villa-albertine.org\/va\/wp-json\/wp\/v2\/app_discipline?post=524375"},{"taxonomy":"app_city_tax","embeddable":true,"href":"https:\/\/villa-albertine.org\/va\/wp-json\/wp\/v2\/app_city_tax?post=524375"},{"taxonomy":"app_event_type","embeddable":true,"href":"https:\/\/villa-albertine.org\/va\/wp-json\/wp\/v2\/app_event_type?post=524375"}],"curies":[{"name":"wp","href":"https:\/\/api.w.org\/{rel}","templated":true}]}}

<p>On Saturday, March 23, in celebration of &#8220;La Francophonie&#8221; (the French-speaking world), the French-English Dual-Language Program Liaison Committee of PS 58 &#8211; The Carroll School proudly presents its second annual event featuring a day of complimentary screenings of French films, highlighting diverse and culturally enriching cinema from around the French-speaking world.</p>



<figure class="wp-block-image size-large"><img loading="lazy" decoding="async" width="1280" height="720" src="https://villa-albertine.org/wp-content/uploads/2024/03/337266179_1454102621662562_1566518582275911821_n-edited.jpg" alt="" class="wp-image-524518" srcset="https://villa-albertine.org/wp-content/uploads/2024/03/337266179_1454102621662562_1566518582275911821_n-edited.jpg 1280w, https://villa-albertine.org/wp-content/uploads/2024/03/337266179_1454102621662562_1566518582275911821_n-edited-300x169.jpg 300w, https://villa-albertine.org/wp-content/uploads/2024/03/337266179_1454102621662562_1566518582275911821_n-edited-1024x576.jpg 1024w, https://villa-albertine.org/wp-content/uploads/2024/03/337266179_1454102621662562_1566518582275911821_n-edited-768x432.jpg 768w" sizes="auto, (max-width: 1280px) 100vw, 1280px" /><figcaption class="wp-element-caption"><p>The first edition of the PS 58 Francophone Film Festival in March 2023.</p></figcaption></figure>



<p>This year, PS 58 &#8211; The Carroll Garden School presents seven short and feature length films thanks to Villa Albertine, Institut Français, and the Quebec Government Office in New York. </p>



<hr class="wp-block-separator has-alpha-channel-opacity"/>



<p class="has-large-font-size">Schedule</p>



<p><strong>Breakfast Session l 8:30am &#8211; 11:00am</strong></p>



<p><em>Bonjour le monde !</em> by Anne-Lise Koelher and Eric Serre, France, 1h01, 2019 (recommended for ages 4+).</p>



<p>Crafts: Recreate the festival&#8217;s mascot with papier-mâché. </p>



<p><em>Akissi, un drôle de petit frère</em> by Alexandre Coste, Ivory Coast-France, 26 min, 2022 (recommended for ages 4+). Based on the original graphic novel by Marguerite Abouet and Mathieu Sapin.</p>



<p></p>



<p><strong>Lunch Session <strong>l</strong> 11:30am &#8211; 2:30pm</strong></p>



<p><em>Louise et la légende du serpent à plumes<strong> </strong></em>by Hefang Wei, France-Mexico, 27 min, 2021 (recommended for ages 5+).</p>



<p>Fun Quiz: Test your knowledge about music in French-speaking countries and hear all about local pronunciation and vocabulary.</p>



<p><em>Le Pharaon, le Sauvage et la Princesse</em> by Michel Ocelot, Belgium-France-Egypt, 1h23, 2022 (recommended for ages 6+). </p>



<p></p>



<p><strong>Snack Session <strong><strong>l</strong> </strong>3:00 pm &#8211; 6:00 pm</strong></p>



<p><em>À quoi tu rêves, Léon<strong> </strong></em>by Roger Gariépy, Canada, 8 min, 2022 (recommended for ages 6+).</p>



<p><em>Vanille </em>by Guillaume Lorin, France-Guadeloupe, 31 min, 2020 (recommended for ages 6+). </p>



<p>You are up! Award Acceptance Speech: Now is the time to practice your award acceptance speech in front of a real audience. </p>



<p><em>Coco Ferme</em> by Sébastien Gagné, Québec, 1h27, 2023 (recommended for ages 8+). </p>
