{"id":472713,"date":"2024-02-08T23:17:37","date_gmt":"2024-02-08T23:17:37","guid":{"rendered":"https:\/\/villa-albertine.org\/?post_type=app_event&#038;p=472713"},"modified":"2024-03-21T15:53:22","modified_gmt":"2024-03-21T15:53:22","slug":"portraits-in-red-by-wanjiru-kamuyu","status":"publish","type":"app_event","link":"https:\/\/villa-albertine.org\/va\/events\/portraits-in-red-by-wanjiru-kamuyu\/","title":{"rendered":"Portraits in Red\u00a0by Wanjiru Kamuyu\u00a0"},"content":{"rendered":"\n<p><strong>Wanjiru Kamuy<\/strong>, a native Kenyan based in Paris will present her solo work,&nbsp;<em>Portraits in Red<\/em>, which investigates and explores the idea of the dominant standard of beauty and questions body image. <\/p>\n\n\n\n<p>The work draws on the dominance of the European and US beauty and fashion industries\u2019 capitalization and globalization of a narrow standard of beauty. <\/p>\n\n\n\n<p>Born into a bi-cultural home (Kenyan-American) and having lived on three continents (Africa, North America and Europe),&nbsp;Wanjiru Kamuyu continues to be intrigued by each culture\u2019s general relationship to the notion of beauty and the provocation that arises around the image of the body.&nbsp;<\/p>\n\n\n\n<h2 class=\"wp-block-heading\">About Wanjiru Kamuy<\/h2>\n\n\n\n<p>Wanjiru Kamuyu is associate artist with Theater L\u2019Onde (V\u00e9lizy, France) and a Live Feed artist with New York Live Arts (USA), whose career began in New York City. <\/p>\n\n\n\n<p>As a performer she has worked with Jawole Willa Jo Zollar, Bill T. Jones, Molissa Fenley, Anita Gonzales, Okwui Okpokwasili, Nathan Trice, Dean Moss, Tania Isaac, and more, and in Europe with choreographers Robyn Orlin, Emmanuel Eggermont, Nathalie Pubellier, Ir\u00e8ne Tassembedo, Bartabas, Stefanie Batten Bland, writer-director Fran\u00e7oise D\u00f4, visual artist Jean-Paul Goude, and TV director Christian Faure. <\/p>\n\n\n\n<p>Additionally, Kamuyu has performed in television and Broadway musicals, including <em>The Lion King<\/em> (Paris) and <em>FELA !<\/em> (UK and Equity European and US tours).<\/p>\n\n\n\n<p>Kamuyu founded the associate dance company, WKcollective, with creative production agency camin aktion (Montpellier, France). Her choreographic projects include tours in the US, Africa, Asia, and Europe. <\/p>\n\n\n\n<p>Commissions include the musical <em>\u00c0 la recherch\u00e9 de Jos\u00e9phine<\/em>, director J\u00e9r\u00f4me Savary (Paris and International tours); <em>Love is in the hair<\/em>, director Jean Fran\u00e7ois Auguste (France tour); <em>Ma\u00eetre Harold<\/em>, director Hassan Kassi Kouyate (Paris); US esteemed dance departments (Mills College, University of Michigan, Wayne State University, Stephens College); artistic consulting for choreographer Bintou Dembele\u2019s ZH; choreographer assistant for Nathan Trice\u2019s <em>Their speech is silver<\/em>, <em>Their silence is gold<\/em>; storyteller Nathalie La Boucher\u2019s <em>La Chevauch\u00e9e du Gange<\/em>; and community engagement projects with New WORLD Theater (USA), choreographer Eun-mi Ahn\u2019s project 1:59 (Festival Paris Quartier d\u2019\u00c9t\u00e9), Euroculture and the National Center for Dance project Assembl\u00e9 (France).<\/p>\n\n\n\n<p>While touring, she offers masterclasses and workshops to dance companies, universities, and community and dance centers. Kamuyu holds a MFA in Performance and Choreography) from Temple University (Philadelphia, PA). She has served as Visiting Guest Professor at Mills College (USA) and is currently core faculty for University of South Florida\u2019s Dance in Paris semester and summer programs.<\/p>\n","protected":false},"featured_media":473737,"menu_order":0,"template":"","app_discipline":[227],"app_city_tax":[223],"app_event_type":[243],"class_list":["post-472713","app_event","type-app_event","status-publish","has-post-thumbnail","hentry","app_discipline-performing-arts","app_city_tax-chi","app_event_type-performance"],"acf":[],"yoast_head":"<!-- This site is optimized with the Yoast SEO plugin v27.3 - https:\/\/yoast.com\/product\/yoast-seo-wordpress\/ -->\n<title>Portraits in Red\u00a0by Wanjiru Kamuyu\u00a0 - Villa Albertine<\/title>\n<meta name=\"robots\" content=\"index, follow, max-snippet:-1, max-image-preview:large, max-video-preview:-1\" \/>\n<link rel=\"canonical\" href=\"https:\/\/villa-albertine.org\/va\/events\/portraits-in-red-by-wanjiru-kamuyu\/\" \/>\n<meta property=\"og:locale\" content=\"en_US\" \/>\n<meta property=\"og:type\" content=\"article\" \/>\n<meta property=\"og:title\" content=\"Portraits in Red\u00a0by Wanjiru Kamuyu\u00a0 - Villa Albertine\" \/>\n<meta property=\"og:description\" content=\"Wanjiru Kamuy, a native Kenyan based in Paris will present her solo work,&nbsp;Portraits in Red, which investigates and explores the idea of the dominant standard of beauty and questions body image. The work draws on the dominance of the European and US beauty and fashion industries\u2019 capitalization and globalization of a narrow standard of beauty....\" \/>\n<meta property=\"og:url\" content=\"https:\/\/villa-albertine.org\/va\/events\/portraits-in-red-by-wanjiru-kamuyu\/\" \/>\n<meta property=\"og:site_name\" content=\"Villa Albertine\" \/>\n<meta property=\"article:modified_time\" content=\"2024-03-21T15:53:22+00:00\" \/>\n<meta property=\"og:image\" content=\"https:\/\/villa-albertine.org\/wp-content\/uploads\/2024\/02\/Portraits-in-red_MG_6387-copyright_rnvj-1-min-e1706899733750.jpg\" \/>\n\t<meta property=\"og:image:width\" content=\"1500\" \/>\n\t<meta property=\"og:image:height\" content=\"932\" \/>\n\t<meta property=\"og:image:type\" content=\"image\/jpeg\" \/>\n<meta name=\"twitter:card\" content=\"summary_large_image\" \/>\n<meta name=\"twitter:label1\" content=\"Est. reading time\" \/>\n\t<meta name=\"twitter:data1\" content=\"2 minutes\" \/>\n<script type=\"application\/ld+json\" class=\"yoast-schema-graph\">{\"@context\":\"https:\\\/\\\/schema.org\",\"@graph\":[{\"@type\":\"WebPage\",\"@id\":\"https:\\\/\\\/villa-albertine.org\\\/va\\\/events\\\/portraits-in-red-by-wanjiru-kamuyu\\\/\",\"url\":\"https:\\\/\\\/villa-albertine.org\\\/va\\\/events\\\/portraits-in-red-by-wanjiru-kamuyu\\\/\",\"name\":\"Portraits in Red\u00a0by Wanjiru Kamuyu\u00a0 - Villa Albertine\",\"isPartOf\":{\"@id\":\"https:\\\/\\\/villa-albertine.org\\\/va\\\/#website\"},\"primaryImageOfPage\":{\"@id\":\"https:\\\/\\\/villa-albertine.org\\\/va\\\/events\\\/portraits-in-red-by-wanjiru-kamuyu\\\/#primaryimage\"},\"image\":{\"@id\":\"https:\\\/\\\/villa-albertine.org\\\/va\\\/events\\\/portraits-in-red-by-wanjiru-kamuyu\\\/#primaryimage\"},\"thumbnailUrl\":\"https:\\\/\\\/villa-albertine.org\\\/wp-content\\\/uploads\\\/2024\\\/02\\\/Portraits-in-red_MG_6387-copyright_rnvj-1-min-e1706899733750.jpg\",\"datePublished\":\"2024-02-08T23:17:37+00:00\",\"dateModified\":\"2024-03-21T15:53:22+00:00\",\"breadcrumb\":{\"@id\":\"https:\\\/\\\/villa-albertine.org\\\/va\\\/events\\\/portraits-in-red-by-wanjiru-kamuyu\\\/#breadcrumb\"},\"inLanguage\":\"en-US\",\"potentialAction\":[{\"@type\":\"ReadAction\",\"target\":[\"https:\\\/\\\/villa-albertine.org\\\/va\\\/events\\\/portraits-in-red-by-wanjiru-kamuyu\\\/\"]}]},{\"@type\":\"ImageObject\",\"inLanguage\":\"en-US\",\"@id\":\"https:\\\/\\\/villa-albertine.org\\\/va\\\/events\\\/portraits-in-red-by-wanjiru-kamuyu\\\/#primaryimage\",\"url\":\"https:\\\/\\\/villa-albertine.org\\\/wp-content\\\/uploads\\\/2024\\\/02\\\/Portraits-in-red_MG_6387-copyright_rnvj-1-min-e1706899733750.jpg\",\"contentUrl\":\"https:\\\/\\\/villa-albertine.org\\\/wp-content\\\/uploads\\\/2024\\\/02\\\/Portraits-in-red_MG_6387-copyright_rnvj-1-min-e1706899733750.jpg\",\"width\":1500,\"height\":932,\"caption\":\"(c) Stephane Chouan\"},{\"@type\":\"BreadcrumbList\",\"@id\":\"https:\\\/\\\/villa-albertine.org\\\/va\\\/events\\\/portraits-in-red-by-wanjiru-kamuyu\\\/#breadcrumb\",\"itemListElement\":[{\"@type\":\"ListItem\",\"position\":1,\"name\":\"Home\",\"item\":\"https:\\\/\\\/villa-albertine.org\\\/va\\\/\"},{\"@type\":\"ListItem\",\"position\":2,\"name\":\"Portraits in Red\u00a0by Wanjiru Kamuyu\u00a0\"}]},{\"@type\":\"WebSite\",\"@id\":\"https:\\\/\\\/villa-albertine.org\\\/va\\\/#website\",\"url\":\"https:\\\/\\\/villa-albertine.org\\\/va\\\/\",\"name\":\"Villa Albertine\",\"description\":\"\",\"potentialAction\":[{\"@type\":\"SearchAction\",\"target\":{\"@type\":\"EntryPoint\",\"urlTemplate\":\"https:\\\/\\\/villa-albertine.org\\\/va\\\/?s={search_term_string}\"},\"query-input\":{\"@type\":\"PropertyValueSpecification\",\"valueRequired\":true,\"valueName\":\"search_term_string\"}}],\"inLanguage\":\"en-US\"}]}<\/script>\n<!-- \/ Yoast SEO plugin. -->","yoast_head_json":{"title":"Portraits in Red\u00a0by Wanjiru Kamuyu\u00a0 - Villa Albertine","robots":{"index":"index","follow":"follow","max-snippet":"max-snippet:-1","max-image-preview":"max-image-preview:large","max-video-preview":"max-video-preview:-1"},"canonical":"https:\/\/villa-albertine.org\/va\/events\/portraits-in-red-by-wanjiru-kamuyu\/","og_locale":"en_US","og_type":"article","og_title":"Portraits in Red\u00a0by Wanjiru Kamuyu\u00a0 - Villa Albertine","og_description":"Wanjiru Kamuy, a native Kenyan based in Paris will present her solo work,&nbsp;Portraits in Red, which investigates and explores the idea of the dominant standard of beauty and questions body image. The work draws on the dominance of the European and US beauty and fashion industries\u2019 capitalization and globalization of a narrow standard of beauty....","og_url":"https:\/\/villa-albertine.org\/va\/events\/portraits-in-red-by-wanjiru-kamuyu\/","og_site_name":"Villa Albertine","article_modified_time":"2024-03-21T15:53:22+00:00","og_image":[{"width":1500,"height":932,"url":"https:\/\/villa-albertine.org\/wp-content\/uploads\/2024\/02\/Portraits-in-red_MG_6387-copyright_rnvj-1-min-e1706899733750.jpg","type":"image\/jpeg"}],"twitter_card":"summary_large_image","twitter_misc":{"Est. reading time":"2 minutes"},"schema":{"@context":"https:\/\/schema.org","@graph":[{"@type":"WebPage","@id":"https:\/\/villa-albertine.org\/va\/events\/portraits-in-red-by-wanjiru-kamuyu\/","url":"https:\/\/villa-albertine.org\/va\/events\/portraits-in-red-by-wanjiru-kamuyu\/","name":"Portraits in Red\u00a0by Wanjiru Kamuyu\u00a0 - Villa Albertine","isPartOf":{"@id":"https:\/\/villa-albertine.org\/va\/#website"},"primaryImageOfPage":{"@id":"https:\/\/villa-albertine.org\/va\/events\/portraits-in-red-by-wanjiru-kamuyu\/#primaryimage"},"image":{"@id":"https:\/\/villa-albertine.org\/va\/events\/portraits-in-red-by-wanjiru-kamuyu\/#primaryimage"},"thumbnailUrl":"https:\/\/villa-albertine.org\/wp-content\/uploads\/2024\/02\/Portraits-in-red_MG_6387-copyright_rnvj-1-min-e1706899733750.jpg","datePublished":"2024-02-08T23:17:37+00:00","dateModified":"2024-03-21T15:53:22+00:00","breadcrumb":{"@id":"https:\/\/villa-albertine.org\/va\/events\/portraits-in-red-by-wanjiru-kamuyu\/#breadcrumb"},"inLanguage":"en-US","potentialAction":[{"@type":"ReadAction","target":["https:\/\/villa-albertine.org\/va\/events\/portraits-in-red-by-wanjiru-kamuyu\/"]}]},{"@type":"ImageObject","inLanguage":"en-US","@id":"https:\/\/villa-albertine.org\/va\/events\/portraits-in-red-by-wanjiru-kamuyu\/#primaryimage","url":"https:\/\/villa-albertine.org\/wp-content\/uploads\/2024\/02\/Portraits-in-red_MG_6387-copyright_rnvj-1-min-e1706899733750.jpg","contentUrl":"https:\/\/villa-albertine.org\/wp-content\/uploads\/2024\/02\/Portraits-in-red_MG_6387-copyright_rnvj-1-min-e1706899733750.jpg","width":1500,"height":932,"caption":"(c) Stephane Chouan"},{"@type":"BreadcrumbList","@id":"https:\/\/villa-albertine.org\/va\/events\/portraits-in-red-by-wanjiru-kamuyu\/#breadcrumb","itemListElement":[{"@type":"ListItem","position":1,"name":"Home","item":"https:\/\/villa-albertine.org\/va\/"},{"@type":"ListItem","position":2,"name":"Portraits in Red\u00a0by Wanjiru Kamuyu\u00a0"}]},{"@type":"WebSite","@id":"https:\/\/villa-albertine.org\/va\/#website","url":"https:\/\/villa-albertine.org\/va\/","name":"Villa Albertine","description":"","potentialAction":[{"@type":"SearchAction","target":{"@type":"EntryPoint","urlTemplate":"https:\/\/villa-albertine.org\/va\/?s={search_term_string}"},"query-input":{"@type":"PropertyValueSpecification","valueRequired":true,"valueName":"search_term_string"}}],"inLanguage":"en-US"}]}},"_links":{"self":[{"href":"https:\/\/villa-albertine.org\/va\/wp-json\/wp\/v2\/app_event\/472713","targetHints":{"allow":["GET"]}}],"collection":[{"href":"https:\/\/villa-albertine.org\/va\/wp-json\/wp\/v2\/app_event"}],"about":[{"href":"https:\/\/villa-albertine.org\/va\/wp-json\/wp\/v2\/types\/app_event"}],"wp:featuredmedia":[{"embeddable":true,"href":"https:\/\/villa-albertine.org\/va\/wp-json\/wp\/v2\/media\/473737"}],"wp:attachment":[{"href":"https:\/\/villa-albertine.org\/va\/wp-json\/wp\/v2\/media?parent=472713"}],"wp:term":[{"taxonomy":"app_discipline","embeddable":true,"href":"https:\/\/villa-albertine.org\/va\/wp-json\/wp\/v2\/app_discipline?post=472713"},{"taxonomy":"app_city_tax","embeddable":true,"href":"https:\/\/villa-albertine.org\/va\/wp-json\/wp\/v2\/app_city_tax?post=472713"},{"taxonomy":"app_event_type","embeddable":true,"href":"https:\/\/villa-albertine.org\/va\/wp-json\/wp\/v2\/app_event_type?post=472713"}],"curies":[{"name":"wp","href":"https:\/\/api.w.org\/{rel}","templated":true}]}}

<p><strong>Wanjiru Kamuy</strong>, a native Kenyan based in Paris will present her solo work,&nbsp;<em>Portraits in Red</em>, which investigates and explores the idea of the dominant standard of beauty and questions body image. </p>



<p>The work draws on the dominance of the European and US beauty and fashion industries’ capitalization and globalization of a narrow standard of beauty. </p>



<p>Born into a bi-cultural home (Kenyan-American) and having lived on three continents (Africa, North America and Europe),&nbsp;Wanjiru Kamuyu continues to be intrigued by each culture’s general relationship to the notion of beauty and the provocation that arises around the image of the body.&nbsp;</p>



<h2 class="wp-block-heading">About Wanjiru Kamuy</h2>



<p>Wanjiru Kamuyu is associate artist with Theater L’Onde (Vélizy, France) and a Live Feed artist with New York Live Arts (USA), whose career began in New York City. </p>



<p>As a performer she has worked with Jawole Willa Jo Zollar, Bill T. Jones, Molissa Fenley, Anita Gonzales, Okwui Okpokwasili, Nathan Trice, Dean Moss, Tania Isaac, and more, and in Europe with choreographers Robyn Orlin, Emmanuel Eggermont, Nathalie Pubellier, Irène Tassembedo, Bartabas, Stefanie Batten Bland, writer-director Françoise Dô, visual artist Jean-Paul Goude, and TV director Christian Faure. </p>



<p>Additionally, Kamuyu has performed in television and Broadway musicals, including <em>The Lion King</em> (Paris) and <em>FELA !</em> (UK and Equity European and US tours).</p>



<p>Kamuyu founded the associate dance company, WKcollective, with creative production agency camin aktion (Montpellier, France). Her choreographic projects include tours in the US, Africa, Asia, and Europe. </p>



<p>Commissions include the musical <em>À la recherché de Joséphine</em>, director Jérôme Savary (Paris and International tours); <em>Love is in the hair</em>, director Jean François Auguste (France tour); <em>Maître Harold</em>, director Hassan Kassi Kouyate (Paris); US esteemed dance departments (Mills College, University of Michigan, Wayne State University, Stephens College); artistic consulting for choreographer Bintou Dembele’s ZH; choreographer assistant for Nathan Trice’s <em>Their speech is silver</em>, <em>Their silence is gold</em>; storyteller Nathalie La Boucher’s <em>La Chevauchée du Gange</em>; and community engagement projects with New WORLD Theater (USA), choreographer Eun-mi Ahn’s project 1:59 (Festival Paris Quartier d’Été), Euroculture and the National Center for Dance project Assemblé (France).</p>



<p>While touring, she offers masterclasses and workshops to dance companies, universities, and community and dance centers. Kamuyu holds a MFA in Performance and Choreography) from Temple University (Philadelphia, PA). She has served as Visiting Guest Professor at Mills College (USA) and is currently core faculty for University of South Florida’s Dance in Paris semester and summer programs.</p>
