{"id":4269243,"date":"2025-06-18T16:47:39","date_gmt":"2025-06-18T16:47:39","guid":{"rendered":"https:\/\/villa-albertine.org\/va\/?post_type=app_event&#038;p=4269243"},"modified":"2025-06-18T20:07:29","modified_gmt":"2025-06-18T20:07:29","slug":"smail-kanoutes-performance-at-hangar-y-honors-the-black-indians-of-new-orleans","status":"publish","type":"app_event","link":"https:\/\/villa-albertine.org\/va\/events\/smail-kanoutes-performance-at-hangar-y-honors-the-black-indians-of-new-orleans\/","title":{"rendered":"Sma\u00efl Kanout\u00e9&#8217;s Performance at Hangar Y Honors  the Black Indians of New Orleans"},"content":{"rendered":"\n<p><strong>Overview<\/strong><\/p>\n\n\n\n<p><strong>3:00 PM &#8211; Roundtable and Screening of the Documentary Film <em>Black Indians<\/em> by Smail Kanout\u00e9 (Free Admission)<\/strong><\/p>\n\n\n\n<p>A compelling conversation delved into the rich and complex world of the New Orleans Black Indians, a culture deeply rooted in history, resilience, and artistic expression. This panel featured Ren\u00e9e Gusman, Sma\u00efl Kanout\u00e9, and Marwan Pleasant, who examined the origins and evolution of Black Indian traditions, tracing the powerful influences of West African masking and Native American homage.\u00a0<\/p>\n\n\n\n<p><\/p>\n\n\n\n<p><strong>5:00 \u2013 6:00 PM &#8211; Black Indians Performance by Sma\u00efl Kanout\u00e9<\/strong><\/p>\n\n\n\n<p>Following an artistic residency with Villa Albertine in New Orleans,\u00a0 Sma\u00efl Kanout\u00e9 encountered the Yellow Pocahontas Hunters, one of the city\u2019s most emblematic Black Indian tribes, guardians of a living African-American tradition more than 150 years strong. This transformative experience inspired <em>Black Indians<\/em>, a bold new performance that bridges cultures, languages, and generations. On stage, Kanout\u00e9 led a vibrant parade where Native American languages, Creole, and English converged over the pulse of hip-hop, rap, and blues.\u00a0<\/p>\n\n\n\n<p>Villa Albertine is proud to be a partner of Smail Kanout\u00e9 and L\u00e9onard Martin&#8217;s performances at Hangar Y, celebrating the Yellow Pocahontas Hunters tribe of New Orleans.<\/p>\n","protected":false},"featured_media":4272325,"menu_order":0,"template":"","app_discipline":[227],"app_city_tax":[224],"app_event_type":[243],"class_list":["post-4269243","app_event","type-app_event","status-publish","has-post-thumbnail","hentry","app_discipline-performing-arts","app_city_tax-nola","app_event_type-performance"],"acf":[],"yoast_head":"<!-- This site is optimized with the Yoast SEO plugin v27.3 - https:\/\/yoast.com\/product\/yoast-seo-wordpress\/ -->\n<title>Sma\u00efl Kanout\u00e9&#039;s Performance at Hangar Y Honors the Black Indians of New Orleans - Villa Albertine<\/title>\n<meta name=\"robots\" content=\"index, follow, max-snippet:-1, max-image-preview:large, max-video-preview:-1\" \/>\n<link rel=\"canonical\" href=\"https:\/\/villa-albertine.org\/va\/events\/smail-kanoutes-performance-at-hangar-y-honors-the-black-indians-of-new-orleans\/\" \/>\n<meta property=\"og:locale\" content=\"en_US\" \/>\n<meta property=\"og:type\" content=\"article\" \/>\n<meta property=\"og:title\" content=\"Sma\u00efl Kanout\u00e9&#039;s Performance at Hangar Y Honors the Black Indians of New Orleans - Villa Albertine\" \/>\n<meta property=\"og:description\" content=\"Overview 3:00 PM &#8211; Roundtable and Screening of the Documentary Film Black Indians by Smail Kanout\u00e9 (Free Admission) A compelling conversation delved into the rich and complex world of the New Orleans Black Indians, a culture deeply rooted in history, resilience, and artistic expression. This panel featured Ren\u00e9e Gusman, Sma\u00efl Kanout\u00e9, and Marwan Pleasant, who...\" \/>\n<meta property=\"og:url\" content=\"https:\/\/villa-albertine.org\/va\/events\/smail-kanoutes-performance-at-hangar-y-honors-the-black-indians-of-new-orleans\/\" \/>\n<meta property=\"og:site_name\" content=\"Villa Albertine\" \/>\n<meta property=\"article:modified_time\" content=\"2025-06-18T20:07:29+00:00\" \/>\n<meta property=\"og:image\" content=\"https:\/\/villa-albertine.org\/wp-content\/uploads\/2025\/06\/Capture.jpg\" \/>\n\t<meta property=\"og:image:width\" content=\"591\" \/>\n\t<meta property=\"og:image:height\" content=\"570\" \/>\n\t<meta property=\"og:image:type\" content=\"image\/jpeg\" \/>\n<meta name=\"twitter:card\" content=\"summary_large_image\" \/>\n<meta name=\"twitter:label1\" content=\"Est. reading time\" \/>\n\t<meta name=\"twitter:data1\" content=\"2 minutes\" \/>\n<script type=\"application\/ld+json\" class=\"yoast-schema-graph\">{\"@context\":\"https:\\\/\\\/schema.org\",\"@graph\":[{\"@type\":\"WebPage\",\"@id\":\"https:\\\/\\\/villa-albertine.org\\\/va\\\/events\\\/smail-kanoutes-performance-at-hangar-y-honors-the-black-indians-of-new-orleans\\\/\",\"url\":\"https:\\\/\\\/villa-albertine.org\\\/va\\\/events\\\/smail-kanoutes-performance-at-hangar-y-honors-the-black-indians-of-new-orleans\\\/\",\"name\":\"Sma\u00efl Kanout\u00e9's Performance at Hangar Y Honors the Black Indians of New Orleans - Villa Albertine\",\"isPartOf\":{\"@id\":\"https:\\\/\\\/villa-albertine.org\\\/va\\\/#website\"},\"primaryImageOfPage\":{\"@id\":\"https:\\\/\\\/villa-albertine.org\\\/va\\\/events\\\/smail-kanoutes-performance-at-hangar-y-honors-the-black-indians-of-new-orleans\\\/#primaryimage\"},\"image\":{\"@id\":\"https:\\\/\\\/villa-albertine.org\\\/va\\\/events\\\/smail-kanoutes-performance-at-hangar-y-honors-the-black-indians-of-new-orleans\\\/#primaryimage\"},\"thumbnailUrl\":\"https:\\\/\\\/villa-albertine.org\\\/wp-content\\\/uploads\\\/2025\\\/06\\\/Capture.jpg\",\"datePublished\":\"2025-06-18T16:47:39+00:00\",\"dateModified\":\"2025-06-18T20:07:29+00:00\",\"breadcrumb\":{\"@id\":\"https:\\\/\\\/villa-albertine.org\\\/va\\\/events\\\/smail-kanoutes-performance-at-hangar-y-honors-the-black-indians-of-new-orleans\\\/#breadcrumb\"},\"inLanguage\":\"en-US\",\"potentialAction\":[{\"@type\":\"ReadAction\",\"target\":[\"https:\\\/\\\/villa-albertine.org\\\/va\\\/events\\\/smail-kanoutes-performance-at-hangar-y-honors-the-black-indians-of-new-orleans\\\/\"]}]},{\"@type\":\"ImageObject\",\"inLanguage\":\"en-US\",\"@id\":\"https:\\\/\\\/villa-albertine.org\\\/va\\\/events\\\/smail-kanoutes-performance-at-hangar-y-honors-the-black-indians-of-new-orleans\\\/#primaryimage\",\"url\":\"https:\\\/\\\/villa-albertine.org\\\/wp-content\\\/uploads\\\/2025\\\/06\\\/Capture.jpg\",\"contentUrl\":\"https:\\\/\\\/villa-albertine.org\\\/wp-content\\\/uploads\\\/2025\\\/06\\\/Capture.jpg\",\"width\":591,\"height\":570},{\"@type\":\"BreadcrumbList\",\"@id\":\"https:\\\/\\\/villa-albertine.org\\\/va\\\/events\\\/smail-kanoutes-performance-at-hangar-y-honors-the-black-indians-of-new-orleans\\\/#breadcrumb\",\"itemListElement\":[{\"@type\":\"ListItem\",\"position\":1,\"name\":\"Home\",\"item\":\"https:\\\/\\\/villa-albertine.org\\\/va\\\/\"},{\"@type\":\"ListItem\",\"position\":2,\"name\":\"Sma\u00efl Kanout\u00e9&#8217;s Performance at Hangar Y Honors the Black Indians of New Orleans\"}]},{\"@type\":\"WebSite\",\"@id\":\"https:\\\/\\\/villa-albertine.org\\\/va\\\/#website\",\"url\":\"https:\\\/\\\/villa-albertine.org\\\/va\\\/\",\"name\":\"Villa Albertine\",\"description\":\"\",\"potentialAction\":[{\"@type\":\"SearchAction\",\"target\":{\"@type\":\"EntryPoint\",\"urlTemplate\":\"https:\\\/\\\/villa-albertine.org\\\/va\\\/?s={search_term_string}\"},\"query-input\":{\"@type\":\"PropertyValueSpecification\",\"valueRequired\":true,\"valueName\":\"search_term_string\"}}],\"inLanguage\":\"en-US\"}]}<\/script>\n<!-- \/ Yoast SEO plugin. -->","yoast_head_json":{"title":"Sma\u00efl Kanout\u00e9's Performance at Hangar Y Honors the Black Indians of New Orleans - Villa Albertine","robots":{"index":"index","follow":"follow","max-snippet":"max-snippet:-1","max-image-preview":"max-image-preview:large","max-video-preview":"max-video-preview:-1"},"canonical":"https:\/\/villa-albertine.org\/va\/events\/smail-kanoutes-performance-at-hangar-y-honors-the-black-indians-of-new-orleans\/","og_locale":"en_US","og_type":"article","og_title":"Sma\u00efl Kanout\u00e9's Performance at Hangar Y Honors the Black Indians of New Orleans - Villa Albertine","og_description":"Overview 3:00 PM &#8211; Roundtable and Screening of the Documentary Film Black Indians by Smail Kanout\u00e9 (Free Admission) A compelling conversation delved into the rich and complex world of the New Orleans Black Indians, a culture deeply rooted in history, resilience, and artistic expression. This panel featured Ren\u00e9e Gusman, Sma\u00efl Kanout\u00e9, and Marwan Pleasant, who...","og_url":"https:\/\/villa-albertine.org\/va\/events\/smail-kanoutes-performance-at-hangar-y-honors-the-black-indians-of-new-orleans\/","og_site_name":"Villa Albertine","article_modified_time":"2025-06-18T20:07:29+00:00","og_image":[{"width":591,"height":570,"url":"https:\/\/villa-albertine.org\/wp-content\/uploads\/2025\/06\/Capture.jpg","type":"image\/jpeg"}],"twitter_card":"summary_large_image","twitter_misc":{"Est. reading time":"2 minutes"},"schema":{"@context":"https:\/\/schema.org","@graph":[{"@type":"WebPage","@id":"https:\/\/villa-albertine.org\/va\/events\/smail-kanoutes-performance-at-hangar-y-honors-the-black-indians-of-new-orleans\/","url":"https:\/\/villa-albertine.org\/va\/events\/smail-kanoutes-performance-at-hangar-y-honors-the-black-indians-of-new-orleans\/","name":"Sma\u00efl Kanout\u00e9's Performance at Hangar Y Honors the Black Indians of New Orleans - Villa Albertine","isPartOf":{"@id":"https:\/\/villa-albertine.org\/va\/#website"},"primaryImageOfPage":{"@id":"https:\/\/villa-albertine.org\/va\/events\/smail-kanoutes-performance-at-hangar-y-honors-the-black-indians-of-new-orleans\/#primaryimage"},"image":{"@id":"https:\/\/villa-albertine.org\/va\/events\/smail-kanoutes-performance-at-hangar-y-honors-the-black-indians-of-new-orleans\/#primaryimage"},"thumbnailUrl":"https:\/\/villa-albertine.org\/wp-content\/uploads\/2025\/06\/Capture.jpg","datePublished":"2025-06-18T16:47:39+00:00","dateModified":"2025-06-18T20:07:29+00:00","breadcrumb":{"@id":"https:\/\/villa-albertine.org\/va\/events\/smail-kanoutes-performance-at-hangar-y-honors-the-black-indians-of-new-orleans\/#breadcrumb"},"inLanguage":"en-US","potentialAction":[{"@type":"ReadAction","target":["https:\/\/villa-albertine.org\/va\/events\/smail-kanoutes-performance-at-hangar-y-honors-the-black-indians-of-new-orleans\/"]}]},{"@type":"ImageObject","inLanguage":"en-US","@id":"https:\/\/villa-albertine.org\/va\/events\/smail-kanoutes-performance-at-hangar-y-honors-the-black-indians-of-new-orleans\/#primaryimage","url":"https:\/\/villa-albertine.org\/wp-content\/uploads\/2025\/06\/Capture.jpg","contentUrl":"https:\/\/villa-albertine.org\/wp-content\/uploads\/2025\/06\/Capture.jpg","width":591,"height":570},{"@type":"BreadcrumbList","@id":"https:\/\/villa-albertine.org\/va\/events\/smail-kanoutes-performance-at-hangar-y-honors-the-black-indians-of-new-orleans\/#breadcrumb","itemListElement":[{"@type":"ListItem","position":1,"name":"Home","item":"https:\/\/villa-albertine.org\/va\/"},{"@type":"ListItem","position":2,"name":"Sma\u00efl Kanout\u00e9&#8217;s Performance at Hangar Y Honors the Black Indians of New Orleans"}]},{"@type":"WebSite","@id":"https:\/\/villa-albertine.org\/va\/#website","url":"https:\/\/villa-albertine.org\/va\/","name":"Villa Albertine","description":"","potentialAction":[{"@type":"SearchAction","target":{"@type":"EntryPoint","urlTemplate":"https:\/\/villa-albertine.org\/va\/?s={search_term_string}"},"query-input":{"@type":"PropertyValueSpecification","valueRequired":true,"valueName":"search_term_string"}}],"inLanguage":"en-US"}]}},"_links":{"self":[{"href":"https:\/\/villa-albertine.org\/va\/wp-json\/wp\/v2\/app_event\/4269243","targetHints":{"allow":["GET"]}}],"collection":[{"href":"https:\/\/villa-albertine.org\/va\/wp-json\/wp\/v2\/app_event"}],"about":[{"href":"https:\/\/villa-albertine.org\/va\/wp-json\/wp\/v2\/types\/app_event"}],"wp:featuredmedia":[{"embeddable":true,"href":"https:\/\/villa-albertine.org\/va\/wp-json\/wp\/v2\/media\/4272325"}],"wp:attachment":[{"href":"https:\/\/villa-albertine.org\/va\/wp-json\/wp\/v2\/media?parent=4269243"}],"wp:term":[{"taxonomy":"app_discipline","embeddable":true,"href":"https:\/\/villa-albertine.org\/va\/wp-json\/wp\/v2\/app_discipline?post=4269243"},{"taxonomy":"app_city_tax","embeddable":true,"href":"https:\/\/villa-albertine.org\/va\/wp-json\/wp\/v2\/app_city_tax?post=4269243"},{"taxonomy":"app_event_type","embeddable":true,"href":"https:\/\/villa-albertine.org\/va\/wp-json\/wp\/v2\/app_event_type?post=4269243"}],"curies":[{"name":"wp","href":"https:\/\/api.w.org\/{rel}","templated":true}]}}

Smaïl Kanouté&#8217;s Performance at Hangar Y Honors  the Black Indians of New Orleans

<p><strong>Overview</strong></p>



<p><strong>3:00 PM &#8211; Roundtable and Screening of the Documentary Film <em>Black Indians</em> by Smail Kanouté (Free Admission)</strong></p>



<p>A compelling conversation delved into the rich and complex world of the New Orleans Black Indians, a culture deeply rooted in history, resilience, and artistic expression. This panel featured Renée Gusman, Smaïl Kanouté, and Marwan Pleasant, who examined the origins and evolution of Black Indian traditions, tracing the powerful influences of West African masking and Native American homage. </p>



<p></p>



<p><strong>5:00 – 6:00 PM &#8211; Black Indians Performance by Smaïl Kanouté</strong></p>



<p>Following an artistic residency with Villa Albertine in New Orleans,  Smaïl Kanouté encountered the Yellow Pocahontas Hunters, one of the city’s most emblematic Black Indian tribes, guardians of a living African-American tradition more than 150 years strong. This transformative experience inspired <em>Black Indians</em>, a bold new performance that bridges cultures, languages, and generations. On stage, Kanouté led a vibrant parade where Native American languages, Creole, and English converged over the pulse of hip-hop, rap, and blues. </p>



<p>Villa Albertine is proud to be a partner of Smail Kanouté and Léonard Martin&#8217;s performances at Hangar Y, celebrating the Yellow Pocahontas Hunters tribe of New Orleans.</p>

<!-- This site is optimized with the Yoast SEO plugin v27.3 - https://yoast.com/product/yoast-seo-wordpress/ -->
<title>Smaïl Kanouté&#039;s Performance at Hangar Y Honors the Black Indians of New Orleans - Villa Albertine</title>
<meta name="robots" content="index, follow, max-snippet:-1, max-image-preview:large, max-video-preview:-1" />
<link rel="canonical" href="https://villa-albertine.org/va/events/smail-kanoutes-performance-at-hangar-y-honors-the-black-indians-of-new-orleans/" />
<meta property="og:locale" content="en_US" />
<meta property="og:type" content="article" />
<meta property="og:title" content="Smaïl Kanouté&#039;s Performance at Hangar Y Honors the Black Indians of New Orleans - Villa Albertine" />
<meta property="og:description" content="Overview 3:00 PM &#8211; Roundtable and Screening of the Documentary Film Black Indians by Smail Kanouté (Free Admission) A compelling conversation delved into the rich and complex world of the New Orleans Black Indians, a culture deeply rooted in history, resilience, and artistic expression. This panel featured Renée Gusman, Smaïl Kanouté, and Marwan Pleasant, who..." />
<meta property="og:url" content="https://villa-albertine.org/va/events/smail-kanoutes-performance-at-hangar-y-honors-the-black-indians-of-new-orleans/" />
<meta property="og:site_name" content="Villa Albertine" />
<meta property="article:modified_time" content="2025-06-18T20:07:29+00:00" />
<meta property="og:image" content="https://villa-albertine.org/wp-content/uploads/2025/06/Capture.jpg" />
	<meta property="og:image:width" content="591" />
	<meta property="og:image:height" content="570" />
	<meta property="og:image:type" content="image/jpeg" />
<meta name="twitter:card" content="summary_large_image" />
<meta name="twitter:label1" content="Est. reading time" />
	<meta name="twitter:data1" content="2 minutes" />
<script type="application/ld+json" class="yoast-schema-graph">{"@context":"https:\/\/schema.org","@graph":[{"@type":"WebPage","@id":"https:\/\/villa-albertine.org\/va\/events\/smail-kanoutes-performance-at-hangar-y-honors-the-black-indians-of-new-orleans\/","url":"https:\/\/villa-albertine.org\/va\/events\/smail-kanoutes-performance-at-hangar-y-honors-the-black-indians-of-new-orleans\/","name":"Smaïl Kanouté's Performance at Hangar Y Honors the Black Indians of New Orleans - Villa Albertine","isPartOf":{"@id":"https:\/\/villa-albertine.org\/va\/#website"},"primaryImageOfPage":{"@id":"https:\/\/villa-albertine.org\/va\/events\/smail-kanoutes-performance-at-hangar-y-honors-the-black-indians-of-new-orleans\/#primaryimage"},"image":{"@id":"https:\/\/villa-albertine.org\/va\/events\/smail-kanoutes-performance-at-hangar-y-honors-the-black-indians-of-new-orleans\/#primaryimage"},"thumbnailUrl":"https:\/\/villa-albertine.org\/wp-content\/uploads\/2025\/06\/Capture.jpg","datePublished":"2025-06-18T16:47:39+00:00","dateModified":"2025-06-18T20:07:29+00:00","breadcrumb":{"@id":"https:\/\/villa-albertine.org\/va\/events\/smail-kanoutes-performance-at-hangar-y-honors-the-black-indians-of-new-orleans\/#breadcrumb"},"inLanguage":"en-US","potentialAction":[{"@type":"ReadAction","target":["https:\/\/villa-albertine.org\/va\/events\/smail-kanoutes-performance-at-hangar-y-honors-the-black-indians-of-new-orleans\/"]}]},{"@type":"ImageObject","inLanguage":"en-US","@id":"https:\/\/villa-albertine.org\/va\/events\/smail-kanoutes-performance-at-hangar-y-honors-the-black-indians-of-new-orleans\/#primaryimage","url":"https:\/\/villa-albertine.org\/wp-content\/uploads\/2025\/06\/Capture.jpg","contentUrl":"https:\/\/villa-albertine.org\/wp-content\/uploads\/2025\/06\/Capture.jpg","width":591,"height":570},{"@type":"BreadcrumbList","@id":"https:\/\/villa-albertine.org\/va\/events\/smail-kanoutes-performance-at-hangar-y-honors-the-black-indians-of-new-orleans\/#breadcrumb","itemListElement":[{"@type":"ListItem","position":1,"name":"Home","item":"https:\/\/villa-albertine.org\/va\/"},{"@type":"ListItem","position":2,"name":"Smaïl Kanouté&#8217;s Performance at Hangar Y Honors the Black Indians of New Orleans"}]},{"@type":"WebSite","@id":"https:\/\/villa-albertine.org\/va\/#website","url":"https:\/\/villa-albertine.org\/va\/","name":"Villa Albertine","description":"","potentialAction":[{"@type":"SearchAction","target":{"@type":"EntryPoint","urlTemplate":"https:\/\/villa-albertine.org\/va\/?s={search_term_string}"},"query-input":{"@type":"PropertyValueSpecification","valueRequired":true,"valueName":"search_term_string"}}],"inLanguage":"en-US"}]}</script>
<!-- / Yoast SEO plugin. -->

Smaïl Kanouté's Performance at Hangar Y Honors the Black Indians of New Orleans - Villa Albertine

Overview 3:00 PM &#8211; Roundtable and Screening of the Documentary Film Black Indians by Smail Kanouté (Free Admission) A compelling conversation delved into the rich and complex world of the New Orleans Black Indians, a culture deeply rooted in history, resilience, and artistic expression. This panel featured Renée Gusman, Smaïl Kanouté, and Marwan Pleasant, who...

Smaïl Kanouté&#8217;s Performance at Hangar Y Honors the Black Indians of New Orleans
