{"id":380269,"date":"2023-11-27T23:28:59","date_gmt":"2023-11-27T23:28:59","guid":{"rendered":"https:\/\/villa-albertine.org\/?post_type=app_event&#038;p=380269"},"modified":"2023-11-27T23:29:01","modified_gmt":"2023-11-27T23:29:01","slug":"mill-valley-festival-french-selection","status":"publish","type":"app_event","link":"https:\/\/villa-albertine.org\/va\/events\/mill-valley-festival-french-selection\/","title":{"rendered":"Mill Valley Festival &#8211; French selection"},"content":{"rendered":"\n<p>The Mill Valley Film Festival returns this week, with an exceptional line up of French films! The program includes not only the 2023 Palme d\u2019Or winner from the @festivaldecannes, Anatomy of a Fall, directed by Justine Triet, but also A Taste of Things, directed by Tr\u1ea7n Anh H\u00f9ng, which has been selected by CNC to represent France at the 2024 Oscars.&nbsp;<\/p>\n\n\n\n<p><a href=\"https:\/\/www.mvff.com\/browse-program\/\" target=\"_blank\" rel=\"noreferrer noopener\">Click Here<\/a> for a quick look at the featured films this year, and check out the full program for more details.<\/p>\n\n\n\n<h2 class=\"wp-block-heading\">The Taste of Things<\/h2>\n\n\n\n<p><img decoding=\"async\" src=\"blob:https:\/\/villa-albertine.org\/4755659d-6665-4762-9fef-a579e068638d\"><\/p>\n\n\n\n<p>\u201cThe Taste of Things\u201d came as a surprise pick by the Oscar committee to represent France in the international feature film race this year. Loosely based on Marcel Rouffe\u2019s 1924 novel \u201cThe Passionate Epicure,\u201d French-Vietnamese director Tr\u00e0n Anh H\u00f9ng tells the story of the multi-dimensional relationship between Eug\u00e9nie, an esteemed cook and Dodin, the gourmet she\u2019s been working for over the last 20 years. Starring Juliette Binoche and Beno\u00eet Magimel, the film takes a dual focus on haute cuisine and two soulmates maturing together both professionally and personally in 1885.&nbsp;&nbsp;<\/p>\n\n\n\n<p>H\u00f9ng took a unique approach to filming cuisine, calling on \u201cgastronomic manager\u201d @pierregagnaire and \u201cculinary adviser\u201d Michel Nave, a pair of Michelin three-star chefs to prepare the food before filming, requiring immense planning from technical teams to successfully capture the preparation of the dishes. The film won H\u00f9ng the best director prize at this year\u2019s Festival de Cannes, and was acquired by IFC Films and Sapan Studios in June.&nbsp;<\/p>\n\n\n\n<p>The ways in which cuisine is prepared and enjoyed are integral in shaping identities and culture. Food Culture is a key theme of Villa Albertine this year, particularly in San Francisco, a city at the intersection of innovation and environmental awareness, where food becomes another lens through which environmentally conscious communities are cultivated.&nbsp;<\/p>\n\n\n\n<p>Presented with support from Villa Albertine and Tv5monde, catch \u201cThe Taste of Things\u201d at this year\u2019s  screenings!\u00a0<\/p>\n\n\n\n<p>October 11, 2023, 6:00pm, Smith Rafael Film Center 2&nbsp;<\/p>\n\n\n\n<p>October 12, 2023, 3:00pm, BAMPFA\u00a0<\/p>\n\n\n\n<h2 class=\"wp-block-heading\">Anatomy of a Fall<\/h2>\n\n\n\n<p><img decoding=\"async\" src=\"blob:https:\/\/villa-albertine.org\/64df0534-5ef6-47cb-8bcd-eab4f22d133a\"><\/p>\n\n\n\n<p>Palme d\u2019Or winner at this year\u2019s @festivaldecannes, \u201cAnatomy of a Fall\u201d walks the line between moral dilemma, thriller, and courtroom drama, leaving the audience feeling uncertain, unable to decide from one scene to the next, who to root for. Sandra H\u00fcller stars as Sandra, a German writer who is suspected of killing her husband Vincent, played by Swann Arlaud after his body is found dead in the snow outside their isolated chalet. Did he jump or was he pushed?&nbsp;<\/p>\n\n\n\n<p>As the film unfolds, director Justine Triet explores the mechanics of the tragedy, yet leaving more questions than answers. It was this sense of the unknown that Triet was particularly interested in \u2014 wanting to stay away from the narrative reflexes of a whodunit style film.&nbsp; Actress Sandra H\u00fcller herself didn\u2019t even know the truth of her character but was told to \u201cplay her like she\u2019s innocent.\u201d&nbsp;<\/p>\n\n\n\n<p>Triet goes beyond the investigation at hand to explore the complexities of romantic relationships, and the audience\u2019s perception of a woman, and how this perspective changes with every new piece of information revealed. The courtroom becomes not only an examination of the death, but ultimately of Sandra\u2019s life and mind.&nbsp;&nbsp;<\/p>\n\n\n\n<p>Presented with support from Villa Albertine and Tv5Monde, catch \u201cAnatomy of a Fall\u201d at this year\u2019s Mill Valley Film Fest screenings!&nbsp;<\/p>\n\n\n\n<p>October 7<sup>th<\/sup>, 2023, 2:30pm, Cinearts Sequoia 1\u00a0<br>October 15<sup>th<\/sup>, 2023, 6:30pm, BAMPFA\u00a0<\/p>\n","protected":false},"featured_media":380394,"menu_order":0,"template":"","app_discipline":[219],"app_city_tax":[225],"app_event_type":[237,239],"class_list":["post-380269","app_event","type-app_event","status-publish","has-post-thumbnail","hentry","app_discipline-cinema","app_city_tax-sf","app_event_type-festival","app_event_type-film"],"acf":[],"yoast_head":"<!-- This site is optimized with the Yoast SEO plugin v27.3 - https:\/\/yoast.com\/product\/yoast-seo-wordpress\/ -->\n<title>Mill Valley Festival - French selection - Villa Albertine<\/title>\n<meta name=\"robots\" content=\"index, follow, max-snippet:-1, max-image-preview:large, max-video-preview:-1\" \/>\n<link rel=\"canonical\" href=\"https:\/\/villa-albertine.org\/va\/events\/mill-valley-festival-french-selection\/\" \/>\n<meta property=\"og:locale\" content=\"en_US\" \/>\n<meta property=\"og:type\" content=\"article\" \/>\n<meta property=\"og:title\" content=\"Mill Valley Festival - French selection - Villa Albertine\" \/>\n<meta property=\"og:description\" content=\"The Mill Valley Film Festival returns this week, with an exceptional line up of French films! The program includes not only the 2023 Palme d\u2019Or winner from the @festivaldecannes, Anatomy of a Fall, directed by Justine Triet, but also A Taste of Things, directed by Tr\u1ea7n Anh H\u00f9ng, which has been selected by CNC to...\" \/>\n<meta property=\"og:url\" content=\"https:\/\/villa-albertine.org\/va\/events\/mill-valley-festival-french-selection\/\" \/>\n<meta property=\"og:site_name\" content=\"Villa Albertine\" \/>\n<meta property=\"article:modified_time\" content=\"2023-11-27T23:29:01+00:00\" \/>\n<meta property=\"og:image\" content=\"https:\/\/villa-albertine.org\/wp-content\/uploads\/2023\/11\/4755659d-6665-4762-9fef-a579e068638d.png\" \/>\n\t<meta property=\"og:image:width\" content=\"644\" \/>\n\t<meta property=\"og:image:height\" content=\"644\" \/>\n\t<meta property=\"og:image:type\" content=\"image\/png\" \/>\n<meta name=\"twitter:card\" content=\"summary_large_image\" \/>\n<meta name=\"twitter:label1\" content=\"Est. reading time\" \/>\n\t<meta name=\"twitter:data1\" content=\"3 minutes\" \/>\n<script type=\"application\/ld+json\" class=\"yoast-schema-graph\">{\"@context\":\"https:\\\/\\\/schema.org\",\"@graph\":[{\"@type\":\"WebPage\",\"@id\":\"https:\\\/\\\/villa-albertine.org\\\/va\\\/events\\\/mill-valley-festival-french-selection\\\/\",\"url\":\"https:\\\/\\\/villa-albertine.org\\\/va\\\/events\\\/mill-valley-festival-french-selection\\\/\",\"name\":\"Mill Valley Festival - French selection - Villa Albertine\",\"isPartOf\":{\"@id\":\"https:\\\/\\\/villa-albertine.org\\\/va\\\/#website\"},\"primaryImageOfPage\":{\"@id\":\"https:\\\/\\\/villa-albertine.org\\\/va\\\/events\\\/mill-valley-festival-french-selection\\\/#primaryimage\"},\"image\":{\"@id\":\"https:\\\/\\\/villa-albertine.org\\\/va\\\/events\\\/mill-valley-festival-french-selection\\\/#primaryimage\"},\"thumbnailUrl\":\"https:\\\/\\\/villa-albertine.org\\\/wp-content\\\/uploads\\\/2023\\\/11\\\/4755659d-6665-4762-9fef-a579e068638d.png\",\"datePublished\":\"2023-11-27T23:28:59+00:00\",\"dateModified\":\"2023-11-27T23:29:01+00:00\",\"breadcrumb\":{\"@id\":\"https:\\\/\\\/villa-albertine.org\\\/va\\\/events\\\/mill-valley-festival-french-selection\\\/#breadcrumb\"},\"inLanguage\":\"en-US\",\"potentialAction\":[{\"@type\":\"ReadAction\",\"target\":[\"https:\\\/\\\/villa-albertine.org\\\/va\\\/events\\\/mill-valley-festival-french-selection\\\/\"]}]},{\"@type\":\"ImageObject\",\"inLanguage\":\"en-US\",\"@id\":\"https:\\\/\\\/villa-albertine.org\\\/va\\\/events\\\/mill-valley-festival-french-selection\\\/#primaryimage\",\"url\":\"https:\\\/\\\/villa-albertine.org\\\/wp-content\\\/uploads\\\/2023\\\/11\\\/4755659d-6665-4762-9fef-a579e068638d.png\",\"contentUrl\":\"https:\\\/\\\/villa-albertine.org\\\/wp-content\\\/uploads\\\/2023\\\/11\\\/4755659d-6665-4762-9fef-a579e068638d.png\",\"width\":644,\"height\":644},{\"@type\":\"BreadcrumbList\",\"@id\":\"https:\\\/\\\/villa-albertine.org\\\/va\\\/events\\\/mill-valley-festival-french-selection\\\/#breadcrumb\",\"itemListElement\":[{\"@type\":\"ListItem\",\"position\":1,\"name\":\"Home\",\"item\":\"https:\\\/\\\/villa-albertine.org\\\/va\\\/\"},{\"@type\":\"ListItem\",\"position\":2,\"name\":\"Mill Valley Festival &#8211; French selection\"}]},{\"@type\":\"WebSite\",\"@id\":\"https:\\\/\\\/villa-albertine.org\\\/va\\\/#website\",\"url\":\"https:\\\/\\\/villa-albertine.org\\\/va\\\/\",\"name\":\"Villa Albertine\",\"description\":\"\",\"potentialAction\":[{\"@type\":\"SearchAction\",\"target\":{\"@type\":\"EntryPoint\",\"urlTemplate\":\"https:\\\/\\\/villa-albertine.org\\\/va\\\/?s={search_term_string}\"},\"query-input\":{\"@type\":\"PropertyValueSpecification\",\"valueRequired\":true,\"valueName\":\"search_term_string\"}}],\"inLanguage\":\"en-US\"}]}<\/script>\n<!-- \/ Yoast SEO plugin. -->","yoast_head_json":{"title":"Mill Valley Festival - French selection - Villa Albertine","robots":{"index":"index","follow":"follow","max-snippet":"max-snippet:-1","max-image-preview":"max-image-preview:large","max-video-preview":"max-video-preview:-1"},"canonical":"https:\/\/villa-albertine.org\/va\/events\/mill-valley-festival-french-selection\/","og_locale":"en_US","og_type":"article","og_title":"Mill Valley Festival - French selection - Villa Albertine","og_description":"The Mill Valley Film Festival returns this week, with an exceptional line up of French films! The program includes not only the 2023 Palme d\u2019Or winner from the @festivaldecannes, Anatomy of a Fall, directed by Justine Triet, but also A Taste of Things, directed by Tr\u1ea7n Anh H\u00f9ng, which has been selected by CNC to...","og_url":"https:\/\/villa-albertine.org\/va\/events\/mill-valley-festival-french-selection\/","og_site_name":"Villa Albertine","article_modified_time":"2023-11-27T23:29:01+00:00","og_image":[{"width":644,"height":644,"url":"https:\/\/villa-albertine.org\/wp-content\/uploads\/2023\/11\/4755659d-6665-4762-9fef-a579e068638d.png","type":"image\/png"}],"twitter_card":"summary_large_image","twitter_misc":{"Est. reading time":"3 minutes"},"schema":{"@context":"https:\/\/schema.org","@graph":[{"@type":"WebPage","@id":"https:\/\/villa-albertine.org\/va\/events\/mill-valley-festival-french-selection\/","url":"https:\/\/villa-albertine.org\/va\/events\/mill-valley-festival-french-selection\/","name":"Mill Valley Festival - French selection - Villa Albertine","isPartOf":{"@id":"https:\/\/villa-albertine.org\/va\/#website"},"primaryImageOfPage":{"@id":"https:\/\/villa-albertine.org\/va\/events\/mill-valley-festival-french-selection\/#primaryimage"},"image":{"@id":"https:\/\/villa-albertine.org\/va\/events\/mill-valley-festival-french-selection\/#primaryimage"},"thumbnailUrl":"https:\/\/villa-albertine.org\/wp-content\/uploads\/2023\/11\/4755659d-6665-4762-9fef-a579e068638d.png","datePublished":"2023-11-27T23:28:59+00:00","dateModified":"2023-11-27T23:29:01+00:00","breadcrumb":{"@id":"https:\/\/villa-albertine.org\/va\/events\/mill-valley-festival-french-selection\/#breadcrumb"},"inLanguage":"en-US","potentialAction":[{"@type":"ReadAction","target":["https:\/\/villa-albertine.org\/va\/events\/mill-valley-festival-french-selection\/"]}]},{"@type":"ImageObject","inLanguage":"en-US","@id":"https:\/\/villa-albertine.org\/va\/events\/mill-valley-festival-french-selection\/#primaryimage","url":"https:\/\/villa-albertine.org\/wp-content\/uploads\/2023\/11\/4755659d-6665-4762-9fef-a579e068638d.png","contentUrl":"https:\/\/villa-albertine.org\/wp-content\/uploads\/2023\/11\/4755659d-6665-4762-9fef-a579e068638d.png","width":644,"height":644},{"@type":"BreadcrumbList","@id":"https:\/\/villa-albertine.org\/va\/events\/mill-valley-festival-french-selection\/#breadcrumb","itemListElement":[{"@type":"ListItem","position":1,"name":"Home","item":"https:\/\/villa-albertine.org\/va\/"},{"@type":"ListItem","position":2,"name":"Mill Valley Festival &#8211; French selection"}]},{"@type":"WebSite","@id":"https:\/\/villa-albertine.org\/va\/#website","url":"https:\/\/villa-albertine.org\/va\/","name":"Villa Albertine","description":"","potentialAction":[{"@type":"SearchAction","target":{"@type":"EntryPoint","urlTemplate":"https:\/\/villa-albertine.org\/va\/?s={search_term_string}"},"query-input":{"@type":"PropertyValueSpecification","valueRequired":true,"valueName":"search_term_string"}}],"inLanguage":"en-US"}]}},"_links":{"self":[{"href":"https:\/\/villa-albertine.org\/va\/wp-json\/wp\/v2\/app_event\/380269","targetHints":{"allow":["GET"]}}],"collection":[{"href":"https:\/\/villa-albertine.org\/va\/wp-json\/wp\/v2\/app_event"}],"about":[{"href":"https:\/\/villa-albertine.org\/va\/wp-json\/wp\/v2\/types\/app_event"}],"wp:featuredmedia":[{"embeddable":true,"href":"https:\/\/villa-albertine.org\/va\/wp-json\/wp\/v2\/media\/380394"}],"wp:attachment":[{"href":"https:\/\/villa-albertine.org\/va\/wp-json\/wp\/v2\/media?parent=380269"}],"wp:term":[{"taxonomy":"app_discipline","embeddable":true,"href":"https:\/\/villa-albertine.org\/va\/wp-json\/wp\/v2\/app_discipline?post=380269"},{"taxonomy":"app_city_tax","embeddable":true,"href":"https:\/\/villa-albertine.org\/va\/wp-json\/wp\/v2\/app_city_tax?post=380269"},{"taxonomy":"app_event_type","embeddable":true,"href":"https:\/\/villa-albertine.org\/va\/wp-json\/wp\/v2\/app_event_type?post=380269"}],"curies":[{"name":"wp","href":"https:\/\/api.w.org\/{rel}","templated":true}]}}

<p>The Mill Valley Film Festival returns this week, with an exceptional line up of French films! The program includes not only the 2023 Palme d’Or winner from the @festivaldecannes, Anatomy of a Fall, directed by Justine Triet, but also A Taste of Things, directed by Trần Anh Hùng, which has been selected by CNC to represent France at the 2024 Oscars.&nbsp;</p>



<p><a href="https://www.mvff.com/browse-program/" target="_blank" rel="noreferrer noopener">Click Here</a> for a quick look at the featured films this year, and check out the full program for more details.</p>



<h2 class="wp-block-heading">The Taste of Things</h2>



<p><img decoding="async" src="blob:https://villa-albertine.org/4755659d-6665-4762-9fef-a579e068638d"></p>



<p>“The Taste of Things” came as a surprise pick by the Oscar committee to represent France in the international feature film race this year. Loosely based on Marcel Rouffe’s 1924 novel “The Passionate Epicure,” French-Vietnamese director Tràn Anh Hùng tells the story of the multi-dimensional relationship between Eugénie, an esteemed cook and Dodin, the gourmet she’s been working for over the last 20 years. Starring Juliette Binoche and Benoît Magimel, the film takes a dual focus on haute cuisine and two soulmates maturing together both professionally and personally in 1885.&nbsp;&nbsp;</p>



<p>Hùng took a unique approach to filming cuisine, calling on “gastronomic manager” @pierregagnaire and “culinary adviser” Michel Nave, a pair of Michelin three-star chefs to prepare the food before filming, requiring immense planning from technical teams to successfully capture the preparation of the dishes. The film won Hùng the best director prize at this year’s Festival de Cannes, and was acquired by IFC Films and Sapan Studios in June.&nbsp;</p>



<p>The ways in which cuisine is prepared and enjoyed are integral in shaping identities and culture. Food Culture is a key theme of Villa Albertine this year, particularly in San Francisco, a city at the intersection of innovation and environmental awareness, where food becomes another lens through which environmentally conscious communities are cultivated.&nbsp;</p>



<p>Presented with support from Villa Albertine and Tv5monde, catch “The Taste of Things” at this year’s  screenings! </p>



<p>October 11, 2023, 6:00pm, Smith Rafael Film Center 2&nbsp;</p>



<p>October 12, 2023, 3:00pm, BAMPFA </p>



<h2 class="wp-block-heading">Anatomy of a Fall</h2>



<p><img decoding="async" src="blob:https://villa-albertine.org/64df0534-5ef6-47cb-8bcd-eab4f22d133a"></p>



<p>Palme d’Or winner at this year’s @festivaldecannes, “Anatomy of a Fall” walks the line between moral dilemma, thriller, and courtroom drama, leaving the audience feeling uncertain, unable to decide from one scene to the next, who to root for. Sandra Hüller stars as Sandra, a German writer who is suspected of killing her husband Vincent, played by Swann Arlaud after his body is found dead in the snow outside their isolated chalet. Did he jump or was he pushed?&nbsp;</p>



<p>As the film unfolds, director Justine Triet explores the mechanics of the tragedy, yet leaving more questions than answers. It was this sense of the unknown that Triet was particularly interested in — wanting to stay away from the narrative reflexes of a whodunit style film.&nbsp; Actress Sandra Hüller herself didn’t even know the truth of her character but was told to “play her like she’s innocent.”&nbsp;</p>



<p>Triet goes beyond the investigation at hand to explore the complexities of romantic relationships, and the audience’s perception of a woman, and how this perspective changes with every new piece of information revealed. The courtroom becomes not only an examination of the death, but ultimately of Sandra’s life and mind.&nbsp;&nbsp;</p>



<p>Presented with support from Villa Albertine and Tv5Monde, catch “Anatomy of a Fall” at this year’s Mill Valley Film Fest screenings!&nbsp;</p>



<p>October 7<sup>th</sup>, 2023, 2:30pm, Cinearts Sequoia 1 <br>October 15<sup>th</sup>, 2023, 6:30pm, BAMPFA </p>

<!-- This site is optimized with the Yoast SEO plugin v27.3 - https://yoast.com/product/yoast-seo-wordpress/ -->
<title>Mill Valley Festival - French selection - Villa Albertine</title>
<meta name="robots" content="index, follow, max-snippet:-1, max-image-preview:large, max-video-preview:-1" />
<link rel="canonical" href="https://villa-albertine.org/va/events/mill-valley-festival-french-selection/" />
<meta property="og:locale" content="en_US" />
<meta property="og:type" content="article" />
<meta property="og:title" content="Mill Valley Festival - French selection - Villa Albertine" />
<meta property="og:description" content="The Mill Valley Film Festival returns this week, with an exceptional line up of French films! The program includes not only the 2023 Palme d’Or winner from the @festivaldecannes, Anatomy of a Fall, directed by Justine Triet, but also A Taste of Things, directed by Trần Anh Hùng, which has been selected by CNC to..." />
<meta property="og:url" content="https://villa-albertine.org/va/events/mill-valley-festival-french-selection/" />
<meta property="og:site_name" content="Villa Albertine" />
<meta property="article:modified_time" content="2023-11-27T23:29:01+00:00" />
<meta property="og:image" content="https://villa-albertine.org/wp-content/uploads/2023/11/4755659d-6665-4762-9fef-a579e068638d.png" />
	<meta property="og:image:width" content="644" />
	<meta property="og:image:height" content="644" />
	<meta property="og:image:type" content="image/png" />
<meta name="twitter:card" content="summary_large_image" />
<meta name="twitter:label1" content="Est. reading time" />
	<meta name="twitter:data1" content="3 minutes" />
<script type="application/ld+json" class="yoast-schema-graph">{"@context":"https:\/\/schema.org","@graph":[{"@type":"WebPage","@id":"https:\/\/villa-albertine.org\/va\/events\/mill-valley-festival-french-selection\/","url":"https:\/\/villa-albertine.org\/va\/events\/mill-valley-festival-french-selection\/","name":"Mill Valley Festival - French selection - Villa Albertine","isPartOf":{"@id":"https:\/\/villa-albertine.org\/va\/#website"},"primaryImageOfPage":{"@id":"https:\/\/villa-albertine.org\/va\/events\/mill-valley-festival-french-selection\/#primaryimage"},"image":{"@id":"https:\/\/villa-albertine.org\/va\/events\/mill-valley-festival-french-selection\/#primaryimage"},"thumbnailUrl":"https:\/\/villa-albertine.org\/wp-content\/uploads\/2023\/11\/4755659d-6665-4762-9fef-a579e068638d.png","datePublished":"2023-11-27T23:28:59+00:00","dateModified":"2023-11-27T23:29:01+00:00","breadcrumb":{"@id":"https:\/\/villa-albertine.org\/va\/events\/mill-valley-festival-french-selection\/#breadcrumb"},"inLanguage":"en-US","potentialAction":[{"@type":"ReadAction","target":["https:\/\/villa-albertine.org\/va\/events\/mill-valley-festival-french-selection\/"]}]},{"@type":"ImageObject","inLanguage":"en-US","@id":"https:\/\/villa-albertine.org\/va\/events\/mill-valley-festival-french-selection\/#primaryimage","url":"https:\/\/villa-albertine.org\/wp-content\/uploads\/2023\/11\/4755659d-6665-4762-9fef-a579e068638d.png","contentUrl":"https:\/\/villa-albertine.org\/wp-content\/uploads\/2023\/11\/4755659d-6665-4762-9fef-a579e068638d.png","width":644,"height":644},{"@type":"BreadcrumbList","@id":"https:\/\/villa-albertine.org\/va\/events\/mill-valley-festival-french-selection\/#breadcrumb","itemListElement":[{"@type":"ListItem","position":1,"name":"Home","item":"https:\/\/villa-albertine.org\/va\/"},{"@type":"ListItem","position":2,"name":"Mill Valley Festival &#8211; French selection"}]},{"@type":"WebSite","@id":"https:\/\/villa-albertine.org\/va\/#website","url":"https:\/\/villa-albertine.org\/va\/","name":"Villa Albertine","description":"","potentialAction":[{"@type":"SearchAction","target":{"@type":"EntryPoint","urlTemplate":"https:\/\/villa-albertine.org\/va\/?s={search_term_string}"},"query-input":{"@type":"PropertyValueSpecification","valueRequired":true,"valueName":"search_term_string"}}],"inLanguage":"en-US"}]}</script>
<!-- / Yoast SEO plugin. -->

The Mill Valley Film Festival returns this week, with an exceptional line up of French films! The program includes not only the 2023 Palme d’Or winner from the @festivaldecannes, Anatomy of a Fall, directed by Justine Triet, but also A Taste of Things, directed by Trần Anh Hùng, which has been selected by CNC to...
