{"id":3781734,"date":"2025-05-09T15:22:47","date_gmt":"2025-05-09T15:22:47","guid":{"rendered":"https:\/\/villa-albertine.org\/va\/?post_type=app_event&#038;p=3781734"},"modified":"2025-08-12T14:32:18","modified_gmt":"2025-08-12T14:32:18","slug":"along-came-love-film-screening","status":"publish","type":"app_event","link":"https:\/\/villa-albertine.org\/va\/events\/along-came-love-film-screening\/","title":{"rendered":"World Pride Film Screening: &#8220;Along Came Love&#8221;"},"content":{"rendered":"\n<p>In 1947, on a beach in Normandy, Madeleine, a waitress and young mother, meets Fran\u00e7ois, a wealthy, and worldy student. They hit it off immediately, as though it were fate. But as their destinies intertwine, it\u2019s obvious what Madeline wants to leave behind, while the world that Fran\u00e7ois is running from is only slowly revealed.<\/p>\n\n\n\n<p><em>Presented in French with English subtitles<\/em><\/p>\n\n\n\n<p>Duration:  125 min<\/p>\n\n\n\n<p><strong>Watch the trailer below: <\/strong><\/p>\n\n\n\n<figure class=\"wp-block-embed is-type-video is-provider-youtube wp-block-embed-youtube wp-embed-aspect-16-9 wp-has-aspect-ratio\"><div class=\"wp-block-embed__wrapper\">\n<iframe loading=\"lazy\" title=\"Along Came Love \/ Le Temps d&#039;aimer (2023) - Trailer (English Subs)\" width=\"500\" height=\"281\" src=\"https:\/\/www.youtube.com\/embed\/Xxwyl-7Fdso?feature=oembed\" frameborder=\"0\" allow=\"accelerometer; autoplay; clipboard-write; encrypted-media; gyroscope; picture-in-picture; web-share\" referrerpolicy=\"strict-origin-when-cross-origin\" allowfullscreen><\/iframe>\n<\/div><\/figure>\n\n\n\n<h3 class=\"wp-block-heading\"><\/h3>\n\n\n\n<p><strong>About the film<\/strong>: <em><strong>Along Came Love<\/strong><\/em>&nbsp;(<em>Le Temps d\u2019aimer<\/em>&nbsp;in French) is a film directed by&nbsp;<strong>Katell Quill\u00e9v\u00e9r\u00e9<\/strong>, co-written by Gilles Taurand, and produced by David Thion, Justin Taurand, and Philippe Martin. The cast includes Ana\u00efs Demoustier and Vincent Lacoste.<\/p>\n\n\n\n<p><strong>About the Queer Palm:<\/strong> Since 2010, The Queer Palm has been the LGBTQIA+ award at the Cannes Film Festival. Each year during the festival, a jury honors one short film and one feature film selected from the Cannes Official Selection and its parallel sections. These films spotlight LGBTQ+ themes, feminist perspectives, and challenge gender norms. Learn more&nbsp;<a href=\"https:\/\/queerpalm.org\/\" target=\"_blank\" rel=\"noreferrer noopener\">here<\/a>. <\/p>\n\n\n\n<p><strong>About World Pride 2025<\/strong>: <\/p>\n\n\n\n<p>We are pleased to present this film in official partnership with World Pride 2025 in Washington, DC as part of the cultural programming of this celebration.<\/p>\n\n\n\n<p>2025 marks the 50th anniversary of Pride celebrations in Washington, DC, a powerful milestone in the ongoing global fight for LGBTQ+ rights. As the host of WorldPride 2025, the U.S. capital will become a vibrant meeting point for voices from around the world, uniting in celebration, visibility, and advocacy. Learn more<a href=\"https:\/\/worldpridedc.org\/\"> here<\/a><\/p>\n\n\n\n<figure class=\"wp-block-image size-large is-resized\"><a href=\"https:\/\/worldpridedc.org\/\"><img loading=\"lazy\" decoding=\"async\" width=\"1024\" height=\"524\" src=\"https:\/\/villa-albertine.org\/wp-content\/uploads\/2025\/05\/OFFICIAL-PARTNER-transparent-_official-partner-event-rectangle-1024x524.png\" alt=\"\" class=\"wp-image-3849243\" style=\"width:421px;height:auto\" srcset=\"https:\/\/villa-albertine.org\/wp-content\/uploads\/2025\/05\/OFFICIAL-PARTNER-transparent-_official-partner-event-rectangle-1024x524.png 1024w, https:\/\/villa-albertine.org\/wp-content\/uploads\/2025\/05\/OFFICIAL-PARTNER-transparent-_official-partner-event-rectangle-300x154.png 300w, https:\/\/villa-albertine.org\/wp-content\/uploads\/2025\/05\/OFFICIAL-PARTNER-transparent-_official-partner-event-rectangle-768x393.png 768w, https:\/\/villa-albertine.org\/wp-content\/uploads\/2025\/05\/OFFICIAL-PARTNER-transparent-_official-partner-event-rectangle-1536x786.png 1536w, https:\/\/villa-albertine.org\/wp-content\/uploads\/2025\/05\/OFFICIAL-PARTNER-transparent-_official-partner-event-rectangle.png 1671w\" sizes=\"auto, (max-width: 1024px) 100vw, 1024px\" \/><\/a><\/figure>\n\n\n\n<p><strong>Security Rules<\/strong>: Each person attending the event must have a ticket registered in their name and a government-issued ID that matches the name on the reservation to enter the Embassy. No one will be admitted without a reservation and official ID. Due to strict security measures, please arrive on time, as<strong>&nbsp;doors will be closed at 7:00PM sharp<\/strong>. Please allow extra time for security screenings. There will be no on-site parking at the Embassy.<\/p>\n","protected":false},"featured_media":5118424,"menu_order":0,"template":"","app_discipline":[219],"app_city_tax":[226],"app_event_type":[239],"class_list":["post-3781734","app_event","type-app_event","status-publish","has-post-thumbnail","hentry","app_discipline-cinema","app_city_tax-dc","app_event_type-film"],"acf":[],"yoast_head":"<!-- This site is optimized with the Yoast SEO plugin v27.3 - https:\/\/yoast.com\/product\/yoast-seo-wordpress\/ -->\n<title>World Pride Film Screening: &quot;Along Came Love&quot; - Villa Albertine<\/title>\n<meta name=\"robots\" content=\"index, follow, max-snippet:-1, max-image-preview:large, max-video-preview:-1\" \/>\n<link rel=\"canonical\" href=\"https:\/\/villa-albertine.org\/va\/events\/along-came-love-film-screening\/\" \/>\n<meta property=\"og:locale\" content=\"en_US\" \/>\n<meta property=\"og:type\" content=\"article\" \/>\n<meta property=\"og:title\" content=\"World Pride Film Screening: &quot;Along Came Love&quot; - Villa Albertine\" \/>\n<meta property=\"og:description\" content=\"In 1947, on a beach in Normandy, Madeleine, a waitress and young mother, meets Fran\u00e7ois, a wealthy, and worldy student. They hit it off immediately, as though it were fate. But as their destinies intertwine, it\u2019s obvious what Madeline wants to leave behind, while the world that Fran\u00e7ois is running from is only slowly revealed....\" \/>\n<meta property=\"og:url\" content=\"https:\/\/villa-albertine.org\/va\/events\/along-came-love-film-screening\/\" \/>\n<meta property=\"og:site_name\" content=\"Villa Albertine\" \/>\n<meta property=\"article:modified_time\" content=\"2025-08-12T14:32:18+00:00\" \/>\n<meta property=\"og:image\" content=\"https:\/\/villa-albertine.org\/wp-content\/uploads\/2025\/05\/LE-TEMPS-Daimer-photo-1.jpg\" \/>\n\t<meta property=\"og:image:width\" content=\"791\" \/>\n\t<meta property=\"og:image:height\" content=\"495\" \/>\n\t<meta property=\"og:image:type\" content=\"image\/jpeg\" \/>\n<meta name=\"twitter:card\" content=\"summary_large_image\" \/>\n<meta name=\"twitter:label1\" content=\"Est. reading time\" \/>\n\t<meta name=\"twitter:data1\" content=\"2 minutes\" \/>\n<script type=\"application\/ld+json\" class=\"yoast-schema-graph\">{\"@context\":\"https:\\\/\\\/schema.org\",\"@graph\":[{\"@type\":\"WebPage\",\"@id\":\"https:\\\/\\\/villa-albertine.org\\\/va\\\/events\\\/along-came-love-film-screening\\\/\",\"url\":\"https:\\\/\\\/villa-albertine.org\\\/va\\\/events\\\/along-came-love-film-screening\\\/\",\"name\":\"World Pride Film Screening: \\\"Along Came Love\\\" - Villa Albertine\",\"isPartOf\":{\"@id\":\"https:\\\/\\\/villa-albertine.org\\\/va\\\/#website\"},\"primaryImageOfPage\":{\"@id\":\"https:\\\/\\\/villa-albertine.org\\\/va\\\/events\\\/along-came-love-film-screening\\\/#primaryimage\"},\"image\":{\"@id\":\"https:\\\/\\\/villa-albertine.org\\\/va\\\/events\\\/along-came-love-film-screening\\\/#primaryimage\"},\"thumbnailUrl\":\"https:\\\/\\\/villa-albertine.org\\\/wp-content\\\/uploads\\\/2025\\\/05\\\/LE-TEMPS-Daimer-photo-1.jpg\",\"datePublished\":\"2025-05-09T15:22:47+00:00\",\"dateModified\":\"2025-08-12T14:32:18+00:00\",\"breadcrumb\":{\"@id\":\"https:\\\/\\\/villa-albertine.org\\\/va\\\/events\\\/along-came-love-film-screening\\\/#breadcrumb\"},\"inLanguage\":\"en-US\",\"potentialAction\":[{\"@type\":\"ReadAction\",\"target\":[\"https:\\\/\\\/villa-albertine.org\\\/va\\\/events\\\/along-came-love-film-screening\\\/\"]}]},{\"@type\":\"ImageObject\",\"inLanguage\":\"en-US\",\"@id\":\"https:\\\/\\\/villa-albertine.org\\\/va\\\/events\\\/along-came-love-film-screening\\\/#primaryimage\",\"url\":\"https:\\\/\\\/villa-albertine.org\\\/wp-content\\\/uploads\\\/2025\\\/05\\\/LE-TEMPS-Daimer-photo-1.jpg\",\"contentUrl\":\"https:\\\/\\\/villa-albertine.org\\\/wp-content\\\/uploads\\\/2025\\\/05\\\/LE-TEMPS-Daimer-photo-1.jpg\",\"width\":791,\"height\":495},{\"@type\":\"BreadcrumbList\",\"@id\":\"https:\\\/\\\/villa-albertine.org\\\/va\\\/events\\\/along-came-love-film-screening\\\/#breadcrumb\",\"itemListElement\":[{\"@type\":\"ListItem\",\"position\":1,\"name\":\"Home\",\"item\":\"https:\\\/\\\/villa-albertine.org\\\/va\\\/\"},{\"@type\":\"ListItem\",\"position\":2,\"name\":\"World Pride Film Screening: &#8220;Along Came Love&#8221;\"}]},{\"@type\":\"WebSite\",\"@id\":\"https:\\\/\\\/villa-albertine.org\\\/va\\\/#website\",\"url\":\"https:\\\/\\\/villa-albertine.org\\\/va\\\/\",\"name\":\"Villa Albertine\",\"description\":\"\",\"potentialAction\":[{\"@type\":\"SearchAction\",\"target\":{\"@type\":\"EntryPoint\",\"urlTemplate\":\"https:\\\/\\\/villa-albertine.org\\\/va\\\/?s={search_term_string}\"},\"query-input\":{\"@type\":\"PropertyValueSpecification\",\"valueRequired\":true,\"valueName\":\"search_term_string\"}}],\"inLanguage\":\"en-US\"}]}<\/script>\n<!-- \/ Yoast SEO plugin. -->","yoast_head_json":{"title":"World Pride Film Screening: \"Along Came Love\" - Villa Albertine","robots":{"index":"index","follow":"follow","max-snippet":"max-snippet:-1","max-image-preview":"max-image-preview:large","max-video-preview":"max-video-preview:-1"},"canonical":"https:\/\/villa-albertine.org\/va\/events\/along-came-love-film-screening\/","og_locale":"en_US","og_type":"article","og_title":"World Pride Film Screening: \"Along Came Love\" - Villa Albertine","og_description":"In 1947, on a beach in Normandy, Madeleine, a waitress and young mother, meets Fran\u00e7ois, a wealthy, and worldy student. They hit it off immediately, as though it were fate. But as their destinies intertwine, it\u2019s obvious what Madeline wants to leave behind, while the world that Fran\u00e7ois is running from is only slowly revealed....","og_url":"https:\/\/villa-albertine.org\/va\/events\/along-came-love-film-screening\/","og_site_name":"Villa Albertine","article_modified_time":"2025-08-12T14:32:18+00:00","og_image":[{"width":791,"height":495,"url":"https:\/\/villa-albertine.org\/wp-content\/uploads\/2025\/05\/LE-TEMPS-Daimer-photo-1.jpg","type":"image\/jpeg"}],"twitter_card":"summary_large_image","twitter_misc":{"Est. reading time":"2 minutes"},"schema":{"@context":"https:\/\/schema.org","@graph":[{"@type":"WebPage","@id":"https:\/\/villa-albertine.org\/va\/events\/along-came-love-film-screening\/","url":"https:\/\/villa-albertine.org\/va\/events\/along-came-love-film-screening\/","name":"World Pride Film Screening: \"Along Came Love\" - Villa Albertine","isPartOf":{"@id":"https:\/\/villa-albertine.org\/va\/#website"},"primaryImageOfPage":{"@id":"https:\/\/villa-albertine.org\/va\/events\/along-came-love-film-screening\/#primaryimage"},"image":{"@id":"https:\/\/villa-albertine.org\/va\/events\/along-came-love-film-screening\/#primaryimage"},"thumbnailUrl":"https:\/\/villa-albertine.org\/wp-content\/uploads\/2025\/05\/LE-TEMPS-Daimer-photo-1.jpg","datePublished":"2025-05-09T15:22:47+00:00","dateModified":"2025-08-12T14:32:18+00:00","breadcrumb":{"@id":"https:\/\/villa-albertine.org\/va\/events\/along-came-love-film-screening\/#breadcrumb"},"inLanguage":"en-US","potentialAction":[{"@type":"ReadAction","target":["https:\/\/villa-albertine.org\/va\/events\/along-came-love-film-screening\/"]}]},{"@type":"ImageObject","inLanguage":"en-US","@id":"https:\/\/villa-albertine.org\/va\/events\/along-came-love-film-screening\/#primaryimage","url":"https:\/\/villa-albertine.org\/wp-content\/uploads\/2025\/05\/LE-TEMPS-Daimer-photo-1.jpg","contentUrl":"https:\/\/villa-albertine.org\/wp-content\/uploads\/2025\/05\/LE-TEMPS-Daimer-photo-1.jpg","width":791,"height":495},{"@type":"BreadcrumbList","@id":"https:\/\/villa-albertine.org\/va\/events\/along-came-love-film-screening\/#breadcrumb","itemListElement":[{"@type":"ListItem","position":1,"name":"Home","item":"https:\/\/villa-albertine.org\/va\/"},{"@type":"ListItem","position":2,"name":"World Pride Film Screening: &#8220;Along Came Love&#8221;"}]},{"@type":"WebSite","@id":"https:\/\/villa-albertine.org\/va\/#website","url":"https:\/\/villa-albertine.org\/va\/","name":"Villa Albertine","description":"","potentialAction":[{"@type":"SearchAction","target":{"@type":"EntryPoint","urlTemplate":"https:\/\/villa-albertine.org\/va\/?s={search_term_string}"},"query-input":{"@type":"PropertyValueSpecification","valueRequired":true,"valueName":"search_term_string"}}],"inLanguage":"en-US"}]}},"_links":{"self":[{"href":"https:\/\/villa-albertine.org\/va\/wp-json\/wp\/v2\/app_event\/3781734","targetHints":{"allow":["GET"]}}],"collection":[{"href":"https:\/\/villa-albertine.org\/va\/wp-json\/wp\/v2\/app_event"}],"about":[{"href":"https:\/\/villa-albertine.org\/va\/wp-json\/wp\/v2\/types\/app_event"}],"wp:featuredmedia":[{"embeddable":true,"href":"https:\/\/villa-albertine.org\/va\/wp-json\/wp\/v2\/media\/5118424"}],"wp:attachment":[{"href":"https:\/\/villa-albertine.org\/va\/wp-json\/wp\/v2\/media?parent=3781734"}],"wp:term":[{"taxonomy":"app_discipline","embeddable":true,"href":"https:\/\/villa-albertine.org\/va\/wp-json\/wp\/v2\/app_discipline?post=3781734"},{"taxonomy":"app_city_tax","embeddable":true,"href":"https:\/\/villa-albertine.org\/va\/wp-json\/wp\/v2\/app_city_tax?post=3781734"},{"taxonomy":"app_event_type","embeddable":true,"href":"https:\/\/villa-albertine.org\/va\/wp-json\/wp\/v2\/app_event_type?post=3781734"}],"curies":[{"name":"wp","href":"https:\/\/api.w.org\/{rel}","templated":true}]}}

<p>In 1947, on a beach in Normandy, Madeleine, a waitress and young mother, meets François, a wealthy, and worldy student. They hit it off immediately, as though it were fate. But as their destinies intertwine, it’s obvious what Madeline wants to leave behind, while the world that François is running from is only slowly revealed.</p>



<p><em>Presented in French with English subtitles</em></p>



<p>Duration:  125 min</p>



<p><strong>Watch the trailer below: </strong></p>



<figure class="wp-block-embed is-type-video is-provider-youtube wp-block-embed-youtube wp-embed-aspect-16-9 wp-has-aspect-ratio"><div class="wp-block-embed__wrapper">
<iframe loading="lazy" title="Along Came Love / Le Temps d&#039;aimer (2023) - Trailer (English Subs)" width="500" height="281" src="https://www.youtube.com/embed/Xxwyl-7Fdso?feature=oembed" frameborder="0" allow="accelerometer; autoplay; clipboard-write; encrypted-media; gyroscope; picture-in-picture; web-share" referrerpolicy="strict-origin-when-cross-origin" allowfullscreen></iframe>
</div></figure>



<h3 class="wp-block-heading"></h3>



<p><strong>About the film</strong>: <em><strong>Along Came Love</strong></em>&nbsp;(<em>Le Temps d’aimer</em>&nbsp;in French) is a film directed by&nbsp;<strong>Katell Quillévéré</strong>, co-written by Gilles Taurand, and produced by David Thion, Justin Taurand, and Philippe Martin. The cast includes Anaïs Demoustier and Vincent Lacoste.</p>



<p><strong>About the Queer Palm:</strong> Since 2010, The Queer Palm has been the LGBTQIA+ award at the Cannes Film Festival. Each year during the festival, a jury honors one short film and one feature film selected from the Cannes Official Selection and its parallel sections. These films spotlight LGBTQ+ themes, feminist perspectives, and challenge gender norms. Learn more&nbsp;<a href="https://queerpalm.org/" target="_blank" rel="noreferrer noopener">here</a>. </p>



<p><strong>About World Pride 2025</strong>: </p>



<p>We are pleased to present this film in official partnership with World Pride 2025 in Washington, DC as part of the cultural programming of this celebration.</p>



<p>2025 marks the 50th anniversary of Pride celebrations in Washington, DC, a powerful milestone in the ongoing global fight for LGBTQ+ rights. As the host of WorldPride 2025, the U.S. capital will become a vibrant meeting point for voices from around the world, uniting in celebration, visibility, and advocacy. Learn more<a href="https://worldpridedc.org/"> here</a></p>



<figure class="wp-block-image size-large is-resized"><a href="https://worldpridedc.org/"><img loading="lazy" decoding="async" width="1024" height="524" src="https://villa-albertine.org/wp-content/uploads/2025/05/OFFICIAL-PARTNER-transparent-_official-partner-event-rectangle-1024x524.png" alt="" class="wp-image-3849243" style="width:421px;height:auto" srcset="https://villa-albertine.org/wp-content/uploads/2025/05/OFFICIAL-PARTNER-transparent-_official-partner-event-rectangle-1024x524.png 1024w, https://villa-albertine.org/wp-content/uploads/2025/05/OFFICIAL-PARTNER-transparent-_official-partner-event-rectangle-300x154.png 300w, https://villa-albertine.org/wp-content/uploads/2025/05/OFFICIAL-PARTNER-transparent-_official-partner-event-rectangle-768x393.png 768w, https://villa-albertine.org/wp-content/uploads/2025/05/OFFICIAL-PARTNER-transparent-_official-partner-event-rectangle-1536x786.png 1536w, https://villa-albertine.org/wp-content/uploads/2025/05/OFFICIAL-PARTNER-transparent-_official-partner-event-rectangle.png 1671w" sizes="auto, (max-width: 1024px) 100vw, 1024px" /></a></figure>



<p><strong>Security Rules</strong>: Each person attending the event must have a ticket registered in their name and a government-issued ID that matches the name on the reservation to enter the Embassy. No one will be admitted without a reservation and official ID. Due to strict security measures, please arrive on time, as<strong>&nbsp;doors will be closed at 7:00PM sharp</strong>. Please allow extra time for security screenings. There will be no on-site parking at the Embassy.</p>

<!-- This site is optimized with the Yoast SEO plugin v27.3 - https://yoast.com/product/yoast-seo-wordpress/ -->
<title>World Pride Film Screening: &quot;Along Came Love&quot; - Villa Albertine</title>
<meta name="robots" content="index, follow, max-snippet:-1, max-image-preview:large, max-video-preview:-1" />
<link rel="canonical" href="https://villa-albertine.org/va/events/along-came-love-film-screening/" />
<meta property="og:locale" content="en_US" />
<meta property="og:type" content="article" />
<meta property="og:title" content="World Pride Film Screening: &quot;Along Came Love&quot; - Villa Albertine" />
<meta property="og:description" content="In 1947, on a beach in Normandy, Madeleine, a waitress and young mother, meets François, a wealthy, and worldy student. They hit it off immediately, as though it were fate. But as their destinies intertwine, it’s obvious what Madeline wants to leave behind, while the world that François is running from is only slowly revealed...." />
<meta property="og:url" content="https://villa-albertine.org/va/events/along-came-love-film-screening/" />
<meta property="og:site_name" content="Villa Albertine" />
<meta property="article:modified_time" content="2025-08-12T14:32:18+00:00" />
<meta property="og:image" content="https://villa-albertine.org/wp-content/uploads/2025/05/LE-TEMPS-Daimer-photo-1.jpg" />
	<meta property="og:image:width" content="791" />
	<meta property="og:image:height" content="495" />
	<meta property="og:image:type" content="image/jpeg" />
<meta name="twitter:card" content="summary_large_image" />
<meta name="twitter:label1" content="Est. reading time" />
	<meta name="twitter:data1" content="2 minutes" />
<script type="application/ld+json" class="yoast-schema-graph">{"@context":"https:\/\/schema.org","@graph":[{"@type":"WebPage","@id":"https:\/\/villa-albertine.org\/va\/events\/along-came-love-film-screening\/","url":"https:\/\/villa-albertine.org\/va\/events\/along-came-love-film-screening\/","name":"World Pride Film Screening: \"Along Came Love\" - Villa Albertine","isPartOf":{"@id":"https:\/\/villa-albertine.org\/va\/#website"},"primaryImageOfPage":{"@id":"https:\/\/villa-albertine.org\/va\/events\/along-came-love-film-screening\/#primaryimage"},"image":{"@id":"https:\/\/villa-albertine.org\/va\/events\/along-came-love-film-screening\/#primaryimage"},"thumbnailUrl":"https:\/\/villa-albertine.org\/wp-content\/uploads\/2025\/05\/LE-TEMPS-Daimer-photo-1.jpg","datePublished":"2025-05-09T15:22:47+00:00","dateModified":"2025-08-12T14:32:18+00:00","breadcrumb":{"@id":"https:\/\/villa-albertine.org\/va\/events\/along-came-love-film-screening\/#breadcrumb"},"inLanguage":"en-US","potentialAction":[{"@type":"ReadAction","target":["https:\/\/villa-albertine.org\/va\/events\/along-came-love-film-screening\/"]}]},{"@type":"ImageObject","inLanguage":"en-US","@id":"https:\/\/villa-albertine.org\/va\/events\/along-came-love-film-screening\/#primaryimage","url":"https:\/\/villa-albertine.org\/wp-content\/uploads\/2025\/05\/LE-TEMPS-Daimer-photo-1.jpg","contentUrl":"https:\/\/villa-albertine.org\/wp-content\/uploads\/2025\/05\/LE-TEMPS-Daimer-photo-1.jpg","width":791,"height":495},{"@type":"BreadcrumbList","@id":"https:\/\/villa-albertine.org\/va\/events\/along-came-love-film-screening\/#breadcrumb","itemListElement":[{"@type":"ListItem","position":1,"name":"Home","item":"https:\/\/villa-albertine.org\/va\/"},{"@type":"ListItem","position":2,"name":"World Pride Film Screening: &#8220;Along Came Love&#8221;"}]},{"@type":"WebSite","@id":"https:\/\/villa-albertine.org\/va\/#website","url":"https:\/\/villa-albertine.org\/va\/","name":"Villa Albertine","description":"","potentialAction":[{"@type":"SearchAction","target":{"@type":"EntryPoint","urlTemplate":"https:\/\/villa-albertine.org\/va\/?s={search_term_string}"},"query-input":{"@type":"PropertyValueSpecification","valueRequired":true,"valueName":"search_term_string"}}],"inLanguage":"en-US"}]}</script>
<!-- / Yoast SEO plugin. -->

In 1947, on a beach in Normandy, Madeleine, a waitress and young mother, meets François, a wealthy, and worldy student. They hit it off immediately, as though it were fate. But as their destinies intertwine, it’s obvious what Madeline wants to leave behind, while the world that François is running from is only slowly revealed....
