{"id":3344567,"date":"2025-04-07T16:15:51","date_gmt":"2025-04-07T16:15:51","guid":{"rendered":"https:\/\/villa-albertine.org\/va\/?post_type=app_event&#038;p=3344567"},"modified":"2025-10-08T16:57:33","modified_gmt":"2025-10-08T16:57:33","slug":"chamber-jazz-trio-reverso-in-the-midwest","status":"publish","type":"app_event","link":"https:\/\/villa-albertine.org\/va\/events\/chamber-jazz-trio-reverso-in-the-midwest\/","title":{"rendered":"Chamber Jazz Trio Reverso in the Midwest"},"content":{"rendered":"\n<p><strong><a href=\"https:\/\/villa-albertine.org\/va\/events\/chamber-jazz-trio-reverso-in-the-midwest\/\">Reverso<\/a><\/strong> is a trans-oceanic improvising chamber jazz project born out of a shared passion for musical innovation and cultural exchange. At the heart of the trio are co-leaders <strong>Ryan Keberle<\/strong>\u2014celebrated as Jazz Times\u2019 #1 trombonist\u2014and <strong>Frank West<\/strong>, a Paris-based pianist and the music director for iconic trumpeter Ibrahim Maalouf. They are joined by the extraordinary French improvising cellist <strong>Vince Curt<\/strong>, whose versatility and expressiveness help define the ensemble\u2019s rich sonic palette.<\/p>\n\n\n\n<p>Reverso\u2019s original repertoire is deeply inspired by early 20th-century French composers including Maurice Ravel, Gabriel Faur\u00e9, Francis Poulenc, Darius Milhaud, and the often-overlooked Germaine Tailleferre, the sole female member of the famed group Les Six. Through these influences, the trio explores a lyrical and harmonically adventurous space where classical counterpoint meets jazz improvisation.<\/p>\n\n\n\n<p><strong>New Harmony, IN<\/strong>: April 9, 2025, at <strong>Thrall\u2019s Opera House<\/strong>, Indiana State Museum <strong><a href=\"https:\/\/www.indianamuseum.org\/programs\/radar-presents-reverso-in-concert\/\">Tickets<\/a><\/strong><\/p>\n\n\n\n<p><strong>Minneapolis, MN<\/strong>: April 11, 2025, at <strong>Berlin<\/strong> <strong><a href=\"https:\/\/www.berlinmpls.com\/calendar\/reverso-ryan-keberle\">Tickets<\/a><\/strong><\/p>\n\n\n\n<p><strong>Chicago, IL<\/strong>: April 12, 2025, at <strong>Constellation<\/strong> <a href=\"https:\/\/wl.seetickets.us\/event\/reverso\/622203?afflky=ConstellationChicago\"><strong>Tickets<\/strong><\/a><\/p>\n\n\n\n<p><strong>Ann Arbor, MI<\/strong>: April 13, 2025, at <strong>Britton Recital Hall<\/strong>, University of Michigan <strong><a href=\"https:\/\/smtd.umich.edu\/event\/13-april-2025-10\/\">Tickets<\/a><\/strong><\/p>\n\n\n\n<p><strong>Cincinnati, OH<\/strong>: April 15, 2025, at <strong>Caffe Vivace<\/strong> <strong><a href=\"https:\/\/tickets.caffevivace.com\/shows\/5652\/?date=2025-04-15\">Tickets<\/a><\/strong><\/p>\n\n\n\n<p>Over the past six years, Reverso has toured extensively across the United States and Europe, captivating audiences and earning critical acclaim. From intimate jazz clubs and historic churches to renowned chamber music series and performing arts centers, the ensemble\u2019s performances are praised for their elegance, spontaneity, and emotional depth.<\/p>\n\n\n\n<p>With each concert, Reverso offers more than a performance\u2014they create a conversation across time and geography, blending European classical tradition with the vibrant spirit of contemporary jazz.<\/p>\n\n\n\n<p><em>The Reverso US tour has been made possible through Jazz &amp; New Music, a program of Villa Albertine and Albertine Foundation, in partnership with the&nbsp;French Embassy in the United States with support from the French Ministry of Culture,&nbsp;Institut fran\u00e7ais, SACEM (Soci\u00e9t\u00e9 des auteurs, compositeurs et \u00e9diteurs de musique) and the CNM (Centre National de la Musique).<\/em><\/p>\n","protected":false},"featured_media":3344631,"menu_order":0,"template":"","app_discipline":[230],"app_city_tax":[223],"app_event_type":[],"class_list":["post-3344567","app_event","type-app_event","status-publish","has-post-thumbnail","hentry","app_discipline-music","app_city_tax-chi"],"acf":[],"yoast_head":"<!-- This site is optimized with the Yoast SEO plugin v27.3 - https:\/\/yoast.com\/product\/yoast-seo-wordpress\/ -->\n<title>Chamber Jazz Trio Reverso in the Midwest - Villa Albertine<\/title>\n<meta name=\"robots\" content=\"index, follow, max-snippet:-1, max-image-preview:large, max-video-preview:-1\" \/>\n<link rel=\"canonical\" href=\"https:\/\/villa-albertine.org\/va\/events\/chamber-jazz-trio-reverso-in-the-midwest\/\" \/>\n<meta property=\"og:locale\" content=\"en_US\" \/>\n<meta property=\"og:type\" content=\"article\" \/>\n<meta property=\"og:title\" content=\"Chamber Jazz Trio Reverso in the Midwest - Villa Albertine\" \/>\n<meta property=\"og:description\" content=\"Reverso is a trans-oceanic improvising chamber jazz project born out of a shared passion for musical innovation and cultural exchange. At the heart of the trio are co-leaders Ryan Keberle\u2014celebrated as Jazz Times\u2019 #1 trombonist\u2014and Frank West, a Paris-based pianist and the music director for iconic trumpeter Ibrahim Maalouf. They are joined by the extraordinary...\" \/>\n<meta property=\"og:url\" content=\"https:\/\/villa-albertine.org\/va\/events\/chamber-jazz-trio-reverso-in-the-midwest\/\" \/>\n<meta property=\"og:site_name\" content=\"Villa Albertine\" \/>\n<meta property=\"article:modified_time\" content=\"2025-10-08T16:57:33+00:00\" \/>\n<meta property=\"og:image\" content=\"https:\/\/villa-albertine.org\/wp-content\/uploads\/2025\/04\/Reverso.jpg\" \/>\n\t<meta property=\"og:image:width\" content=\"2500\" \/>\n\t<meta property=\"og:image:height\" content=\"1688\" \/>\n\t<meta property=\"og:image:type\" content=\"image\/jpeg\" \/>\n<meta name=\"twitter:card\" content=\"summary_large_image\" \/>\n<meta name=\"twitter:label1\" content=\"Est. reading time\" \/>\n\t<meta name=\"twitter:data1\" content=\"2 minutes\" \/>\n<script type=\"application\/ld+json\" class=\"yoast-schema-graph\">{\"@context\":\"https:\\\/\\\/schema.org\",\"@graph\":[{\"@type\":\"WebPage\",\"@id\":\"https:\\\/\\\/villa-albertine.org\\\/va\\\/events\\\/chamber-jazz-trio-reverso-in-the-midwest\\\/\",\"url\":\"https:\\\/\\\/villa-albertine.org\\\/va\\\/events\\\/chamber-jazz-trio-reverso-in-the-midwest\\\/\",\"name\":\"Chamber Jazz Trio Reverso in the Midwest - Villa Albertine\",\"isPartOf\":{\"@id\":\"https:\\\/\\\/villa-albertine.org\\\/va\\\/#website\"},\"primaryImageOfPage\":{\"@id\":\"https:\\\/\\\/villa-albertine.org\\\/va\\\/events\\\/chamber-jazz-trio-reverso-in-the-midwest\\\/#primaryimage\"},\"image\":{\"@id\":\"https:\\\/\\\/villa-albertine.org\\\/va\\\/events\\\/chamber-jazz-trio-reverso-in-the-midwest\\\/#primaryimage\"},\"thumbnailUrl\":\"https:\\\/\\\/villa-albertine.org\\\/wp-content\\\/uploads\\\/2025\\\/04\\\/Reverso.jpg\",\"datePublished\":\"2025-04-07T16:15:51+00:00\",\"dateModified\":\"2025-10-08T16:57:33+00:00\",\"breadcrumb\":{\"@id\":\"https:\\\/\\\/villa-albertine.org\\\/va\\\/events\\\/chamber-jazz-trio-reverso-in-the-midwest\\\/#breadcrumb\"},\"inLanguage\":\"en-US\",\"potentialAction\":[{\"@type\":\"ReadAction\",\"target\":[\"https:\\\/\\\/villa-albertine.org\\\/va\\\/events\\\/chamber-jazz-trio-reverso-in-the-midwest\\\/\"]}]},{\"@type\":\"ImageObject\",\"inLanguage\":\"en-US\",\"@id\":\"https:\\\/\\\/villa-albertine.org\\\/va\\\/events\\\/chamber-jazz-trio-reverso-in-the-midwest\\\/#primaryimage\",\"url\":\"https:\\\/\\\/villa-albertine.org\\\/wp-content\\\/uploads\\\/2025\\\/04\\\/Reverso.jpg\",\"contentUrl\":\"https:\\\/\\\/villa-albertine.org\\\/wp-content\\\/uploads\\\/2025\\\/04\\\/Reverso.jpg\",\"width\":2500,\"height\":1688},{\"@type\":\"BreadcrumbList\",\"@id\":\"https:\\\/\\\/villa-albertine.org\\\/va\\\/events\\\/chamber-jazz-trio-reverso-in-the-midwest\\\/#breadcrumb\",\"itemListElement\":[{\"@type\":\"ListItem\",\"position\":1,\"name\":\"Home\",\"item\":\"https:\\\/\\\/villa-albertine.org\\\/va\\\/\"},{\"@type\":\"ListItem\",\"position\":2,\"name\":\"Chamber Jazz Trio Reverso in the Midwest\"}]},{\"@type\":\"WebSite\",\"@id\":\"https:\\\/\\\/villa-albertine.org\\\/va\\\/#website\",\"url\":\"https:\\\/\\\/villa-albertine.org\\\/va\\\/\",\"name\":\"Villa Albertine\",\"description\":\"\",\"potentialAction\":[{\"@type\":\"SearchAction\",\"target\":{\"@type\":\"EntryPoint\",\"urlTemplate\":\"https:\\\/\\\/villa-albertine.org\\\/va\\\/?s={search_term_string}\"},\"query-input\":{\"@type\":\"PropertyValueSpecification\",\"valueRequired\":true,\"valueName\":\"search_term_string\"}}],\"inLanguage\":\"en-US\"}]}<\/script>\n<!-- \/ Yoast SEO plugin. -->","yoast_head_json":{"title":"Chamber Jazz Trio Reverso in the Midwest - Villa Albertine","robots":{"index":"index","follow":"follow","max-snippet":"max-snippet:-1","max-image-preview":"max-image-preview:large","max-video-preview":"max-video-preview:-1"},"canonical":"https:\/\/villa-albertine.org\/va\/events\/chamber-jazz-trio-reverso-in-the-midwest\/","og_locale":"en_US","og_type":"article","og_title":"Chamber Jazz Trio Reverso in the Midwest - Villa Albertine","og_description":"Reverso is a trans-oceanic improvising chamber jazz project born out of a shared passion for musical innovation and cultural exchange. At the heart of the trio are co-leaders Ryan Keberle\u2014celebrated as Jazz Times\u2019 #1 trombonist\u2014and Frank West, a Paris-based pianist and the music director for iconic trumpeter Ibrahim Maalouf. They are joined by the extraordinary...","og_url":"https:\/\/villa-albertine.org\/va\/events\/chamber-jazz-trio-reverso-in-the-midwest\/","og_site_name":"Villa Albertine","article_modified_time":"2025-10-08T16:57:33+00:00","og_image":[{"width":2500,"height":1688,"url":"https:\/\/villa-albertine.org\/wp-content\/uploads\/2025\/04\/Reverso.jpg","type":"image\/jpeg"}],"twitter_card":"summary_large_image","twitter_misc":{"Est. reading time":"2 minutes"},"schema":{"@context":"https:\/\/schema.org","@graph":[{"@type":"WebPage","@id":"https:\/\/villa-albertine.org\/va\/events\/chamber-jazz-trio-reverso-in-the-midwest\/","url":"https:\/\/villa-albertine.org\/va\/events\/chamber-jazz-trio-reverso-in-the-midwest\/","name":"Chamber Jazz Trio Reverso in the Midwest - Villa Albertine","isPartOf":{"@id":"https:\/\/villa-albertine.org\/va\/#website"},"primaryImageOfPage":{"@id":"https:\/\/villa-albertine.org\/va\/events\/chamber-jazz-trio-reverso-in-the-midwest\/#primaryimage"},"image":{"@id":"https:\/\/villa-albertine.org\/va\/events\/chamber-jazz-trio-reverso-in-the-midwest\/#primaryimage"},"thumbnailUrl":"https:\/\/villa-albertine.org\/wp-content\/uploads\/2025\/04\/Reverso.jpg","datePublished":"2025-04-07T16:15:51+00:00","dateModified":"2025-10-08T16:57:33+00:00","breadcrumb":{"@id":"https:\/\/villa-albertine.org\/va\/events\/chamber-jazz-trio-reverso-in-the-midwest\/#breadcrumb"},"inLanguage":"en-US","potentialAction":[{"@type":"ReadAction","target":["https:\/\/villa-albertine.org\/va\/events\/chamber-jazz-trio-reverso-in-the-midwest\/"]}]},{"@type":"ImageObject","inLanguage":"en-US","@id":"https:\/\/villa-albertine.org\/va\/events\/chamber-jazz-trio-reverso-in-the-midwest\/#primaryimage","url":"https:\/\/villa-albertine.org\/wp-content\/uploads\/2025\/04\/Reverso.jpg","contentUrl":"https:\/\/villa-albertine.org\/wp-content\/uploads\/2025\/04\/Reverso.jpg","width":2500,"height":1688},{"@type":"BreadcrumbList","@id":"https:\/\/villa-albertine.org\/va\/events\/chamber-jazz-trio-reverso-in-the-midwest\/#breadcrumb","itemListElement":[{"@type":"ListItem","position":1,"name":"Home","item":"https:\/\/villa-albertine.org\/va\/"},{"@type":"ListItem","position":2,"name":"Chamber Jazz Trio Reverso in the Midwest"}]},{"@type":"WebSite","@id":"https:\/\/villa-albertine.org\/va\/#website","url":"https:\/\/villa-albertine.org\/va\/","name":"Villa Albertine","description":"","potentialAction":[{"@type":"SearchAction","target":{"@type":"EntryPoint","urlTemplate":"https:\/\/villa-albertine.org\/va\/?s={search_term_string}"},"query-input":{"@type":"PropertyValueSpecification","valueRequired":true,"valueName":"search_term_string"}}],"inLanguage":"en-US"}]}},"_links":{"self":[{"href":"https:\/\/villa-albertine.org\/va\/wp-json\/wp\/v2\/app_event\/3344567","targetHints":{"allow":["GET"]}}],"collection":[{"href":"https:\/\/villa-albertine.org\/va\/wp-json\/wp\/v2\/app_event"}],"about":[{"href":"https:\/\/villa-albertine.org\/va\/wp-json\/wp\/v2\/types\/app_event"}],"wp:featuredmedia":[{"embeddable":true,"href":"https:\/\/villa-albertine.org\/va\/wp-json\/wp\/v2\/media\/3344631"}],"wp:attachment":[{"href":"https:\/\/villa-albertine.org\/va\/wp-json\/wp\/v2\/media?parent=3344567"}],"wp:term":[{"taxonomy":"app_discipline","embeddable":true,"href":"https:\/\/villa-albertine.org\/va\/wp-json\/wp\/v2\/app_discipline?post=3344567"},{"taxonomy":"app_city_tax","embeddable":true,"href":"https:\/\/villa-albertine.org\/va\/wp-json\/wp\/v2\/app_city_tax?post=3344567"},{"taxonomy":"app_event_type","embeddable":true,"href":"https:\/\/villa-albertine.org\/va\/wp-json\/wp\/v2\/app_event_type?post=3344567"}],"curies":[{"name":"wp","href":"https:\/\/api.w.org\/{rel}","templated":true}]}}

<p><strong><a href="https://villa-albertine.org/va/events/chamber-jazz-trio-reverso-in-the-midwest/">Reverso</a></strong> is a trans-oceanic improvising chamber jazz project born out of a shared passion for musical innovation and cultural exchange. At the heart of the trio are co-leaders <strong>Ryan Keberle</strong>—celebrated as Jazz Times’ #1 trombonist—and <strong>Frank West</strong>, a Paris-based pianist and the music director for iconic trumpeter Ibrahim Maalouf. They are joined by the extraordinary French improvising cellist <strong>Vince Curt</strong>, whose versatility and expressiveness help define the ensemble’s rich sonic palette.</p>



<p>Reverso’s original repertoire is deeply inspired by early 20th-century French composers including Maurice Ravel, Gabriel Fauré, Francis Poulenc, Darius Milhaud, and the often-overlooked Germaine Tailleferre, the sole female member of the famed group Les Six. Through these influences, the trio explores a lyrical and harmonically adventurous space where classical counterpoint meets jazz improvisation.</p>



<p><strong>New Harmony, IN</strong>: April 9, 2025, at <strong>Thrall’s Opera House</strong>, Indiana State Museum <strong><a href="https://www.indianamuseum.org/programs/radar-presents-reverso-in-concert/">Tickets</a></strong></p>



<p><strong>Minneapolis, MN</strong>: April 11, 2025, at <strong>Berlin</strong> <strong><a href="https://www.berlinmpls.com/calendar/reverso-ryan-keberle">Tickets</a></strong></p>



<p><strong>Chicago, IL</strong>: April 12, 2025, at <strong>Constellation</strong> <a href="https://wl.seetickets.us/event/reverso/622203?afflky=ConstellationChicago"><strong>Tickets</strong></a></p>



<p><strong>Ann Arbor, MI</strong>: April 13, 2025, at <strong>Britton Recital Hall</strong>, University of Michigan <strong><a href="https://smtd.umich.edu/event/13-april-2025-10/">Tickets</a></strong></p>



<p><strong>Cincinnati, OH</strong>: April 15, 2025, at <strong>Caffe Vivace</strong> <strong><a href="https://tickets.caffevivace.com/shows/5652/?date=2025-04-15">Tickets</a></strong></p>



<p>Over the past six years, Reverso has toured extensively across the United States and Europe, captivating audiences and earning critical acclaim. From intimate jazz clubs and historic churches to renowned chamber music series and performing arts centers, the ensemble’s performances are praised for their elegance, spontaneity, and emotional depth.</p>



<p>With each concert, Reverso offers more than a performance—they create a conversation across time and geography, blending European classical tradition with the vibrant spirit of contemporary jazz.</p>



<p><em>The Reverso US tour has been made possible through Jazz &amp; New Music, a program of Villa Albertine and Albertine Foundation, in partnership with the&nbsp;French Embassy in the United States with support from the French Ministry of Culture,&nbsp;Institut français, SACEM (Société des auteurs, compositeurs et éditeurs de musique) and the CNM (Centre National de la Musique).</em></p>
