{"id":64018,"date":"2021-09-14T19:42:13","date_gmt":"2021-09-14T19:42:13","guid":{"rendered":"https:\/\/villa-albertine.org\/professionals\/catalogue-de-films-de-danse\/"},"modified":"2023-08-23T08:11:18","modified_gmt":"2023-08-23T08:11:18","slug":"catalogue-de-films-de-danse","status":"publish","type":"app_professional","link":"https:\/\/villa-albertine.org\/va\/fr\/professionals\/catalogue-de-films-de-danse\/","title":{"rendered":"Catalogue de films de danse"},"content":{"rendered":"<p>La danse et le cin\u00e9ma partagent une longue histoire avec un int\u00e9r\u00eat commun : le mouvement des corps et leurs \u00e9nergies. \u00a0Avec les technologies vid\u00e9o num\u00e9riques am\u00e9lior\u00e9es d&rsquo;aujourd&rsquo;hui et les restrictions actuelles en mati\u00e8re d&rsquo;\u00e9changes internationaux, la danse se r\u00e9imagine dans de nombreux espaces diff\u00e9rents, fouillant les archives et cr\u00e9ant de nouvelles formes. Les films et documentaires inclus dans le catalogue, tous de diff\u00e9rentes dur\u00e9es, couvrent toutes les formes de danse. \u00a0 \u00a0<\/p>\n<p>Le catalogue en ligne est r\u00e9guli\u00e8rement mis \u00e0 jour avec de nouvelles propositions tout au long de l&rsquo;ann\u00e9e.<\/p>\n<p>Ce projet est d\u00e9velopp\u00e9 par la Villa Albertine en partenariat avec l&rsquo;Institut fran\u00e7ais, le minist\u00e8re de la culture et en collaboration avec plusieurs institutions fran\u00e7aises telles que le Centre National de la Danse (CN D) et la Maison de la Danse.<\/p>\n<div class=\"media--pdf\">\n<p><span class=\"file file--mime-application-pdf file--application-pdf\"> <a href=\"https:\/\/mission-culturelle-production-cdn.s3.us-west-1.amazonaws.com\/2022-02\/Dance Films Catalogue.pdf\" type=\"application\/pdf\" target=\"_blank\">Dance Films Catalogue.pdf<\/a><\/span><\/p><\/div>\n<p>\u00a0<\/p>\n<p><strong>Comment \u00e7a marche ?\u00a0\u00a0<\/strong><\/p>\n<p>Le catalogue est\u00a0r\u00e9alis\u00e9\u00a0pour les\u00a0partenaires professionnels bas\u00e9s aux \u00c9tats-Unis, tels que les centres d&rsquo;art contemporain et de spectacles, les festivals et les universit\u00e9s.\u00a0\u00a0\u00a0\u00a0<\/p>\n<p>Les rencontres en virtuel ou en pr\u00e9sentiel avec les artistes sont encourag\u00e9es.<\/p>\n<p>La fourchette de prix\u00a0indiqu\u00e9e, taxes comprises, a \u00e9t\u00e9 n\u00e9goci\u00e9e avec\u00a0le\u00a0producteur\/les artistes\/le\u00a0distributeur,\u00a0pour\u00a0une\u00a0ou\u00a0deux projections non commerciales, \u00e0 destination de tous publics : \u00e9tudiants, scolaires&#8230;\u00a0<\/p>\n<p>Le prix\u00a0pour\u00a0des projections multiples\u00a0est\u00a0n\u00e9gociable\u00a0sur\u00a0demande.\u00a0\u00a0\u00a0\u00a0\u00a0<\/p>\n<p>Les liens Vimeo\u00a0prot\u00e9g\u00e9s par mot de passe\u00a0sont\u00a0disponibles\u00a0sur\u00a0demande.\u00a0\u00a0\u00a0<\/p>\n<p>Pour toute information, contactez Nicole\u00a0Birmann\u00a0Bloom, Charg\u00e9e de mission, Arts vivants, \u00e0\u00a0\u00a0<a href=\"mailto:nicole.birmann-bloom@frenchculture.org\">nicole.birmann-bloom@villa-albertine.org<\/a>\u00a0<\/p>\n","protected":false},"featured_media":61762,"menu_order":0,"template":"","app_discipline":[275],"app_city_tax":[268,269,271,270,272,267,262,264,273,274],"app_professional_category":[303],"app_professional_content_type":[305],"class_list":["post-64018","app_professional","type-app_professional","status-publish","has-post-thumbnail","hentry","app_discipline-arts-de-la-scene-fr","app_city_tax-atl-fr","app_city_tax-bos-fr","app_city_tax-chi-fr","app_city_tax-hou-fr","app_city_tax-nola-fr","app_city_tax-la-fr","app_city_tax-mia-fr","app_city_tax-nyc-fr","app_city_tax-sf-fr","app_city_tax-dc-fr","app_professional_category-arts-de-la-scene-fr","app_professional_content_type-grants_programs-fr"],"acf":[],"yoast_head":"<!-- This site is optimized with the Yoast SEO plugin v27.3 - https:\/\/yoast.com\/product\/yoast-seo-wordpress\/ -->\n<title>Catalogue de films de danse - Villa Albertine<\/title>\n<meta name=\"robots\" content=\"index, follow, max-snippet:-1, max-image-preview:large, max-video-preview:-1\" \/>\n<link rel=\"canonical\" href=\"https:\/\/villa-albertine.org\/va\/fr\/professionals\/catalogue-de-films-de-danse\/\" \/>\n<meta property=\"og:locale\" content=\"fr_FR\" \/>\n<meta property=\"og:type\" content=\"article\" \/>\n<meta property=\"og:title\" content=\"Catalogue de films de danse - Villa Albertine\" \/>\n<meta property=\"og:description\" content=\"La danse et le cin\u00e9ma partagent une longue histoire avec un int\u00e9r\u00eat commun : le mouvement des corps et leurs \u00e9nergies. \u00a0Avec les technologies vid\u00e9o num\u00e9riques am\u00e9lior\u00e9es d&rsquo;aujourd&rsquo;hui et les restrictions actuelles en mati\u00e8re d&rsquo;\u00e9changes internationaux, la danse se r\u00e9imagine dans de nombreux espaces diff\u00e9rents, fouillant les archives et cr\u00e9ant de nouvelles formes. Les films...\" \/>\n<meta property=\"og:url\" content=\"https:\/\/villa-albertine.org\/va\/fr\/professionals\/catalogue-de-films-de-danse\/\" \/>\n<meta property=\"og:site_name\" content=\"Villa Albertine\" \/>\n<meta property=\"article:modified_time\" content=\"2023-08-23T08:11:18+00:00\" \/>\n<meta property=\"og:image\" content=\"https:\/\/villa-albertine.org\/wp-content\/uploads\/2023\/08\/test20-1024x576.png\" \/>\n\t<meta property=\"og:image:width\" content=\"1024\" \/>\n\t<meta property=\"og:image:height\" content=\"576\" \/>\n\t<meta property=\"og:image:type\" content=\"image\/png\" \/>\n<meta name=\"twitter:card\" content=\"summary_large_image\" \/>\n<meta name=\"twitter:label1\" content=\"Dur\u00e9e de lecture estim\u00e9e\" \/>\n\t<meta name=\"twitter:data1\" content=\"1 minute\" \/>\n<script type=\"application\/ld+json\" class=\"yoast-schema-graph\">{\"@context\":\"https:\\\/\\\/schema.org\",\"@graph\":[{\"@type\":\"WebPage\",\"@id\":\"https:\\\/\\\/villa-albertine.org\\\/va\\\/fr\\\/professionals\\\/catalogue-de-films-de-danse\\\/\",\"url\":\"https:\\\/\\\/villa-albertine.org\\\/va\\\/fr\\\/professionals\\\/catalogue-de-films-de-danse\\\/\",\"name\":\"Catalogue de films de danse - Villa Albertine\",\"isPartOf\":{\"@id\":\"https:\\\/\\\/villa-albertine.org\\\/va\\\/fr\\\/#website\"},\"primaryImageOfPage\":{\"@id\":\"https:\\\/\\\/villa-albertine.org\\\/va\\\/fr\\\/professionals\\\/catalogue-de-films-de-danse\\\/#primaryimage\"},\"image\":{\"@id\":\"https:\\\/\\\/villa-albertine.org\\\/va\\\/fr\\\/professionals\\\/catalogue-de-films-de-danse\\\/#primaryimage\"},\"thumbnailUrl\":\"https:\\\/\\\/villa-albertine.org\\\/wp-content\\\/uploads\\\/2023\\\/08\\\/test20.png\",\"datePublished\":\"2021-09-14T19:42:13+00:00\",\"dateModified\":\"2023-08-23T08:11:18+00:00\",\"breadcrumb\":{\"@id\":\"https:\\\/\\\/villa-albertine.org\\\/va\\\/fr\\\/professionals\\\/catalogue-de-films-de-danse\\\/#breadcrumb\"},\"inLanguage\":\"fr-FR\",\"potentialAction\":[{\"@type\":\"ReadAction\",\"target\":[\"https:\\\/\\\/villa-albertine.org\\\/va\\\/fr\\\/professionals\\\/catalogue-de-films-de-danse\\\/\"]}]},{\"@type\":\"ImageObject\",\"inLanguage\":\"fr-FR\",\"@id\":\"https:\\\/\\\/villa-albertine.org\\\/va\\\/fr\\\/professionals\\\/catalogue-de-films-de-danse\\\/#primaryimage\",\"url\":\"https:\\\/\\\/villa-albertine.org\\\/wp-content\\\/uploads\\\/2023\\\/08\\\/test20.png\",\"contentUrl\":\"https:\\\/\\\/villa-albertine.org\\\/wp-content\\\/uploads\\\/2023\\\/08\\\/test20.png\",\"width\":1392,\"height\":783},{\"@type\":\"BreadcrumbList\",\"@id\":\"https:\\\/\\\/villa-albertine.org\\\/va\\\/fr\\\/professionals\\\/catalogue-de-films-de-danse\\\/#breadcrumb\",\"itemListElement\":[{\"@type\":\"ListItem\",\"position\":1,\"name\":\"Home\",\"item\":\"https:\\\/\\\/villa-albertine.org\\\/va\\\/fr\\\/home\\\/\"},{\"@type\":\"ListItem\",\"position\":2,\"name\":\"Catalogue de films de danse\"}]},{\"@type\":\"WebSite\",\"@id\":\"https:\\\/\\\/villa-albertine.org\\\/va\\\/fr\\\/#website\",\"url\":\"https:\\\/\\\/villa-albertine.org\\\/va\\\/fr\\\/\",\"name\":\"Villa Albertine\",\"description\":\"\",\"potentialAction\":[{\"@type\":\"SearchAction\",\"target\":{\"@type\":\"EntryPoint\",\"urlTemplate\":\"https:\\\/\\\/villa-albertine.org\\\/va\\\/fr\\\/?s={search_term_string}\"},\"query-input\":{\"@type\":\"PropertyValueSpecification\",\"valueRequired\":true,\"valueName\":\"search_term_string\"}}],\"inLanguage\":\"fr-FR\"}]}<\/script>\n<!-- \/ Yoast SEO plugin. -->","yoast_head_json":{"title":"Catalogue de films de danse - Villa Albertine","robots":{"index":"index","follow":"follow","max-snippet":"max-snippet:-1","max-image-preview":"max-image-preview:large","max-video-preview":"max-video-preview:-1"},"canonical":"https:\/\/villa-albertine.org\/va\/fr\/professionals\/catalogue-de-films-de-danse\/","og_locale":"fr_FR","og_type":"article","og_title":"Catalogue de films de danse - Villa Albertine","og_description":"La danse et le cin\u00e9ma partagent une longue histoire avec un int\u00e9r\u00eat commun : le mouvement des corps et leurs \u00e9nergies. \u00a0Avec les technologies vid\u00e9o num\u00e9riques am\u00e9lior\u00e9es d&rsquo;aujourd&rsquo;hui et les restrictions actuelles en mati\u00e8re d&rsquo;\u00e9changes internationaux, la danse se r\u00e9imagine dans de nombreux espaces diff\u00e9rents, fouillant les archives et cr\u00e9ant de nouvelles formes. Les films...","og_url":"https:\/\/villa-albertine.org\/va\/fr\/professionals\/catalogue-de-films-de-danse\/","og_site_name":"Villa Albertine","article_modified_time":"2023-08-23T08:11:18+00:00","og_image":[{"width":1024,"height":576,"url":"https:\/\/villa-albertine.org\/wp-content\/uploads\/2023\/08\/test20-1024x576.png","type":"image\/png"}],"twitter_card":"summary_large_image","twitter_misc":{"Dur\u00e9e de lecture estim\u00e9e":"1 minute"},"schema":{"@context":"https:\/\/schema.org","@graph":[{"@type":"WebPage","@id":"https:\/\/villa-albertine.org\/va\/fr\/professionals\/catalogue-de-films-de-danse\/","url":"https:\/\/villa-albertine.org\/va\/fr\/professionals\/catalogue-de-films-de-danse\/","name":"Catalogue de films de danse - Villa Albertine","isPartOf":{"@id":"https:\/\/villa-albertine.org\/va\/fr\/#website"},"primaryImageOfPage":{"@id":"https:\/\/villa-albertine.org\/va\/fr\/professionals\/catalogue-de-films-de-danse\/#primaryimage"},"image":{"@id":"https:\/\/villa-albertine.org\/va\/fr\/professionals\/catalogue-de-films-de-danse\/#primaryimage"},"thumbnailUrl":"https:\/\/villa-albertine.org\/wp-content\/uploads\/2023\/08\/test20.png","datePublished":"2021-09-14T19:42:13+00:00","dateModified":"2023-08-23T08:11:18+00:00","breadcrumb":{"@id":"https:\/\/villa-albertine.org\/va\/fr\/professionals\/catalogue-de-films-de-danse\/#breadcrumb"},"inLanguage":"fr-FR","potentialAction":[{"@type":"ReadAction","target":["https:\/\/villa-albertine.org\/va\/fr\/professionals\/catalogue-de-films-de-danse\/"]}]},{"@type":"ImageObject","inLanguage":"fr-FR","@id":"https:\/\/villa-albertine.org\/va\/fr\/professionals\/catalogue-de-films-de-danse\/#primaryimage","url":"https:\/\/villa-albertine.org\/wp-content\/uploads\/2023\/08\/test20.png","contentUrl":"https:\/\/villa-albertine.org\/wp-content\/uploads\/2023\/08\/test20.png","width":1392,"height":783},{"@type":"BreadcrumbList","@id":"https:\/\/villa-albertine.org\/va\/fr\/professionals\/catalogue-de-films-de-danse\/#breadcrumb","itemListElement":[{"@type":"ListItem","position":1,"name":"Home","item":"https:\/\/villa-albertine.org\/va\/fr\/home\/"},{"@type":"ListItem","position":2,"name":"Catalogue de films de danse"}]},{"@type":"WebSite","@id":"https:\/\/villa-albertine.org\/va\/fr\/#website","url":"https:\/\/villa-albertine.org\/va\/fr\/","name":"Villa Albertine","description":"","potentialAction":[{"@type":"SearchAction","target":{"@type":"EntryPoint","urlTemplate":"https:\/\/villa-albertine.org\/va\/fr\/?s={search_term_string}"},"query-input":{"@type":"PropertyValueSpecification","valueRequired":true,"valueName":"search_term_string"}}],"inLanguage":"fr-FR"}]}},"_links":{"self":[{"href":"https:\/\/villa-albertine.org\/va\/fr\/wp-json\/wp\/v2\/app_professional\/64018","targetHints":{"allow":["GET"]}}],"collection":[{"href":"https:\/\/villa-albertine.org\/va\/fr\/wp-json\/wp\/v2\/app_professional"}],"about":[{"href":"https:\/\/villa-albertine.org\/va\/fr\/wp-json\/wp\/v2\/types\/app_professional"}],"wp:featuredmedia":[{"embeddable":true,"href":"https:\/\/villa-albertine.org\/va\/fr\/wp-json\/wp\/v2\/media\/61762"}],"wp:attachment":[{"href":"https:\/\/villa-albertine.org\/va\/fr\/wp-json\/wp\/v2\/media?parent=64018"}],"wp:term":[{"taxonomy":"app_discipline","embeddable":true,"href":"https:\/\/villa-albertine.org\/va\/fr\/wp-json\/wp\/v2\/app_discipline?post=64018"},{"taxonomy":"app_city_tax","embeddable":true,"href":"https:\/\/villa-albertine.org\/va\/fr\/wp-json\/wp\/v2\/app_city_tax?post=64018"},{"taxonomy":"app_professional_category","embeddable":true,"href":"https:\/\/villa-albertine.org\/va\/fr\/wp-json\/wp\/v2\/app_professional_category?post=64018"},{"taxonomy":"app_professional_content_type","embeddable":true,"href":"https:\/\/villa-albertine.org\/va\/fr\/wp-json\/wp\/v2\/app_professional_content_type?post=64018"}],"curies":[{"name":"wp","href":"https:\/\/api.w.org\/{rel}","templated":true}]}}

<p>La danse et le cinéma partagent une longue histoire avec un intérêt commun : le mouvement des corps et leurs énergies.  Avec les technologies vidéo numériques améliorées d&rsquo;aujourd&rsquo;hui et les restrictions actuelles en matière d&rsquo;échanges internationaux, la danse se réimagine dans de nombreux espaces différents, fouillant les archives et créant de nouvelles formes. Les films et documentaires inclus dans le catalogue, tous de différentes durées, couvrent toutes les formes de danse.    </p>
<p>Le catalogue en ligne est régulièrement mis à jour avec de nouvelles propositions tout au long de l&rsquo;année.</p>
<p>Ce projet est développé par la Villa Albertine en partenariat avec l&rsquo;Institut français, le ministère de la culture et en collaboration avec plusieurs institutions françaises telles que le Centre National de la Danse (CN D) et la Maison de la Danse.</p>
<div class="media--pdf">
<p><span class="file file--mime-application-pdf file--application-pdf"> <a href="https://mission-culturelle-production-cdn.s3.us-west-1.amazonaws.com/2022-02/Dance Films Catalogue.pdf" type="application/pdf" target="_blank">Dance Films Catalogue.pdf</a></span></p></div>
<p> </p>
<p><strong>Comment ça marche ?  </strong></p>
<p>Le catalogue est réalisé pour les partenaires professionnels basés aux États-Unis, tels que les centres d&rsquo;art contemporain et de spectacles, les festivals et les universités.    </p>
<p>Les rencontres en virtuel ou en présentiel avec les artistes sont encouragées.</p>
<p>La fourchette de prix indiquée, taxes comprises, a été négociée avec le producteur/les artistes/le distributeur, pour une ou deux projections non commerciales, à destination de tous publics : étudiants, scolaires&#8230; </p>
<p>Le prix pour des projections multiples est négociable sur demande.     </p>
<p>Les liens Vimeo protégés par mot de passe sont disponibles sur demande.   </p>
<p>Pour toute information, contactez Nicole Birmann Bloom, Chargée de mission, Arts vivants, à  <a href="mailto:nicole.birmann-bloom@frenchculture.org">nicole.birmann-bloom@villa-albertine.org</a> </p>

<!-- This site is optimized with the Yoast SEO plugin v27.3 - https://yoast.com/product/yoast-seo-wordpress/ -->
<title>Catalogue de films de danse - Villa Albertine</title>
<meta name="robots" content="index, follow, max-snippet:-1, max-image-preview:large, max-video-preview:-1" />
<link rel="canonical" href="https://villa-albertine.org/va/fr/professionals/catalogue-de-films-de-danse/" />
<meta property="og:locale" content="fr_FR" />
<meta property="og:type" content="article" />
<meta property="og:title" content="Catalogue de films de danse - Villa Albertine" />
<meta property="og:description" content="La danse et le cinéma partagent une longue histoire avec un intérêt commun : le mouvement des corps et leurs énergies.  Avec les technologies vidéo numériques améliorées d&rsquo;aujourd&rsquo;hui et les restrictions actuelles en matière d&rsquo;échanges internationaux, la danse se réimagine dans de nombreux espaces différents, fouillant les archives et créant de nouvelles formes. Les films..." />
<meta property="og:url" content="https://villa-albertine.org/va/fr/professionals/catalogue-de-films-de-danse/" />
<meta property="og:site_name" content="Villa Albertine" />
<meta property="article:modified_time" content="2023-08-23T08:11:18+00:00" />
<meta property="og:image" content="https://villa-albertine.org/wp-content/uploads/2023/08/test20-1024x576.png" />
	<meta property="og:image:width" content="1024" />
	<meta property="og:image:height" content="576" />
	<meta property="og:image:type" content="image/png" />
<meta name="twitter:card" content="summary_large_image" />
<meta name="twitter:label1" content="Durée de lecture estimée" />
	<meta name="twitter:data1" content="1 minute" />
<script type="application/ld+json" class="yoast-schema-graph">{"@context":"https:\/\/schema.org","@graph":[{"@type":"WebPage","@id":"https:\/\/villa-albertine.org\/va\/fr\/professionals\/catalogue-de-films-de-danse\/","url":"https:\/\/villa-albertine.org\/va\/fr\/professionals\/catalogue-de-films-de-danse\/","name":"Catalogue de films de danse - Villa Albertine","isPartOf":{"@id":"https:\/\/villa-albertine.org\/va\/fr\/#website"},"primaryImageOfPage":{"@id":"https:\/\/villa-albertine.org\/va\/fr\/professionals\/catalogue-de-films-de-danse\/#primaryimage"},"image":{"@id":"https:\/\/villa-albertine.org\/va\/fr\/professionals\/catalogue-de-films-de-danse\/#primaryimage"},"thumbnailUrl":"https:\/\/villa-albertine.org\/wp-content\/uploads\/2023\/08\/test20.png","datePublished":"2021-09-14T19:42:13+00:00","dateModified":"2023-08-23T08:11:18+00:00","breadcrumb":{"@id":"https:\/\/villa-albertine.org\/va\/fr\/professionals\/catalogue-de-films-de-danse\/#breadcrumb"},"inLanguage":"fr-FR","potentialAction":[{"@type":"ReadAction","target":["https:\/\/villa-albertine.org\/va\/fr\/professionals\/catalogue-de-films-de-danse\/"]}]},{"@type":"ImageObject","inLanguage":"fr-FR","@id":"https:\/\/villa-albertine.org\/va\/fr\/professionals\/catalogue-de-films-de-danse\/#primaryimage","url":"https:\/\/villa-albertine.org\/wp-content\/uploads\/2023\/08\/test20.png","contentUrl":"https:\/\/villa-albertine.org\/wp-content\/uploads\/2023\/08\/test20.png","width":1392,"height":783},{"@type":"BreadcrumbList","@id":"https:\/\/villa-albertine.org\/va\/fr\/professionals\/catalogue-de-films-de-danse\/#breadcrumb","itemListElement":[{"@type":"ListItem","position":1,"name":"Home","item":"https:\/\/villa-albertine.org\/va\/fr\/home\/"},{"@type":"ListItem","position":2,"name":"Catalogue de films de danse"}]},{"@type":"WebSite","@id":"https:\/\/villa-albertine.org\/va\/fr\/#website","url":"https:\/\/villa-albertine.org\/va\/fr\/","name":"Villa Albertine","description":"","potentialAction":[{"@type":"SearchAction","target":{"@type":"EntryPoint","urlTemplate":"https:\/\/villa-albertine.org\/va\/fr\/?s={search_term_string}"},"query-input":{"@type":"PropertyValueSpecification","valueRequired":true,"valueName":"search_term_string"}}],"inLanguage":"fr-FR"}]}</script>
<!-- / Yoast SEO plugin. -->

La danse et le cinéma partagent une longue histoire avec un intérêt commun : le mouvement des corps et leurs énergies.  Avec les technologies vidéo numériques améliorées d&rsquo;aujourd&rsquo;hui et les restrictions actuelles en matière d&rsquo;échanges internationaux, la danse se réimagine dans de nombreux espaces différents, fouillant les archives et créant de nouvelles formes. Les films...
