{"id":64016,"date":"2022-12-05T17:37:24","date_gmt":"2022-12-05T17:37:24","guid":{"rendered":"https:\/\/villa-albertine.org\/professionals\/call-application-jazz-and-new-music-season-2023-2\/"},"modified":"2023-08-23T08:11:18","modified_gmt":"2023-08-23T08:11:18","slug":"call-application-jazz-and-new-music-season-2023","status":"publish","type":"app_professional","link":"https:\/\/villa-albertine.org\/va\/fr\/professionals\/call-application-jazz-and-new-music-season-2023\/","title":{"rendered":"Appel \u00e0 candidatures pour le programme  FACE, Jazz &#038; New Music &#8211; Saison 2023"},"content":{"rendered":"<p><strong>Appel \u00e0 candidatures pour le programme Jazz &amp; New Music ouvert jusqu&rsquo;au 28 f\u00e9vrier.\u00a0<\/strong><br \/>\nPour les candidatures et plus d&rsquo;informations, veuillez consulter le site de la <a href=\"https:\/\/face-foundation.org\/artistic-funds\/jazz-new-music\/#:~:text=Designed%20to%20encourage%20the%20creative,and%20more%20than%20200%20concerts.\">Fondation FACE.<\/a><\/p>\n<p>Aujourd&rsquo;hui, plus que jamais, la Villa Albertine, l&rsquo;Ambassade de France et la Fondation FACE sont fiers d&rsquo;encourager, de promouvoir et de soutenir les performances et cr\u00e9ations artistiques.\u00a0<\/p>\n<p>En 2004, la Fondation FACE et la Villa Albertine ont cr\u00e9\u00e9 deux programmes musicaux, encourageant les collaborations entre artistes et ensembles fran\u00e7ais et am\u00e9ricains, dans le domaine du jazz et de la musique contemporaine.\u00a0<\/p>\n<p>Au cours des quinze derni\u00e8res ann\u00e9es, le French-American Jazz Exchange a accord\u00e9 1,4 million de dollars de fonds pour soutenir 104 projets de cr\u00e9ation, donnant lieu \u00e0 plus de 40 enregistrements et 300 concerts en France et aux Etats-Unis. Le Fonds pour la musique contemporaine, devenu ensuite le Fonds pour la musique nouvelle, a accord\u00e9 1,9 million de dollars pour soutenir 193 commandes, tourn\u00e9es et r\u00e9sidences pour plus de 100 ensembles et artistes solistes.\u00a0<\/p>\n<p>Depuis 2019, le programme Jazz &amp; New Music &#8211; une fusion des deux programmes ind\u00e9pendants : French American Jazz Exchange et New Music Fund &#8211; continue de soutenir des collaborations fructueuses. Con\u00e7u pour encourager le d\u00e9veloppement cr\u00e9atif et professionnel des compositeurs, musiciens et ensembles de jazz et contemporains fran\u00e7ais aux \u00c9tats-Unis, Jazz &amp; New Music a accord\u00e9 567 800 dollars pour soutenir 73 projets, donnant lieu \u00e0 25 albums enregistr\u00e9s et plus de 200 concerts.\u00a0<\/p>\n<p>Aujourd&rsquo;hui, la Fondation FACE, en collaboration avec la Villa Albertine, est heureuse de lancer son appel \u00e0 candidatures pour le programme Jazz &amp; New Music 2023.\u00a0<\/p>\n<p>Jazz &amp; New Music est un programme de la Villa Albertine et de la Fondation FACE, en partenariat avec l&rsquo;Ambassade de France aux Etats-Unis et avec le soutien du Minist\u00e8re de la Culture, de l&rsquo;Institut fran\u00e7ais, de la SACEM (Soci\u00e9t\u00e9 des auteurs, compositeurs et \u00e9diteurs de musique) et du CNM (Centre National de la Musique).\u202f\u202f\u00a0<\/p>\n<p>\u00a0<\/p>\n","protected":false},"featured_media":61756,"menu_order":0,"template":"","app_discipline":[281],"app_city_tax":[264,276],"app_professional_category":[307],"app_professional_content_type":[],"class_list":["post-64016","app_professional","type-app_professional","status-publish","has-post-thumbnail","hentry","app_discipline-musique-fr","app_city_tax-nyc-fr","app_city_tax-toutes-les-villes-fr","app_professional_category-musique-fr"],"acf":[],"yoast_head":"<!-- This site is optimized with the Yoast SEO plugin v27.3 - https:\/\/yoast.com\/product\/yoast-seo-wordpress\/ -->\n<title>Appel \u00e0 candidatures pour le programme FACE, Jazz &amp; New Music - Saison 2023 - Villa Albertine<\/title>\n<meta name=\"robots\" content=\"index, follow, max-snippet:-1, max-image-preview:large, max-video-preview:-1\" \/>\n<link rel=\"canonical\" href=\"https:\/\/villa-albertine.org\/va\/fr\/professionals\/call-application-jazz-and-new-music-season-2023\/\" \/>\n<meta property=\"og:locale\" content=\"fr_FR\" \/>\n<meta property=\"og:type\" content=\"article\" \/>\n<meta property=\"og:title\" content=\"Appel \u00e0 candidatures pour le programme FACE, Jazz &amp; New Music - Saison 2023 - Villa Albertine\" \/>\n<meta property=\"og:description\" content=\"Appel \u00e0 candidatures pour le programme Jazz &amp; New Music ouvert jusqu&rsquo;au 28 f\u00e9vrier.\u00a0 Pour les candidatures et plus d&rsquo;informations, veuillez consulter le site de la Fondation FACE. Aujourd&rsquo;hui, plus que jamais, la Villa Albertine, l&rsquo;Ambassade de France et la Fondation FACE sont fiers d&rsquo;encourager, de promouvoir et de soutenir les performances et cr\u00e9ations artistiques.\u00a0...\" \/>\n<meta property=\"og:url\" content=\"https:\/\/villa-albertine.org\/va\/fr\/professionals\/call-application-jazz-and-new-music-season-2023\/\" \/>\n<meta property=\"og:site_name\" content=\"Villa Albertine\" \/>\n<meta property=\"article:modified_time\" content=\"2023-08-23T08:11:18+00:00\" \/>\n<meta property=\"og:image\" content=\"https:\/\/villa-albertine.org\/wp-content\/uploads\/2023\/08\/ONJ.jpg\" \/>\n\t<meta property=\"og:image:width\" content=\"1200\" \/>\n\t<meta property=\"og:image:height\" content=\"801\" \/>\n\t<meta property=\"og:image:type\" content=\"image\/jpeg\" \/>\n<meta name=\"twitter:card\" content=\"summary_large_image\" \/>\n<meta name=\"twitter:label1\" content=\"Dur\u00e9e de lecture estim\u00e9e\" \/>\n\t<meta name=\"twitter:data1\" content=\"2 minutes\" \/>\n<script type=\"application\/ld+json\" class=\"yoast-schema-graph\">{\"@context\":\"https:\\\/\\\/schema.org\",\"@graph\":[{\"@type\":\"WebPage\",\"@id\":\"https:\\\/\\\/villa-albertine.org\\\/va\\\/fr\\\/professionals\\\/call-application-jazz-and-new-music-season-2023\\\/\",\"url\":\"https:\\\/\\\/villa-albertine.org\\\/va\\\/fr\\\/professionals\\\/call-application-jazz-and-new-music-season-2023\\\/\",\"name\":\"Appel \u00e0 candidatures pour le programme FACE, Jazz & New Music - Saison 2023 - Villa Albertine\",\"isPartOf\":{\"@id\":\"https:\\\/\\\/villa-albertine.org\\\/va\\\/fr\\\/#website\"},\"primaryImageOfPage\":{\"@id\":\"https:\\\/\\\/villa-albertine.org\\\/va\\\/fr\\\/professionals\\\/call-application-jazz-and-new-music-season-2023\\\/#primaryimage\"},\"image\":{\"@id\":\"https:\\\/\\\/villa-albertine.org\\\/va\\\/fr\\\/professionals\\\/call-application-jazz-and-new-music-season-2023\\\/#primaryimage\"},\"thumbnailUrl\":\"https:\\\/\\\/villa-albertine.org\\\/wp-content\\\/uploads\\\/2023\\\/08\\\/ONJ.jpg\",\"datePublished\":\"2022-12-05T17:37:24+00:00\",\"dateModified\":\"2023-08-23T08:11:18+00:00\",\"breadcrumb\":{\"@id\":\"https:\\\/\\\/villa-albertine.org\\\/va\\\/fr\\\/professionals\\\/call-application-jazz-and-new-music-season-2023\\\/#breadcrumb\"},\"inLanguage\":\"fr-FR\",\"potentialAction\":[{\"@type\":\"ReadAction\",\"target\":[\"https:\\\/\\\/villa-albertine.org\\\/va\\\/fr\\\/professionals\\\/call-application-jazz-and-new-music-season-2023\\\/\"]}]},{\"@type\":\"ImageObject\",\"inLanguage\":\"fr-FR\",\"@id\":\"https:\\\/\\\/villa-albertine.org\\\/va\\\/fr\\\/professionals\\\/call-application-jazz-and-new-music-season-2023\\\/#primaryimage\",\"url\":\"https:\\\/\\\/villa-albertine.org\\\/wp-content\\\/uploads\\\/2023\\\/08\\\/ONJ.jpg\",\"contentUrl\":\"https:\\\/\\\/villa-albertine.org\\\/wp-content\\\/uploads\\\/2023\\\/08\\\/ONJ.jpg\",\"width\":1200,\"height\":801},{\"@type\":\"BreadcrumbList\",\"@id\":\"https:\\\/\\\/villa-albertine.org\\\/va\\\/fr\\\/professionals\\\/call-application-jazz-and-new-music-season-2023\\\/#breadcrumb\",\"itemListElement\":[{\"@type\":\"ListItem\",\"position\":1,\"name\":\"Home\",\"item\":\"https:\\\/\\\/villa-albertine.org\\\/va\\\/fr\\\/home\\\/\"},{\"@type\":\"ListItem\",\"position\":2,\"name\":\"Appel \u00e0 candidatures pour le programme FACE, Jazz &#038; New Music &#8211; Saison 2023\"}]},{\"@type\":\"WebSite\",\"@id\":\"https:\\\/\\\/villa-albertine.org\\\/va\\\/fr\\\/#website\",\"url\":\"https:\\\/\\\/villa-albertine.org\\\/va\\\/fr\\\/\",\"name\":\"Villa Albertine\",\"description\":\"\",\"potentialAction\":[{\"@type\":\"SearchAction\",\"target\":{\"@type\":\"EntryPoint\",\"urlTemplate\":\"https:\\\/\\\/villa-albertine.org\\\/va\\\/fr\\\/?s={search_term_string}\"},\"query-input\":{\"@type\":\"PropertyValueSpecification\",\"valueRequired\":true,\"valueName\":\"search_term_string\"}}],\"inLanguage\":\"fr-FR\"}]}<\/script>\n<!-- \/ Yoast SEO plugin. -->","yoast_head_json":{"title":"Appel \u00e0 candidatures pour le programme FACE, Jazz & New Music - Saison 2023 - Villa Albertine","robots":{"index":"index","follow":"follow","max-snippet":"max-snippet:-1","max-image-preview":"max-image-preview:large","max-video-preview":"max-video-preview:-1"},"canonical":"https:\/\/villa-albertine.org\/va\/fr\/professionals\/call-application-jazz-and-new-music-season-2023\/","og_locale":"fr_FR","og_type":"article","og_title":"Appel \u00e0 candidatures pour le programme FACE, Jazz & New Music - Saison 2023 - Villa Albertine","og_description":"Appel \u00e0 candidatures pour le programme Jazz &amp; New Music ouvert jusqu&rsquo;au 28 f\u00e9vrier.\u00a0 Pour les candidatures et plus d&rsquo;informations, veuillez consulter le site de la Fondation FACE. Aujourd&rsquo;hui, plus que jamais, la Villa Albertine, l&rsquo;Ambassade de France et la Fondation FACE sont fiers d&rsquo;encourager, de promouvoir et de soutenir les performances et cr\u00e9ations artistiques.\u00a0...","og_url":"https:\/\/villa-albertine.org\/va\/fr\/professionals\/call-application-jazz-and-new-music-season-2023\/","og_site_name":"Villa Albertine","article_modified_time":"2023-08-23T08:11:18+00:00","og_image":[{"width":1200,"height":801,"url":"https:\/\/villa-albertine.org\/wp-content\/uploads\/2023\/08\/ONJ.jpg","type":"image\/jpeg"}],"twitter_card":"summary_large_image","twitter_misc":{"Dur\u00e9e de lecture estim\u00e9e":"2 minutes"},"schema":{"@context":"https:\/\/schema.org","@graph":[{"@type":"WebPage","@id":"https:\/\/villa-albertine.org\/va\/fr\/professionals\/call-application-jazz-and-new-music-season-2023\/","url":"https:\/\/villa-albertine.org\/va\/fr\/professionals\/call-application-jazz-and-new-music-season-2023\/","name":"Appel \u00e0 candidatures pour le programme FACE, Jazz & New Music - Saison 2023 - Villa Albertine","isPartOf":{"@id":"https:\/\/villa-albertine.org\/va\/fr\/#website"},"primaryImageOfPage":{"@id":"https:\/\/villa-albertine.org\/va\/fr\/professionals\/call-application-jazz-and-new-music-season-2023\/#primaryimage"},"image":{"@id":"https:\/\/villa-albertine.org\/va\/fr\/professionals\/call-application-jazz-and-new-music-season-2023\/#primaryimage"},"thumbnailUrl":"https:\/\/villa-albertine.org\/wp-content\/uploads\/2023\/08\/ONJ.jpg","datePublished":"2022-12-05T17:37:24+00:00","dateModified":"2023-08-23T08:11:18+00:00","breadcrumb":{"@id":"https:\/\/villa-albertine.org\/va\/fr\/professionals\/call-application-jazz-and-new-music-season-2023\/#breadcrumb"},"inLanguage":"fr-FR","potentialAction":[{"@type":"ReadAction","target":["https:\/\/villa-albertine.org\/va\/fr\/professionals\/call-application-jazz-and-new-music-season-2023\/"]}]},{"@type":"ImageObject","inLanguage":"fr-FR","@id":"https:\/\/villa-albertine.org\/va\/fr\/professionals\/call-application-jazz-and-new-music-season-2023\/#primaryimage","url":"https:\/\/villa-albertine.org\/wp-content\/uploads\/2023\/08\/ONJ.jpg","contentUrl":"https:\/\/villa-albertine.org\/wp-content\/uploads\/2023\/08\/ONJ.jpg","width":1200,"height":801},{"@type":"BreadcrumbList","@id":"https:\/\/villa-albertine.org\/va\/fr\/professionals\/call-application-jazz-and-new-music-season-2023\/#breadcrumb","itemListElement":[{"@type":"ListItem","position":1,"name":"Home","item":"https:\/\/villa-albertine.org\/va\/fr\/home\/"},{"@type":"ListItem","position":2,"name":"Appel \u00e0 candidatures pour le programme FACE, Jazz &#038; New Music &#8211; Saison 2023"}]},{"@type":"WebSite","@id":"https:\/\/villa-albertine.org\/va\/fr\/#website","url":"https:\/\/villa-albertine.org\/va\/fr\/","name":"Villa Albertine","description":"","potentialAction":[{"@type":"SearchAction","target":{"@type":"EntryPoint","urlTemplate":"https:\/\/villa-albertine.org\/va\/fr\/?s={search_term_string}"},"query-input":{"@type":"PropertyValueSpecification","valueRequired":true,"valueName":"search_term_string"}}],"inLanguage":"fr-FR"}]}},"_links":{"self":[{"href":"https:\/\/villa-albertine.org\/va\/fr\/wp-json\/wp\/v2\/app_professional\/64016","targetHints":{"allow":["GET"]}}],"collection":[{"href":"https:\/\/villa-albertine.org\/va\/fr\/wp-json\/wp\/v2\/app_professional"}],"about":[{"href":"https:\/\/villa-albertine.org\/va\/fr\/wp-json\/wp\/v2\/types\/app_professional"}],"wp:featuredmedia":[{"embeddable":true,"href":"https:\/\/villa-albertine.org\/va\/fr\/wp-json\/wp\/v2\/media\/61756"}],"wp:attachment":[{"href":"https:\/\/villa-albertine.org\/va\/fr\/wp-json\/wp\/v2\/media?parent=64016"}],"wp:term":[{"taxonomy":"app_discipline","embeddable":true,"href":"https:\/\/villa-albertine.org\/va\/fr\/wp-json\/wp\/v2\/app_discipline?post=64016"},{"taxonomy":"app_city_tax","embeddable":true,"href":"https:\/\/villa-albertine.org\/va\/fr\/wp-json\/wp\/v2\/app_city_tax?post=64016"},{"taxonomy":"app_professional_category","embeddable":true,"href":"https:\/\/villa-albertine.org\/va\/fr\/wp-json\/wp\/v2\/app_professional_category?post=64016"},{"taxonomy":"app_professional_content_type","embeddable":true,"href":"https:\/\/villa-albertine.org\/va\/fr\/wp-json\/wp\/v2\/app_professional_content_type?post=64016"}],"curies":[{"name":"wp","href":"https:\/\/api.w.org\/{rel}","templated":true}]}}

Appel à candidatures pour le programme  FACE, Jazz &#038; New Music &#8211; Saison 2023

<p><strong>Appel à candidatures pour le programme Jazz &amp; New Music ouvert jusqu&rsquo;au 28 février. </strong><br />
Pour les candidatures et plus d&rsquo;informations, veuillez consulter le site de la <a href="https://face-foundation.org/artistic-funds/jazz-new-music/#:~:text=Designed%20to%20encourage%20the%20creative,and%20more%20than%20200%20concerts.">Fondation FACE.</a></p>
<p>Aujourd&rsquo;hui, plus que jamais, la Villa Albertine, l&rsquo;Ambassade de France et la Fondation FACE sont fiers d&rsquo;encourager, de promouvoir et de soutenir les performances et créations artistiques. </p>
<p>En 2004, la Fondation FACE et la Villa Albertine ont créé deux programmes musicaux, encourageant les collaborations entre artistes et ensembles français et américains, dans le domaine du jazz et de la musique contemporaine. </p>
<p>Au cours des quinze dernières années, le French-American Jazz Exchange a accordé 1,4 million de dollars de fonds pour soutenir 104 projets de création, donnant lieu à plus de 40 enregistrements et 300 concerts en France et aux Etats-Unis. Le Fonds pour la musique contemporaine, devenu ensuite le Fonds pour la musique nouvelle, a accordé 1,9 million de dollars pour soutenir 193 commandes, tournées et résidences pour plus de 100 ensembles et artistes solistes. </p>
<p>Depuis 2019, le programme Jazz &amp; New Music &#8211; une fusion des deux programmes indépendants : French American Jazz Exchange et New Music Fund &#8211; continue de soutenir des collaborations fructueuses. Conçu pour encourager le développement créatif et professionnel des compositeurs, musiciens et ensembles de jazz et contemporains français aux États-Unis, Jazz &amp; New Music a accordé 567 800 dollars pour soutenir 73 projets, donnant lieu à 25 albums enregistrés et plus de 200 concerts. </p>
<p>Aujourd&rsquo;hui, la Fondation FACE, en collaboration avec la Villa Albertine, est heureuse de lancer son appel à candidatures pour le programme Jazz &amp; New Music 2023. </p>
<p>Jazz &amp; New Music est un programme de la Villa Albertine et de la Fondation FACE, en partenariat avec l&rsquo;Ambassade de France aux Etats-Unis et avec le soutien du Ministère de la Culture, de l&rsquo;Institut français, de la SACEM (Société des auteurs, compositeurs et éditeurs de musique) et du CNM (Centre National de la Musique).   </p>
<p> </p>

<!-- This site is optimized with the Yoast SEO plugin v27.3 - https://yoast.com/product/yoast-seo-wordpress/ -->
<title>Appel à candidatures pour le programme FACE, Jazz &amp; New Music - Saison 2023 - Villa Albertine</title>
<meta name="robots" content="index, follow, max-snippet:-1, max-image-preview:large, max-video-preview:-1" />
<link rel="canonical" href="https://villa-albertine.org/va/fr/professionals/call-application-jazz-and-new-music-season-2023/" />
<meta property="og:locale" content="fr_FR" />
<meta property="og:type" content="article" />
<meta property="og:title" content="Appel à candidatures pour le programme FACE, Jazz &amp; New Music - Saison 2023 - Villa Albertine" />
<meta property="og:description" content="Appel à candidatures pour le programme Jazz &amp; New Music ouvert jusqu&rsquo;au 28 février.  Pour les candidatures et plus d&rsquo;informations, veuillez consulter le site de la Fondation FACE. Aujourd&rsquo;hui, plus que jamais, la Villa Albertine, l&rsquo;Ambassade de France et la Fondation FACE sont fiers d&rsquo;encourager, de promouvoir et de soutenir les performances et créations artistiques. ..." />
<meta property="og:url" content="https://villa-albertine.org/va/fr/professionals/call-application-jazz-and-new-music-season-2023/" />
<meta property="og:site_name" content="Villa Albertine" />
<meta property="article:modified_time" content="2023-08-23T08:11:18+00:00" />
<meta property="og:image" content="https://villa-albertine.org/wp-content/uploads/2023/08/ONJ.jpg" />
	<meta property="og:image:width" content="1200" />
	<meta property="og:image:height" content="801" />
	<meta property="og:image:type" content="image/jpeg" />
<meta name="twitter:card" content="summary_large_image" />
<meta name="twitter:label1" content="Durée de lecture estimée" />
	<meta name="twitter:data1" content="2 minutes" />
<script type="application/ld+json" class="yoast-schema-graph">{"@context":"https:\/\/schema.org","@graph":[{"@type":"WebPage","@id":"https:\/\/villa-albertine.org\/va\/fr\/professionals\/call-application-jazz-and-new-music-season-2023\/","url":"https:\/\/villa-albertine.org\/va\/fr\/professionals\/call-application-jazz-and-new-music-season-2023\/","name":"Appel à candidatures pour le programme FACE, Jazz & New Music - Saison 2023 - Villa Albertine","isPartOf":{"@id":"https:\/\/villa-albertine.org\/va\/fr\/#website"},"primaryImageOfPage":{"@id":"https:\/\/villa-albertine.org\/va\/fr\/professionals\/call-application-jazz-and-new-music-season-2023\/#primaryimage"},"image":{"@id":"https:\/\/villa-albertine.org\/va\/fr\/professionals\/call-application-jazz-and-new-music-season-2023\/#primaryimage"},"thumbnailUrl":"https:\/\/villa-albertine.org\/wp-content\/uploads\/2023\/08\/ONJ.jpg","datePublished":"2022-12-05T17:37:24+00:00","dateModified":"2023-08-23T08:11:18+00:00","breadcrumb":{"@id":"https:\/\/villa-albertine.org\/va\/fr\/professionals\/call-application-jazz-and-new-music-season-2023\/#breadcrumb"},"inLanguage":"fr-FR","potentialAction":[{"@type":"ReadAction","target":["https:\/\/villa-albertine.org\/va\/fr\/professionals\/call-application-jazz-and-new-music-season-2023\/"]}]},{"@type":"ImageObject","inLanguage":"fr-FR","@id":"https:\/\/villa-albertine.org\/va\/fr\/professionals\/call-application-jazz-and-new-music-season-2023\/#primaryimage","url":"https:\/\/villa-albertine.org\/wp-content\/uploads\/2023\/08\/ONJ.jpg","contentUrl":"https:\/\/villa-albertine.org\/wp-content\/uploads\/2023\/08\/ONJ.jpg","width":1200,"height":801},{"@type":"BreadcrumbList","@id":"https:\/\/villa-albertine.org\/va\/fr\/professionals\/call-application-jazz-and-new-music-season-2023\/#breadcrumb","itemListElement":[{"@type":"ListItem","position":1,"name":"Home","item":"https:\/\/villa-albertine.org\/va\/fr\/home\/"},{"@type":"ListItem","position":2,"name":"Appel à candidatures pour le programme FACE, Jazz &#038; New Music &#8211; Saison 2023"}]},{"@type":"WebSite","@id":"https:\/\/villa-albertine.org\/va\/fr\/#website","url":"https:\/\/villa-albertine.org\/va\/fr\/","name":"Villa Albertine","description":"","potentialAction":[{"@type":"SearchAction","target":{"@type":"EntryPoint","urlTemplate":"https:\/\/villa-albertine.org\/va\/fr\/?s={search_term_string}"},"query-input":{"@type":"PropertyValueSpecification","valueRequired":true,"valueName":"search_term_string"}}],"inLanguage":"fr-FR"}]}</script>
<!-- / Yoast SEO plugin. -->

Appel à candidatures pour le programme FACE, Jazz & New Music - Saison 2023 - Villa Albertine

Appel à candidatures pour le programme Jazz &amp; New Music ouvert jusqu&rsquo;au 28 février.  Pour les candidatures et plus d&rsquo;informations, veuillez consulter le site de la Fondation FACE. Aujourd&rsquo;hui, plus que jamais, la Villa Albertine, l&rsquo;Ambassade de France et la Fondation FACE sont fiers d&rsquo;encourager, de promouvoir et de soutenir les performances et créations artistiques. ...

Appel à candidatures pour le programme FACE, Jazz &#038; New Music &#8211; Saison 2023
