{"id":63980,"date":"2021-10-20T21:15:47","date_gmt":"2021-10-20T21:15:47","guid":{"rendered":"https:\/\/villa-albertine.org\/professionals\/fused-french-us-exchange-dance\/"},"modified":"2024-01-27T23:31:04","modified_gmt":"2024-01-27T23:31:04","slug":"fused-french-us-exchange-dance","status":"publish","type":"app_professional","link":"https:\/\/villa-albertine.org\/va\/fr\/professionals\/fused-french-us-exchange-dance\/","title":{"rendered":"FUSED: French US Exchange in Dance"},"content":{"rendered":"<p>Depuis 2017, le programme FUSED inclut \u00e9galement des projets d&rsquo;artistes du continent africain, des Cara\u00efbes et du Moyen-Orient, se produisant aux \u00c9tats-Unis, \u00e0 condition que leur travail soit co-produit par des organisations culturelles fran\u00e7aises.<\/p>\n<p>Gr\u00e2ce \u00e0 un appel \u00e0 candidature annuel, les projets sont \u00e9valu\u00e9s par un comit\u00e9 ind\u00e9pendant. Depuis sa cr\u00e9ation, FUSED a distribu\u00e9 plus de 2 millions de dollars \u00e0 200 projets qui refl\u00e8tent la diversit\u00e9 culturelle et artistique des sc\u00e8nes contemporaines fran\u00e7aise et am\u00e9ricaine.<\/p>\n<p>Les programmes FACE Contemporary Theater et FUSED soutiennent \u00e9galement les voyages de curateurs am\u00e9ricains sur d\u00e9cision du comit\u00e9 de pilotage du programme, dans la limite du budget disponible.<\/p>\n<p><a href=\"https:\/\/staging.villa-albertine.org\/fr\/professionals\/laureats-2021-fused\">D\u00e9couvrez les laur\u00e9ats 2021<\/a><\/p>\n<p>Contact : Louise Dodet, Charg\u00e9e de mission, Arts de la sc\u00e8ne<\/p>\n<p><a class=\"Hyperlink SCXW262111544 BCX0\" href=\"mailto:louise.dodet@villa-albertine.org\" target=\"_blank\" rel=\"noreferrer noopener\"><span class=\"TextRun Underlined SCXW262111544 BCX0\" lang=\"EN-US\" xml:lang=\"EN-US\" data-contrast=\"none\"><span class=\"NormalTextRun SCXW262111544 BCX0\" data-ccp-charstyle=\"Hyperlink\">louise.dodet@villa-albertine.org<\/span><\/span><\/a> <span class=\"EOP SCXW262111544 BCX0\" data-ccp-props=\"{&quot;134233117&quot;:false,&quot;134233118&quot;:false,&quot;201341983&quot;:0,&quot;335559738&quot;:0,&quot;335559739&quot;:0,&quot;335559740&quot;:259}\">\u00a0<\/span><\/p>\n","protected":false},"featured_media":61613,"menu_order":0,"template":"","app_discipline":[275],"app_city_tax":[268,269,271,270,272,267,262,264,273,274],"app_professional_category":[303],"app_professional_content_type":[305],"class_list":["post-63980","app_professional","type-app_professional","status-publish","has-post-thumbnail","hentry","app_discipline-arts-de-la-scene-fr","app_city_tax-atl-fr","app_city_tax-bos-fr","app_city_tax-chi-fr","app_city_tax-hou-fr","app_city_tax-nola-fr","app_city_tax-la-fr","app_city_tax-mia-fr","app_city_tax-nyc-fr","app_city_tax-sf-fr","app_city_tax-dc-fr","app_professional_category-arts-de-la-scene-fr","app_professional_content_type-grants_programs-fr"],"acf":[],"yoast_head":"<!-- This site is optimized with the Yoast SEO plugin v27.3 - https:\/\/yoast.com\/product\/yoast-seo-wordpress\/ -->\n<title>FUSED: French US Exchange in Dance - Villa Albertine<\/title>\n<meta name=\"robots\" content=\"index, follow, max-snippet:-1, max-image-preview:large, max-video-preview:-1\" \/>\n<link rel=\"canonical\" href=\"https:\/\/villa-albertine.org\/va\/fr\/professionals\/fused-french-us-exchange-dance\/\" \/>\n<meta property=\"og:locale\" content=\"fr_FR\" \/>\n<meta property=\"og:type\" content=\"article\" \/>\n<meta property=\"og:title\" content=\"FUSED: French US Exchange in Dance - Villa Albertine\" \/>\n<meta property=\"og:description\" content=\"Depuis 2017, le programme FUSED inclut \u00e9galement des projets d&rsquo;artistes du continent africain, des Cara\u00efbes et du Moyen-Orient, se produisant aux \u00c9tats-Unis, \u00e0 condition que leur travail soit co-produit par des organisations culturelles fran\u00e7aises. Gr\u00e2ce \u00e0 un appel \u00e0 candidature annuel, les projets sont \u00e9valu\u00e9s par un comit\u00e9 ind\u00e9pendant. Depuis sa cr\u00e9ation, FUSED a distribu\u00e9...\" \/>\n<meta property=\"og:url\" content=\"https:\/\/villa-albertine.org\/va\/fr\/professionals\/fused-french-us-exchange-dance\/\" \/>\n<meta property=\"og:site_name\" content=\"Villa Albertine\" \/>\n<meta property=\"article:modified_time\" content=\"2024-01-27T23:31:04+00:00\" \/>\n<meta property=\"og:image\" content=\"https:\/\/villa-albertine.org\/wp-content\/uploads\/2023\/08\/e0a2a51f-d309-44f8-881b-c3342c58ec33.jpeg\" \/>\n\t<meta property=\"og:image:width\" content=\"1232\" \/>\n\t<meta property=\"og:image:height\" content=\"821\" \/>\n\t<meta property=\"og:image:type\" content=\"image\/jpeg\" \/>\n<meta name=\"twitter:card\" content=\"summary_large_image\" \/>\n<meta name=\"twitter:label1\" content=\"Dur\u00e9e de lecture estim\u00e9e\" \/>\n\t<meta name=\"twitter:data1\" content=\"1 minute\" \/>\n<script type=\"application\/ld+json\" class=\"yoast-schema-graph\">{\"@context\":\"https:\\\/\\\/schema.org\",\"@graph\":[{\"@type\":\"WebPage\",\"@id\":\"https:\\\/\\\/villa-albertine.org\\\/va\\\/fr\\\/professionals\\\/fused-french-us-exchange-dance\\\/\",\"url\":\"https:\\\/\\\/villa-albertine.org\\\/va\\\/fr\\\/professionals\\\/fused-french-us-exchange-dance\\\/\",\"name\":\"FUSED: French US Exchange in Dance - Villa Albertine\",\"isPartOf\":{\"@id\":\"https:\\\/\\\/villa-albertine.org\\\/va\\\/fr\\\/#website\"},\"primaryImageOfPage\":{\"@id\":\"https:\\\/\\\/villa-albertine.org\\\/va\\\/fr\\\/professionals\\\/fused-french-us-exchange-dance\\\/#primaryimage\"},\"image\":{\"@id\":\"https:\\\/\\\/villa-albertine.org\\\/va\\\/fr\\\/professionals\\\/fused-french-us-exchange-dance\\\/#primaryimage\"},\"thumbnailUrl\":\"https:\\\/\\\/villa-albertine.org\\\/wp-content\\\/uploads\\\/2023\\\/08\\\/e0a2a51f-d309-44f8-881b-c3342c58ec33.jpeg\",\"datePublished\":\"2021-10-20T21:15:47+00:00\",\"dateModified\":\"2024-01-27T23:31:04+00:00\",\"breadcrumb\":{\"@id\":\"https:\\\/\\\/villa-albertine.org\\\/va\\\/fr\\\/professionals\\\/fused-french-us-exchange-dance\\\/#breadcrumb\"},\"inLanguage\":\"fr-FR\",\"potentialAction\":[{\"@type\":\"ReadAction\",\"target\":[\"https:\\\/\\\/villa-albertine.org\\\/va\\\/fr\\\/professionals\\\/fused-french-us-exchange-dance\\\/\"]}]},{\"@type\":\"ImageObject\",\"inLanguage\":\"fr-FR\",\"@id\":\"https:\\\/\\\/villa-albertine.org\\\/va\\\/fr\\\/professionals\\\/fused-french-us-exchange-dance\\\/#primaryimage\",\"url\":\"https:\\\/\\\/villa-albertine.org\\\/wp-content\\\/uploads\\\/2023\\\/08\\\/e0a2a51f-d309-44f8-881b-c3342c58ec33.jpeg\",\"contentUrl\":\"https:\\\/\\\/villa-albertine.org\\\/wp-content\\\/uploads\\\/2023\\\/08\\\/e0a2a51f-d309-44f8-881b-c3342c58ec33.jpeg\",\"width\":1232,\"height\":821},{\"@type\":\"BreadcrumbList\",\"@id\":\"https:\\\/\\\/villa-albertine.org\\\/va\\\/fr\\\/professionals\\\/fused-french-us-exchange-dance\\\/#breadcrumb\",\"itemListElement\":[{\"@type\":\"ListItem\",\"position\":1,\"name\":\"Home\",\"item\":\"https:\\\/\\\/villa-albertine.org\\\/va\\\/fr\\\/home\\\/\"},{\"@type\":\"ListItem\",\"position\":2,\"name\":\"FUSED: French US Exchange in Dance\"}]},{\"@type\":\"WebSite\",\"@id\":\"https:\\\/\\\/villa-albertine.org\\\/va\\\/fr\\\/#website\",\"url\":\"https:\\\/\\\/villa-albertine.org\\\/va\\\/fr\\\/\",\"name\":\"Villa Albertine\",\"description\":\"\",\"potentialAction\":[{\"@type\":\"SearchAction\",\"target\":{\"@type\":\"EntryPoint\",\"urlTemplate\":\"https:\\\/\\\/villa-albertine.org\\\/va\\\/fr\\\/?s={search_term_string}\"},\"query-input\":{\"@type\":\"PropertyValueSpecification\",\"valueRequired\":true,\"valueName\":\"search_term_string\"}}],\"inLanguage\":\"fr-FR\"}]}<\/script>\n<!-- \/ Yoast SEO plugin. -->","yoast_head_json":{"title":"FUSED: French US Exchange in Dance - Villa Albertine","robots":{"index":"index","follow":"follow","max-snippet":"max-snippet:-1","max-image-preview":"max-image-preview:large","max-video-preview":"max-video-preview:-1"},"canonical":"https:\/\/villa-albertine.org\/va\/fr\/professionals\/fused-french-us-exchange-dance\/","og_locale":"fr_FR","og_type":"article","og_title":"FUSED: French US Exchange in Dance - Villa Albertine","og_description":"Depuis 2017, le programme FUSED inclut \u00e9galement des projets d&rsquo;artistes du continent africain, des Cara\u00efbes et du Moyen-Orient, se produisant aux \u00c9tats-Unis, \u00e0 condition que leur travail soit co-produit par des organisations culturelles fran\u00e7aises. Gr\u00e2ce \u00e0 un appel \u00e0 candidature annuel, les projets sont \u00e9valu\u00e9s par un comit\u00e9 ind\u00e9pendant. Depuis sa cr\u00e9ation, FUSED a distribu\u00e9...","og_url":"https:\/\/villa-albertine.org\/va\/fr\/professionals\/fused-french-us-exchange-dance\/","og_site_name":"Villa Albertine","article_modified_time":"2024-01-27T23:31:04+00:00","og_image":[{"width":1232,"height":821,"url":"https:\/\/villa-albertine.org\/wp-content\/uploads\/2023\/08\/e0a2a51f-d309-44f8-881b-c3342c58ec33.jpeg","type":"image\/jpeg"}],"twitter_card":"summary_large_image","twitter_misc":{"Dur\u00e9e de lecture estim\u00e9e":"1 minute"},"schema":{"@context":"https:\/\/schema.org","@graph":[{"@type":"WebPage","@id":"https:\/\/villa-albertine.org\/va\/fr\/professionals\/fused-french-us-exchange-dance\/","url":"https:\/\/villa-albertine.org\/va\/fr\/professionals\/fused-french-us-exchange-dance\/","name":"FUSED: French US Exchange in Dance - Villa Albertine","isPartOf":{"@id":"https:\/\/villa-albertine.org\/va\/fr\/#website"},"primaryImageOfPage":{"@id":"https:\/\/villa-albertine.org\/va\/fr\/professionals\/fused-french-us-exchange-dance\/#primaryimage"},"image":{"@id":"https:\/\/villa-albertine.org\/va\/fr\/professionals\/fused-french-us-exchange-dance\/#primaryimage"},"thumbnailUrl":"https:\/\/villa-albertine.org\/wp-content\/uploads\/2023\/08\/e0a2a51f-d309-44f8-881b-c3342c58ec33.jpeg","datePublished":"2021-10-20T21:15:47+00:00","dateModified":"2024-01-27T23:31:04+00:00","breadcrumb":{"@id":"https:\/\/villa-albertine.org\/va\/fr\/professionals\/fused-french-us-exchange-dance\/#breadcrumb"},"inLanguage":"fr-FR","potentialAction":[{"@type":"ReadAction","target":["https:\/\/villa-albertine.org\/va\/fr\/professionals\/fused-french-us-exchange-dance\/"]}]},{"@type":"ImageObject","inLanguage":"fr-FR","@id":"https:\/\/villa-albertine.org\/va\/fr\/professionals\/fused-french-us-exchange-dance\/#primaryimage","url":"https:\/\/villa-albertine.org\/wp-content\/uploads\/2023\/08\/e0a2a51f-d309-44f8-881b-c3342c58ec33.jpeg","contentUrl":"https:\/\/villa-albertine.org\/wp-content\/uploads\/2023\/08\/e0a2a51f-d309-44f8-881b-c3342c58ec33.jpeg","width":1232,"height":821},{"@type":"BreadcrumbList","@id":"https:\/\/villa-albertine.org\/va\/fr\/professionals\/fused-french-us-exchange-dance\/#breadcrumb","itemListElement":[{"@type":"ListItem","position":1,"name":"Home","item":"https:\/\/villa-albertine.org\/va\/fr\/home\/"},{"@type":"ListItem","position":2,"name":"FUSED: French US Exchange in Dance"}]},{"@type":"WebSite","@id":"https:\/\/villa-albertine.org\/va\/fr\/#website","url":"https:\/\/villa-albertine.org\/va\/fr\/","name":"Villa Albertine","description":"","potentialAction":[{"@type":"SearchAction","target":{"@type":"EntryPoint","urlTemplate":"https:\/\/villa-albertine.org\/va\/fr\/?s={search_term_string}"},"query-input":{"@type":"PropertyValueSpecification","valueRequired":true,"valueName":"search_term_string"}}],"inLanguage":"fr-FR"}]}},"_links":{"self":[{"href":"https:\/\/villa-albertine.org\/va\/fr\/wp-json\/wp\/v2\/app_professional\/63980","targetHints":{"allow":["GET"]}}],"collection":[{"href":"https:\/\/villa-albertine.org\/va\/fr\/wp-json\/wp\/v2\/app_professional"}],"about":[{"href":"https:\/\/villa-albertine.org\/va\/fr\/wp-json\/wp\/v2\/types\/app_professional"}],"wp:featuredmedia":[{"embeddable":true,"href":"https:\/\/villa-albertine.org\/va\/fr\/wp-json\/wp\/v2\/media\/61613"}],"wp:attachment":[{"href":"https:\/\/villa-albertine.org\/va\/fr\/wp-json\/wp\/v2\/media?parent=63980"}],"wp:term":[{"taxonomy":"app_discipline","embeddable":true,"href":"https:\/\/villa-albertine.org\/va\/fr\/wp-json\/wp\/v2\/app_discipline?post=63980"},{"taxonomy":"app_city_tax","embeddable":true,"href":"https:\/\/villa-albertine.org\/va\/fr\/wp-json\/wp\/v2\/app_city_tax?post=63980"},{"taxonomy":"app_professional_category","embeddable":true,"href":"https:\/\/villa-albertine.org\/va\/fr\/wp-json\/wp\/v2\/app_professional_category?post=63980"},{"taxonomy":"app_professional_content_type","embeddable":true,"href":"https:\/\/villa-albertine.org\/va\/fr\/wp-json\/wp\/v2\/app_professional_content_type?post=63980"}],"curies":[{"name":"wp","href":"https:\/\/api.w.org\/{rel}","templated":true}]}}

<p>Depuis 2017, le programme FUSED inclut également des projets d&rsquo;artistes du continent africain, des Caraïbes et du Moyen-Orient, se produisant aux États-Unis, à condition que leur travail soit co-produit par des organisations culturelles françaises.</p>
<p>Grâce à un appel à candidature annuel, les projets sont évalués par un comité indépendant. Depuis sa création, FUSED a distribué plus de 2 millions de dollars à 200 projets qui reflètent la diversité culturelle et artistique des scènes contemporaines française et américaine.</p>
<p>Les programmes FACE Contemporary Theater et FUSED soutiennent également les voyages de curateurs américains sur décision du comité de pilotage du programme, dans la limite du budget disponible.</p>
<p><a href="https://staging.villa-albertine.org/fr/professionals/laureats-2021-fused">Découvrez les lauréats 2021</a></p>
<p>Contact : Louise Dodet, Chargée de mission, Arts de la scène</p>
<p><a class="Hyperlink SCXW262111544 BCX0" href="mailto:louise.dodet@villa-albertine.org" target="_blank" rel="noreferrer noopener"><span class="TextRun Underlined SCXW262111544 BCX0" lang="EN-US" xml:lang="EN-US" data-contrast="none"><span class="NormalTextRun SCXW262111544 BCX0" data-ccp-charstyle="Hyperlink">louise.dodet@villa-albertine.org</span></span></a> <span class="EOP SCXW262111544 BCX0" data-ccp-props="{&quot;134233117&quot;:false,&quot;134233118&quot;:false,&quot;201341983&quot;:0,&quot;335559738&quot;:0,&quot;335559739&quot;:0,&quot;335559740&quot;:259}"> </span></p>

<!-- This site is optimized with the Yoast SEO plugin v27.3 - https://yoast.com/product/yoast-seo-wordpress/ -->
<title>FUSED: French US Exchange in Dance - Villa Albertine</title>
<meta name="robots" content="index, follow, max-snippet:-1, max-image-preview:large, max-video-preview:-1" />
<link rel="canonical" href="https://villa-albertine.org/va/fr/professionals/fused-french-us-exchange-dance/" />
<meta property="og:locale" content="fr_FR" />
<meta property="og:type" content="article" />
<meta property="og:title" content="FUSED: French US Exchange in Dance - Villa Albertine" />
<meta property="og:description" content="Depuis 2017, le programme FUSED inclut également des projets d&rsquo;artistes du continent africain, des Caraïbes et du Moyen-Orient, se produisant aux États-Unis, à condition que leur travail soit co-produit par des organisations culturelles françaises. Grâce à un appel à candidature annuel, les projets sont évalués par un comité indépendant. Depuis sa création, FUSED a distribué..." />
<meta property="og:url" content="https://villa-albertine.org/va/fr/professionals/fused-french-us-exchange-dance/" />
<meta property="og:site_name" content="Villa Albertine" />
<meta property="article:modified_time" content="2024-01-27T23:31:04+00:00" />
<meta property="og:image" content="https://villa-albertine.org/wp-content/uploads/2023/08/e0a2a51f-d309-44f8-881b-c3342c58ec33.jpeg" />
	<meta property="og:image:width" content="1232" />
	<meta property="og:image:height" content="821" />
	<meta property="og:image:type" content="image/jpeg" />
<meta name="twitter:card" content="summary_large_image" />
<meta name="twitter:label1" content="Durée de lecture estimée" />
	<meta name="twitter:data1" content="1 minute" />
<script type="application/ld+json" class="yoast-schema-graph">{"@context":"https:\/\/schema.org","@graph":[{"@type":"WebPage","@id":"https:\/\/villa-albertine.org\/va\/fr\/professionals\/fused-french-us-exchange-dance\/","url":"https:\/\/villa-albertine.org\/va\/fr\/professionals\/fused-french-us-exchange-dance\/","name":"FUSED: French US Exchange in Dance - Villa Albertine","isPartOf":{"@id":"https:\/\/villa-albertine.org\/va\/fr\/#website"},"primaryImageOfPage":{"@id":"https:\/\/villa-albertine.org\/va\/fr\/professionals\/fused-french-us-exchange-dance\/#primaryimage"},"image":{"@id":"https:\/\/villa-albertine.org\/va\/fr\/professionals\/fused-french-us-exchange-dance\/#primaryimage"},"thumbnailUrl":"https:\/\/villa-albertine.org\/wp-content\/uploads\/2023\/08\/e0a2a51f-d309-44f8-881b-c3342c58ec33.jpeg","datePublished":"2021-10-20T21:15:47+00:00","dateModified":"2024-01-27T23:31:04+00:00","breadcrumb":{"@id":"https:\/\/villa-albertine.org\/va\/fr\/professionals\/fused-french-us-exchange-dance\/#breadcrumb"},"inLanguage":"fr-FR","potentialAction":[{"@type":"ReadAction","target":["https:\/\/villa-albertine.org\/va\/fr\/professionals\/fused-french-us-exchange-dance\/"]}]},{"@type":"ImageObject","inLanguage":"fr-FR","@id":"https:\/\/villa-albertine.org\/va\/fr\/professionals\/fused-french-us-exchange-dance\/#primaryimage","url":"https:\/\/villa-albertine.org\/wp-content\/uploads\/2023\/08\/e0a2a51f-d309-44f8-881b-c3342c58ec33.jpeg","contentUrl":"https:\/\/villa-albertine.org\/wp-content\/uploads\/2023\/08\/e0a2a51f-d309-44f8-881b-c3342c58ec33.jpeg","width":1232,"height":821},{"@type":"BreadcrumbList","@id":"https:\/\/villa-albertine.org\/va\/fr\/professionals\/fused-french-us-exchange-dance\/#breadcrumb","itemListElement":[{"@type":"ListItem","position":1,"name":"Home","item":"https:\/\/villa-albertine.org\/va\/fr\/home\/"},{"@type":"ListItem","position":2,"name":"FUSED: French US Exchange in Dance"}]},{"@type":"WebSite","@id":"https:\/\/villa-albertine.org\/va\/fr\/#website","url":"https:\/\/villa-albertine.org\/va\/fr\/","name":"Villa Albertine","description":"","potentialAction":[{"@type":"SearchAction","target":{"@type":"EntryPoint","urlTemplate":"https:\/\/villa-albertine.org\/va\/fr\/?s={search_term_string}"},"query-input":{"@type":"PropertyValueSpecification","valueRequired":true,"valueName":"search_term_string"}}],"inLanguage":"fr-FR"}]}</script>
<!-- / Yoast SEO plugin. -->

Depuis 2017, le programme FUSED inclut également des projets d&rsquo;artistes du continent africain, des Caraïbes et du Moyen-Orient, se produisant aux États-Unis, à condition que leur travail soit co-produit par des organisations culturelles françaises. Grâce à un appel à candidature annuel, les projets sont évalués par un comité indépendant. Depuis sa création, FUSED a distribué...
