{"id":63619,"date":"2022-05-31T22:02:21","date_gmt":"2022-05-31T22:02:21","guid":{"rendered":"https:\/\/villa-albertine.org\/events\/third-horizon-film-festival-2022-2\/"},"modified":"2023-08-23T08:10:48","modified_gmt":"2023-08-23T08:10:48","slug":"third-horizon-film-festival-2022","status":"publish","type":"app_event","link":"https:\/\/villa-albertine.org\/va\/fr\/events\/third-horizon-film-festival-2022\/","title":{"rendered":"Third Horizon Film Festival 2022"},"content":{"rendered":"<p>Nomm\u00e9 \u00ab\u00a0l&rsquo;un des 25 festivals de cin\u00e9ma les plus cool au monde\u00a0\u00bb par MovieMaker Magazine, l&rsquo;\u00e9dition 2022 inclue dans sa programmation des films de Maxime Jean-Baptiste, Annabelle Aventurin, Sylvaine Dampierre, ainsi qu&rsquo;un programme consacr\u00e9 au travail de Minia Biabany et une r\u00e9trospective intitul\u00e9e \u00ab\u00a0Nomatic Griot: a tribute to Sarah Maldoror\u00a0\u00bb compos\u00e9e de dix films r\u00e9alis\u00e9s par cette c\u00e9l\u00e8bre r\u00e9alisatrice, activiste et f\u00e9ministe.\u00a0<\/p>\n<p>Le Festival organise \u00e9galement une conf\u00e9rence intitul\u00e9e \u00ab\u00a0The Negritude Conference at 35\u00a0\u00bb qui est consacr\u00e9e \u00e0 la r\u00e9union historique d&rsquo;intellectuels noirs \u00e0 Miami de 1987 autour du concept de \u00ab\u00a0n\u00e9gritude\u00a0\u00bb, d\u00e9velopp\u00e9 originellement par le po\u00e8te martiniquais et penseur Aim\u00e9 C\u00e9saire. C\u00e9saire \u00e9tait lui-meme pr\u00e9sent \u00e0 la Conf\u00e9rence sur le N\u00e9gritude, ainsi que la r\u00e9alisatrice Sarah Maldoror, dont le documentaire Aim\u00e9 C\u00e9saire: The Mask of Words\u00a0\u00bb a \u00e9t\u00e9 film\u00e9 durant cet \u00e9v\u00e8nement. Trente-cinq ans apr\u00e8s, Annouchka de Andrade, le fille de Sarah Maldoro, sera pr\u00e9sente \u00e0 Miami pour pr\u00e9senter une r\u00e9trospective des films de sa m\u00e8re, accompagn\u00e9e de Annabelle Aventurin.\u00a0<\/p>\n<p>Pour plus d&rsquo;information : <a href=\"https:\/\/thirdhorizonfilmfestival.com\/menu\/\">IC<\/a>I<a href=\"https:\/\/thirdhorizonfilmfestival.com\/menu\/\"> <\/a><\/p>\n","protected":false},"featured_media":59235,"menu_order":0,"template":"","app_discipline":[266],"app_city_tax":[262],"app_event_type":[],"class_list":["post-63619","app_event","type-app_event","status-publish","has-post-thumbnail","hentry","app_discipline-cinema-fr","app_city_tax-mia-fr"],"acf":[],"yoast_head":"<!-- This site is optimized with the Yoast SEO plugin v27.3 - https:\/\/yoast.com\/product\/yoast-seo-wordpress\/ -->\n<title>Third Horizon Film Festival 2022 - Villa Albertine<\/title>\n<meta name=\"robots\" content=\"index, follow, max-snippet:-1, max-image-preview:large, max-video-preview:-1\" \/>\n<link rel=\"canonical\" href=\"https:\/\/villa-albertine.org\/va\/fr\/events\/third-horizon-film-festival-2022\/\" \/>\n<meta property=\"og:locale\" content=\"fr_FR\" \/>\n<meta property=\"og:type\" content=\"article\" \/>\n<meta property=\"og:title\" content=\"Third Horizon Film Festival 2022 - Villa Albertine\" \/>\n<meta property=\"og:description\" content=\"Nomm\u00e9 \u00ab\u00a0l&rsquo;un des 25 festivals de cin\u00e9ma les plus cool au monde\u00a0\u00bb par MovieMaker Magazine, l&rsquo;\u00e9dition 2022 inclue dans sa programmation des films de Maxime Jean-Baptiste, Annabelle Aventurin, Sylvaine Dampierre, ainsi qu&rsquo;un programme consacr\u00e9 au travail de Minia Biabany et une r\u00e9trospective intitul\u00e9e \u00ab\u00a0Nomatic Griot: a tribute to Sarah Maldoror\u00a0\u00bb compos\u00e9e de dix films r\u00e9alis\u00e9s...\" \/>\n<meta property=\"og:url\" content=\"https:\/\/villa-albertine.org\/va\/fr\/events\/third-horizon-film-festival-2022\/\" \/>\n<meta property=\"og:site_name\" content=\"Villa Albertine\" \/>\n<meta property=\"article:modified_time\" content=\"2023-08-23T08:10:48+00:00\" \/>\n<meta property=\"og:image\" content=\"https:\/\/villa-albertine.org\/wp-content\/uploads\/2023\/08\/Capture20dE28099eCC81cran202022-05-3120aCC802018.02.14.png\" \/>\n\t<meta property=\"og:image:width\" content=\"1300\" \/>\n\t<meta property=\"og:image:height\" content=\"828\" \/>\n\t<meta property=\"og:image:type\" content=\"image\/png\" \/>\n<meta name=\"twitter:card\" content=\"summary_large_image\" \/>\n<meta name=\"twitter:label1\" content=\"Dur\u00e9e de lecture estim\u00e9e\" \/>\n\t<meta name=\"twitter:data1\" content=\"1 minute\" \/>\n<script type=\"application\/ld+json\" class=\"yoast-schema-graph\">{\"@context\":\"https:\\\/\\\/schema.org\",\"@graph\":[{\"@type\":\"WebPage\",\"@id\":\"https:\\\/\\\/villa-albertine.org\\\/va\\\/fr\\\/events\\\/third-horizon-film-festival-2022\\\/\",\"url\":\"https:\\\/\\\/villa-albertine.org\\\/va\\\/fr\\\/events\\\/third-horizon-film-festival-2022\\\/\",\"name\":\"Third Horizon Film Festival 2022 - Villa Albertine\",\"isPartOf\":{\"@id\":\"https:\\\/\\\/villa-albertine.org\\\/va\\\/fr\\\/#website\"},\"primaryImageOfPage\":{\"@id\":\"https:\\\/\\\/villa-albertine.org\\\/va\\\/fr\\\/events\\\/third-horizon-film-festival-2022\\\/#primaryimage\"},\"image\":{\"@id\":\"https:\\\/\\\/villa-albertine.org\\\/va\\\/fr\\\/events\\\/third-horizon-film-festival-2022\\\/#primaryimage\"},\"thumbnailUrl\":\"https:\\\/\\\/villa-albertine.org\\\/wp-content\\\/uploads\\\/2023\\\/08\\\/Capture20dE28099eCC81cran202022-05-3120aCC802018.02.14.png\",\"datePublished\":\"2022-05-31T22:02:21+00:00\",\"dateModified\":\"2023-08-23T08:10:48+00:00\",\"breadcrumb\":{\"@id\":\"https:\\\/\\\/villa-albertine.org\\\/va\\\/fr\\\/events\\\/third-horizon-film-festival-2022\\\/#breadcrumb\"},\"inLanguage\":\"fr-FR\",\"potentialAction\":[{\"@type\":\"ReadAction\",\"target\":[\"https:\\\/\\\/villa-albertine.org\\\/va\\\/fr\\\/events\\\/third-horizon-film-festival-2022\\\/\"]}]},{\"@type\":\"ImageObject\",\"inLanguage\":\"fr-FR\",\"@id\":\"https:\\\/\\\/villa-albertine.org\\\/va\\\/fr\\\/events\\\/third-horizon-film-festival-2022\\\/#primaryimage\",\"url\":\"https:\\\/\\\/villa-albertine.org\\\/wp-content\\\/uploads\\\/2023\\\/08\\\/Capture20dE28099eCC81cran202022-05-3120aCC802018.02.14.png\",\"contentUrl\":\"https:\\\/\\\/villa-albertine.org\\\/wp-content\\\/uploads\\\/2023\\\/08\\\/Capture20dE28099eCC81cran202022-05-3120aCC802018.02.14.png\",\"width\":1300,\"height\":828},{\"@type\":\"BreadcrumbList\",\"@id\":\"https:\\\/\\\/villa-albertine.org\\\/va\\\/fr\\\/events\\\/third-horizon-film-festival-2022\\\/#breadcrumb\",\"itemListElement\":[{\"@type\":\"ListItem\",\"position\":1,\"name\":\"Home\",\"item\":\"https:\\\/\\\/villa-albertine.org\\\/va\\\/fr\\\/home\\\/\"},{\"@type\":\"ListItem\",\"position\":2,\"name\":\"Third Horizon Film Festival 2022\"}]},{\"@type\":\"WebSite\",\"@id\":\"https:\\\/\\\/villa-albertine.org\\\/va\\\/fr\\\/#website\",\"url\":\"https:\\\/\\\/villa-albertine.org\\\/va\\\/fr\\\/\",\"name\":\"Villa Albertine\",\"description\":\"\",\"potentialAction\":[{\"@type\":\"SearchAction\",\"target\":{\"@type\":\"EntryPoint\",\"urlTemplate\":\"https:\\\/\\\/villa-albertine.org\\\/va\\\/fr\\\/?s={search_term_string}\"},\"query-input\":{\"@type\":\"PropertyValueSpecification\",\"valueRequired\":true,\"valueName\":\"search_term_string\"}}],\"inLanguage\":\"fr-FR\"}]}<\/script>\n<!-- \/ Yoast SEO plugin. -->","yoast_head_json":{"title":"Third Horizon Film Festival 2022 - Villa Albertine","robots":{"index":"index","follow":"follow","max-snippet":"max-snippet:-1","max-image-preview":"max-image-preview:large","max-video-preview":"max-video-preview:-1"},"canonical":"https:\/\/villa-albertine.org\/va\/fr\/events\/third-horizon-film-festival-2022\/","og_locale":"fr_FR","og_type":"article","og_title":"Third Horizon Film Festival 2022 - Villa Albertine","og_description":"Nomm\u00e9 \u00ab\u00a0l&rsquo;un des 25 festivals de cin\u00e9ma les plus cool au monde\u00a0\u00bb par MovieMaker Magazine, l&rsquo;\u00e9dition 2022 inclue dans sa programmation des films de Maxime Jean-Baptiste, Annabelle Aventurin, Sylvaine Dampierre, ainsi qu&rsquo;un programme consacr\u00e9 au travail de Minia Biabany et une r\u00e9trospective intitul\u00e9e \u00ab\u00a0Nomatic Griot: a tribute to Sarah Maldoror\u00a0\u00bb compos\u00e9e de dix films r\u00e9alis\u00e9s...","og_url":"https:\/\/villa-albertine.org\/va\/fr\/events\/third-horizon-film-festival-2022\/","og_site_name":"Villa Albertine","article_modified_time":"2023-08-23T08:10:48+00:00","og_image":[{"width":1300,"height":828,"url":"https:\/\/villa-albertine.org\/wp-content\/uploads\/2023\/08\/Capture20dE28099eCC81cran202022-05-3120aCC802018.02.14.png","type":"image\/png"}],"twitter_card":"summary_large_image","twitter_misc":{"Dur\u00e9e de lecture estim\u00e9e":"1 minute"},"schema":{"@context":"https:\/\/schema.org","@graph":[{"@type":"WebPage","@id":"https:\/\/villa-albertine.org\/va\/fr\/events\/third-horizon-film-festival-2022\/","url":"https:\/\/villa-albertine.org\/va\/fr\/events\/third-horizon-film-festival-2022\/","name":"Third Horizon Film Festival 2022 - Villa Albertine","isPartOf":{"@id":"https:\/\/villa-albertine.org\/va\/fr\/#website"},"primaryImageOfPage":{"@id":"https:\/\/villa-albertine.org\/va\/fr\/events\/third-horizon-film-festival-2022\/#primaryimage"},"image":{"@id":"https:\/\/villa-albertine.org\/va\/fr\/events\/third-horizon-film-festival-2022\/#primaryimage"},"thumbnailUrl":"https:\/\/villa-albertine.org\/wp-content\/uploads\/2023\/08\/Capture20dE28099eCC81cran202022-05-3120aCC802018.02.14.png","datePublished":"2022-05-31T22:02:21+00:00","dateModified":"2023-08-23T08:10:48+00:00","breadcrumb":{"@id":"https:\/\/villa-albertine.org\/va\/fr\/events\/third-horizon-film-festival-2022\/#breadcrumb"},"inLanguage":"fr-FR","potentialAction":[{"@type":"ReadAction","target":["https:\/\/villa-albertine.org\/va\/fr\/events\/third-horizon-film-festival-2022\/"]}]},{"@type":"ImageObject","inLanguage":"fr-FR","@id":"https:\/\/villa-albertine.org\/va\/fr\/events\/third-horizon-film-festival-2022\/#primaryimage","url":"https:\/\/villa-albertine.org\/wp-content\/uploads\/2023\/08\/Capture20dE28099eCC81cran202022-05-3120aCC802018.02.14.png","contentUrl":"https:\/\/villa-albertine.org\/wp-content\/uploads\/2023\/08\/Capture20dE28099eCC81cran202022-05-3120aCC802018.02.14.png","width":1300,"height":828},{"@type":"BreadcrumbList","@id":"https:\/\/villa-albertine.org\/va\/fr\/events\/third-horizon-film-festival-2022\/#breadcrumb","itemListElement":[{"@type":"ListItem","position":1,"name":"Home","item":"https:\/\/villa-albertine.org\/va\/fr\/home\/"},{"@type":"ListItem","position":2,"name":"Third Horizon Film Festival 2022"}]},{"@type":"WebSite","@id":"https:\/\/villa-albertine.org\/va\/fr\/#website","url":"https:\/\/villa-albertine.org\/va\/fr\/","name":"Villa Albertine","description":"","potentialAction":[{"@type":"SearchAction","target":{"@type":"EntryPoint","urlTemplate":"https:\/\/villa-albertine.org\/va\/fr\/?s={search_term_string}"},"query-input":{"@type":"PropertyValueSpecification","valueRequired":true,"valueName":"search_term_string"}}],"inLanguage":"fr-FR"}]}},"_links":{"self":[{"href":"https:\/\/villa-albertine.org\/va\/fr\/wp-json\/wp\/v2\/app_event\/63619","targetHints":{"allow":["GET"]}}],"collection":[{"href":"https:\/\/villa-albertine.org\/va\/fr\/wp-json\/wp\/v2\/app_event"}],"about":[{"href":"https:\/\/villa-albertine.org\/va\/fr\/wp-json\/wp\/v2\/types\/app_event"}],"wp:featuredmedia":[{"embeddable":true,"href":"https:\/\/villa-albertine.org\/va\/fr\/wp-json\/wp\/v2\/media\/59235"}],"wp:attachment":[{"href":"https:\/\/villa-albertine.org\/va\/fr\/wp-json\/wp\/v2\/media?parent=63619"}],"wp:term":[{"taxonomy":"app_discipline","embeddable":true,"href":"https:\/\/villa-albertine.org\/va\/fr\/wp-json\/wp\/v2\/app_discipline?post=63619"},{"taxonomy":"app_city_tax","embeddable":true,"href":"https:\/\/villa-albertine.org\/va\/fr\/wp-json\/wp\/v2\/app_city_tax?post=63619"},{"taxonomy":"app_event_type","embeddable":true,"href":"https:\/\/villa-albertine.org\/va\/fr\/wp-json\/wp\/v2\/app_event_type?post=63619"}],"curies":[{"name":"wp","href":"https:\/\/api.w.org\/{rel}","templated":true}]}}

<p>Nommé « l&rsquo;un des 25 festivals de cinéma les plus cool au monde » par MovieMaker Magazine, l&rsquo;édition 2022 inclue dans sa programmation des films de Maxime Jean-Baptiste, Annabelle Aventurin, Sylvaine Dampierre, ainsi qu&rsquo;un programme consacré au travail de Minia Biabany et une rétrospective intitulée « Nomatic Griot: a tribute to Sarah Maldoror » composée de dix films réalisés par cette célèbre réalisatrice, activiste et féministe. </p>
<p>Le Festival organise également une conférence intitulée « The Negritude Conference at 35 » qui est consacrée à la réunion historique d&rsquo;intellectuels noirs à Miami de 1987 autour du concept de « négritude », développé originellement par le poète martiniquais et penseur Aimé Césaire. Césaire était lui-meme présent à la Conférence sur le Négritude, ainsi que la réalisatrice Sarah Maldoror, dont le documentaire Aimé Césaire: The Mask of Words » a été filmé durant cet évènement. Trente-cinq ans après, Annouchka de Andrade, le fille de Sarah Maldoro, sera présente à Miami pour présenter une rétrospective des films de sa mère, accompagnée de Annabelle Aventurin. </p>
<p>Pour plus d&rsquo;information : <a href="https://thirdhorizonfilmfestival.com/menu/">IC</a>I<a href="https://thirdhorizonfilmfestival.com/menu/"> </a></p>

<!-- This site is optimized with the Yoast SEO plugin v27.3 - https://yoast.com/product/yoast-seo-wordpress/ -->
<title>Third Horizon Film Festival 2022 - Villa Albertine</title>
<meta name="robots" content="index, follow, max-snippet:-1, max-image-preview:large, max-video-preview:-1" />
<link rel="canonical" href="https://villa-albertine.org/va/fr/events/third-horizon-film-festival-2022/" />
<meta property="og:locale" content="fr_FR" />
<meta property="og:type" content="article" />
<meta property="og:title" content="Third Horizon Film Festival 2022 - Villa Albertine" />
<meta property="og:description" content="Nommé « l&rsquo;un des 25 festivals de cinéma les plus cool au monde » par MovieMaker Magazine, l&rsquo;édition 2022 inclue dans sa programmation des films de Maxime Jean-Baptiste, Annabelle Aventurin, Sylvaine Dampierre, ainsi qu&rsquo;un programme consacré au travail de Minia Biabany et une rétrospective intitulée « Nomatic Griot: a tribute to Sarah Maldoror » composée de dix films réalisés..." />
<meta property="og:url" content="https://villa-albertine.org/va/fr/events/third-horizon-film-festival-2022/" />
<meta property="og:site_name" content="Villa Albertine" />
<meta property="article:modified_time" content="2023-08-23T08:10:48+00:00" />
<meta property="og:image" content="https://villa-albertine.org/wp-content/uploads/2023/08/Capture20dE28099eCC81cran202022-05-3120aCC802018.02.14.png" />
	<meta property="og:image:width" content="1300" />
	<meta property="og:image:height" content="828" />
	<meta property="og:image:type" content="image/png" />
<meta name="twitter:card" content="summary_large_image" />
<meta name="twitter:label1" content="Durée de lecture estimée" />
	<meta name="twitter:data1" content="1 minute" />
<script type="application/ld+json" class="yoast-schema-graph">{"@context":"https:\/\/schema.org","@graph":[{"@type":"WebPage","@id":"https:\/\/villa-albertine.org\/va\/fr\/events\/third-horizon-film-festival-2022\/","url":"https:\/\/villa-albertine.org\/va\/fr\/events\/third-horizon-film-festival-2022\/","name":"Third Horizon Film Festival 2022 - Villa Albertine","isPartOf":{"@id":"https:\/\/villa-albertine.org\/va\/fr\/#website"},"primaryImageOfPage":{"@id":"https:\/\/villa-albertine.org\/va\/fr\/events\/third-horizon-film-festival-2022\/#primaryimage"},"image":{"@id":"https:\/\/villa-albertine.org\/va\/fr\/events\/third-horizon-film-festival-2022\/#primaryimage"},"thumbnailUrl":"https:\/\/villa-albertine.org\/wp-content\/uploads\/2023\/08\/Capture20dE28099eCC81cran202022-05-3120aCC802018.02.14.png","datePublished":"2022-05-31T22:02:21+00:00","dateModified":"2023-08-23T08:10:48+00:00","breadcrumb":{"@id":"https:\/\/villa-albertine.org\/va\/fr\/events\/third-horizon-film-festival-2022\/#breadcrumb"},"inLanguage":"fr-FR","potentialAction":[{"@type":"ReadAction","target":["https:\/\/villa-albertine.org\/va\/fr\/events\/third-horizon-film-festival-2022\/"]}]},{"@type":"ImageObject","inLanguage":"fr-FR","@id":"https:\/\/villa-albertine.org\/va\/fr\/events\/third-horizon-film-festival-2022\/#primaryimage","url":"https:\/\/villa-albertine.org\/wp-content\/uploads\/2023\/08\/Capture20dE28099eCC81cran202022-05-3120aCC802018.02.14.png","contentUrl":"https:\/\/villa-albertine.org\/wp-content\/uploads\/2023\/08\/Capture20dE28099eCC81cran202022-05-3120aCC802018.02.14.png","width":1300,"height":828},{"@type":"BreadcrumbList","@id":"https:\/\/villa-albertine.org\/va\/fr\/events\/third-horizon-film-festival-2022\/#breadcrumb","itemListElement":[{"@type":"ListItem","position":1,"name":"Home","item":"https:\/\/villa-albertine.org\/va\/fr\/home\/"},{"@type":"ListItem","position":2,"name":"Third Horizon Film Festival 2022"}]},{"@type":"WebSite","@id":"https:\/\/villa-albertine.org\/va\/fr\/#website","url":"https:\/\/villa-albertine.org\/va\/fr\/","name":"Villa Albertine","description":"","potentialAction":[{"@type":"SearchAction","target":{"@type":"EntryPoint","urlTemplate":"https:\/\/villa-albertine.org\/va\/fr\/?s={search_term_string}"},"query-input":{"@type":"PropertyValueSpecification","valueRequired":true,"valueName":"search_term_string"}}],"inLanguage":"fr-FR"}]}</script>
<!-- / Yoast SEO plugin. -->

Nommé « l&rsquo;un des 25 festivals de cinéma les plus cool au monde » par MovieMaker Magazine, l&rsquo;édition 2022 inclue dans sa programmation des films de Maxime Jean-Baptiste, Annabelle Aventurin, Sylvaine Dampierre, ainsi qu&rsquo;un programme consacré au travail de Minia Biabany et une rétrospective intitulée « Nomatic Griot: a tribute to Sarah Maldoror » composée de dix films réalisés...
