{"id":63610,"date":"2022-05-24T18:48:41","date_gmt":"2022-05-24T18:48:41","guid":{"rendered":"https:\/\/villa-albertine.org\/events\/american-cinematheque-celebrates-40th-anniversary-william-kleins-french-2\/"},"modified":"2023-08-23T08:10:47","modified_gmt":"2023-08-23T08:10:47","slug":"american-cinematheque-celebrates-40th-anniversary-william-kleins-french","status":"publish","type":"app_event","link":"https:\/\/villa-albertine.org\/va\/fr\/events\/american-cinematheque-celebrates-40th-anniversary-william-kleins-french\/","title":{"rendered":"L\u2019American Cinematheque  c\u00e9l\u00e8bre le 40e anniversaire de The French de William Klein"},"content":{"rendered":"<p>\u00ab\u00a0The French\u00a0\u00bb, c&rsquo;est-\u00e0-dire, the French Open &#8211; ou les Internationaux de Roland Garros. Les uns tapent sur des balles, les autres fantasment. Des millions de Walter Mitty se voient en Borg le Martien, Mc Enroe le G\u00e9nie, Connors la Hargne, Lendl la terreur, Vilas le Po\u00e8te, Noah l&rsquo;Artiste. Un monde de fous furieux de tennis, d&rsquo;obs\u00e9d\u00e9s, de gurus, de groupies, de snobs, de clowns, de sponsors, de surhommes et de sur-femmes. De dollars aussi, de combines, de panique et de passion. Psychodrame m\u00e9diatique, fait de soci\u00e9t\u00e9 ? C&rsquo;est d\u00e9risoire, \u00e9mouvant, drole et beau. The French film\u00e9 sur toutes les coutures. Faut-il etre un enrag\u00e9 de tennis pour s&rsquo;y int\u00e9resser ? Ca aide, mais ce n&rsquo;est pas indispensable.\u00a0\u00a0<\/p>\n<p>Pour plus d\u2019informations, cliquez <a href=\"\/\/www.americancinematheque.com\/series\/the-french-limited-engagement\/?mc_cid=f3c8197035&amp;mc_eid=f2551373fe  \">ici<\/a>.\u00a0\u00a0<\/p>\n<p>23 juin \u00e0 19h30 &#8211;\u00a0<u><strong>Aero Theatre<\/strong><\/u><br \/>\n1328 Montana Ave Santa Monica, CA 90403\u00a0<\/p>\n<p>24 juin \u00e0 16h &#8211; <strong>Los Feliz 3 Theatre<\/strong><br \/>\n1822 N Vermont Ave Los Angeles, CA 90027\u00a0<\/p>\n<p>25 juin \u00e0 19h &#8211;\u00a0<strong>Los Feliz 3 Theatre <\/strong><br \/>\n1822 N Vermont Ave Los Angeles, CA 90027\u00a0<\/p>\n<p>\u00a0<\/p>\n<p>\u00a0<\/p>\n","protected":false},"featured_media":59169,"menu_order":0,"template":"","app_discipline":[266],"app_city_tax":[267],"app_event_type":[287],"class_list":["post-63610","app_event","type-app_event","status-publish","has-post-thumbnail","hentry","app_discipline-cinema-fr","app_city_tax-la-fr","app_event_type-film-fr"],"acf":[],"yoast_head":"<!-- This site is optimized with the Yoast SEO plugin v27.3 - https:\/\/yoast.com\/product\/yoast-seo-wordpress\/ -->\n<title>L\u2019American Cinematheque c\u00e9l\u00e8bre le 40e anniversaire de The French de William Klein - Villa Albertine<\/title>\n<meta name=\"robots\" content=\"index, follow, max-snippet:-1, max-image-preview:large, max-video-preview:-1\" \/>\n<link rel=\"canonical\" href=\"https:\/\/villa-albertine.org\/va\/fr\/events\/american-cinematheque-celebrates-40th-anniversary-william-kleins-french\/\" \/>\n<meta property=\"og:locale\" content=\"fr_FR\" \/>\n<meta property=\"og:type\" content=\"article\" \/>\n<meta property=\"og:title\" content=\"L\u2019American Cinematheque c\u00e9l\u00e8bre le 40e anniversaire de The French de William Klein - Villa Albertine\" \/>\n<meta property=\"og:description\" content=\"\u00ab\u00a0The French\u00a0\u00bb, c&rsquo;est-\u00e0-dire, the French Open &#8211; ou les Internationaux de Roland Garros. Les uns tapent sur des balles, les autres fantasment. Des millions de Walter Mitty se voient en Borg le Martien, Mc Enroe le G\u00e9nie, Connors la Hargne, Lendl la terreur, Vilas le Po\u00e8te, Noah l&rsquo;Artiste. Un monde de fous furieux de tennis,...\" \/>\n<meta property=\"og:url\" content=\"https:\/\/villa-albertine.org\/va\/fr\/events\/american-cinematheque-celebrates-40th-anniversary-william-kleins-french\/\" \/>\n<meta property=\"og:site_name\" content=\"Villa Albertine\" \/>\n<meta property=\"article:modified_time\" content=\"2023-08-23T08:10:47+00:00\" \/>\n<meta property=\"og:image\" content=\"https:\/\/villa-albertine.org\/wp-content\/uploads\/2023\/08\/The20French20Yannick20Noah2028229.jpg\" \/>\n\t<meta property=\"og:image:width\" content=\"1392\" \/>\n\t<meta property=\"og:image:height\" content=\"781\" \/>\n\t<meta property=\"og:image:type\" content=\"image\/jpeg\" \/>\n<meta name=\"twitter:card\" content=\"summary_large_image\" \/>\n<meta name=\"twitter:label1\" content=\"Dur\u00e9e de lecture estim\u00e9e\" \/>\n\t<meta name=\"twitter:data1\" content=\"1 minute\" \/>\n<script type=\"application\/ld+json\" class=\"yoast-schema-graph\">{\"@context\":\"https:\\\/\\\/schema.org\",\"@graph\":[{\"@type\":\"WebPage\",\"@id\":\"https:\\\/\\\/villa-albertine.org\\\/va\\\/fr\\\/events\\\/american-cinematheque-celebrates-40th-anniversary-william-kleins-french\\\/\",\"url\":\"https:\\\/\\\/villa-albertine.org\\\/va\\\/fr\\\/events\\\/american-cinematheque-celebrates-40th-anniversary-william-kleins-french\\\/\",\"name\":\"L\u2019American Cinematheque c\u00e9l\u00e8bre le 40e anniversaire de The French de William Klein - Villa Albertine\",\"isPartOf\":{\"@id\":\"https:\\\/\\\/villa-albertine.org\\\/va\\\/fr\\\/#website\"},\"primaryImageOfPage\":{\"@id\":\"https:\\\/\\\/villa-albertine.org\\\/va\\\/fr\\\/events\\\/american-cinematheque-celebrates-40th-anniversary-william-kleins-french\\\/#primaryimage\"},\"image\":{\"@id\":\"https:\\\/\\\/villa-albertine.org\\\/va\\\/fr\\\/events\\\/american-cinematheque-celebrates-40th-anniversary-william-kleins-french\\\/#primaryimage\"},\"thumbnailUrl\":\"https:\\\/\\\/villa-albertine.org\\\/wp-content\\\/uploads\\\/2023\\\/08\\\/The20French20Yannick20Noah2028229.jpg\",\"datePublished\":\"2022-05-24T18:48:41+00:00\",\"dateModified\":\"2023-08-23T08:10:47+00:00\",\"breadcrumb\":{\"@id\":\"https:\\\/\\\/villa-albertine.org\\\/va\\\/fr\\\/events\\\/american-cinematheque-celebrates-40th-anniversary-william-kleins-french\\\/#breadcrumb\"},\"inLanguage\":\"fr-FR\",\"potentialAction\":[{\"@type\":\"ReadAction\",\"target\":[\"https:\\\/\\\/villa-albertine.org\\\/va\\\/fr\\\/events\\\/american-cinematheque-celebrates-40th-anniversary-william-kleins-french\\\/\"]}]},{\"@type\":\"ImageObject\",\"inLanguage\":\"fr-FR\",\"@id\":\"https:\\\/\\\/villa-albertine.org\\\/va\\\/fr\\\/events\\\/american-cinematheque-celebrates-40th-anniversary-william-kleins-french\\\/#primaryimage\",\"url\":\"https:\\\/\\\/villa-albertine.org\\\/wp-content\\\/uploads\\\/2023\\\/08\\\/The20French20Yannick20Noah2028229.jpg\",\"contentUrl\":\"https:\\\/\\\/villa-albertine.org\\\/wp-content\\\/uploads\\\/2023\\\/08\\\/The20French20Yannick20Noah2028229.jpg\",\"width\":1392,\"height\":781},{\"@type\":\"BreadcrumbList\",\"@id\":\"https:\\\/\\\/villa-albertine.org\\\/va\\\/fr\\\/events\\\/american-cinematheque-celebrates-40th-anniversary-william-kleins-french\\\/#breadcrumb\",\"itemListElement\":[{\"@type\":\"ListItem\",\"position\":1,\"name\":\"Home\",\"item\":\"https:\\\/\\\/villa-albertine.org\\\/va\\\/fr\\\/home\\\/\"},{\"@type\":\"ListItem\",\"position\":2,\"name\":\"L\u2019American Cinematheque c\u00e9l\u00e8bre le 40e anniversaire de The French de William Klein\"}]},{\"@type\":\"WebSite\",\"@id\":\"https:\\\/\\\/villa-albertine.org\\\/va\\\/fr\\\/#website\",\"url\":\"https:\\\/\\\/villa-albertine.org\\\/va\\\/fr\\\/\",\"name\":\"Villa Albertine\",\"description\":\"\",\"potentialAction\":[{\"@type\":\"SearchAction\",\"target\":{\"@type\":\"EntryPoint\",\"urlTemplate\":\"https:\\\/\\\/villa-albertine.org\\\/va\\\/fr\\\/?s={search_term_string}\"},\"query-input\":{\"@type\":\"PropertyValueSpecification\",\"valueRequired\":true,\"valueName\":\"search_term_string\"}}],\"inLanguage\":\"fr-FR\"}]}<\/script>\n<!-- \/ Yoast SEO plugin. -->","yoast_head_json":{"title":"L\u2019American Cinematheque c\u00e9l\u00e8bre le 40e anniversaire de The French de William Klein - Villa Albertine","robots":{"index":"index","follow":"follow","max-snippet":"max-snippet:-1","max-image-preview":"max-image-preview:large","max-video-preview":"max-video-preview:-1"},"canonical":"https:\/\/villa-albertine.org\/va\/fr\/events\/american-cinematheque-celebrates-40th-anniversary-william-kleins-french\/","og_locale":"fr_FR","og_type":"article","og_title":"L\u2019American Cinematheque c\u00e9l\u00e8bre le 40e anniversaire de The French de William Klein - Villa Albertine","og_description":"\u00ab\u00a0The French\u00a0\u00bb, c&rsquo;est-\u00e0-dire, the French Open &#8211; ou les Internationaux de Roland Garros. Les uns tapent sur des balles, les autres fantasment. Des millions de Walter Mitty se voient en Borg le Martien, Mc Enroe le G\u00e9nie, Connors la Hargne, Lendl la terreur, Vilas le Po\u00e8te, Noah l&rsquo;Artiste. Un monde de fous furieux de tennis,...","og_url":"https:\/\/villa-albertine.org\/va\/fr\/events\/american-cinematheque-celebrates-40th-anniversary-william-kleins-french\/","og_site_name":"Villa Albertine","article_modified_time":"2023-08-23T08:10:47+00:00","og_image":[{"width":1392,"height":781,"url":"https:\/\/villa-albertine.org\/wp-content\/uploads\/2023\/08\/The20French20Yannick20Noah2028229.jpg","type":"image\/jpeg"}],"twitter_card":"summary_large_image","twitter_misc":{"Dur\u00e9e de lecture estim\u00e9e":"1 minute"},"schema":{"@context":"https:\/\/schema.org","@graph":[{"@type":"WebPage","@id":"https:\/\/villa-albertine.org\/va\/fr\/events\/american-cinematheque-celebrates-40th-anniversary-william-kleins-french\/","url":"https:\/\/villa-albertine.org\/va\/fr\/events\/american-cinematheque-celebrates-40th-anniversary-william-kleins-french\/","name":"L\u2019American Cinematheque c\u00e9l\u00e8bre le 40e anniversaire de The French de William Klein - Villa Albertine","isPartOf":{"@id":"https:\/\/villa-albertine.org\/va\/fr\/#website"},"primaryImageOfPage":{"@id":"https:\/\/villa-albertine.org\/va\/fr\/events\/american-cinematheque-celebrates-40th-anniversary-william-kleins-french\/#primaryimage"},"image":{"@id":"https:\/\/villa-albertine.org\/va\/fr\/events\/american-cinematheque-celebrates-40th-anniversary-william-kleins-french\/#primaryimage"},"thumbnailUrl":"https:\/\/villa-albertine.org\/wp-content\/uploads\/2023\/08\/The20French20Yannick20Noah2028229.jpg","datePublished":"2022-05-24T18:48:41+00:00","dateModified":"2023-08-23T08:10:47+00:00","breadcrumb":{"@id":"https:\/\/villa-albertine.org\/va\/fr\/events\/american-cinematheque-celebrates-40th-anniversary-william-kleins-french\/#breadcrumb"},"inLanguage":"fr-FR","potentialAction":[{"@type":"ReadAction","target":["https:\/\/villa-albertine.org\/va\/fr\/events\/american-cinematheque-celebrates-40th-anniversary-william-kleins-french\/"]}]},{"@type":"ImageObject","inLanguage":"fr-FR","@id":"https:\/\/villa-albertine.org\/va\/fr\/events\/american-cinematheque-celebrates-40th-anniversary-william-kleins-french\/#primaryimage","url":"https:\/\/villa-albertine.org\/wp-content\/uploads\/2023\/08\/The20French20Yannick20Noah2028229.jpg","contentUrl":"https:\/\/villa-albertine.org\/wp-content\/uploads\/2023\/08\/The20French20Yannick20Noah2028229.jpg","width":1392,"height":781},{"@type":"BreadcrumbList","@id":"https:\/\/villa-albertine.org\/va\/fr\/events\/american-cinematheque-celebrates-40th-anniversary-william-kleins-french\/#breadcrumb","itemListElement":[{"@type":"ListItem","position":1,"name":"Home","item":"https:\/\/villa-albertine.org\/va\/fr\/home\/"},{"@type":"ListItem","position":2,"name":"L\u2019American Cinematheque c\u00e9l\u00e8bre le 40e anniversaire de The French de William Klein"}]},{"@type":"WebSite","@id":"https:\/\/villa-albertine.org\/va\/fr\/#website","url":"https:\/\/villa-albertine.org\/va\/fr\/","name":"Villa Albertine","description":"","potentialAction":[{"@type":"SearchAction","target":{"@type":"EntryPoint","urlTemplate":"https:\/\/villa-albertine.org\/va\/fr\/?s={search_term_string}"},"query-input":{"@type":"PropertyValueSpecification","valueRequired":true,"valueName":"search_term_string"}}],"inLanguage":"fr-FR"}]}},"_links":{"self":[{"href":"https:\/\/villa-albertine.org\/va\/fr\/wp-json\/wp\/v2\/app_event\/63610","targetHints":{"allow":["GET"]}}],"collection":[{"href":"https:\/\/villa-albertine.org\/va\/fr\/wp-json\/wp\/v2\/app_event"}],"about":[{"href":"https:\/\/villa-albertine.org\/va\/fr\/wp-json\/wp\/v2\/types\/app_event"}],"wp:featuredmedia":[{"embeddable":true,"href":"https:\/\/villa-albertine.org\/va\/fr\/wp-json\/wp\/v2\/media\/59169"}],"wp:attachment":[{"href":"https:\/\/villa-albertine.org\/va\/fr\/wp-json\/wp\/v2\/media?parent=63610"}],"wp:term":[{"taxonomy":"app_discipline","embeddable":true,"href":"https:\/\/villa-albertine.org\/va\/fr\/wp-json\/wp\/v2\/app_discipline?post=63610"},{"taxonomy":"app_city_tax","embeddable":true,"href":"https:\/\/villa-albertine.org\/va\/fr\/wp-json\/wp\/v2\/app_city_tax?post=63610"},{"taxonomy":"app_event_type","embeddable":true,"href":"https:\/\/villa-albertine.org\/va\/fr\/wp-json\/wp\/v2\/app_event_type?post=63610"}],"curies":[{"name":"wp","href":"https:\/\/api.w.org\/{rel}","templated":true}]}}

L’American Cinematheque  célèbre le 40e anniversaire de The French de William Klein

<p>« The French », c&rsquo;est-à-dire, the French Open &#8211; ou les Internationaux de Roland Garros. Les uns tapent sur des balles, les autres fantasment. Des millions de Walter Mitty se voient en Borg le Martien, Mc Enroe le Génie, Connors la Hargne, Lendl la terreur, Vilas le Poète, Noah l&rsquo;Artiste. Un monde de fous furieux de tennis, d&rsquo;obsédés, de gurus, de groupies, de snobs, de clowns, de sponsors, de surhommes et de sur-femmes. De dollars aussi, de combines, de panique et de passion. Psychodrame médiatique, fait de société ? C&rsquo;est dérisoire, émouvant, drole et beau. The French filmé sur toutes les coutures. Faut-il etre un enragé de tennis pour s&rsquo;y intéresser ? Ca aide, mais ce n&rsquo;est pas indispensable.  </p>
<p>Pour plus d’informations, cliquez <a href="//www.americancinematheque.com/series/the-french-limited-engagement/?mc_cid=f3c8197035&amp;mc_eid=f2551373fe  ">ici</a>.  </p>
<p>23 juin à 19h30 &#8211; <u><strong>Aero Theatre</strong></u><br />
1328 Montana Ave Santa Monica, CA 90403 </p>
<p>24 juin à 16h &#8211; <strong>Los Feliz 3 Theatre</strong><br />
1822 N Vermont Ave Los Angeles, CA 90027 </p>
<p>25 juin à 19h &#8211; <strong>Los Feliz 3 Theatre </strong><br />
1822 N Vermont Ave Los Angeles, CA 90027 </p>
<p> </p>
<p> </p>

<!-- This site is optimized with the Yoast SEO plugin v27.3 - https://yoast.com/product/yoast-seo-wordpress/ -->
<title>L’American Cinematheque célèbre le 40e anniversaire de The French de William Klein - Villa Albertine</title>
<meta name="robots" content="index, follow, max-snippet:-1, max-image-preview:large, max-video-preview:-1" />
<link rel="canonical" href="https://villa-albertine.org/va/fr/events/american-cinematheque-celebrates-40th-anniversary-william-kleins-french/" />
<meta property="og:locale" content="fr_FR" />
<meta property="og:type" content="article" />
<meta property="og:title" content="L’American Cinematheque célèbre le 40e anniversaire de The French de William Klein - Villa Albertine" />
<meta property="og:description" content="« The French », c&rsquo;est-à-dire, the French Open &#8211; ou les Internationaux de Roland Garros. Les uns tapent sur des balles, les autres fantasment. Des millions de Walter Mitty se voient en Borg le Martien, Mc Enroe le Génie, Connors la Hargne, Lendl la terreur, Vilas le Poète, Noah l&rsquo;Artiste. Un monde de fous furieux de tennis,..." />
<meta property="og:url" content="https://villa-albertine.org/va/fr/events/american-cinematheque-celebrates-40th-anniversary-william-kleins-french/" />
<meta property="og:site_name" content="Villa Albertine" />
<meta property="article:modified_time" content="2023-08-23T08:10:47+00:00" />
<meta property="og:image" content="https://villa-albertine.org/wp-content/uploads/2023/08/The20French20Yannick20Noah2028229.jpg" />
	<meta property="og:image:width" content="1392" />
	<meta property="og:image:height" content="781" />
	<meta property="og:image:type" content="image/jpeg" />
<meta name="twitter:card" content="summary_large_image" />
<meta name="twitter:label1" content="Durée de lecture estimée" />
	<meta name="twitter:data1" content="1 minute" />
<script type="application/ld+json" class="yoast-schema-graph">{"@context":"https:\/\/schema.org","@graph":[{"@type":"WebPage","@id":"https:\/\/villa-albertine.org\/va\/fr\/events\/american-cinematheque-celebrates-40th-anniversary-william-kleins-french\/","url":"https:\/\/villa-albertine.org\/va\/fr\/events\/american-cinematheque-celebrates-40th-anniversary-william-kleins-french\/","name":"L’American Cinematheque célèbre le 40e anniversaire de The French de William Klein - Villa Albertine","isPartOf":{"@id":"https:\/\/villa-albertine.org\/va\/fr\/#website"},"primaryImageOfPage":{"@id":"https:\/\/villa-albertine.org\/va\/fr\/events\/american-cinematheque-celebrates-40th-anniversary-william-kleins-french\/#primaryimage"},"image":{"@id":"https:\/\/villa-albertine.org\/va\/fr\/events\/american-cinematheque-celebrates-40th-anniversary-william-kleins-french\/#primaryimage"},"thumbnailUrl":"https:\/\/villa-albertine.org\/wp-content\/uploads\/2023\/08\/The20French20Yannick20Noah2028229.jpg","datePublished":"2022-05-24T18:48:41+00:00","dateModified":"2023-08-23T08:10:47+00:00","breadcrumb":{"@id":"https:\/\/villa-albertine.org\/va\/fr\/events\/american-cinematheque-celebrates-40th-anniversary-william-kleins-french\/#breadcrumb"},"inLanguage":"fr-FR","potentialAction":[{"@type":"ReadAction","target":["https:\/\/villa-albertine.org\/va\/fr\/events\/american-cinematheque-celebrates-40th-anniversary-william-kleins-french\/"]}]},{"@type":"ImageObject","inLanguage":"fr-FR","@id":"https:\/\/villa-albertine.org\/va\/fr\/events\/american-cinematheque-celebrates-40th-anniversary-william-kleins-french\/#primaryimage","url":"https:\/\/villa-albertine.org\/wp-content\/uploads\/2023\/08\/The20French20Yannick20Noah2028229.jpg","contentUrl":"https:\/\/villa-albertine.org\/wp-content\/uploads\/2023\/08\/The20French20Yannick20Noah2028229.jpg","width":1392,"height":781},{"@type":"BreadcrumbList","@id":"https:\/\/villa-albertine.org\/va\/fr\/events\/american-cinematheque-celebrates-40th-anniversary-william-kleins-french\/#breadcrumb","itemListElement":[{"@type":"ListItem","position":1,"name":"Home","item":"https:\/\/villa-albertine.org\/va\/fr\/home\/"},{"@type":"ListItem","position":2,"name":"L’American Cinematheque célèbre le 40e anniversaire de The French de William Klein"}]},{"@type":"WebSite","@id":"https:\/\/villa-albertine.org\/va\/fr\/#website","url":"https:\/\/villa-albertine.org\/va\/fr\/","name":"Villa Albertine","description":"","potentialAction":[{"@type":"SearchAction","target":{"@type":"EntryPoint","urlTemplate":"https:\/\/villa-albertine.org\/va\/fr\/?s={search_term_string}"},"query-input":{"@type":"PropertyValueSpecification","valueRequired":true,"valueName":"search_term_string"}}],"inLanguage":"fr-FR"}]}</script>
<!-- / Yoast SEO plugin. -->

L’American Cinematheque célèbre le 40e anniversaire de The French de William Klein - Villa Albertine

« The French », c&rsquo;est-à-dire, the French Open &#8211; ou les Internationaux de Roland Garros. Les uns tapent sur des balles, les autres fantasment. Des millions de Walter Mitty se voient en Borg le Martien, Mc Enroe le Génie, Connors la Hargne, Lendl la terreur, Vilas le Poète, Noah l&rsquo;Artiste. Un monde de fous furieux de tennis,...

L’American Cinematheque célèbre le 40e anniversaire de The French de William Klein
