{"id":63608,"date":"2022-05-17T22:31:29","date_gmt":"2022-05-17T22:31:29","guid":{"rendered":"https:\/\/villa-albertine.org\/events\/eiffel-opens-june-3-2\/"},"modified":"2023-08-23T08:10:47","modified_gmt":"2023-08-23T08:10:47","slug":"eiffel-opens-june-3","status":"publish","type":"app_event","link":"https:\/\/villa-albertine.org\/va\/fr\/events\/eiffel-opens-june-3\/","title":{"rendered":"Eiffel le 3 juin!"},"content":{"rendered":"<p>Venant tout juste de terminer sa collaboration sur la Statue de la Libert\u00e9, Gustave Eiffel est au sommet de sa carri\u00e8re. Le gouvernement fran\u00e7ais veut qu\u2019il cr\u00e9e quelque chose de spectaculaire pour l\u2019Exposition Universelle de 1889 \u00e0 Paris, mais Eiffel ne s\u2019int\u00e9resse qu\u2019au projet de m\u00e9tropolitain. Tout bascule lorsqu&rsquo;il recroise son amour de jeunesse. Leur relation interdite l\u2019inspire \u00e0 changer l\u2019horizon de Paris pour toujours.<\/p>\n<p><em>R\u00e9alis\u00e9 par : Martin Bourboulon<br \/>\nAdaptation :\u00a0Caroline Bongrand, Thomas Bidegain, Martin Bourboulon, Natalie Carter, Martin Brossollet<br \/>\nAvec :\u00a0Romain Duris, Emma Mackey, Pierre Deladonchamps<br \/>\nBiopic, Historique, 1h48 min<\/em><\/p>\n<p>\nPour plus d&rsquo;informations sur le film, cliquez\u00a0<a href=\"https:\/\/www.bluefoxentertainment.com\/films\/eiffel\">ici<\/a>\u00a0!<\/p>\n<p lang=\"EN-US\" xml:lang=\"EN-US\" xml:lang=\"EN-US\">\u00a0<\/p>\n<p>\u00a0<\/p>\n","protected":false},"featured_media":59163,"menu_order":0,"template":"","app_discipline":[266],"app_city_tax":[264,276],"app_event_type":[287],"class_list":["post-63608","app_event","type-app_event","status-publish","has-post-thumbnail","hentry","app_discipline-cinema-fr","app_city_tax-nyc-fr","app_city_tax-toutes-les-villes-fr","app_event_type-film-fr"],"acf":[],"yoast_head":"<!-- This site is optimized with the Yoast SEO plugin v27.3 - https:\/\/yoast.com\/product\/yoast-seo-wordpress\/ -->\n<title>Eiffel le 3 juin! - Villa Albertine<\/title>\n<meta name=\"robots\" content=\"index, follow, max-snippet:-1, max-image-preview:large, max-video-preview:-1\" \/>\n<link rel=\"canonical\" href=\"https:\/\/villa-albertine.org\/va\/fr\/events\/eiffel-opens-june-3\/\" \/>\n<meta property=\"og:locale\" content=\"fr_FR\" \/>\n<meta property=\"og:type\" content=\"article\" \/>\n<meta property=\"og:title\" content=\"Eiffel le 3 juin! - Villa Albertine\" \/>\n<meta property=\"og:description\" content=\"Venant tout juste de terminer sa collaboration sur la Statue de la Libert\u00e9, Gustave Eiffel est au sommet de sa carri\u00e8re. Le gouvernement fran\u00e7ais veut qu\u2019il cr\u00e9e quelque chose de spectaculaire pour l\u2019Exposition Universelle de 1889 \u00e0 Paris, mais Eiffel ne s\u2019int\u00e9resse qu\u2019au projet de m\u00e9tropolitain. Tout bascule lorsqu&rsquo;il recroise son amour de jeunesse. Leur...\" \/>\n<meta property=\"og:url\" content=\"https:\/\/villa-albertine.org\/va\/fr\/events\/eiffel-opens-june-3\/\" \/>\n<meta property=\"og:site_name\" content=\"Villa Albertine\" \/>\n<meta property=\"article:modified_time\" content=\"2023-08-23T08:10:47+00:00\" \/>\n<meta property=\"og:image\" content=\"https:\/\/villa-albertine.org\/wp-content\/uploads\/2023\/08\/eiffel.jpg\" \/>\n\t<meta property=\"og:image:width\" content=\"1024\" \/>\n\t<meta property=\"og:image:height\" content=\"576\" \/>\n\t<meta property=\"og:image:type\" content=\"image\/jpeg\" \/>\n<meta name=\"twitter:card\" content=\"summary_large_image\" \/>\n<meta name=\"twitter:label1\" content=\"Dur\u00e9e de lecture estim\u00e9e\" \/>\n\t<meta name=\"twitter:data1\" content=\"1 minute\" \/>\n<script type=\"application\/ld+json\" class=\"yoast-schema-graph\">{\"@context\":\"https:\\\/\\\/schema.org\",\"@graph\":[{\"@type\":\"WebPage\",\"@id\":\"https:\\\/\\\/villa-albertine.org\\\/va\\\/fr\\\/events\\\/eiffel-opens-june-3\\\/\",\"url\":\"https:\\\/\\\/villa-albertine.org\\\/va\\\/fr\\\/events\\\/eiffel-opens-june-3\\\/\",\"name\":\"Eiffel le 3 juin! - Villa Albertine\",\"isPartOf\":{\"@id\":\"https:\\\/\\\/villa-albertine.org\\\/va\\\/fr\\\/#website\"},\"primaryImageOfPage\":{\"@id\":\"https:\\\/\\\/villa-albertine.org\\\/va\\\/fr\\\/events\\\/eiffel-opens-june-3\\\/#primaryimage\"},\"image\":{\"@id\":\"https:\\\/\\\/villa-albertine.org\\\/va\\\/fr\\\/events\\\/eiffel-opens-june-3\\\/#primaryimage\"},\"thumbnailUrl\":\"https:\\\/\\\/villa-albertine.org\\\/wp-content\\\/uploads\\\/2023\\\/08\\\/eiffel.jpg\",\"datePublished\":\"2022-05-17T22:31:29+00:00\",\"dateModified\":\"2023-08-23T08:10:47+00:00\",\"breadcrumb\":{\"@id\":\"https:\\\/\\\/villa-albertine.org\\\/va\\\/fr\\\/events\\\/eiffel-opens-june-3\\\/#breadcrumb\"},\"inLanguage\":\"fr-FR\",\"potentialAction\":[{\"@type\":\"ReadAction\",\"target\":[\"https:\\\/\\\/villa-albertine.org\\\/va\\\/fr\\\/events\\\/eiffel-opens-june-3\\\/\"]}]},{\"@type\":\"ImageObject\",\"inLanguage\":\"fr-FR\",\"@id\":\"https:\\\/\\\/villa-albertine.org\\\/va\\\/fr\\\/events\\\/eiffel-opens-june-3\\\/#primaryimage\",\"url\":\"https:\\\/\\\/villa-albertine.org\\\/wp-content\\\/uploads\\\/2023\\\/08\\\/eiffel.jpg\",\"contentUrl\":\"https:\\\/\\\/villa-albertine.org\\\/wp-content\\\/uploads\\\/2023\\\/08\\\/eiffel.jpg\",\"width\":1024,\"height\":576},{\"@type\":\"BreadcrumbList\",\"@id\":\"https:\\\/\\\/villa-albertine.org\\\/va\\\/fr\\\/events\\\/eiffel-opens-june-3\\\/#breadcrumb\",\"itemListElement\":[{\"@type\":\"ListItem\",\"position\":1,\"name\":\"Home\",\"item\":\"https:\\\/\\\/villa-albertine.org\\\/va\\\/fr\\\/home\\\/\"},{\"@type\":\"ListItem\",\"position\":2,\"name\":\"Eiffel le 3 juin!\"}]},{\"@type\":\"WebSite\",\"@id\":\"https:\\\/\\\/villa-albertine.org\\\/va\\\/fr\\\/#website\",\"url\":\"https:\\\/\\\/villa-albertine.org\\\/va\\\/fr\\\/\",\"name\":\"Villa Albertine\",\"description\":\"\",\"potentialAction\":[{\"@type\":\"SearchAction\",\"target\":{\"@type\":\"EntryPoint\",\"urlTemplate\":\"https:\\\/\\\/villa-albertine.org\\\/va\\\/fr\\\/?s={search_term_string}\"},\"query-input\":{\"@type\":\"PropertyValueSpecification\",\"valueRequired\":true,\"valueName\":\"search_term_string\"}}],\"inLanguage\":\"fr-FR\"}]}<\/script>\n<!-- \/ Yoast SEO plugin. -->","yoast_head_json":{"title":"Eiffel le 3 juin! - Villa Albertine","robots":{"index":"index","follow":"follow","max-snippet":"max-snippet:-1","max-image-preview":"max-image-preview:large","max-video-preview":"max-video-preview:-1"},"canonical":"https:\/\/villa-albertine.org\/va\/fr\/events\/eiffel-opens-june-3\/","og_locale":"fr_FR","og_type":"article","og_title":"Eiffel le 3 juin! - Villa Albertine","og_description":"Venant tout juste de terminer sa collaboration sur la Statue de la Libert\u00e9, Gustave Eiffel est au sommet de sa carri\u00e8re. Le gouvernement fran\u00e7ais veut qu\u2019il cr\u00e9e quelque chose de spectaculaire pour l\u2019Exposition Universelle de 1889 \u00e0 Paris, mais Eiffel ne s\u2019int\u00e9resse qu\u2019au projet de m\u00e9tropolitain. Tout bascule lorsqu&rsquo;il recroise son amour de jeunesse. Leur...","og_url":"https:\/\/villa-albertine.org\/va\/fr\/events\/eiffel-opens-june-3\/","og_site_name":"Villa Albertine","article_modified_time":"2023-08-23T08:10:47+00:00","og_image":[{"width":1024,"height":576,"url":"https:\/\/villa-albertine.org\/wp-content\/uploads\/2023\/08\/eiffel.jpg","type":"image\/jpeg"}],"twitter_card":"summary_large_image","twitter_misc":{"Dur\u00e9e de lecture estim\u00e9e":"1 minute"},"schema":{"@context":"https:\/\/schema.org","@graph":[{"@type":"WebPage","@id":"https:\/\/villa-albertine.org\/va\/fr\/events\/eiffel-opens-june-3\/","url":"https:\/\/villa-albertine.org\/va\/fr\/events\/eiffel-opens-june-3\/","name":"Eiffel le 3 juin! - Villa Albertine","isPartOf":{"@id":"https:\/\/villa-albertine.org\/va\/fr\/#website"},"primaryImageOfPage":{"@id":"https:\/\/villa-albertine.org\/va\/fr\/events\/eiffel-opens-june-3\/#primaryimage"},"image":{"@id":"https:\/\/villa-albertine.org\/va\/fr\/events\/eiffel-opens-june-3\/#primaryimage"},"thumbnailUrl":"https:\/\/villa-albertine.org\/wp-content\/uploads\/2023\/08\/eiffel.jpg","datePublished":"2022-05-17T22:31:29+00:00","dateModified":"2023-08-23T08:10:47+00:00","breadcrumb":{"@id":"https:\/\/villa-albertine.org\/va\/fr\/events\/eiffel-opens-june-3\/#breadcrumb"},"inLanguage":"fr-FR","potentialAction":[{"@type":"ReadAction","target":["https:\/\/villa-albertine.org\/va\/fr\/events\/eiffel-opens-june-3\/"]}]},{"@type":"ImageObject","inLanguage":"fr-FR","@id":"https:\/\/villa-albertine.org\/va\/fr\/events\/eiffel-opens-june-3\/#primaryimage","url":"https:\/\/villa-albertine.org\/wp-content\/uploads\/2023\/08\/eiffel.jpg","contentUrl":"https:\/\/villa-albertine.org\/wp-content\/uploads\/2023\/08\/eiffel.jpg","width":1024,"height":576},{"@type":"BreadcrumbList","@id":"https:\/\/villa-albertine.org\/va\/fr\/events\/eiffel-opens-june-3\/#breadcrumb","itemListElement":[{"@type":"ListItem","position":1,"name":"Home","item":"https:\/\/villa-albertine.org\/va\/fr\/home\/"},{"@type":"ListItem","position":2,"name":"Eiffel le 3 juin!"}]},{"@type":"WebSite","@id":"https:\/\/villa-albertine.org\/va\/fr\/#website","url":"https:\/\/villa-albertine.org\/va\/fr\/","name":"Villa Albertine","description":"","potentialAction":[{"@type":"SearchAction","target":{"@type":"EntryPoint","urlTemplate":"https:\/\/villa-albertine.org\/va\/fr\/?s={search_term_string}"},"query-input":{"@type":"PropertyValueSpecification","valueRequired":true,"valueName":"search_term_string"}}],"inLanguage":"fr-FR"}]}},"_links":{"self":[{"href":"https:\/\/villa-albertine.org\/va\/fr\/wp-json\/wp\/v2\/app_event\/63608","targetHints":{"allow":["GET"]}}],"collection":[{"href":"https:\/\/villa-albertine.org\/va\/fr\/wp-json\/wp\/v2\/app_event"}],"about":[{"href":"https:\/\/villa-albertine.org\/va\/fr\/wp-json\/wp\/v2\/types\/app_event"}],"wp:featuredmedia":[{"embeddable":true,"href":"https:\/\/villa-albertine.org\/va\/fr\/wp-json\/wp\/v2\/media\/59163"}],"wp:attachment":[{"href":"https:\/\/villa-albertine.org\/va\/fr\/wp-json\/wp\/v2\/media?parent=63608"}],"wp:term":[{"taxonomy":"app_discipline","embeddable":true,"href":"https:\/\/villa-albertine.org\/va\/fr\/wp-json\/wp\/v2\/app_discipline?post=63608"},{"taxonomy":"app_city_tax","embeddable":true,"href":"https:\/\/villa-albertine.org\/va\/fr\/wp-json\/wp\/v2\/app_city_tax?post=63608"},{"taxonomy":"app_event_type","embeddable":true,"href":"https:\/\/villa-albertine.org\/va\/fr\/wp-json\/wp\/v2\/app_event_type?post=63608"}],"curies":[{"name":"wp","href":"https:\/\/api.w.org\/{rel}","templated":true}]}}

<p>Venant tout juste de terminer sa collaboration sur la Statue de la Liberté, Gustave Eiffel est au sommet de sa carrière. Le gouvernement français veut qu’il crée quelque chose de spectaculaire pour l’Exposition Universelle de 1889 à Paris, mais Eiffel ne s’intéresse qu’au projet de métropolitain. Tout bascule lorsqu&rsquo;il recroise son amour de jeunesse. Leur relation interdite l’inspire à changer l’horizon de Paris pour toujours.</p>
<p><em>Réalisé par : Martin Bourboulon<br />
Adaptation : Caroline Bongrand, Thomas Bidegain, Martin Bourboulon, Natalie Carter, Martin Brossollet<br />
Avec : Romain Duris, Emma Mackey, Pierre Deladonchamps<br />
Biopic, Historique, 1h48 min</em></p>
<p>
Pour plus d&rsquo;informations sur le film, cliquez <a href="https://www.bluefoxentertainment.com/films/eiffel">ici</a> !</p>
<p lang="EN-US" xml:lang="EN-US" xml:lang="EN-US"> </p>
<p> </p>

<!-- This site is optimized with the Yoast SEO plugin v27.3 - https://yoast.com/product/yoast-seo-wordpress/ -->
<title>Eiffel le 3 juin! - Villa Albertine</title>
<meta name="robots" content="index, follow, max-snippet:-1, max-image-preview:large, max-video-preview:-1" />
<link rel="canonical" href="https://villa-albertine.org/va/fr/events/eiffel-opens-june-3/" />
<meta property="og:locale" content="fr_FR" />
<meta property="og:type" content="article" />
<meta property="og:title" content="Eiffel le 3 juin! - Villa Albertine" />
<meta property="og:description" content="Venant tout juste de terminer sa collaboration sur la Statue de la Liberté, Gustave Eiffel est au sommet de sa carrière. Le gouvernement français veut qu’il crée quelque chose de spectaculaire pour l’Exposition Universelle de 1889 à Paris, mais Eiffel ne s’intéresse qu’au projet de métropolitain. Tout bascule lorsqu&rsquo;il recroise son amour de jeunesse. Leur..." />
<meta property="og:url" content="https://villa-albertine.org/va/fr/events/eiffel-opens-june-3/" />
<meta property="og:site_name" content="Villa Albertine" />
<meta property="article:modified_time" content="2023-08-23T08:10:47+00:00" />
<meta property="og:image" content="https://villa-albertine.org/wp-content/uploads/2023/08/eiffel.jpg" />
	<meta property="og:image:width" content="1024" />
	<meta property="og:image:height" content="576" />
	<meta property="og:image:type" content="image/jpeg" />
<meta name="twitter:card" content="summary_large_image" />
<meta name="twitter:label1" content="Durée de lecture estimée" />
	<meta name="twitter:data1" content="1 minute" />
<script type="application/ld+json" class="yoast-schema-graph">{"@context":"https:\/\/schema.org","@graph":[{"@type":"WebPage","@id":"https:\/\/villa-albertine.org\/va\/fr\/events\/eiffel-opens-june-3\/","url":"https:\/\/villa-albertine.org\/va\/fr\/events\/eiffel-opens-june-3\/","name":"Eiffel le 3 juin! - Villa Albertine","isPartOf":{"@id":"https:\/\/villa-albertine.org\/va\/fr\/#website"},"primaryImageOfPage":{"@id":"https:\/\/villa-albertine.org\/va\/fr\/events\/eiffel-opens-june-3\/#primaryimage"},"image":{"@id":"https:\/\/villa-albertine.org\/va\/fr\/events\/eiffel-opens-june-3\/#primaryimage"},"thumbnailUrl":"https:\/\/villa-albertine.org\/wp-content\/uploads\/2023\/08\/eiffel.jpg","datePublished":"2022-05-17T22:31:29+00:00","dateModified":"2023-08-23T08:10:47+00:00","breadcrumb":{"@id":"https:\/\/villa-albertine.org\/va\/fr\/events\/eiffel-opens-june-3\/#breadcrumb"},"inLanguage":"fr-FR","potentialAction":[{"@type":"ReadAction","target":["https:\/\/villa-albertine.org\/va\/fr\/events\/eiffel-opens-june-3\/"]}]},{"@type":"ImageObject","inLanguage":"fr-FR","@id":"https:\/\/villa-albertine.org\/va\/fr\/events\/eiffel-opens-june-3\/#primaryimage","url":"https:\/\/villa-albertine.org\/wp-content\/uploads\/2023\/08\/eiffel.jpg","contentUrl":"https:\/\/villa-albertine.org\/wp-content\/uploads\/2023\/08\/eiffel.jpg","width":1024,"height":576},{"@type":"BreadcrumbList","@id":"https:\/\/villa-albertine.org\/va\/fr\/events\/eiffel-opens-june-3\/#breadcrumb","itemListElement":[{"@type":"ListItem","position":1,"name":"Home","item":"https:\/\/villa-albertine.org\/va\/fr\/home\/"},{"@type":"ListItem","position":2,"name":"Eiffel le 3 juin!"}]},{"@type":"WebSite","@id":"https:\/\/villa-albertine.org\/va\/fr\/#website","url":"https:\/\/villa-albertine.org\/va\/fr\/","name":"Villa Albertine","description":"","potentialAction":[{"@type":"SearchAction","target":{"@type":"EntryPoint","urlTemplate":"https:\/\/villa-albertine.org\/va\/fr\/?s={search_term_string}"},"query-input":{"@type":"PropertyValueSpecification","valueRequired":true,"valueName":"search_term_string"}}],"inLanguage":"fr-FR"}]}</script>
<!-- / Yoast SEO plugin. -->

Venant tout juste de terminer sa collaboration sur la Statue de la Liberté, Gustave Eiffel est au sommet de sa carrière. Le gouvernement français veut qu’il crée quelque chose de spectaculaire pour l’Exposition Universelle de 1889 à Paris, mais Eiffel ne s’intéresse qu’au projet de métropolitain. Tout bascule lorsqu&rsquo;il recroise son amour de jeunesse. Leur...
