{"id":63606,"date":"2022-04-27T14:37:23","date_gmt":"2022-04-27T14:37:23","guid":{"rendered":"https:\/\/villa-albertine.org\/events\/forgotten-filmmakers-french-new-wave-moma-2\/"},"modified":"2023-08-23T08:10:47","modified_gmt":"2023-08-23T08:10:47","slug":"forgotten-filmmakers-french-new-wave-moma","status":"publish","type":"app_event","link":"https:\/\/villa-albertine.org\/va\/fr\/events\/forgotten-filmmakers-french-new-wave-moma\/","title":{"rendered":"Les cin\u00e9astes oubli\u00e9s de la nouvelle vague fran\u00e7aise au MoMA"},"content":{"rendered":"<p>Cette grande r\u00e9trospective de plus de 40 longs et courts m\u00e9trages permet de d\u00e9couvrir les plus importants d&rsquo;entre eux, en s&rsquo;appuyant sur le dictionnaire de 162 nouveaux cin\u00e9astes paru dans le num\u00e9ro de d\u00e9cembre 1962 des Cahiers du cin\u00e9ma. Parmi ceux-ci, on trouve <em>L&rsquo;insoumis <\/em>d&rsquo;Alain Cavalier, rarement projet\u00e9, avec Alain Delon, ainsi que d&rsquo;autres films relatifs \u00e0 la guerre d&rsquo;Alg\u00e9rie, dont <em>Les oliviers de la justice<\/em> de James Blue (1961) et <em>Octobre \u00e0 Paris <\/em>de Jacques Panijel (1962), film interdit. Le spectre du colonialisme fran\u00e7ais se manifeste \u00e9galement dans le film r\u00e9volutionnaire <em>Afrique sur Seine<\/em> (1955) de Jacques Melo Kane, Mamadou Sarr et Paulin Soumanou Viera, ainsi que dans les films ethnographiques de Jean Rouch, dont<em> Moi, un Noir<\/em> (1958). Si la Nouvelle Vague fran\u00e7aise \u00e9tait sans doute domin\u00e9e par les hommes &#8211; l&rsquo;exposition ne n\u00e9glige pas des noms comme Alexandre Astruc, Jacques Doniol-Valcroze, Georges Franju, Jacques Rozier ou Edouard Molinaro-, il y avait n\u00e9anmoins quelques femmes, dont Paula Delsol, qui ont r\u00e9alis\u00e9 des \u0153uvres profond\u00e9ment personnelles dans l&rsquo;ombre de la figure pionni\u00e8re et imposante d&rsquo;Agn\u00e8s Varda.<\/p>\n<p><strong>Organis\u00e9e par Jean-Michel Frodon, conservateur ind\u00e9pendant, et Joshua Siegel, conservateur, avec Olivia Priedite, assistante principale de programmation, d\u00e9partement du cin\u00e9ma.<\/strong><\/p>\n<p><strong>La plupart des films seront pr\u00e9sent\u00e9s en personne par Jean-Michel Frodon.<\/strong><\/p>\n<p>Avec le soutien de la Villa Albertine &#8211; Institut Fran\u00e7ais<\/p>\n<p>Acc\u00e9dez au programme complet et lisez l&rsquo;essai introductif de Jean-Michel Frodon, co-organisateur du cycle<a href=\"https:\/\/www.moma.org\/calendar\/film\/5459\"> ICI<\/a><\/p>\n<p>\u00a0<\/p>\n<p>Film at MoMA is made possible by\u00a0<a href=\"https:\/\/www.moma.org\/support\/chanel\">CHANEL<\/a>.<\/p>\n<p>Additional support is provided by the Annual Film Fund. Leadership support for the Annual Film Fund is provided by Debra and Leon D. Black and by Steven Tisch, with major contributions from The Contemporary Arts Council of The Museum of Modern Art, Jo Carole and Ronald S. Lauder, MoMA\u2019s Wallis Annenberg Fund for Innovation in Contemporary Art through the Annenberg Foundation, the Association of Independent Commercial Producers (AICP), The Junior Associates of The Museum of Modern Art, the Samuel I. Newhouse Foundation, Karen and Gary Winnick, and The Brown Foundation, Inc., of Houston.<\/p>\n","protected":false},"featured_media":59139,"menu_order":0,"template":"","app_discipline":[266],"app_city_tax":[269,264],"app_event_type":[285],"class_list":["post-63606","app_event","type-app_event","status-publish","has-post-thumbnail","hentry","app_discipline-cinema-fr","app_city_tax-bos-fr","app_city_tax-nyc-fr","app_event_type-festival-fr"],"acf":[],"yoast_head":"<!-- This site is optimized with the Yoast SEO plugin v27.3 - https:\/\/yoast.com\/product\/yoast-seo-wordpress\/ -->\n<title>Les cin\u00e9astes oubli\u00e9s de la nouvelle vague fran\u00e7aise au MoMA - Villa Albertine<\/title>\n<meta name=\"robots\" content=\"index, follow, max-snippet:-1, max-image-preview:large, max-video-preview:-1\" \/>\n<link rel=\"canonical\" href=\"https:\/\/villa-albertine.org\/va\/fr\/events\/forgotten-filmmakers-french-new-wave-moma\/\" \/>\n<meta property=\"og:locale\" content=\"fr_FR\" \/>\n<meta property=\"og:type\" content=\"article\" \/>\n<meta property=\"og:title\" content=\"Les cin\u00e9astes oubli\u00e9s de la nouvelle vague fran\u00e7aise au MoMA - Villa Albertine\" \/>\n<meta property=\"og:description\" content=\"Cette grande r\u00e9trospective de plus de 40 longs et courts m\u00e9trages permet de d\u00e9couvrir les plus importants d&rsquo;entre eux, en s&rsquo;appuyant sur le dictionnaire de 162 nouveaux cin\u00e9astes paru dans le num\u00e9ro de d\u00e9cembre 1962 des Cahiers du cin\u00e9ma. Parmi ceux-ci, on trouve L&rsquo;insoumis d&rsquo;Alain Cavalier, rarement projet\u00e9, avec Alain Delon, ainsi que d&rsquo;autres films...\" \/>\n<meta property=\"og:url\" content=\"https:\/\/villa-albertine.org\/va\/fr\/events\/forgotten-filmmakers-french-new-wave-moma\/\" \/>\n<meta property=\"og:site_name\" content=\"Villa Albertine\" \/>\n<meta property=\"article:modified_time\" content=\"2023-08-23T08:10:47+00:00\" \/>\n<meta property=\"og:image\" content=\"https:\/\/villa-albertine.org\/wp-content\/uploads\/2023\/08\/Lamour-a-la-mer-Guy-Gilles2028129.jpg\" \/>\n\t<meta property=\"og:image:width\" content=\"1200\" \/>\n\t<meta property=\"og:image:height\" content=\"730\" \/>\n\t<meta property=\"og:image:type\" content=\"image\/jpeg\" \/>\n<meta name=\"twitter:card\" content=\"summary_large_image\" \/>\n<meta name=\"twitter:label1\" content=\"Dur\u00e9e de lecture estim\u00e9e\" \/>\n\t<meta name=\"twitter:data1\" content=\"2 minutes\" \/>\n<script type=\"application\/ld+json\" class=\"yoast-schema-graph\">{\"@context\":\"https:\\\/\\\/schema.org\",\"@graph\":[{\"@type\":\"WebPage\",\"@id\":\"https:\\\/\\\/villa-albertine.org\\\/va\\\/fr\\\/events\\\/forgotten-filmmakers-french-new-wave-moma\\\/\",\"url\":\"https:\\\/\\\/villa-albertine.org\\\/va\\\/fr\\\/events\\\/forgotten-filmmakers-french-new-wave-moma\\\/\",\"name\":\"Les cin\u00e9astes oubli\u00e9s de la nouvelle vague fran\u00e7aise au MoMA - Villa Albertine\",\"isPartOf\":{\"@id\":\"https:\\\/\\\/villa-albertine.org\\\/va\\\/fr\\\/#website\"},\"primaryImageOfPage\":{\"@id\":\"https:\\\/\\\/villa-albertine.org\\\/va\\\/fr\\\/events\\\/forgotten-filmmakers-french-new-wave-moma\\\/#primaryimage\"},\"image\":{\"@id\":\"https:\\\/\\\/villa-albertine.org\\\/va\\\/fr\\\/events\\\/forgotten-filmmakers-french-new-wave-moma\\\/#primaryimage\"},\"thumbnailUrl\":\"https:\\\/\\\/villa-albertine.org\\\/wp-content\\\/uploads\\\/2023\\\/08\\\/Lamour-a-la-mer-Guy-Gilles2028129.jpg\",\"datePublished\":\"2022-04-27T14:37:23+00:00\",\"dateModified\":\"2023-08-23T08:10:47+00:00\",\"breadcrumb\":{\"@id\":\"https:\\\/\\\/villa-albertine.org\\\/va\\\/fr\\\/events\\\/forgotten-filmmakers-french-new-wave-moma\\\/#breadcrumb\"},\"inLanguage\":\"fr-FR\",\"potentialAction\":[{\"@type\":\"ReadAction\",\"target\":[\"https:\\\/\\\/villa-albertine.org\\\/va\\\/fr\\\/events\\\/forgotten-filmmakers-french-new-wave-moma\\\/\"]}]},{\"@type\":\"ImageObject\",\"inLanguage\":\"fr-FR\",\"@id\":\"https:\\\/\\\/villa-albertine.org\\\/va\\\/fr\\\/events\\\/forgotten-filmmakers-french-new-wave-moma\\\/#primaryimage\",\"url\":\"https:\\\/\\\/villa-albertine.org\\\/wp-content\\\/uploads\\\/2023\\\/08\\\/Lamour-a-la-mer-Guy-Gilles2028129.jpg\",\"contentUrl\":\"https:\\\/\\\/villa-albertine.org\\\/wp-content\\\/uploads\\\/2023\\\/08\\\/Lamour-a-la-mer-Guy-Gilles2028129.jpg\",\"width\":1200,\"height\":730},{\"@type\":\"BreadcrumbList\",\"@id\":\"https:\\\/\\\/villa-albertine.org\\\/va\\\/fr\\\/events\\\/forgotten-filmmakers-french-new-wave-moma\\\/#breadcrumb\",\"itemListElement\":[{\"@type\":\"ListItem\",\"position\":1,\"name\":\"Home\",\"item\":\"https:\\\/\\\/villa-albertine.org\\\/va\\\/fr\\\/home\\\/\"},{\"@type\":\"ListItem\",\"position\":2,\"name\":\"Les cin\u00e9astes oubli\u00e9s de la nouvelle vague fran\u00e7aise au MoMA\"}]},{\"@type\":\"WebSite\",\"@id\":\"https:\\\/\\\/villa-albertine.org\\\/va\\\/fr\\\/#website\",\"url\":\"https:\\\/\\\/villa-albertine.org\\\/va\\\/fr\\\/\",\"name\":\"Villa Albertine\",\"description\":\"\",\"potentialAction\":[{\"@type\":\"SearchAction\",\"target\":{\"@type\":\"EntryPoint\",\"urlTemplate\":\"https:\\\/\\\/villa-albertine.org\\\/va\\\/fr\\\/?s={search_term_string}\"},\"query-input\":{\"@type\":\"PropertyValueSpecification\",\"valueRequired\":true,\"valueName\":\"search_term_string\"}}],\"inLanguage\":\"fr-FR\"}]}<\/script>\n<!-- \/ Yoast SEO plugin. -->","yoast_head_json":{"title":"Les cin\u00e9astes oubli\u00e9s de la nouvelle vague fran\u00e7aise au MoMA - Villa Albertine","robots":{"index":"index","follow":"follow","max-snippet":"max-snippet:-1","max-image-preview":"max-image-preview:large","max-video-preview":"max-video-preview:-1"},"canonical":"https:\/\/villa-albertine.org\/va\/fr\/events\/forgotten-filmmakers-french-new-wave-moma\/","og_locale":"fr_FR","og_type":"article","og_title":"Les cin\u00e9astes oubli\u00e9s de la nouvelle vague fran\u00e7aise au MoMA - Villa Albertine","og_description":"Cette grande r\u00e9trospective de plus de 40 longs et courts m\u00e9trages permet de d\u00e9couvrir les plus importants d&rsquo;entre eux, en s&rsquo;appuyant sur le dictionnaire de 162 nouveaux cin\u00e9astes paru dans le num\u00e9ro de d\u00e9cembre 1962 des Cahiers du cin\u00e9ma. Parmi ceux-ci, on trouve L&rsquo;insoumis d&rsquo;Alain Cavalier, rarement projet\u00e9, avec Alain Delon, ainsi que d&rsquo;autres films...","og_url":"https:\/\/villa-albertine.org\/va\/fr\/events\/forgotten-filmmakers-french-new-wave-moma\/","og_site_name":"Villa Albertine","article_modified_time":"2023-08-23T08:10:47+00:00","og_image":[{"width":1200,"height":730,"url":"https:\/\/villa-albertine.org\/wp-content\/uploads\/2023\/08\/Lamour-a-la-mer-Guy-Gilles2028129.jpg","type":"image\/jpeg"}],"twitter_card":"summary_large_image","twitter_misc":{"Dur\u00e9e de lecture estim\u00e9e":"2 minutes"},"schema":{"@context":"https:\/\/schema.org","@graph":[{"@type":"WebPage","@id":"https:\/\/villa-albertine.org\/va\/fr\/events\/forgotten-filmmakers-french-new-wave-moma\/","url":"https:\/\/villa-albertine.org\/va\/fr\/events\/forgotten-filmmakers-french-new-wave-moma\/","name":"Les cin\u00e9astes oubli\u00e9s de la nouvelle vague fran\u00e7aise au MoMA - Villa Albertine","isPartOf":{"@id":"https:\/\/villa-albertine.org\/va\/fr\/#website"},"primaryImageOfPage":{"@id":"https:\/\/villa-albertine.org\/va\/fr\/events\/forgotten-filmmakers-french-new-wave-moma\/#primaryimage"},"image":{"@id":"https:\/\/villa-albertine.org\/va\/fr\/events\/forgotten-filmmakers-french-new-wave-moma\/#primaryimage"},"thumbnailUrl":"https:\/\/villa-albertine.org\/wp-content\/uploads\/2023\/08\/Lamour-a-la-mer-Guy-Gilles2028129.jpg","datePublished":"2022-04-27T14:37:23+00:00","dateModified":"2023-08-23T08:10:47+00:00","breadcrumb":{"@id":"https:\/\/villa-albertine.org\/va\/fr\/events\/forgotten-filmmakers-french-new-wave-moma\/#breadcrumb"},"inLanguage":"fr-FR","potentialAction":[{"@type":"ReadAction","target":["https:\/\/villa-albertine.org\/va\/fr\/events\/forgotten-filmmakers-french-new-wave-moma\/"]}]},{"@type":"ImageObject","inLanguage":"fr-FR","@id":"https:\/\/villa-albertine.org\/va\/fr\/events\/forgotten-filmmakers-french-new-wave-moma\/#primaryimage","url":"https:\/\/villa-albertine.org\/wp-content\/uploads\/2023\/08\/Lamour-a-la-mer-Guy-Gilles2028129.jpg","contentUrl":"https:\/\/villa-albertine.org\/wp-content\/uploads\/2023\/08\/Lamour-a-la-mer-Guy-Gilles2028129.jpg","width":1200,"height":730},{"@type":"BreadcrumbList","@id":"https:\/\/villa-albertine.org\/va\/fr\/events\/forgotten-filmmakers-french-new-wave-moma\/#breadcrumb","itemListElement":[{"@type":"ListItem","position":1,"name":"Home","item":"https:\/\/villa-albertine.org\/va\/fr\/home\/"},{"@type":"ListItem","position":2,"name":"Les cin\u00e9astes oubli\u00e9s de la nouvelle vague fran\u00e7aise au MoMA"}]},{"@type":"WebSite","@id":"https:\/\/villa-albertine.org\/va\/fr\/#website","url":"https:\/\/villa-albertine.org\/va\/fr\/","name":"Villa Albertine","description":"","potentialAction":[{"@type":"SearchAction","target":{"@type":"EntryPoint","urlTemplate":"https:\/\/villa-albertine.org\/va\/fr\/?s={search_term_string}"},"query-input":{"@type":"PropertyValueSpecification","valueRequired":true,"valueName":"search_term_string"}}],"inLanguage":"fr-FR"}]}},"_links":{"self":[{"href":"https:\/\/villa-albertine.org\/va\/fr\/wp-json\/wp\/v2\/app_event\/63606","targetHints":{"allow":["GET"]}}],"collection":[{"href":"https:\/\/villa-albertine.org\/va\/fr\/wp-json\/wp\/v2\/app_event"}],"about":[{"href":"https:\/\/villa-albertine.org\/va\/fr\/wp-json\/wp\/v2\/types\/app_event"}],"wp:featuredmedia":[{"embeddable":true,"href":"https:\/\/villa-albertine.org\/va\/fr\/wp-json\/wp\/v2\/media\/59139"}],"wp:attachment":[{"href":"https:\/\/villa-albertine.org\/va\/fr\/wp-json\/wp\/v2\/media?parent=63606"}],"wp:term":[{"taxonomy":"app_discipline","embeddable":true,"href":"https:\/\/villa-albertine.org\/va\/fr\/wp-json\/wp\/v2\/app_discipline?post=63606"},{"taxonomy":"app_city_tax","embeddable":true,"href":"https:\/\/villa-albertine.org\/va\/fr\/wp-json\/wp\/v2\/app_city_tax?post=63606"},{"taxonomy":"app_event_type","embeddable":true,"href":"https:\/\/villa-albertine.org\/va\/fr\/wp-json\/wp\/v2\/app_event_type?post=63606"}],"curies":[{"name":"wp","href":"https:\/\/api.w.org\/{rel}","templated":true}]}}

Les cinéastes oubliés de la nouvelle vague française au MoMA

<p>Cette grande rétrospective de plus de 40 longs et courts métrages permet de découvrir les plus importants d&rsquo;entre eux, en s&rsquo;appuyant sur le dictionnaire de 162 nouveaux cinéastes paru dans le numéro de décembre 1962 des Cahiers du cinéma. Parmi ceux-ci, on trouve <em>L&rsquo;insoumis </em>d&rsquo;Alain Cavalier, rarement projeté, avec Alain Delon, ainsi que d&rsquo;autres films relatifs à la guerre d&rsquo;Algérie, dont <em>Les oliviers de la justice</em> de James Blue (1961) et <em>Octobre à Paris </em>de Jacques Panijel (1962), film interdit. Le spectre du colonialisme français se manifeste également dans le film révolutionnaire <em>Afrique sur Seine</em> (1955) de Jacques Melo Kane, Mamadou Sarr et Paulin Soumanou Viera, ainsi que dans les films ethnographiques de Jean Rouch, dont<em> Moi, un Noir</em> (1958). Si la Nouvelle Vague française était sans doute dominée par les hommes &#8211; l&rsquo;exposition ne néglige pas des noms comme Alexandre Astruc, Jacques Doniol-Valcroze, Georges Franju, Jacques Rozier ou Edouard Molinaro-, il y avait néanmoins quelques femmes, dont Paula Delsol, qui ont réalisé des œuvres profondément personnelles dans l&rsquo;ombre de la figure pionnière et imposante d&rsquo;Agnès Varda.</p>
<p><strong>Organisée par Jean-Michel Frodon, conservateur indépendant, et Joshua Siegel, conservateur, avec Olivia Priedite, assistante principale de programmation, département du cinéma.</strong></p>
<p><strong>La plupart des films seront présentés en personne par Jean-Michel Frodon.</strong></p>
<p>Avec le soutien de la Villa Albertine &#8211; Institut Français</p>
<p>Accédez au programme complet et lisez l&rsquo;essai introductif de Jean-Michel Frodon, co-organisateur du cycle<a href="https://www.moma.org/calendar/film/5459"> ICI</a></p>
<p> </p>
<p>Film at MoMA is made possible by <a href="https://www.moma.org/support/chanel">CHANEL</a>.</p>
<p>Additional support is provided by the Annual Film Fund. Leadership support for the Annual Film Fund is provided by Debra and Leon D. Black and by Steven Tisch, with major contributions from The Contemporary Arts Council of The Museum of Modern Art, Jo Carole and Ronald S. Lauder, MoMA’s Wallis Annenberg Fund for Innovation in Contemporary Art through the Annenberg Foundation, the Association of Independent Commercial Producers (AICP), The Junior Associates of The Museum of Modern Art, the Samuel I. Newhouse Foundation, Karen and Gary Winnick, and The Brown Foundation, Inc., of Houston.</p>

<!-- This site is optimized with the Yoast SEO plugin v27.3 - https://yoast.com/product/yoast-seo-wordpress/ -->
<title>Les cinéastes oubliés de la nouvelle vague française au MoMA - Villa Albertine</title>
<meta name="robots" content="index, follow, max-snippet:-1, max-image-preview:large, max-video-preview:-1" />
<link rel="canonical" href="https://villa-albertine.org/va/fr/events/forgotten-filmmakers-french-new-wave-moma/" />
<meta property="og:locale" content="fr_FR" />
<meta property="og:type" content="article" />
<meta property="og:title" content="Les cinéastes oubliés de la nouvelle vague française au MoMA - Villa Albertine" />
<meta property="og:description" content="Cette grande rétrospective de plus de 40 longs et courts métrages permet de découvrir les plus importants d&rsquo;entre eux, en s&rsquo;appuyant sur le dictionnaire de 162 nouveaux cinéastes paru dans le numéro de décembre 1962 des Cahiers du cinéma. Parmi ceux-ci, on trouve L&rsquo;insoumis d&rsquo;Alain Cavalier, rarement projeté, avec Alain Delon, ainsi que d&rsquo;autres films..." />
<meta property="og:url" content="https://villa-albertine.org/va/fr/events/forgotten-filmmakers-french-new-wave-moma/" />
<meta property="og:site_name" content="Villa Albertine" />
<meta property="article:modified_time" content="2023-08-23T08:10:47+00:00" />
<meta property="og:image" content="https://villa-albertine.org/wp-content/uploads/2023/08/Lamour-a-la-mer-Guy-Gilles2028129.jpg" />
	<meta property="og:image:width" content="1200" />
	<meta property="og:image:height" content="730" />
	<meta property="og:image:type" content="image/jpeg" />
<meta name="twitter:card" content="summary_large_image" />
<meta name="twitter:label1" content="Durée de lecture estimée" />
	<meta name="twitter:data1" content="2 minutes" />
<script type="application/ld+json" class="yoast-schema-graph">{"@context":"https:\/\/schema.org","@graph":[{"@type":"WebPage","@id":"https:\/\/villa-albertine.org\/va\/fr\/events\/forgotten-filmmakers-french-new-wave-moma\/","url":"https:\/\/villa-albertine.org\/va\/fr\/events\/forgotten-filmmakers-french-new-wave-moma\/","name":"Les cinéastes oubliés de la nouvelle vague française au MoMA - Villa Albertine","isPartOf":{"@id":"https:\/\/villa-albertine.org\/va\/fr\/#website"},"primaryImageOfPage":{"@id":"https:\/\/villa-albertine.org\/va\/fr\/events\/forgotten-filmmakers-french-new-wave-moma\/#primaryimage"},"image":{"@id":"https:\/\/villa-albertine.org\/va\/fr\/events\/forgotten-filmmakers-french-new-wave-moma\/#primaryimage"},"thumbnailUrl":"https:\/\/villa-albertine.org\/wp-content\/uploads\/2023\/08\/Lamour-a-la-mer-Guy-Gilles2028129.jpg","datePublished":"2022-04-27T14:37:23+00:00","dateModified":"2023-08-23T08:10:47+00:00","breadcrumb":{"@id":"https:\/\/villa-albertine.org\/va\/fr\/events\/forgotten-filmmakers-french-new-wave-moma\/#breadcrumb"},"inLanguage":"fr-FR","potentialAction":[{"@type":"ReadAction","target":["https:\/\/villa-albertine.org\/va\/fr\/events\/forgotten-filmmakers-french-new-wave-moma\/"]}]},{"@type":"ImageObject","inLanguage":"fr-FR","@id":"https:\/\/villa-albertine.org\/va\/fr\/events\/forgotten-filmmakers-french-new-wave-moma\/#primaryimage","url":"https:\/\/villa-albertine.org\/wp-content\/uploads\/2023\/08\/Lamour-a-la-mer-Guy-Gilles2028129.jpg","contentUrl":"https:\/\/villa-albertine.org\/wp-content\/uploads\/2023\/08\/Lamour-a-la-mer-Guy-Gilles2028129.jpg","width":1200,"height":730},{"@type":"BreadcrumbList","@id":"https:\/\/villa-albertine.org\/va\/fr\/events\/forgotten-filmmakers-french-new-wave-moma\/#breadcrumb","itemListElement":[{"@type":"ListItem","position":1,"name":"Home","item":"https:\/\/villa-albertine.org\/va\/fr\/home\/"},{"@type":"ListItem","position":2,"name":"Les cinéastes oubliés de la nouvelle vague française au MoMA"}]},{"@type":"WebSite","@id":"https:\/\/villa-albertine.org\/va\/fr\/#website","url":"https:\/\/villa-albertine.org\/va\/fr\/","name":"Villa Albertine","description":"","potentialAction":[{"@type":"SearchAction","target":{"@type":"EntryPoint","urlTemplate":"https:\/\/villa-albertine.org\/va\/fr\/?s={search_term_string}"},"query-input":{"@type":"PropertyValueSpecification","valueRequired":true,"valueName":"search_term_string"}}],"inLanguage":"fr-FR"}]}</script>
<!-- / Yoast SEO plugin. -->

Les cinéastes oubliés de la nouvelle vague française au MoMA - Villa Albertine

Cette grande rétrospective de plus de 40 longs et courts métrages permet de découvrir les plus importants d&rsquo;entre eux, en s&rsquo;appuyant sur le dictionnaire de 162 nouveaux cinéastes paru dans le numéro de décembre 1962 des Cahiers du cinéma. Parmi ceux-ci, on trouve L&rsquo;insoumis d&rsquo;Alain Cavalier, rarement projeté, avec Alain Delon, ainsi que d&rsquo;autres films...
