{"id":63599,"date":"2022-04-26T23:53:08","date_gmt":"2022-04-26T23:53:08","guid":{"rendered":"https:\/\/villa-albertine.org\/events\/san-francisco-silent-film-festival-back-may-5-11-2\/"},"modified":"2023-08-23T08:10:47","modified_gmt":"2023-08-23T08:10:47","slug":"san-francisco-silent-film-festival-back-may-5-11","status":"publish","type":"app_event","link":"https:\/\/villa-albertine.org\/va\/fr\/events\/san-francisco-silent-film-festival-back-may-5-11\/","title":{"rendered":"Le San Francisco Silent Film Festival fait son grand retour!"},"content":{"rendered":"<p>Pour cette programmation, le SFSFFF pr\u00e9sente trois films fran\u00e7ais, en partenariat avec la Villa Albertine San Francisco :<\/p>\n<p>\u00a0<\/p>\n<p>\u00ab\u00a0<a href=\"https:\/\/silentfilm.org\/event\/king-of-the-circus\/\">The King of the Circus<\/a>\u00a0\u00bb (<em>Le Roi du Cirque<\/em>) &#8211; Edouard-Emile Violet, 1924. Projection Samedi 7 mai \u00e0 11h00<\/p>\n<p>\u00ab\u00a0<a href=\"https:\/\/silentfilm.org\/event\/the-divine-voyage\/\">The Divine Voyage<\/a>\u00a0\u00bb\u00a0 (<em>La Divine Croisi\u00e8re<\/em>) &#8211; Julien Duvivier, 1929. Projection le mercredi 11 mai \u00e0 16h30<\/p>\n<p>\u00ab\u00a0<a href=\"https:\/\/silentfilm.org\/event\/dans-la-nuit\/\">Dans La Nuit<\/a>\u00a0\u00bb\u00a0 &#8211; Charles Vanel, 1929. Projection le lundi 9 mai \u00e0 19h<\/p>\n<p>\u00a0<\/p>\n<p>L&rsquo;archiviste fran\u00e7ais renomm\u00e9 Serge Bromberg de Lobster Films fera la pr\u00e9sentation du<em>\u00a0Roi du Cirque\u00a0<\/em>et de\u00a0<em>La Divine Croisi\u00e8re<\/em>.<\/p>\n<p>Rendez-vous sur le site officiel du SFSFF pour parcourir le programme du festival\u00a0et r\u00e9servez vos places pour l&rsquo;un des rendez-vous cin\u00e9ma les plus immanquables de l&rsquo;ann\u00e9e !\u00a0<\/p>\n<p><a href=\"https:\/\/silentfilm.org\/wp-content\/uploads\/2022\/03\/SFSFF2022_Guide.pdf\">Plus d&rsquo;information et programme ici<\/a><\/p>\n","protected":false},"featured_media":59114,"menu_order":0,"template":"","app_discipline":[283,266,281],"app_city_tax":[273],"app_event_type":[285],"class_list":["post-63599","app_event","type-app_event","status-publish","has-post-thumbnail","hentry","app_discipline-audiovisuel-fr","app_discipline-cinema-fr","app_discipline-musique-fr","app_city_tax-sf-fr","app_event_type-festival-fr"],"acf":[],"yoast_head":"<!-- This site is optimized with the Yoast SEO plugin v27.3 - https:\/\/yoast.com\/product\/yoast-seo-wordpress\/ -->\n<title>Le San Francisco Silent Film Festival fait son grand retour! - Villa Albertine<\/title>\n<meta name=\"robots\" content=\"index, follow, max-snippet:-1, max-image-preview:large, max-video-preview:-1\" \/>\n<link rel=\"canonical\" href=\"https:\/\/villa-albertine.org\/va\/fr\/events\/san-francisco-silent-film-festival-back-may-5-11\/\" \/>\n<meta property=\"og:locale\" content=\"fr_FR\" \/>\n<meta property=\"og:type\" content=\"article\" \/>\n<meta property=\"og:title\" content=\"Le San Francisco Silent Film Festival fait son grand retour! - Villa Albertine\" \/>\n<meta property=\"og:description\" content=\"Pour cette programmation, le SFSFFF pr\u00e9sente trois films fran\u00e7ais, en partenariat avec la Villa Albertine San Francisco : \u00a0 \u00ab\u00a0The King of the Circus\u00a0\u00bb (Le Roi du Cirque) &#8211; Edouard-Emile Violet, 1924. Projection Samedi 7 mai \u00e0 11h00 \u00ab\u00a0The Divine Voyage\u00a0\u00bb\u00a0 (La Divine Croisi\u00e8re) &#8211; Julien Duvivier, 1929. Projection le mercredi 11 mai \u00e0 16h30...\" \/>\n<meta property=\"og:url\" content=\"https:\/\/villa-albertine.org\/va\/fr\/events\/san-francisco-silent-film-festival-back-may-5-11\/\" \/>\n<meta property=\"og:site_name\" content=\"Villa Albertine\" \/>\n<meta property=\"article:modified_time\" content=\"2023-08-23T08:10:47+00:00\" \/>\n<meta property=\"og:image\" content=\"https:\/\/villa-albertine.org\/wp-content\/uploads\/2023\/08\/King20of20the20Circus.2.jpg\" \/>\n\t<meta property=\"og:image:width\" content=\"1359\" \/>\n\t<meta property=\"og:image:height\" content=\"1711\" \/>\n\t<meta property=\"og:image:type\" content=\"image\/jpeg\" \/>\n<meta name=\"twitter:card\" content=\"summary_large_image\" \/>\n<meta name=\"twitter:label1\" content=\"Dur\u00e9e de lecture estim\u00e9e\" \/>\n\t<meta name=\"twitter:data1\" content=\"1 minute\" \/>\n<script type=\"application\/ld+json\" class=\"yoast-schema-graph\">{\"@context\":\"https:\\\/\\\/schema.org\",\"@graph\":[{\"@type\":\"WebPage\",\"@id\":\"https:\\\/\\\/villa-albertine.org\\\/va\\\/fr\\\/events\\\/san-francisco-silent-film-festival-back-may-5-11\\\/\",\"url\":\"https:\\\/\\\/villa-albertine.org\\\/va\\\/fr\\\/events\\\/san-francisco-silent-film-festival-back-may-5-11\\\/\",\"name\":\"Le San Francisco Silent Film Festival fait son grand retour! - Villa Albertine\",\"isPartOf\":{\"@id\":\"https:\\\/\\\/villa-albertine.org\\\/va\\\/fr\\\/#website\"},\"primaryImageOfPage\":{\"@id\":\"https:\\\/\\\/villa-albertine.org\\\/va\\\/fr\\\/events\\\/san-francisco-silent-film-festival-back-may-5-11\\\/#primaryimage\"},\"image\":{\"@id\":\"https:\\\/\\\/villa-albertine.org\\\/va\\\/fr\\\/events\\\/san-francisco-silent-film-festival-back-may-5-11\\\/#primaryimage\"},\"thumbnailUrl\":\"https:\\\/\\\/villa-albertine.org\\\/wp-content\\\/uploads\\\/2023\\\/08\\\/King20of20the20Circus.2.jpg\",\"datePublished\":\"2022-04-26T23:53:08+00:00\",\"dateModified\":\"2023-08-23T08:10:47+00:00\",\"breadcrumb\":{\"@id\":\"https:\\\/\\\/villa-albertine.org\\\/va\\\/fr\\\/events\\\/san-francisco-silent-film-festival-back-may-5-11\\\/#breadcrumb\"},\"inLanguage\":\"fr-FR\",\"potentialAction\":[{\"@type\":\"ReadAction\",\"target\":[\"https:\\\/\\\/villa-albertine.org\\\/va\\\/fr\\\/events\\\/san-francisco-silent-film-festival-back-may-5-11\\\/\"]}]},{\"@type\":\"ImageObject\",\"inLanguage\":\"fr-FR\",\"@id\":\"https:\\\/\\\/villa-albertine.org\\\/va\\\/fr\\\/events\\\/san-francisco-silent-film-festival-back-may-5-11\\\/#primaryimage\",\"url\":\"https:\\\/\\\/villa-albertine.org\\\/wp-content\\\/uploads\\\/2023\\\/08\\\/King20of20the20Circus.2.jpg\",\"contentUrl\":\"https:\\\/\\\/villa-albertine.org\\\/wp-content\\\/uploads\\\/2023\\\/08\\\/King20of20the20Circus.2.jpg\",\"width\":1359,\"height\":1711},{\"@type\":\"BreadcrumbList\",\"@id\":\"https:\\\/\\\/villa-albertine.org\\\/va\\\/fr\\\/events\\\/san-francisco-silent-film-festival-back-may-5-11\\\/#breadcrumb\",\"itemListElement\":[{\"@type\":\"ListItem\",\"position\":1,\"name\":\"Home\",\"item\":\"https:\\\/\\\/villa-albertine.org\\\/va\\\/fr\\\/home\\\/\"},{\"@type\":\"ListItem\",\"position\":2,\"name\":\"Le San Francisco Silent Film Festival fait son grand retour!\"}]},{\"@type\":\"WebSite\",\"@id\":\"https:\\\/\\\/villa-albertine.org\\\/va\\\/fr\\\/#website\",\"url\":\"https:\\\/\\\/villa-albertine.org\\\/va\\\/fr\\\/\",\"name\":\"Villa Albertine\",\"description\":\"\",\"potentialAction\":[{\"@type\":\"SearchAction\",\"target\":{\"@type\":\"EntryPoint\",\"urlTemplate\":\"https:\\\/\\\/villa-albertine.org\\\/va\\\/fr\\\/?s={search_term_string}\"},\"query-input\":{\"@type\":\"PropertyValueSpecification\",\"valueRequired\":true,\"valueName\":\"search_term_string\"}}],\"inLanguage\":\"fr-FR\"}]}<\/script>\n<!-- \/ Yoast SEO plugin. -->","yoast_head_json":{"title":"Le San Francisco Silent Film Festival fait son grand retour! - Villa Albertine","robots":{"index":"index","follow":"follow","max-snippet":"max-snippet:-1","max-image-preview":"max-image-preview:large","max-video-preview":"max-video-preview:-1"},"canonical":"https:\/\/villa-albertine.org\/va\/fr\/events\/san-francisco-silent-film-festival-back-may-5-11\/","og_locale":"fr_FR","og_type":"article","og_title":"Le San Francisco Silent Film Festival fait son grand retour! - Villa Albertine","og_description":"Pour cette programmation, le SFSFFF pr\u00e9sente trois films fran\u00e7ais, en partenariat avec la Villa Albertine San Francisco : \u00a0 \u00ab\u00a0The King of the Circus\u00a0\u00bb (Le Roi du Cirque) &#8211; Edouard-Emile Violet, 1924. Projection Samedi 7 mai \u00e0 11h00 \u00ab\u00a0The Divine Voyage\u00a0\u00bb\u00a0 (La Divine Croisi\u00e8re) &#8211; Julien Duvivier, 1929. Projection le mercredi 11 mai \u00e0 16h30...","og_url":"https:\/\/villa-albertine.org\/va\/fr\/events\/san-francisco-silent-film-festival-back-may-5-11\/","og_site_name":"Villa Albertine","article_modified_time":"2023-08-23T08:10:47+00:00","og_image":[{"width":1359,"height":1711,"url":"https:\/\/villa-albertine.org\/wp-content\/uploads\/2023\/08\/King20of20the20Circus.2.jpg","type":"image\/jpeg"}],"twitter_card":"summary_large_image","twitter_misc":{"Dur\u00e9e de lecture estim\u00e9e":"1 minute"},"schema":{"@context":"https:\/\/schema.org","@graph":[{"@type":"WebPage","@id":"https:\/\/villa-albertine.org\/va\/fr\/events\/san-francisco-silent-film-festival-back-may-5-11\/","url":"https:\/\/villa-albertine.org\/va\/fr\/events\/san-francisco-silent-film-festival-back-may-5-11\/","name":"Le San Francisco Silent Film Festival fait son grand retour! - Villa Albertine","isPartOf":{"@id":"https:\/\/villa-albertine.org\/va\/fr\/#website"},"primaryImageOfPage":{"@id":"https:\/\/villa-albertine.org\/va\/fr\/events\/san-francisco-silent-film-festival-back-may-5-11\/#primaryimage"},"image":{"@id":"https:\/\/villa-albertine.org\/va\/fr\/events\/san-francisco-silent-film-festival-back-may-5-11\/#primaryimage"},"thumbnailUrl":"https:\/\/villa-albertine.org\/wp-content\/uploads\/2023\/08\/King20of20the20Circus.2.jpg","datePublished":"2022-04-26T23:53:08+00:00","dateModified":"2023-08-23T08:10:47+00:00","breadcrumb":{"@id":"https:\/\/villa-albertine.org\/va\/fr\/events\/san-francisco-silent-film-festival-back-may-5-11\/#breadcrumb"},"inLanguage":"fr-FR","potentialAction":[{"@type":"ReadAction","target":["https:\/\/villa-albertine.org\/va\/fr\/events\/san-francisco-silent-film-festival-back-may-5-11\/"]}]},{"@type":"ImageObject","inLanguage":"fr-FR","@id":"https:\/\/villa-albertine.org\/va\/fr\/events\/san-francisco-silent-film-festival-back-may-5-11\/#primaryimage","url":"https:\/\/villa-albertine.org\/wp-content\/uploads\/2023\/08\/King20of20the20Circus.2.jpg","contentUrl":"https:\/\/villa-albertine.org\/wp-content\/uploads\/2023\/08\/King20of20the20Circus.2.jpg","width":1359,"height":1711},{"@type":"BreadcrumbList","@id":"https:\/\/villa-albertine.org\/va\/fr\/events\/san-francisco-silent-film-festival-back-may-5-11\/#breadcrumb","itemListElement":[{"@type":"ListItem","position":1,"name":"Home","item":"https:\/\/villa-albertine.org\/va\/fr\/home\/"},{"@type":"ListItem","position":2,"name":"Le San Francisco Silent Film Festival fait son grand retour!"}]},{"@type":"WebSite","@id":"https:\/\/villa-albertine.org\/va\/fr\/#website","url":"https:\/\/villa-albertine.org\/va\/fr\/","name":"Villa Albertine","description":"","potentialAction":[{"@type":"SearchAction","target":{"@type":"EntryPoint","urlTemplate":"https:\/\/villa-albertine.org\/va\/fr\/?s={search_term_string}"},"query-input":{"@type":"PropertyValueSpecification","valueRequired":true,"valueName":"search_term_string"}}],"inLanguage":"fr-FR"}]}},"_links":{"self":[{"href":"https:\/\/villa-albertine.org\/va\/fr\/wp-json\/wp\/v2\/app_event\/63599","targetHints":{"allow":["GET"]}}],"collection":[{"href":"https:\/\/villa-albertine.org\/va\/fr\/wp-json\/wp\/v2\/app_event"}],"about":[{"href":"https:\/\/villa-albertine.org\/va\/fr\/wp-json\/wp\/v2\/types\/app_event"}],"wp:featuredmedia":[{"embeddable":true,"href":"https:\/\/villa-albertine.org\/va\/fr\/wp-json\/wp\/v2\/media\/59114"}],"wp:attachment":[{"href":"https:\/\/villa-albertine.org\/va\/fr\/wp-json\/wp\/v2\/media?parent=63599"}],"wp:term":[{"taxonomy":"app_discipline","embeddable":true,"href":"https:\/\/villa-albertine.org\/va\/fr\/wp-json\/wp\/v2\/app_discipline?post=63599"},{"taxonomy":"app_city_tax","embeddable":true,"href":"https:\/\/villa-albertine.org\/va\/fr\/wp-json\/wp\/v2\/app_city_tax?post=63599"},{"taxonomy":"app_event_type","embeddable":true,"href":"https:\/\/villa-albertine.org\/va\/fr\/wp-json\/wp\/v2\/app_event_type?post=63599"}],"curies":[{"name":"wp","href":"https:\/\/api.w.org\/{rel}","templated":true}]}}

<p>Pour cette programmation, le SFSFFF présente trois films français, en partenariat avec la Villa Albertine San Francisco :</p>
<p> </p>
<p>« <a href="https://silentfilm.org/event/king-of-the-circus/">The King of the Circus</a> » (<em>Le Roi du Cirque</em>) &#8211; Edouard-Emile Violet, 1924. Projection Samedi 7 mai à 11h00</p>
<p>« <a href="https://silentfilm.org/event/the-divine-voyage/">The Divine Voyage</a> »  (<em>La Divine Croisière</em>) &#8211; Julien Duvivier, 1929. Projection le mercredi 11 mai à 16h30</p>
<p>« <a href="https://silentfilm.org/event/dans-la-nuit/">Dans La Nuit</a> »  &#8211; Charles Vanel, 1929. Projection le lundi 9 mai à 19h</p>
<p> </p>
<p>L&rsquo;archiviste français renommé Serge Bromberg de Lobster Films fera la présentation du<em> Roi du Cirque </em>et de <em>La Divine Croisière</em>.</p>
<p>Rendez-vous sur le site officiel du SFSFF pour parcourir le programme du festival et réservez vos places pour l&rsquo;un des rendez-vous cinéma les plus immanquables de l&rsquo;année ! </p>
<p><a href="https://silentfilm.org/wp-content/uploads/2022/03/SFSFF2022_Guide.pdf">Plus d&rsquo;information et programme ici</a></p>

<!-- This site is optimized with the Yoast SEO plugin v27.3 - https://yoast.com/product/yoast-seo-wordpress/ -->
<title>Le San Francisco Silent Film Festival fait son grand retour! - Villa Albertine</title>
<meta name="robots" content="index, follow, max-snippet:-1, max-image-preview:large, max-video-preview:-1" />
<link rel="canonical" href="https://villa-albertine.org/va/fr/events/san-francisco-silent-film-festival-back-may-5-11/" />
<meta property="og:locale" content="fr_FR" />
<meta property="og:type" content="article" />
<meta property="og:title" content="Le San Francisco Silent Film Festival fait son grand retour! - Villa Albertine" />
<meta property="og:description" content="Pour cette programmation, le SFSFFF présente trois films français, en partenariat avec la Villa Albertine San Francisco :   « The King of the Circus » (Le Roi du Cirque) &#8211; Edouard-Emile Violet, 1924. Projection Samedi 7 mai à 11h00 « The Divine Voyage »  (La Divine Croisière) &#8211; Julien Duvivier, 1929. Projection le mercredi 11 mai à 16h30..." />
<meta property="og:url" content="https://villa-albertine.org/va/fr/events/san-francisco-silent-film-festival-back-may-5-11/" />
<meta property="og:site_name" content="Villa Albertine" />
<meta property="article:modified_time" content="2023-08-23T08:10:47+00:00" />
<meta property="og:image" content="https://villa-albertine.org/wp-content/uploads/2023/08/King20of20the20Circus.2.jpg" />
	<meta property="og:image:width" content="1359" />
	<meta property="og:image:height" content="1711" />
	<meta property="og:image:type" content="image/jpeg" />
<meta name="twitter:card" content="summary_large_image" />
<meta name="twitter:label1" content="Durée de lecture estimée" />
	<meta name="twitter:data1" content="1 minute" />
<script type="application/ld+json" class="yoast-schema-graph">{"@context":"https:\/\/schema.org","@graph":[{"@type":"WebPage","@id":"https:\/\/villa-albertine.org\/va\/fr\/events\/san-francisco-silent-film-festival-back-may-5-11\/","url":"https:\/\/villa-albertine.org\/va\/fr\/events\/san-francisco-silent-film-festival-back-may-5-11\/","name":"Le San Francisco Silent Film Festival fait son grand retour! - Villa Albertine","isPartOf":{"@id":"https:\/\/villa-albertine.org\/va\/fr\/#website"},"primaryImageOfPage":{"@id":"https:\/\/villa-albertine.org\/va\/fr\/events\/san-francisco-silent-film-festival-back-may-5-11\/#primaryimage"},"image":{"@id":"https:\/\/villa-albertine.org\/va\/fr\/events\/san-francisco-silent-film-festival-back-may-5-11\/#primaryimage"},"thumbnailUrl":"https:\/\/villa-albertine.org\/wp-content\/uploads\/2023\/08\/King20of20the20Circus.2.jpg","datePublished":"2022-04-26T23:53:08+00:00","dateModified":"2023-08-23T08:10:47+00:00","breadcrumb":{"@id":"https:\/\/villa-albertine.org\/va\/fr\/events\/san-francisco-silent-film-festival-back-may-5-11\/#breadcrumb"},"inLanguage":"fr-FR","potentialAction":[{"@type":"ReadAction","target":["https:\/\/villa-albertine.org\/va\/fr\/events\/san-francisco-silent-film-festival-back-may-5-11\/"]}]},{"@type":"ImageObject","inLanguage":"fr-FR","@id":"https:\/\/villa-albertine.org\/va\/fr\/events\/san-francisco-silent-film-festival-back-may-5-11\/#primaryimage","url":"https:\/\/villa-albertine.org\/wp-content\/uploads\/2023\/08\/King20of20the20Circus.2.jpg","contentUrl":"https:\/\/villa-albertine.org\/wp-content\/uploads\/2023\/08\/King20of20the20Circus.2.jpg","width":1359,"height":1711},{"@type":"BreadcrumbList","@id":"https:\/\/villa-albertine.org\/va\/fr\/events\/san-francisco-silent-film-festival-back-may-5-11\/#breadcrumb","itemListElement":[{"@type":"ListItem","position":1,"name":"Home","item":"https:\/\/villa-albertine.org\/va\/fr\/home\/"},{"@type":"ListItem","position":2,"name":"Le San Francisco Silent Film Festival fait son grand retour!"}]},{"@type":"WebSite","@id":"https:\/\/villa-albertine.org\/va\/fr\/#website","url":"https:\/\/villa-albertine.org\/va\/fr\/","name":"Villa Albertine","description":"","potentialAction":[{"@type":"SearchAction","target":{"@type":"EntryPoint","urlTemplate":"https:\/\/villa-albertine.org\/va\/fr\/?s={search_term_string}"},"query-input":{"@type":"PropertyValueSpecification","valueRequired":true,"valueName":"search_term_string"}}],"inLanguage":"fr-FR"}]}</script>
<!-- / Yoast SEO plugin. -->

Pour cette programmation, le SFSFFF présente trois films français, en partenariat avec la Villa Albertine San Francisco :   « The King of the Circus » (Le Roi du Cirque) &#8211; Edouard-Emile Violet, 1924. Projection Samedi 7 mai à 11h00 « The Divine Voyage »  (La Divine Croisière) &#8211; Julien Duvivier, 1929. Projection le mercredi 11 mai à 16h30...
