{"id":63541,"date":"2022-01-20T22:42:08","date_gmt":"2022-01-20T22:42:08","guid":{"rendered":"https:\/\/villa-albertine.org\/events\/night-short-french-films-2\/"},"modified":"2023-08-23T08:10:42","modified_gmt":"2023-08-23T08:10:42","slug":"night-short-french-films","status":"publish","type":"app_event","link":"https:\/\/villa-albertine.org\/va\/fr\/events\/night-short-french-films\/","title":{"rendered":"A Night of Short French Films"},"content":{"rendered":"<p>Tous les ans depuis 13 ans, A Night of Short French Films propose une s\u00e9lection diverse de courts m\u00e9trages r\u00e9alis\u00e9s par de talentueux r\u00e9alisateurs fran\u00e7ais. Cette ann\u00e9e, la projection sera accompagn\u00e9e d&rsquo;une d\u00e9gustation de vins et de fromages.<\/p>\n<p>Venez voter pour votre court m\u00e9trage pr\u00e9f\u00e9r\u00e9 ! Le film le plus appr\u00e9ci\u00e9 recevra le Prix du public, accompagn\u00e9 d&rsquo;une lettre de f\u00e9licitations.<\/p>\n<p>\u00a0<\/p>\n<p><em>Tous les films sont en fran\u00e7ais et sous-titr\u00e9s en anglais.<\/em><\/p>\n<p><em>Tarifs :\u00a0<\/em><\/p>\n<p><em>$17 Tarif g\u00e9n\u00e9ral (comprend une d\u00e9gustation de vin et de fromages)<\/em><\/p>\n<p><em>$12 Tarif \u00e9tudiants et s\u00e9niors (comprend une d\u00e9gustation de vin et de fromages)<\/em><\/p>\n<p>\u00a0<\/p>\n<p><strong><a href=\"https:\/\/www.theatreraymondkabbaz.com\/upcoming-events-1\/2022\/2\/10\/a-night-of-short-french-films\">Pour r\u00e9server vos billets et obtenir plus d&rsquo;information, consultez le site du Th\u00e9\u00e2tre Raymond Kabbaz en cliquant ici.<\/a><\/strong><\/p>\n","protected":false},"featured_media":58672,"menu_order":0,"template":"","app_discipline":[266],"app_city_tax":[267],"app_event_type":[287],"class_list":["post-63541","app_event","type-app_event","status-publish","has-post-thumbnail","hentry","app_discipline-cinema-fr","app_city_tax-la-fr","app_event_type-film-fr"],"acf":[],"yoast_head":"<!-- This site is optimized with the Yoast SEO plugin v27.3 - https:\/\/yoast.com\/product\/yoast-seo-wordpress\/ -->\n<title>A Night of Short French Films - Villa Albertine<\/title>\n<meta name=\"robots\" content=\"index, follow, max-snippet:-1, max-image-preview:large, max-video-preview:-1\" \/>\n<link rel=\"canonical\" href=\"https:\/\/villa-albertine.org\/va\/fr\/events\/night-short-french-films\/\" \/>\n<meta property=\"og:locale\" content=\"fr_FR\" \/>\n<meta property=\"og:type\" content=\"article\" \/>\n<meta property=\"og:title\" content=\"A Night of Short French Films - Villa Albertine\" \/>\n<meta property=\"og:description\" content=\"Tous les ans depuis 13 ans, A Night of Short French Films propose une s\u00e9lection diverse de courts m\u00e9trages r\u00e9alis\u00e9s par de talentueux r\u00e9alisateurs fran\u00e7ais. Cette ann\u00e9e, la projection sera accompagn\u00e9e d&rsquo;une d\u00e9gustation de vins et de fromages. Venez voter pour votre court m\u00e9trage pr\u00e9f\u00e9r\u00e9 ! Le film le plus appr\u00e9ci\u00e9 recevra le Prix du...\" \/>\n<meta property=\"og:url\" content=\"https:\/\/villa-albertine.org\/va\/fr\/events\/night-short-french-films\/\" \/>\n<meta property=\"og:site_name\" content=\"Villa Albertine\" \/>\n<meta property=\"article:modified_time\" content=\"2023-08-23T08:10:42+00:00\" \/>\n<meta property=\"og:image\" content=\"https:\/\/villa-albertine.org\/wp-content\/uploads\/2023\/08\/a20night20of20short20french20films.jpg\" \/>\n\t<meta property=\"og:image:width\" content=\"1000\" \/>\n\t<meta property=\"og:image:height\" content=\"500\" \/>\n\t<meta property=\"og:image:type\" content=\"image\/jpeg\" \/>\n<meta name=\"twitter:card\" content=\"summary_large_image\" \/>\n<meta name=\"twitter:label1\" content=\"Dur\u00e9e de lecture estim\u00e9e\" \/>\n\t<meta name=\"twitter:data1\" content=\"1 minute\" \/>\n<script type=\"application\/ld+json\" class=\"yoast-schema-graph\">{\"@context\":\"https:\\\/\\\/schema.org\",\"@graph\":[{\"@type\":\"WebPage\",\"@id\":\"https:\\\/\\\/villa-albertine.org\\\/va\\\/fr\\\/events\\\/night-short-french-films\\\/\",\"url\":\"https:\\\/\\\/villa-albertine.org\\\/va\\\/fr\\\/events\\\/night-short-french-films\\\/\",\"name\":\"A Night of Short French Films - Villa Albertine\",\"isPartOf\":{\"@id\":\"https:\\\/\\\/villa-albertine.org\\\/va\\\/fr\\\/#website\"},\"primaryImageOfPage\":{\"@id\":\"https:\\\/\\\/villa-albertine.org\\\/va\\\/fr\\\/events\\\/night-short-french-films\\\/#primaryimage\"},\"image\":{\"@id\":\"https:\\\/\\\/villa-albertine.org\\\/va\\\/fr\\\/events\\\/night-short-french-films\\\/#primaryimage\"},\"thumbnailUrl\":\"https:\\\/\\\/villa-albertine.org\\\/wp-content\\\/uploads\\\/2023\\\/08\\\/a20night20of20short20french20films.jpg\",\"datePublished\":\"2022-01-20T22:42:08+00:00\",\"dateModified\":\"2023-08-23T08:10:42+00:00\",\"breadcrumb\":{\"@id\":\"https:\\\/\\\/villa-albertine.org\\\/va\\\/fr\\\/events\\\/night-short-french-films\\\/#breadcrumb\"},\"inLanguage\":\"fr-FR\",\"potentialAction\":[{\"@type\":\"ReadAction\",\"target\":[\"https:\\\/\\\/villa-albertine.org\\\/va\\\/fr\\\/events\\\/night-short-french-films\\\/\"]}]},{\"@type\":\"ImageObject\",\"inLanguage\":\"fr-FR\",\"@id\":\"https:\\\/\\\/villa-albertine.org\\\/va\\\/fr\\\/events\\\/night-short-french-films\\\/#primaryimage\",\"url\":\"https:\\\/\\\/villa-albertine.org\\\/wp-content\\\/uploads\\\/2023\\\/08\\\/a20night20of20short20french20films.jpg\",\"contentUrl\":\"https:\\\/\\\/villa-albertine.org\\\/wp-content\\\/uploads\\\/2023\\\/08\\\/a20night20of20short20french20films.jpg\",\"width\":1000,\"height\":500},{\"@type\":\"BreadcrumbList\",\"@id\":\"https:\\\/\\\/villa-albertine.org\\\/va\\\/fr\\\/events\\\/night-short-french-films\\\/#breadcrumb\",\"itemListElement\":[{\"@type\":\"ListItem\",\"position\":1,\"name\":\"Home\",\"item\":\"https:\\\/\\\/villa-albertine.org\\\/va\\\/fr\\\/home\\\/\"},{\"@type\":\"ListItem\",\"position\":2,\"name\":\"A Night of Short French Films\"}]},{\"@type\":\"WebSite\",\"@id\":\"https:\\\/\\\/villa-albertine.org\\\/va\\\/fr\\\/#website\",\"url\":\"https:\\\/\\\/villa-albertine.org\\\/va\\\/fr\\\/\",\"name\":\"Villa Albertine\",\"description\":\"\",\"potentialAction\":[{\"@type\":\"SearchAction\",\"target\":{\"@type\":\"EntryPoint\",\"urlTemplate\":\"https:\\\/\\\/villa-albertine.org\\\/va\\\/fr\\\/?s={search_term_string}\"},\"query-input\":{\"@type\":\"PropertyValueSpecification\",\"valueRequired\":true,\"valueName\":\"search_term_string\"}}],\"inLanguage\":\"fr-FR\"}]}<\/script>\n<!-- \/ Yoast SEO plugin. -->","yoast_head_json":{"title":"A Night of Short French Films - Villa Albertine","robots":{"index":"index","follow":"follow","max-snippet":"max-snippet:-1","max-image-preview":"max-image-preview:large","max-video-preview":"max-video-preview:-1"},"canonical":"https:\/\/villa-albertine.org\/va\/fr\/events\/night-short-french-films\/","og_locale":"fr_FR","og_type":"article","og_title":"A Night of Short French Films - Villa Albertine","og_description":"Tous les ans depuis 13 ans, A Night of Short French Films propose une s\u00e9lection diverse de courts m\u00e9trages r\u00e9alis\u00e9s par de talentueux r\u00e9alisateurs fran\u00e7ais. Cette ann\u00e9e, la projection sera accompagn\u00e9e d&rsquo;une d\u00e9gustation de vins et de fromages. Venez voter pour votre court m\u00e9trage pr\u00e9f\u00e9r\u00e9 ! Le film le plus appr\u00e9ci\u00e9 recevra le Prix du...","og_url":"https:\/\/villa-albertine.org\/va\/fr\/events\/night-short-french-films\/","og_site_name":"Villa Albertine","article_modified_time":"2023-08-23T08:10:42+00:00","og_image":[{"width":1000,"height":500,"url":"https:\/\/villa-albertine.org\/wp-content\/uploads\/2023\/08\/a20night20of20short20french20films.jpg","type":"image\/jpeg"}],"twitter_card":"summary_large_image","twitter_misc":{"Dur\u00e9e de lecture estim\u00e9e":"1 minute"},"schema":{"@context":"https:\/\/schema.org","@graph":[{"@type":"WebPage","@id":"https:\/\/villa-albertine.org\/va\/fr\/events\/night-short-french-films\/","url":"https:\/\/villa-albertine.org\/va\/fr\/events\/night-short-french-films\/","name":"A Night of Short French Films - Villa Albertine","isPartOf":{"@id":"https:\/\/villa-albertine.org\/va\/fr\/#website"},"primaryImageOfPage":{"@id":"https:\/\/villa-albertine.org\/va\/fr\/events\/night-short-french-films\/#primaryimage"},"image":{"@id":"https:\/\/villa-albertine.org\/va\/fr\/events\/night-short-french-films\/#primaryimage"},"thumbnailUrl":"https:\/\/villa-albertine.org\/wp-content\/uploads\/2023\/08\/a20night20of20short20french20films.jpg","datePublished":"2022-01-20T22:42:08+00:00","dateModified":"2023-08-23T08:10:42+00:00","breadcrumb":{"@id":"https:\/\/villa-albertine.org\/va\/fr\/events\/night-short-french-films\/#breadcrumb"},"inLanguage":"fr-FR","potentialAction":[{"@type":"ReadAction","target":["https:\/\/villa-albertine.org\/va\/fr\/events\/night-short-french-films\/"]}]},{"@type":"ImageObject","inLanguage":"fr-FR","@id":"https:\/\/villa-albertine.org\/va\/fr\/events\/night-short-french-films\/#primaryimage","url":"https:\/\/villa-albertine.org\/wp-content\/uploads\/2023\/08\/a20night20of20short20french20films.jpg","contentUrl":"https:\/\/villa-albertine.org\/wp-content\/uploads\/2023\/08\/a20night20of20short20french20films.jpg","width":1000,"height":500},{"@type":"BreadcrumbList","@id":"https:\/\/villa-albertine.org\/va\/fr\/events\/night-short-french-films\/#breadcrumb","itemListElement":[{"@type":"ListItem","position":1,"name":"Home","item":"https:\/\/villa-albertine.org\/va\/fr\/home\/"},{"@type":"ListItem","position":2,"name":"A Night of Short French Films"}]},{"@type":"WebSite","@id":"https:\/\/villa-albertine.org\/va\/fr\/#website","url":"https:\/\/villa-albertine.org\/va\/fr\/","name":"Villa Albertine","description":"","potentialAction":[{"@type":"SearchAction","target":{"@type":"EntryPoint","urlTemplate":"https:\/\/villa-albertine.org\/va\/fr\/?s={search_term_string}"},"query-input":{"@type":"PropertyValueSpecification","valueRequired":true,"valueName":"search_term_string"}}],"inLanguage":"fr-FR"}]}},"_links":{"self":[{"href":"https:\/\/villa-albertine.org\/va\/fr\/wp-json\/wp\/v2\/app_event\/63541","targetHints":{"allow":["GET"]}}],"collection":[{"href":"https:\/\/villa-albertine.org\/va\/fr\/wp-json\/wp\/v2\/app_event"}],"about":[{"href":"https:\/\/villa-albertine.org\/va\/fr\/wp-json\/wp\/v2\/types\/app_event"}],"wp:featuredmedia":[{"embeddable":true,"href":"https:\/\/villa-albertine.org\/va\/fr\/wp-json\/wp\/v2\/media\/58672"}],"wp:attachment":[{"href":"https:\/\/villa-albertine.org\/va\/fr\/wp-json\/wp\/v2\/media?parent=63541"}],"wp:term":[{"taxonomy":"app_discipline","embeddable":true,"href":"https:\/\/villa-albertine.org\/va\/fr\/wp-json\/wp\/v2\/app_discipline?post=63541"},{"taxonomy":"app_city_tax","embeddable":true,"href":"https:\/\/villa-albertine.org\/va\/fr\/wp-json\/wp\/v2\/app_city_tax?post=63541"},{"taxonomy":"app_event_type","embeddable":true,"href":"https:\/\/villa-albertine.org\/va\/fr\/wp-json\/wp\/v2\/app_event_type?post=63541"}],"curies":[{"name":"wp","href":"https:\/\/api.w.org\/{rel}","templated":true}]}}

<p>Tous les ans depuis 13 ans, A Night of Short French Films propose une sélection diverse de courts métrages réalisés par de talentueux réalisateurs français. Cette année, la projection sera accompagnée d&rsquo;une dégustation de vins et de fromages.</p>
<p>Venez voter pour votre court métrage préféré ! Le film le plus apprécié recevra le Prix du public, accompagné d&rsquo;une lettre de félicitations.</p>
<p> </p>
<p><em>Tous les films sont en français et sous-titrés en anglais.</em></p>
<p><em>Tarifs : </em></p>
<p><em>$17 Tarif général (comprend une dégustation de vin et de fromages)</em></p>
<p><em>$12 Tarif étudiants et séniors (comprend une dégustation de vin et de fromages)</em></p>
<p> </p>
<p><strong><a href="https://www.theatreraymondkabbaz.com/upcoming-events-1/2022/2/10/a-night-of-short-french-films">Pour réserver vos billets et obtenir plus d&rsquo;information, consultez le site du Théâtre Raymond Kabbaz en cliquant ici.</a></strong></p>

<!-- This site is optimized with the Yoast SEO plugin v27.3 - https://yoast.com/product/yoast-seo-wordpress/ -->
<title>A Night of Short French Films - Villa Albertine</title>
<meta name="robots" content="index, follow, max-snippet:-1, max-image-preview:large, max-video-preview:-1" />
<link rel="canonical" href="https://villa-albertine.org/va/fr/events/night-short-french-films/" />
<meta property="og:locale" content="fr_FR" />
<meta property="og:type" content="article" />
<meta property="og:title" content="A Night of Short French Films - Villa Albertine" />
<meta property="og:description" content="Tous les ans depuis 13 ans, A Night of Short French Films propose une sélection diverse de courts métrages réalisés par de talentueux réalisateurs français. Cette année, la projection sera accompagnée d&rsquo;une dégustation de vins et de fromages. Venez voter pour votre court métrage préféré ! Le film le plus apprécié recevra le Prix du..." />
<meta property="og:url" content="https://villa-albertine.org/va/fr/events/night-short-french-films/" />
<meta property="og:site_name" content="Villa Albertine" />
<meta property="article:modified_time" content="2023-08-23T08:10:42+00:00" />
<meta property="og:image" content="https://villa-albertine.org/wp-content/uploads/2023/08/a20night20of20short20french20films.jpg" />
	<meta property="og:image:width" content="1000" />
	<meta property="og:image:height" content="500" />
	<meta property="og:image:type" content="image/jpeg" />
<meta name="twitter:card" content="summary_large_image" />
<meta name="twitter:label1" content="Durée de lecture estimée" />
	<meta name="twitter:data1" content="1 minute" />
<script type="application/ld+json" class="yoast-schema-graph">{"@context":"https:\/\/schema.org","@graph":[{"@type":"WebPage","@id":"https:\/\/villa-albertine.org\/va\/fr\/events\/night-short-french-films\/","url":"https:\/\/villa-albertine.org\/va\/fr\/events\/night-short-french-films\/","name":"A Night of Short French Films - Villa Albertine","isPartOf":{"@id":"https:\/\/villa-albertine.org\/va\/fr\/#website"},"primaryImageOfPage":{"@id":"https:\/\/villa-albertine.org\/va\/fr\/events\/night-short-french-films\/#primaryimage"},"image":{"@id":"https:\/\/villa-albertine.org\/va\/fr\/events\/night-short-french-films\/#primaryimage"},"thumbnailUrl":"https:\/\/villa-albertine.org\/wp-content\/uploads\/2023\/08\/a20night20of20short20french20films.jpg","datePublished":"2022-01-20T22:42:08+00:00","dateModified":"2023-08-23T08:10:42+00:00","breadcrumb":{"@id":"https:\/\/villa-albertine.org\/va\/fr\/events\/night-short-french-films\/#breadcrumb"},"inLanguage":"fr-FR","potentialAction":[{"@type":"ReadAction","target":["https:\/\/villa-albertine.org\/va\/fr\/events\/night-short-french-films\/"]}]},{"@type":"ImageObject","inLanguage":"fr-FR","@id":"https:\/\/villa-albertine.org\/va\/fr\/events\/night-short-french-films\/#primaryimage","url":"https:\/\/villa-albertine.org\/wp-content\/uploads\/2023\/08\/a20night20of20short20french20films.jpg","contentUrl":"https:\/\/villa-albertine.org\/wp-content\/uploads\/2023\/08\/a20night20of20short20french20films.jpg","width":1000,"height":500},{"@type":"BreadcrumbList","@id":"https:\/\/villa-albertine.org\/va\/fr\/events\/night-short-french-films\/#breadcrumb","itemListElement":[{"@type":"ListItem","position":1,"name":"Home","item":"https:\/\/villa-albertine.org\/va\/fr\/home\/"},{"@type":"ListItem","position":2,"name":"A Night of Short French Films"}]},{"@type":"WebSite","@id":"https:\/\/villa-albertine.org\/va\/fr\/#website","url":"https:\/\/villa-albertine.org\/va\/fr\/","name":"Villa Albertine","description":"","potentialAction":[{"@type":"SearchAction","target":{"@type":"EntryPoint","urlTemplate":"https:\/\/villa-albertine.org\/va\/fr\/?s={search_term_string}"},"query-input":{"@type":"PropertyValueSpecification","valueRequired":true,"valueName":"search_term_string"}}],"inLanguage":"fr-FR"}]}</script>
<!-- / Yoast SEO plugin. -->

Tous les ans depuis 13 ans, A Night of Short French Films propose une sélection diverse de courts métrages réalisés par de talentueux réalisateurs français. Cette année, la projection sera accompagnée d&rsquo;une dégustation de vins et de fromages. Venez voter pour votre court métrage préféré ! Le film le plus apprécié recevra le Prix du...
